[INFO] fetching crate trace-macro 1.1.1...
[INFO] testing trace-macro-1.1.1 against 1.75.0 for beta-1.76-1
[INFO] extracting crate trace-macro 1.1.1 into /workspace/builds/worker-1-tc1/source
[INFO] validating manifest of crates.io crate trace-macro 1.1.1 on toolchain 1.75.0
[INFO] running `Command { std: CARGO_HOME="/workspace/cargo-home" RUSTUP_HOME="/workspace/rustup-home" "/workspace/cargo-home/bin/cargo" "+1.75.0" "metadata" "--manifest-path" "Cargo.toml" "--no-deps", kill_on_drop: false }`
[INFO] started tweaking crates.io crate trace-macro 1.1.1
[INFO] finished tweaking crates.io crate trace-macro 1.1.1
[INFO] tweaked toml for crates.io crate trace-macro 1.1.1 written to /workspace/builds/worker-1-tc1/source/Cargo.toml
[INFO] running `Command { std: CARGO_HOME="/workspace/cargo-home" RUSTUP_HOME="/workspace/rustup-home" "/workspace/cargo-home/bin/cargo" "+1.75.0" "generate-lockfile" "--manifest-path" "Cargo.toml", kill_on_drop: false }`
[INFO] running `Command { std: CARGO_HOME="/workspace/cargo-home" RUSTUP_HOME="/workspace/rustup-home" "/workspace/cargo-home/bin/cargo" "+1.75.0" "fetch" "--manifest-path" "Cargo.toml", kill_on_drop: false }`
[INFO] running `Command { std: "docker" "create" "-v" "/var/lib/crater-agent-workspace/builds/worker-1-tc1/target:/opt/rustwide/target:rw,Z" "-v" "/var/lib/crater-agent-workspace/builds/worker-1-tc1/source:/opt/rustwide/workdir:ro,Z" "-v" "/var/lib/crater-agent-workspace/cargo-home:/opt/rustwide/cargo-home:ro,Z" "-v" "/var/lib/crater-agent-workspace/rustup-home:/opt/rustwide/rustup-home:ro,Z" "-e" "SOURCE_DIR=/opt/rustwide/workdir" "-e" "CARGO_TARGET_DIR=/opt/rustwide/target" "-e" "CARGO_HOME=/opt/rustwide/cargo-home" "-e" "RUSTUP_HOME=/opt/rustwide/rustup-home" "-w" "/opt/rustwide/workdir" "-m" "1610612736" "--user" "0:0" "--network" "none" "ghcr.io/rust-lang/crates-build-env/linux@sha256:2788e3201cd34a07e3172128adcd8b3090168a8e3bcc40d7c032b9dda1df7d1c" "/opt/rustwide/cargo-home/bin/cargo" "+1.75.0" "metadata" "--no-deps" "--format-version=1", kill_on_drop: false }`
[INFO] [stdout] c9480b1ef3b6d1e7853d82046cd42b8fcb08846398164f5703ed1fc3d1d82417
[INFO] running `Command { std: "docker" "start" "-a" "c9480b1ef3b6d1e7853d82046cd42b8fcb08846398164f5703ed1fc3d1d82417", kill_on_drop: false }`
[INFO] running `Command { std: "docker" "inspect" "c9480b1ef3b6d1e7853d82046cd42b8fcb08846398164f5703ed1fc3d1d82417", kill_on_drop: false }`
[INFO] running `Command { std: "docker" "rm" "-f" "c9480b1ef3b6d1e7853d82046cd42b8fcb08846398164f5703ed1fc3d1d82417", kill_on_drop: false }`
[INFO] [stdout] c9480b1ef3b6d1e7853d82046cd42b8fcb08846398164f5703ed1fc3d1d82417
[INFO] running `Command { std: "docker" "create" "-v" "/var/lib/crater-agent-workspace/builds/worker-1-tc1/target:/opt/rustwide/target:rw,Z" "-v" "/var/lib/crater-agent-workspace/builds/worker-1-tc1/source:/opt/rustwide/workdir:ro,Z" "-v" "/var/lib/crater-agent-workspace/cargo-home:/opt/rustwide/cargo-home:ro,Z" "-v" "/var/lib/crater-agent-workspace/rustup-home:/opt/rustwide/rustup-home:ro,Z" "-e" "SOURCE_DIR=/opt/rustwide/workdir" "-e" "CARGO_TARGET_DIR=/opt/rustwide/target" "-e" "CARGO_INCREMENTAL=0" "-e" "RUST_BACKTRACE=full" "-e" "RUSTFLAGS=--cap-lints=warn" "-e" "RUSTDOCFLAGS=--cap-lints=warn" "-e" "CARGO_HOME=/opt/rustwide/cargo-home" "-e" "RUSTUP_HOME=/opt/rustwide/rustup-home" "-w" "/opt/rustwide/workdir" "-m" "1610612736" "--user" "0:0" "--network" "none" "ghcr.io/rust-lang/crates-build-env/linux@sha256:2788e3201cd34a07e3172128adcd8b3090168a8e3bcc40d7c032b9dda1df7d1c" "/opt/rustwide/cargo-home/bin/cargo" "+1.75.0" "build" "--frozen" "--message-format=json", kill_on_drop: false }`
[INFO] [stdout] 2c595e813a306c7afdfbe319a814c968c791030fa95ef65c991cb4e4cbd4f953
[INFO] running `Command { std: "docker" "start" "-a" "2c595e813a306c7afdfbe319a814c968c791030fa95ef65c991cb4e4cbd4f953", kill_on_drop: false }`
[INFO] [stderr]    Compiling trace-macro v1.1.1 (/opt/rustwide/workdir)
[INFO] [stderr]     Finished dev [unoptimized + debuginfo] target(s) in 0.03s
[INFO] running `Command { std: "docker" "inspect" "2c595e813a306c7afdfbe319a814c968c791030fa95ef65c991cb4e4cbd4f953", kill_on_drop: false }`
[INFO] running `Command { std: "docker" "rm" "-f" "2c595e813a306c7afdfbe319a814c968c791030fa95ef65c991cb4e4cbd4f953", kill_on_drop: false }`
[INFO] [stdout] 2c595e813a306c7afdfbe319a814c968c791030fa95ef65c991cb4e4cbd4f953
[INFO] running `Command { std: "docker" "create" "-v" "/var/lib/crater-agent-workspace/builds/worker-1-tc1/target:/opt/rustwide/target:rw,Z" "-v" "/var/lib/crater-agent-workspace/builds/worker-1-tc1/source:/opt/rustwide/workdir:ro,Z" "-v" "/var/lib/crater-agent-workspace/cargo-home:/opt/rustwide/cargo-home:ro,Z" "-v" "/var/lib/crater-agent-workspace/rustup-home:/opt/rustwide/rustup-home:ro,Z" "-e" "SOURCE_DIR=/opt/rustwide/workdir" "-e" "CARGO_TARGET_DIR=/opt/rustwide/target" "-e" "CARGO_INCREMENTAL=0" "-e" "RUST_BACKTRACE=full" "-e" "RUSTFLAGS=--cap-lints=warn" "-e" "RUSTDOCFLAGS=--cap-lints=warn" "-e" "CARGO_HOME=/opt/rustwide/cargo-home" "-e" "RUSTUP_HOME=/opt/rustwide/rustup-home" "-w" "/opt/rustwide/workdir" "-m" "1610612736" "--user" "0:0" "--network" "none" "ghcr.io/rust-lang/crates-build-env/linux@sha256:2788e3201cd34a07e3172128adcd8b3090168a8e3bcc40d7c032b9dda1df7d1c" "/opt/rustwide/cargo-home/bin/cargo" "+1.75.0" "test" "--frozen" "--no-run" "--message-format=json", kill_on_drop: false }`
[INFO] [stdout] 8858047e647747ab25fb92a8fe4576823bbb44dc08b25bb3e06ddc836e2091f6
[INFO] running `Command { std: "docker" "start" "-a" "8858047e647747ab25fb92a8fe4576823bbb44dc08b25bb3e06ddc836e2091f6", kill_on_drop: false }`
[INFO] [stderr]    Compiling trace-macro v1.1.1 (/opt/rustwide/workdir)
[INFO] [stdout] warning: use of deprecated method `std::slice::<impl [T]>::connect`: renamed to join
[INFO] [stdout]  --> tests/dummy.rs:8:5
[INFO] [stdout]   |
[INFO] [stdout] 8 |     ENTER!(a, b);
[INFO] [stdout]   |     ^^^^^^^^^^^^
[INFO] [stdout]   |
[INFO] [stdout]   = note: `#[warn(deprecated)]` on by default
[INFO] [stdout]   = note: this warning originates in the macro `TRACE` which comes from the expansion of the macro `ENTER` (in Nightly builds, run with -Z macro-backtrace for more info)
[INFO] [stdout] 
[INFO] [stdout] 
[INFO] [stdout] warning: use of deprecated method `std::slice::<impl [T]>::connect`: renamed to join
[INFO] [stdout]  --> tests/dummy.rs:9:5
[INFO] [stdout]   |
[INFO] [stdout] 9 |     TRACE!("This", "is", "dummy", "test");
[INFO] [stdout]   |     ^^^^^^^^^^^^^^^^^^^^^^^^^^^^^^^^^^^^^
[INFO] [stdout]   |
[INFO] [stdout]   = note: this warning originates in the macro `TRACE` (in Nightly builds, run with -Z macro-backtrace for more info)
[INFO] [stdout] 
[INFO] [stdout] 
[INFO] [stdout] warning: use of deprecated method `std::slice::<impl [T]>::connect`: renamed to join
[INFO] [stdout]   --> tests/dummy.rs:10:5
[INFO] [stdout]    |
[INFO] [stdout] 10 |     TRACE!(sep=>"+", "This", "is", "dummy", "test");
[INFO] [stdout]    |     ^^^^^^^^^^^^^^^^^^^^^^^^^^^^^^^^^^^^^^^^^^^^^^^
[INFO] [stdout]    |
[INFO] [stdout]    = note: this warning originates in the macro `TRACE` (in Nightly builds, run with -Z macro-backtrace for more info)
[INFO] [stdout] 
[INFO] [stdout] 
[INFO] [stdout] warning: use of deprecated method `std::slice::<impl [T]>::connect`: renamed to join
[INFO] [stdout]   --> tests/dummy.rs:11:5
[INFO] [stdout]    |
[INFO] [stdout] 11 |     INFO!("This", "is", "dummy", "test");
[INFO] [stdout]    |     ^^^^^^^^^^^^^^^^^^^^^^^^^^^^^^^^^^^^
[INFO] [stdout]    |
[INFO] [stdout]    = note: this warning originates in the macro `TRACE` which comes from the expansion of the macro `INFO` (in Nightly builds, run with -Z macro-backtrace for more info)
[INFO] [stdout] 
[INFO] [stdout] 
[INFO] [stdout] warning: use of deprecated method `std::slice::<impl [T]>::connect`: renamed to join
[INFO] [stdout]   --> tests/dummy.rs:15:5
[INFO] [stdout]    |
[INFO] [stdout] 15 |     TRACE!(type=>"INFO", "lolka", 666);
[INFO] [stdout]    |     ^^^^^^^^^^^^^^^^^^^^^^^^^^^^^^^^^^
[INFO] [stdout]    |
[INFO] [stdout]    = note: this warning originates in the macro `TRACE` (in Nightly builds, run with -Z macro-backtrace for more info)
[INFO] [stdout] 
[INFO] [stdout] 
[INFO] [stdout] warning: use of deprecated method `std::slice::<impl [T]>::connect`: renamed to join
[INFO] [stdout]   --> tests/dummy.rs:17:5
[INFO] [stdout]    |
[INFO] [stdout] 17 |     TRACE!(type=>"INFO", sep=>"_", "lolka", 2);
[INFO] [stdout]    |     ^^^^^^^^^^^^^^^^^^^^^^^^^^^^^^^^^^^^^^^^^^
[INFO] [stdout]    |
[INFO] [stdout]    = note: this warning originates in the macro `TRACE` (in Nightly builds, run with -Z macro-backtrace for more info)
[INFO] [stdout] 
[INFO] [stdout] 
[INFO] [stdout] warning: use of deprecated method `std::slice::<impl [T]>::connect`: renamed to join
[INFO] [stdout]   --> tests/dummy.rs:24:5
[INFO] [stdout]    |
[INFO] [stdout] 24 |     DEBUG_TRACE!(type=>"INFO", "lolka", 666);
[INFO] [stdout]    |     ^^^^^^^^^^^^^^^^^^^^^^^^^^^^^^^^^^^^^^^^
[INFO] [stdout]    |
[INFO] [stdout]    = note: this warning originates in the macro `DEBUG_TRACE` (in Nightly builds, run with -Z macro-backtrace for more info)
[INFO] [stdout] 
[INFO] [stdout] 
[INFO] [stdout] warning: use of deprecated method `std::slice::<impl [T]>::connect`: renamed to join
[INFO] [stdout]   --> tests/dummy.rs:26:5
[INFO] [stdout]    |
[INFO] [stdout] 26 |     DEBUG_TRACE!(type=>"INFO", sep=>"_", "lolka", 2);
[INFO] [stdout]    |     ^^^^^^^^^^^^^^^^^^^^^^^^^^^^^^^^^^^^^^^^^^^^^^^^
[INFO] [stdout]    |
[INFO] [stdout]    = note: this warning originates in the macro `DEBUG_TRACE` (in Nightly builds, run with -Z macro-backtrace for more info)
[INFO] [stdout] 
[INFO] [stdout] 
[INFO] [stdout] warning: use of deprecated method `std::slice::<impl [T]>::connect`: renamed to join
[INFO] [stdout]   --> tests/dummy.rs:27:5
[INFO] [stdout]    |
[INFO] [stdout] 27 |     DEBUG_TRACE!(type=>"INFO", sep=>"_", "lolka", (1..22));
[INFO] [stdout]    |     ^^^^^^^^^^^^^^^^^^^^^^^^^^^^^^^^^^^^^^^^^^^^^^^^^^^^^^
[INFO] [stdout]    |
[INFO] [stdout]    = note: this warning originates in the macro `DEBUG_TRACE` (in Nightly builds, run with -Z macro-backtrace for more info)
[INFO] [stdout] 
[INFO] [stdout] 
[INFO] [stdout] warning: use of deprecated method `std::slice::<impl [T]>::connect`: renamed to join
[INFO] [stdout]   --> tests/dummy.rs:32:5
[INFO] [stdout]    |
[INFO] [stdout] 32 |     enter!(a, b);
[INFO] [stdout]    |     ^^^^^^^^^^^^
[INFO] [stdout]    |
[INFO] [stdout]    = note: this warning originates in the macro `enter` (in Nightly builds, run with -Z macro-backtrace for more info)
[INFO] [stdout] 
[INFO] [stdout] 
[INFO] [stdout] warning: use of deprecated method `std::slice::<impl [T]>::connect`: renamed to join
[INFO] [stdout]   --> tests/dummy.rs:38:16
[INFO] [stdout]    |
[INFO] [stdout] 38 |     assert_eq!(connect_args!(1, 2, 3), "1 2 3".to_string());
[INFO] [stdout]    |                ^^^^^^^^^^^^^^^^^^^^^^
[INFO] [stdout]    |
[INFO] [stdout]    = note: this warning originates in the macro `connect_args` (in Nightly builds, run with -Z macro-backtrace for more info)
[INFO] [stdout] 
[INFO] [stdout] 
[INFO] [stdout] warning: use of deprecated method `std::slice::<impl [T]>::connect`: renamed to join
[INFO] [stdout]   --> tests/dummy.rs:39:16
[INFO] [stdout]    |
[INFO] [stdout] 39 |     assert_eq!(connect_args!(sep=>"-", 1, 2, 3), "1-2-3".to_string());
[INFO] [stdout]    |                ^^^^^^^^^^^^^^^^^^^^^^^^^^^^^^^^
[INFO] [stdout]    |
[INFO] [stdout]    = note: this warning originates in the macro `connect_args` (in Nightly builds, run with -Z macro-backtrace for more info)
[INFO] [stdout] 
[INFO] [stdout] 
[INFO] [stdout] warning: use of deprecated method `std::slice::<impl [T]>::connect`: renamed to join
[INFO] [stdout]   --> tests/dummy.rs:40:16
[INFO] [stdout]    |
[INFO] [stdout] 40 |     assert_eq!(connect_args!(sep=>"+", 1, 2, 666), "1+2+666".to_string());
[INFO] [stdout]    |                ^^^^^^^^^^^^^^^^^^^^^^^^^^^^^^^^^^
[INFO] [stdout]    |
[INFO] [stdout]    = note: this warning originates in the macro `connect_args` (in Nightly builds, run with -Z macro-backtrace for more info)
[INFO] [stdout] 
[INFO] [stdout] 
[INFO] [stdout] warning: use of deprecated method `std::slice::<impl [T]>::connect`: renamed to join
[INFO] [stdout]   --> tests/dummy.rs:42:16
[INFO] [stdout]    |
[INFO] [stdout] 42 |     assert_eq!(connect_args!(formatter=>"{:?}", sep=>"+", 1, 2, "KIK"), "1+2+\"KIK\"".to_string());
[INFO] [stdout]    |                ^^^^^^^^^^^^^^^^^^^^^^^^^^^^^^^^^^^^^^^^^^^^^^^^^^^^^^^
[INFO] [stdout]    |
[INFO] [stdout]    = note: this warning originates in the macro `connect_args` (in Nightly builds, run with -Z macro-backtrace for more info)
[INFO] [stdout] 
[INFO] [stdout] 
[INFO] [stdout] warning: 14 warnings emitted
[INFO] [stdout] 
[INFO] [stdout] 
[INFO] [stderr]     Finished test [unoptimized + debuginfo] target(s) in 0.27s
[INFO] running `Command { std: "docker" "inspect" "8858047e647747ab25fb92a8fe4576823bbb44dc08b25bb3e06ddc836e2091f6", kill_on_drop: false }`
[INFO] running `Command { std: "docker" "rm" "-f" "8858047e647747ab25fb92a8fe4576823bbb44dc08b25bb3e06ddc836e2091f6", kill_on_drop: false }`
[INFO] [stdout] 8858047e647747ab25fb92a8fe4576823bbb44dc08b25bb3e06ddc836e2091f6
[INFO] running `Command { std: "docker" "create" "-v" "/var/lib/crater-agent-workspace/builds/worker-1-tc1/target:/opt/rustwide/target:rw,Z" "-v" "/var/lib/crater-agent-workspace/builds/worker-1-tc1/source:/opt/rustwide/workdir:ro,Z" "-v" "/var/lib/crater-agent-workspace/cargo-home:/opt/rustwide/cargo-home:ro,Z" "-v" "/var/lib/crater-agent-workspace/rustup-home:/opt/rustwide/rustup-home:ro,Z" "-e" "SOURCE_DIR=/opt/rustwide/workdir" "-e" "CARGO_TARGET_DIR=/opt/rustwide/target" "-e" "CARGO_INCREMENTAL=0" "-e" "RUST_BACKTRACE=full" "-e" "RUSTFLAGS=--cap-lints=warn" "-e" "RUSTDOCFLAGS=--cap-lints=warn" "-e" "CARGO_HOME=/opt/rustwide/cargo-home" "-e" "RUSTUP_HOME=/opt/rustwide/rustup-home" "-w" "/opt/rustwide/workdir" "-m" "1610612736" "--user" "0:0" "--network" "none" "ghcr.io/rust-lang/crates-build-env/linux@sha256:2788e3201cd34a07e3172128adcd8b3090168a8e3bcc40d7c032b9dda1df7d1c" "/opt/rustwide/cargo-home/bin/cargo" "+1.75.0" "test" "--frozen", kill_on_drop: false }`
[INFO] [stdout] 05e45e965bff6cdb68d3afc3854424ede73acd2b2d17ed2248658e772a5cc170
[INFO] running `Command { std: "docker" "start" "-a" "05e45e965bff6cdb68d3afc3854424ede73acd2b2d17ed2248658e772a5cc170", kill_on_drop: false }`
[INFO] [stderr] warning: use of deprecated method `std::slice::<impl [T]>::connect`: renamed to join
[INFO] [stderr]  --> tests/dummy.rs:8:5
[INFO] [stderr]   |
[INFO] [stderr] 8 |     ENTER!(a, b);
[INFO] [stderr]   |     ^^^^^^^^^^^^
[INFO] [stderr]   |
[INFO] [stderr]   = note: `#[warn(deprecated)]` on by default
[INFO] [stderr]   = note: this warning originates in the macro `TRACE` which comes from the expansion of the macro `ENTER` (in Nightly builds, run with -Z macro-backtrace for more info)
[INFO] [stderr] 
[INFO] [stderr] warning: use of deprecated method `std::slice::<impl [T]>::connect`: renamed to join
[INFO] [stderr]  --> tests/dummy.rs:9:5
[INFO] [stderr]   |
[INFO] [stderr] 9 |     TRACE!("This", "is", "dummy", "test");
[INFO] [stderr]   |     ^^^^^^^^^^^^^^^^^^^^^^^^^^^^^^^^^^^^^
[INFO] [stderr]   |
[INFO] [stderr]   = note: this warning originates in the macro `TRACE` (in Nightly builds, run with -Z macro-backtrace for more info)
[INFO] [stderr] 
[INFO] [stderr] warning: use of deprecated method `std::slice::<impl [T]>::connect`: renamed to join
[INFO] [stderr]   --> tests/dummy.rs:10:5
[INFO] [stderr]    |
[INFO] [stderr] 10 |     TRACE!(sep=>"+", "This", "is", "dummy", "test");
[INFO] [stderr]    |     ^^^^^^^^^^^^^^^^^^^^^^^^^^^^^^^^^^^^^^^^^^^^^^^
[INFO] [stderr]    |
[INFO] [stderr]    = note: this warning originates in the macro `TRACE` (in Nightly builds, run with -Z macro-backtrace for more info)
[INFO] [stderr] 
[INFO] [stderr] warning: use of deprecated method `std::slice::<impl [T]>::connect`: renamed to join
[INFO] [stderr]   --> tests/dummy.rs:11:5
[INFO] [stderr]    |
[INFO] [stderr] 11 |     INFO!("This", "is", "dummy", "test");
[INFO] [stderr]    |     ^^^^^^^^^^^^^^^^^^^^^^^^^^^^^^^^^^^^
[INFO] [stderr]    |
[INFO] [stderr]    = note: this warning originates in the macro `TRACE` which comes from the expansion of the macro `INFO` (in Nightly builds, run with -Z macro-backtrace for more info)
[INFO] [stderr] 
[INFO] [stderr] warning: use of deprecated method `std::slice::<impl [T]>::connect`: renamed to join
[INFO] [stderr]   --> tests/dummy.rs:15:5
[INFO] [stderr]    |
[INFO] [stderr] 15 |     TRACE!(type=>"INFO", "lolka", 666);
[INFO] [stderr]    |     ^^^^^^^^^^^^^^^^^^^^^^^^^^^^^^^^^^
[INFO] [stderr]    |
[INFO] [stderr]    = note: this warning originates in the macro `TRACE` (in Nightly builds, run with -Z macro-backtrace for more info)
[INFO] [stderr] 
[INFO] [stderr] warning: use of deprecated method `std::slice::<impl [T]>::connect`: renamed to join
[INFO] [stderr]   --> tests/dummy.rs:17:5
[INFO] [stderr]    |
[INFO] [stderr] 17 |     TRACE!(type=>"INFO", sep=>"_", "lolka", 2);
[INFO] [stderr]    |     ^^^^^^^^^^^^^^^^^^^^^^^^^^^^^^^^^^^^^^^^^^
[INFO] [stderr]    |
[INFO] [stderr]    = note: this warning originates in the macro `TRACE` (in Nightly builds, run with -Z macro-backtrace for more info)
[INFO] [stderr] 
[INFO] [stderr] warning: use of deprecated method `std::slice::<impl [T]>::connect`: renamed to join
[INFO] [stderr]   --> tests/dummy.rs:24:5
[INFO] [stderr]    |
[INFO] [stderr] 24 |     DEBUG_TRACE!(type=>"INFO", "lolka", 666);
[INFO] [stderr]    |     ^^^^^^^^^^^^^^^^^^^^^^^^^^^^^^^^^^^^^^^^
[INFO] [stderr]    |
[INFO] [stderr]    = note: this warning originates in the macro `DEBUG_TRACE` (in Nightly builds, run with -Z macro-backtrace for more info)
[INFO] [stderr] 
[INFO] [stderr] warning: use of deprecated method `std::slice::<impl [T]>::connect`: renamed to join
[INFO] [stderr]   --> tests/dummy.rs:26:5
[INFO] [stderr]    |
[INFO] [stderr] 26 |     DEBUG_TRACE!(type=>"INFO", sep=>"_", "lolka", 2);
[INFO] [stderr]    |     ^^^^^^^^^^^^^^^^^^^^^^^^^^^^^^^^^^^^^^^^^^^^^^^^
[INFO] [stderr]    |
[INFO] [stderr]    = note: this warning originates in the macro `DEBUG_TRACE` (in Nightly builds, run with -Z macro-backtrace for more info)
[INFO] [stderr] 
[INFO] [stderr] warning: use of deprecated method `std::slice::<impl [T]>::connect`: renamed to join
[INFO] [stderr]   --> tests/dummy.rs:27:5
[INFO] [stderr]    |
[INFO] [stderr] 27 |     DEBUG_TRACE!(type=>"INFO", sep=>"_", "lolka", (1..22));
[INFO] [stderr]    |     ^^^^^^^^^^^^^^^^^^^^^^^^^^^^^^^^^^^^^^^^^^^^^^^^^^^^^^
[INFO] [stderr]    |
[INFO] [stderr]    = note: this warning originates in the macro `DEBUG_TRACE` (in Nightly builds, run with -Z macro-backtrace for more info)
[INFO] [stderr] 
[INFO] [stderr] warning: use of deprecated method `std::slice::<impl [T]>::connect`: renamed to join
[INFO] [stderr]   --> tests/dummy.rs:32:5
[INFO] [stderr]    |
[INFO] [stderr] 32 |     enter!(a, b);
[INFO] [stderr]    |     ^^^^^^^^^^^^
[INFO] [stderr]    |
[INFO] [stderr]    = note: this warning originates in the macro `enter` (in Nightly builds, run with -Z macro-backtrace for more info)
[INFO] [stderr] 
[INFO] [stderr] warning: use of deprecated method `std::slice::<impl [T]>::connect`: renamed to join
[INFO] [stderr]   --> tests/dummy.rs:38:16
[INFO] [stderr]    |
[INFO] [stderr] 38 |     assert_eq!(connect_args!(1, 2, 3), "1 2 3".to_string());
[INFO] [stderr]    |                ^^^^^^^^^^^^^^^^^^^^^^
[INFO] [stderr]    |
[INFO] [stderr]    = note: this warning originates in the macro `connect_args` (in Nightly builds, run with -Z macro-backtrace for more info)
[INFO] [stderr] 
[INFO] [stderr] warning: use of deprecated method `std::slice::<impl [T]>::connect`: renamed to join
[INFO] [stderr]   --> tests/dummy.rs:39:16
[INFO] [stderr]    |
[INFO] [stderr] 39 |     assert_eq!(connect_args!(sep=>"-", 1, 2, 3), "1-2-3".to_string());
[INFO] [stderr]    |                ^^^^^^^^^^^^^^^^^^^^^^^^^^^^^^^^
[INFO] [stderr]    |
[INFO] [stderr]    = note: this warning originates in the macro `connect_args` (in Nightly builds, run with -Z macro-backtrace for more info)
[INFO] [stderr] 
[INFO] [stderr] warning: use of deprecated method `std::slice::<impl [T]>::connect`: renamed to join
[INFO] [stderr]   --> tests/dummy.rs:40:16
[INFO] [stderr]    |
[INFO] [stderr] 40 |     assert_eq!(connect_args!(sep=>"+", 1, 2, 666), "1+2+666".to_string());
[INFO] [stderr]    |                ^^^^^^^^^^^^^^^^^^^^^^^^^^^^^^^^^^
[INFO] [stderr]    |
[INFO] [stderr]    = note: this warning originates in the macro `connect_args` (in Nightly builds, run with -Z macro-backtrace for more info)
[INFO] [stderr] 
[INFO] [stderr] warning: use of deprecated method `std::slice::<impl [T]>::connect`: renamed to join
[INFO] [stderr]   --> tests/dummy.rs:42:16
[INFO] [stderr]    |
[INFO] [stderr] 42 |     assert_eq!(connect_args!(formatter=>"{:?}", sep=>"+", 1, 2, "KIK"), "1+2+\"KIK\"".to_string());
[INFO] [stderr]    |                ^^^^^^^^^^^^^^^^^^^^^^^^^^^^^^^^^^^^^^^^^^^^^^^^^^^^^^^
[INFO] [stderr]    |
[INFO] [stderr]    = note: this warning originates in the macro `connect_args` (in Nightly builds, run with -Z macro-backtrace for more info)
[INFO] [stderr] 
[INFO] [stderr] warning: `trace-macro` (test "dummy") generated 14 warnings
[INFO] [stderr]     Finished test [unoptimized + debuginfo] target(s) in 0.00s
[INFO] [stderr]      Running tests/dummy.rs (/opt/rustwide/target/debug/deps/dummy-b10f5fd4f6d02df0)
[INFO] [stdout] 
[INFO] [stdout] running 2 tests
[INFO] [stdout] test connect_args ... ok
[INFO] [stdout] test dummy ... ok
[INFO] [stdout] 
[INFO] [stdout] test result: ok. 2 passed; 0 failed; 0 ignored; 0 measured; 0 filtered out; finished in 0.00s
[INFO] [stdout] 
[INFO] [stderr]    Doc-tests trace_macros
[INFO] [stdout] 
[INFO] [stdout] running 1 test
[INFO] [stdout] test src/lib.rs - (line 7) ... FAILED
[INFO] [stdout] 
[INFO] [stdout] failures:
[INFO] [stdout] 
[INFO] [stdout] ---- src/lib.rs - (line 7) stdout ----
[INFO] [stdout] error: cannot find macro `traceln` in this scope
[INFO] [stdout]   --> src/lib.rs:20:4
[INFO] [stdout]    |
[INFO] [stdout] 14 |    traceln!("2*2 = {}", double_var(2));
[INFO] [stdout]    |    ^^^^^^^
[INFO] [stdout]    |
[INFO] [stdout] help: consider importing this macro
[INFO] [stdout]    |
[INFO] [stdout] 2  + use trace_macros::traceln;
[INFO] [stdout]    |
[INFO] [stdout] 
[INFO] [stdout] warning: use of deprecated method `std::slice::<impl [T]>::connect`: renamed to join
[INFO] [stdout]   --> src/lib.rs:18:4
[INFO] [stdout]    |
[INFO] [stdout] 12 |    TRACE!("I'm", "doing", "some", "lazy", "tracing");
[INFO] [stdout]    |    ^^^^^^^^^^^^^^^^^^^^^^^^^^^^^^^^^^^^^^^^^^^^^^^^^
[INFO] [stdout]    |
[INFO] [stdout]    = note: `#[warn(deprecated)]` on by default
[INFO] [stdout]    = note: this warning originates in the macro `TRACE` (in Nightly builds, run with -Z macro-backtrace for more info)
[INFO] [stdout] 
[INFO] [stdout] warning: use of deprecated method `std::slice::<impl [T]>::connect`: renamed to join
[INFO] [stdout]   --> src/lib.rs:19:4
[INFO] [stdout]    |
[INFO] [stdout] 13 |    TRACE!("Result:", double_var(2));
[INFO] [stdout]    |    ^^^^^^^^^^^^^^^^^^^^^^^^^^^^^^^^
[INFO] [stdout]    |
[INFO] [stdout]    = note: this warning originates in the macro `TRACE` (in Nightly builds, run with -Z macro-backtrace for more info)
[INFO] [stdout] 
[INFO] [stdout] error: aborting due to previous error; 2 warnings emitted
[INFO] [stdout] 
[INFO] [stdout] Couldn't compile the test.
[INFO] [stdout] 
[INFO] [stdout] failures:
[INFO] [stdout]     src/lib.rs - (line 7)
[INFO] [stdout] 
[INFO] [stdout] test result: FAILED. 0 passed; 1 failed; 0 ignored; 0 measured; 0 filtered out; finished in 0.04s
[INFO] [stdout] 
[INFO] [stderr] error: doctest failed, to rerun pass `--doc`
[INFO] running `Command { std: "docker" "inspect" "05e45e965bff6cdb68d3afc3854424ede73acd2b2d17ed2248658e772a5cc170", kill_on_drop: false }`
[INFO] running `Command { std: "docker" "rm" "-f" "05e45e965bff6cdb68d3afc3854424ede73acd2b2d17ed2248658e772a5cc170", kill_on_drop: false }`
[INFO] [stdout] 05e45e965bff6cdb68d3afc3854424ede73acd2b2d17ed2248658e772a5cc170
[INFO] testing trace-macro-1.1.1 against beta-2023-12-22 for beta-1.76-1
[INFO] extracting crate trace-macro 1.1.1 into /workspace/builds/worker-1-tc2/source
[INFO] validating manifest of crates.io crate trace-macro 1.1.1 on toolchain beta-2023-12-22
[INFO] running `Command { std: CARGO_HOME="/workspace/cargo-home" RUSTUP_HOME="/workspace/rustup-home" "/workspace/cargo-home/bin/cargo" "+beta-2023-12-22" "metadata" "--manifest-path" "Cargo.toml" "--no-deps", kill_on_drop: false }`
[INFO] started tweaking crates.io crate trace-macro 1.1.1
[INFO] finished tweaking crates.io crate trace-macro 1.1.1
[INFO] tweaked toml for crates.io crate trace-macro 1.1.1 written to /workspace/builds/worker-1-tc2/source/Cargo.toml
[INFO] running `Command { std: CARGO_HOME="/workspace/cargo-home" RUSTUP_HOME="/workspace/rustup-home" "/workspace/cargo-home/bin/cargo" "+beta-2023-12-22" "generate-lockfile" "--manifest-path" "Cargo.toml", kill_on_drop: false }`
[INFO] running `Command { std: CARGO_HOME="/workspace/cargo-home" RUSTUP_HOME="/workspace/rustup-home" "/workspace/cargo-home/bin/cargo" "+beta-2023-12-22" "fetch" "--manifest-path" "Cargo.toml", kill_on_drop: false }`
[INFO] running `Command { std: "docker" "create" "-v" "/var/lib/crater-agent-workspace/builds/worker-1-tc2/target:/opt/rustwide/target:rw,Z" "-v" "/var/lib/crater-agent-workspace/builds/worker-1-tc2/source:/opt/rustwide/workdir:ro,Z" "-v" "/var/lib/crater-agent-workspace/cargo-home:/opt/rustwide/cargo-home:ro,Z" "-v" "/var/lib/crater-agent-workspace/rustup-home:/opt/rustwide/rustup-home:ro,Z" "-e" "SOURCE_DIR=/opt/rustwide/workdir" "-e" "CARGO_TARGET_DIR=/opt/rustwide/target" "-e" "CARGO_HOME=/opt/rustwide/cargo-home" "-e" "RUSTUP_HOME=/opt/rustwide/rustup-home" "-w" "/opt/rustwide/workdir" "-m" "1610612736" "--user" "0:0" "--network" "none" "ghcr.io/rust-lang/crates-build-env/linux@sha256:2788e3201cd34a07e3172128adcd8b3090168a8e3bcc40d7c032b9dda1df7d1c" "/opt/rustwide/cargo-home/bin/cargo" "+beta-2023-12-22" "metadata" "--no-deps" "--format-version=1", kill_on_drop: false }`
[INFO] [stdout] 7316f02987352021499bcc440b9cb4f224929a90d871c49ec257be7efd7e9891
[INFO] running `Command { std: "docker" "start" "-a" "7316f02987352021499bcc440b9cb4f224929a90d871c49ec257be7efd7e9891", kill_on_drop: false }`
[INFO] running `Command { std: "docker" "inspect" "7316f02987352021499bcc440b9cb4f224929a90d871c49ec257be7efd7e9891", kill_on_drop: false }`
[INFO] running `Command { std: "docker" "rm" "-f" "7316f02987352021499bcc440b9cb4f224929a90d871c49ec257be7efd7e9891", kill_on_drop: false }`
[INFO] [stdout] 7316f02987352021499bcc440b9cb4f224929a90d871c49ec257be7efd7e9891
[INFO] running `Command { std: "docker" "create" "-v" "/var/lib/crater-agent-workspace/builds/worker-1-tc2/target:/opt/rustwide/target:rw,Z" "-v" "/var/lib/crater-agent-workspace/builds/worker-1-tc2/source:/opt/rustwide/workdir:ro,Z" "-v" "/var/lib/crater-agent-workspace/cargo-home:/opt/rustwide/cargo-home:ro,Z" "-v" "/var/lib/crater-agent-workspace/rustup-home:/opt/rustwide/rustup-home:ro,Z" "-e" "SOURCE_DIR=/opt/rustwide/workdir" "-e" "CARGO_TARGET_DIR=/opt/rustwide/target" "-e" "CARGO_INCREMENTAL=0" "-e" "RUST_BACKTRACE=full" "-e" "RUSTFLAGS=--cap-lints=warn" "-e" "RUSTDOCFLAGS=--cap-lints=warn" "-e" "CARGO_HOME=/opt/rustwide/cargo-home" "-e" "RUSTUP_HOME=/opt/rustwide/rustup-home" "-w" "/opt/rustwide/workdir" "-m" "1610612736" "--user" "0:0" "--network" "none" "ghcr.io/rust-lang/crates-build-env/linux@sha256:2788e3201cd34a07e3172128adcd8b3090168a8e3bcc40d7c032b9dda1df7d1c" "/opt/rustwide/cargo-home/bin/cargo" "+beta-2023-12-22" "build" "--frozen" "--message-format=json", kill_on_drop: false }`
[INFO] [stdout] 6745f69db71ad18df209142bc23dd41468356afbd6f1c09167caec2267ac6d96
[INFO] running `Command { std: "docker" "start" "-a" "6745f69db71ad18df209142bc23dd41468356afbd6f1c09167caec2267ac6d96", kill_on_drop: false }`
[INFO] [stderr]    Compiling trace-macro v1.1.1 (/opt/rustwide/workdir)
[INFO] [stderr]     Finished dev [unoptimized + debuginfo] target(s) in 0.04s
[INFO] running `Command { std: "docker" "inspect" "6745f69db71ad18df209142bc23dd41468356afbd6f1c09167caec2267ac6d96", kill_on_drop: false }`
[INFO] running `Command { std: "docker" "rm" "-f" "6745f69db71ad18df209142bc23dd41468356afbd6f1c09167caec2267ac6d96", kill_on_drop: false }`
[INFO] [stdout] 6745f69db71ad18df209142bc23dd41468356afbd6f1c09167caec2267ac6d96
[INFO] running `Command { std: "docker" "create" "-v" "/var/lib/crater-agent-workspace/builds/worker-1-tc2/target:/opt/rustwide/target:rw,Z" "-v" "/var/lib/crater-agent-workspace/builds/worker-1-tc2/source:/opt/rustwide/workdir:ro,Z" "-v" "/var/lib/crater-agent-workspace/cargo-home:/opt/rustwide/cargo-home:ro,Z" "-v" "/var/lib/crater-agent-workspace/rustup-home:/opt/rustwide/rustup-home:ro,Z" "-e" "SOURCE_DIR=/opt/rustwide/workdir" "-e" "CARGO_TARGET_DIR=/opt/rustwide/target" "-e" "CARGO_INCREMENTAL=0" "-e" "RUST_BACKTRACE=full" "-e" "RUSTFLAGS=--cap-lints=warn" "-e" "RUSTDOCFLAGS=--cap-lints=warn" "-e" "CARGO_HOME=/opt/rustwide/cargo-home" "-e" "RUSTUP_HOME=/opt/rustwide/rustup-home" "-w" "/opt/rustwide/workdir" "-m" "1610612736" "--user" "0:0" "--network" "none" "ghcr.io/rust-lang/crates-build-env/linux@sha256:2788e3201cd34a07e3172128adcd8b3090168a8e3bcc40d7c032b9dda1df7d1c" "/opt/rustwide/cargo-home/bin/cargo" "+beta-2023-12-22" "test" "--frozen" "--no-run" "--message-format=json", kill_on_drop: false }`
[INFO] [stdout] c7b6eefa20d68015758e3fd5ff45669dcd206264dc7c7a75dfb14e9f957a6961
[INFO] running `Command { std: "docker" "start" "-a" "c7b6eefa20d68015758e3fd5ff45669dcd206264dc7c7a75dfb14e9f957a6961", kill_on_drop: false }`
[INFO] [stderr]    Compiling trace-macro v1.1.1 (/opt/rustwide/workdir)
[INFO] [stdout] warning: use of deprecated method `std::slice::<impl [T]>::connect`: renamed to join
[INFO] [stdout]  --> tests/dummy.rs:8:5
[INFO] [stdout]   |
[INFO] [stdout] 8 |     ENTER!(a, b);
[INFO] [stdout]   |     ^^^^^^^^^^^^
[INFO] [stdout]   |
[INFO] [stdout]   = note: `#[warn(deprecated)]` on by default
[INFO] [stdout]   = note: this warning originates in the macro `TRACE` which comes from the expansion of the macro `ENTER` (in Nightly builds, run with -Z macro-backtrace for more info)
[INFO] [stdout] 
[INFO] [stdout] 
[INFO] [stdout] warning: use of deprecated method `std::slice::<impl [T]>::connect`: renamed to join
[INFO] [stdout]  --> tests/dummy.rs:9:5
[INFO] [stdout]   |
[INFO] [stdout] 9 |     TRACE!("This", "is", "dummy", "test");
[INFO] [stdout]   |     ^^^^^^^^^^^^^^^^^^^^^^^^^^^^^^^^^^^^^
[INFO] [stdout]   |
[INFO] [stdout]   = note: this warning originates in the macro `TRACE` (in Nightly builds, run with -Z macro-backtrace for more info)
[INFO] [stdout] 
[INFO] [stdout] 
[INFO] [stdout] warning: use of deprecated method `std::slice::<impl [T]>::connect`: renamed to join
[INFO] [stdout]   --> tests/dummy.rs:10:5
[INFO] [stdout]    |
[INFO] [stdout] 10 |     TRACE!(sep=>"+", "This", "is", "dummy", "test");
[INFO] [stdout]    |     ^^^^^^^^^^^^^^^^^^^^^^^^^^^^^^^^^^^^^^^^^^^^^^^
[INFO] [stdout]    |
[INFO] [stdout]    = note: this warning originates in the macro `TRACE` (in Nightly builds, run with -Z macro-backtrace for more info)
[INFO] [stdout] 
[INFO] [stdout] 
[INFO] [stdout] warning: use of deprecated method `std::slice::<impl [T]>::connect`: renamed to join
[INFO] [stdout]   --> tests/dummy.rs:11:5
[INFO] [stdout]    |
[INFO] [stdout] 11 |     INFO!("This", "is", "dummy", "test");
[INFO] [stdout]    |     ^^^^^^^^^^^^^^^^^^^^^^^^^^^^^^^^^^^^
[INFO] [stdout]    |
[INFO] [stdout]    = note: this warning originates in the macro `TRACE` which comes from the expansion of the macro `INFO` (in Nightly builds, run with -Z macro-backtrace for more info)
[INFO] [stdout] 
[INFO] [stdout] 
[INFO] [stdout] warning: use of deprecated method `std::slice::<impl [T]>::connect`: renamed to join
[INFO] [stdout]   --> tests/dummy.rs:15:5
[INFO] [stdout]    |
[INFO] [stdout] 15 |     TRACE!(type=>"INFO", "lolka", 666);
[INFO] [stdout]    |     ^^^^^^^^^^^^^^^^^^^^^^^^^^^^^^^^^^
[INFO] [stdout]    |
[INFO] [stdout]    = note: this warning originates in the macro `TRACE` (in Nightly builds, run with -Z macro-backtrace for more info)
[INFO] [stdout] 
[INFO] [stdout] 
[INFO] [stdout] warning: use of deprecated method `std::slice::<impl [T]>::connect`: renamed to join
[INFO] [stdout]   --> tests/dummy.rs:17:5
[INFO] [stdout]    |
[INFO] [stdout] 17 |     TRACE!(type=>"INFO", sep=>"_", "lolka", 2);
[INFO] [stdout]    |     ^^^^^^^^^^^^^^^^^^^^^^^^^^^^^^^^^^^^^^^^^^
[INFO] [stdout]    |
[INFO] [stdout]    = note: this warning originates in the macro `TRACE` (in Nightly builds, run with -Z macro-backtrace for more info)
[INFO] [stdout] 
[INFO] [stdout] 
[INFO] [stdout] warning: use of deprecated method `std::slice::<impl [T]>::connect`: renamed to join
[INFO] [stdout]   --> tests/dummy.rs:24:5
[INFO] [stdout]    |
[INFO] [stdout] 24 |     DEBUG_TRACE!(type=>"INFO", "lolka", 666);
[INFO] [stdout]    |     ^^^^^^^^^^^^^^^^^^^^^^^^^^^^^^^^^^^^^^^^
[INFO] [stdout]    |
[INFO] [stdout]    = note: this warning originates in the macro `DEBUG_TRACE` (in Nightly builds, run with -Z macro-backtrace for more info)
[INFO] [stdout] 
[INFO] [stdout] 
[INFO] [stdout] warning: use of deprecated method `std::slice::<impl [T]>::connect`: renamed to join
[INFO] [stdout]   --> tests/dummy.rs:26:5
[INFO] [stdout]    |
[INFO] [stdout] 26 |     DEBUG_TRACE!(type=>"INFO", sep=>"_", "lolka", 2);
[INFO] [stdout]    |     ^^^^^^^^^^^^^^^^^^^^^^^^^^^^^^^^^^^^^^^^^^^^^^^^
[INFO] [stdout]    |
[INFO] [stdout]    = note: this warning originates in the macro `DEBUG_TRACE` (in Nightly builds, run with -Z macro-backtrace for more info)
[INFO] [stdout] 
[INFO] [stdout] 
[INFO] [stdout] warning: use of deprecated method `std::slice::<impl [T]>::connect`: renamed to join
[INFO] [stdout]   --> tests/dummy.rs:27:5
[INFO] [stdout]    |
[INFO] [stdout] 27 |     DEBUG_TRACE!(type=>"INFO", sep=>"_", "lolka", (1..22));
[INFO] [stdout]    |     ^^^^^^^^^^^^^^^^^^^^^^^^^^^^^^^^^^^^^^^^^^^^^^^^^^^^^^
[INFO] [stdout]    |
[INFO] [stdout]    = note: this warning originates in the macro `DEBUG_TRACE` (in Nightly builds, run with -Z macro-backtrace for more info)
[INFO] [stdout] 
[INFO] [stdout] 
[INFO] [stdout] warning: use of deprecated method `std::slice::<impl [T]>::connect`: renamed to join
[INFO] [stdout]   --> tests/dummy.rs:32:5
[INFO] [stdout]    |
[INFO] [stdout] 32 |     enter!(a, b);
[INFO] [stdout]    |     ^^^^^^^^^^^^
[INFO] [stdout]    |
[INFO] [stdout]    = note: this warning originates in the macro `enter` (in Nightly builds, run with -Z macro-backtrace for more info)
[INFO] [stdout] 
[INFO] [stdout] 
[INFO] [stdout] warning: use of deprecated method `std::slice::<impl [T]>::connect`: renamed to join
[INFO] [stdout]   --> tests/dummy.rs:38:16
[INFO] [stdout]    |
[INFO] [stdout] 38 |     assert_eq!(connect_args!(1, 2, 3), "1 2 3".to_string());
[INFO] [stdout]    |                ^^^^^^^^^^^^^^^^^^^^^^
[INFO] [stdout]    |
[INFO] [stdout]    = note: this warning originates in the macro `connect_args` (in Nightly builds, run with -Z macro-backtrace for more info)
[INFO] [stdout] 
[INFO] [stdout] 
[INFO] [stdout] warning: use of deprecated method `std::slice::<impl [T]>::connect`: renamed to join
[INFO] [stdout]   --> tests/dummy.rs:39:16
[INFO] [stdout]    |
[INFO] [stdout] 39 |     assert_eq!(connect_args!(sep=>"-", 1, 2, 3), "1-2-3".to_string());
[INFO] [stdout]    |                ^^^^^^^^^^^^^^^^^^^^^^^^^^^^^^^^
[INFO] [stdout]    |
[INFO] [stdout]    = note: this warning originates in the macro `connect_args` (in Nightly builds, run with -Z macro-backtrace for more info)
[INFO] [stdout] 
[INFO] [stdout] 
[INFO] [stdout] warning: use of deprecated method `std::slice::<impl [T]>::connect`: renamed to join
[INFO] [stdout]   --> tests/dummy.rs:40:16
[INFO] [stdout]    |
[INFO] [stdout] 40 |     assert_eq!(connect_args!(sep=>"+", 1, 2, 666), "1+2+666".to_string());
[INFO] [stdout]    |                ^^^^^^^^^^^^^^^^^^^^^^^^^^^^^^^^^^
[INFO] [stdout]    |
[INFO] [stdout]    = note: this warning originates in the macro `connect_args` (in Nightly builds, run with -Z macro-backtrace for more info)
[INFO] [stdout] 
[INFO] [stdout] 
[INFO] [stdout] warning: use of deprecated method `std::slice::<impl [T]>::connect`: renamed to join
[INFO] [stdout]   --> tests/dummy.rs:42:16
[INFO] [stdout]    |
[INFO] [stdout] 42 |     assert_eq!(connect_args!(formatter=>"{:?}", sep=>"+", 1, 2, "KIK"), "1+2+\"KIK\"".to_string());
[INFO] [stdout]    |                ^^^^^^^^^^^^^^^^^^^^^^^^^^^^^^^^^^^^^^^^^^^^^^^^^^^^^^^
[INFO] [stdout]    |
[INFO] [stdout]    = note: this warning originates in the macro `connect_args` (in Nightly builds, run with -Z macro-backtrace for more info)
[INFO] [stdout] 
[INFO] [stdout] 
[INFO] [stdout] warning: 14 warnings emitted
[INFO] [stdout] 
[INFO] [stdout] 
[INFO] [stderr]     Finished test [unoptimized + debuginfo] target(s) in 0.38s
[INFO] running `Command { std: "docker" "inspect" "c7b6eefa20d68015758e3fd5ff45669dcd206264dc7c7a75dfb14e9f957a6961", kill_on_drop: false }`
[INFO] running `Command { std: "docker" "rm" "-f" "c7b6eefa20d68015758e3fd5ff45669dcd206264dc7c7a75dfb14e9f957a6961", kill_on_drop: false }`
[INFO] [stdout] c7b6eefa20d68015758e3fd5ff45669dcd206264dc7c7a75dfb14e9f957a6961
[INFO] running `Command { std: "docker" "create" "-v" "/var/lib/crater-agent-workspace/builds/worker-1-tc2/target:/opt/rustwide/target:rw,Z" "-v" "/var/lib/crater-agent-workspace/builds/worker-1-tc2/source:/opt/rustwide/workdir:ro,Z" "-v" "/var/lib/crater-agent-workspace/cargo-home:/opt/rustwide/cargo-home:ro,Z" "-v" "/var/lib/crater-agent-workspace/rustup-home:/opt/rustwide/rustup-home:ro,Z" "-e" "SOURCE_DIR=/opt/rustwide/workdir" "-e" "CARGO_TARGET_DIR=/opt/rustwide/target" "-e" "CARGO_INCREMENTAL=0" "-e" "RUST_BACKTRACE=full" "-e" "RUSTFLAGS=--cap-lints=warn" "-e" "RUSTDOCFLAGS=--cap-lints=warn" "-e" "CARGO_HOME=/opt/rustwide/cargo-home" "-e" "RUSTUP_HOME=/opt/rustwide/rustup-home" "-w" "/opt/rustwide/workdir" "-m" "1610612736" "--user" "0:0" "--network" "none" "ghcr.io/rust-lang/crates-build-env/linux@sha256:2788e3201cd34a07e3172128adcd8b3090168a8e3bcc40d7c032b9dda1df7d1c" "/opt/rustwide/cargo-home/bin/cargo" "+beta-2023-12-22" "test" "--frozen", kill_on_drop: false }`
[INFO] [stdout] e49173717a9922890e73d49732cb48d74726cc0e67213e1672b243252ad07d95
[INFO] running `Command { std: "docker" "start" "-a" "e49173717a9922890e73d49732cb48d74726cc0e67213e1672b243252ad07d95", kill_on_drop: false }`
[INFO] [stderr] warning: use of deprecated method `std::slice::<impl [T]>::connect`: renamed to join
[INFO] [stderr]  --> tests/dummy.rs:8:5
[INFO] [stderr]   |
[INFO] [stderr] 8 |     ENTER!(a, b);
[INFO] [stderr]   |     ^^^^^^^^^^^^
[INFO] [stderr]   |
[INFO] [stderr]   = note: `#[warn(deprecated)]` on by default
[INFO] [stderr]   = note: this warning originates in the macro `TRACE` which comes from the expansion of the macro `ENTER` (in Nightly builds, run with -Z macro-backtrace for more info)
[INFO] [stderr] 
[INFO] [stderr] warning: use of deprecated method `std::slice::<impl [T]>::connect`: renamed to join
[INFO] [stderr]  --> tests/dummy.rs:9:5
[INFO] [stderr]   |
[INFO] [stderr] 9 |     TRACE!("This", "is", "dummy", "test");
[INFO] [stderr]   |     ^^^^^^^^^^^^^^^^^^^^^^^^^^^^^^^^^^^^^
[INFO] [stderr]   |
[INFO] [stderr]   = note: this warning originates in the macro `TRACE` (in Nightly builds, run with -Z macro-backtrace for more info)
[INFO] [stderr] 
[INFO] [stderr] warning: use of deprecated method `std::slice::<impl [T]>::connect`: renamed to join
[INFO] [stderr]   --> tests/dummy.rs:10:5
[INFO] [stderr]    |
[INFO] [stderr] 10 |     TRACE!(sep=>"+", "This", "is", "dummy", "test");
[INFO] [stderr]    |     ^^^^^^^^^^^^^^^^^^^^^^^^^^^^^^^^^^^^^^^^^^^^^^^
[INFO] [stderr]    |
[INFO] [stderr]    = note: this warning originates in the macro `TRACE` (in Nightly builds, run with -Z macro-backtrace for more info)
[INFO] [stderr] 
[INFO] [stderr] warning: use of deprecated method `std::slice::<impl [T]>::connect`: renamed to join
[INFO] [stderr]   --> tests/dummy.rs:11:5
[INFO] [stderr]    |
[INFO] [stderr] 11 |     INFO!("This", "is", "dummy", "test");
[INFO] [stderr]    |     ^^^^^^^^^^^^^^^^^^^^^^^^^^^^^^^^^^^^
[INFO] [stderr]    |
[INFO] [stderr]    = note: this warning originates in the macro `TRACE` which comes from the expansion of the macro `INFO` (in Nightly builds, run with -Z macro-backtrace for more info)
[INFO] [stderr] 
[INFO] [stderr] warning: use of deprecated method `std::slice::<impl [T]>::connect`: renamed to join
[INFO] [stderr]   --> tests/dummy.rs:15:5
[INFO] [stderr]    |
[INFO] [stderr] 15 |     TRACE!(type=>"INFO", "lolka", 666);
[INFO] [stderr]    |     ^^^^^^^^^^^^^^^^^^^^^^^^^^^^^^^^^^
[INFO] [stderr]    |
[INFO] [stderr]    = note: this warning originates in the macro `TRACE` (in Nightly builds, run with -Z macro-backtrace for more info)
[INFO] [stderr] 
[INFO] [stderr] warning: use of deprecated method `std::slice::<impl [T]>::connect`: renamed to join
[INFO] [stderr]   --> tests/dummy.rs:17:5
[INFO] [stderr]    |
[INFO] [stderr] 17 |     TRACE!(type=>"INFO", sep=>"_", "lolka", 2);
[INFO] [stderr]    |     ^^^^^^^^^^^^^^^^^^^^^^^^^^^^^^^^^^^^^^^^^^
[INFO] [stderr]    |
[INFO] [stderr]    = note: this warning originates in the macro `TRACE` (in Nightly builds, run with -Z macro-backtrace for more info)
[INFO] [stderr] 
[INFO] [stderr] warning: use of deprecated method `std::slice::<impl [T]>::connect`: renamed to join
[INFO] [stderr]   --> tests/dummy.rs:24:5
[INFO] [stderr]    |
[INFO] [stderr] 24 |     DEBUG_TRACE!(type=>"INFO", "lolka", 666);
[INFO] [stderr]    |     ^^^^^^^^^^^^^^^^^^^^^^^^^^^^^^^^^^^^^^^^
[INFO] [stderr]    |
[INFO] [stderr]    = note: this warning originates in the macro `DEBUG_TRACE` (in Nightly builds, run with -Z macro-backtrace for more info)
[INFO] [stderr] 
[INFO] [stderr] warning: use of deprecated method `std::slice::<impl [T]>::connect`: renamed to join
[INFO] [stderr]   --> tests/dummy.rs:26:5
[INFO] [stderr]    |
[INFO] [stderr] 26 |     DEBUG_TRACE!(type=>"INFO", sep=>"_", "lolka", 2);
[INFO] [stderr]    |     ^^^^^^^^^^^^^^^^^^^^^^^^^^^^^^^^^^^^^^^^^^^^^^^^
[INFO] [stderr]    |
[INFO] [stderr]    = note: this warning originates in the macro `DEBUG_TRACE` (in Nightly builds, run with -Z macro-backtrace for more info)
[INFO] [stderr] 
[INFO] [stderr] warning: use of deprecated method `std::slice::<impl [T]>::connect`: renamed to join
[INFO] [stderr]   --> tests/dummy.rs:27:5
[INFO] [stderr]    |
[INFO] [stderr] 27 |     DEBUG_TRACE!(type=>"INFO", sep=>"_", "lolka", (1..22));
[INFO] [stderr]    |     ^^^^^^^^^^^^^^^^^^^^^^^^^^^^^^^^^^^^^^^^^^^^^^^^^^^^^^
[INFO] [stderr]    |
[INFO] [stderr]    = note: this warning originates in the macro `DEBUG_TRACE` (in Nightly builds, run with -Z macro-backtrace for more info)
[INFO] [stderr] 
[INFO] [stderr] warning: use of deprecated method `std::slice::<impl [T]>::connect`: renamed to join
[INFO] [stderr]   --> tests/dummy.rs:32:5
[INFO] [stderr]    |
[INFO] [stderr] 32 |     enter!(a, b);
[INFO] [stderr]    |     ^^^^^^^^^^^^
[INFO] [stderr]    |
[INFO] [stderr]    = note: this warning originates in the macro `enter` (in Nightly builds, run with -Z macro-backtrace for more info)
[INFO] [stderr] 
[INFO] [stderr] warning: use of deprecated method `std::slice::<impl [T]>::connect`: renamed to join
[INFO] [stderr]   --> tests/dummy.rs:38:16
[INFO] [stderr]    |
[INFO] [stderr] 38 |     assert_eq!(connect_args!(1, 2, 3), "1 2 3".to_string());
[INFO] [stderr]    |                ^^^^^^^^^^^^^^^^^^^^^^
[INFO] [stderr]    |
[INFO] [stderr]    = note: this warning originates in the macro `connect_args` (in Nightly builds, run with -Z macro-backtrace for more info)
[INFO] [stderr] 
[INFO] [stderr] warning: use of deprecated method `std::slice::<impl [T]>::connect`: renamed to join
[INFO] [stderr]   --> tests/dummy.rs:39:16
[INFO] [stderr]    |
[INFO] [stderr] 39 |     assert_eq!(connect_args!(sep=>"-", 1, 2, 3), "1-2-3".to_string());
[INFO] [stderr]    |                ^^^^^^^^^^^^^^^^^^^^^^^^^^^^^^^^
[INFO] [stderr]    |
[INFO] [stderr]    = note: this warning originates in the macro `connect_args` (in Nightly builds, run with -Z macro-backtrace for more info)
[INFO] [stderr] 
[INFO] [stderr] warning: use of deprecated method `std::slice::<impl [T]>::connect`: renamed to join
[INFO] [stderr]   --> tests/dummy.rs:40:16
[INFO] [stderr]    |
[INFO] [stderr] 40 |     assert_eq!(connect_args!(sep=>"+", 1, 2, 666), "1+2+666".to_string());
[INFO] [stderr]    |                ^^^^^^^^^^^^^^^^^^^^^^^^^^^^^^^^^^
[INFO] [stderr]    |
[INFO] [stderr]    = note: this warning originates in the macro `connect_args` (in Nightly builds, run with -Z macro-backtrace for more info)
[INFO] [stderr] 
[INFO] [stderr] warning: use of deprecated method `std::slice::<impl [T]>::connect`: renamed to join
[INFO] [stderr]   --> tests/dummy.rs:42:16
[INFO] [stderr]    |
[INFO] [stderr] 42 |     assert_eq!(connect_args!(formatter=>"{:?}", sep=>"+", 1, 2, "KIK"), "1+2+\"KIK\"".to_string());
[INFO] [stderr]    |                ^^^^^^^^^^^^^^^^^^^^^^^^^^^^^^^^^^^^^^^^^^^^^^^^^^^^^^^
[INFO] [stderr]    |
[INFO] [stderr]    = note: this warning originates in the macro `connect_args` (in Nightly builds, run with -Z macro-backtrace for more info)
[INFO] [stderr] 
[INFO] [stderr] warning: `trace-macro` (test "dummy") generated 14 warnings
[INFO] [stderr]     Finished test [unoptimized + debuginfo] target(s) in 0.00s
[INFO] [stderr]      Running tests/dummy.rs (/opt/rustwide/target/debug/deps/dummy-0e0f5cc2744f36b3)
[INFO] [stdout] 
[INFO] [stdout] running 2 tests
[INFO] [stdout] test connect_args ... ok
[INFO] [stdout] test dummy ... ok
[INFO] [stdout] 
[INFO] [stdout] test result: ok. 2 passed; 0 failed; 0 ignored; 0 measured; 0 filtered out; finished in 0.00s
[INFO] [stdout] 
[INFO] [stderr]    Doc-tests trace_macros
[INFO] [stdout] 
[INFO] [stdout] running 1 test
[INFO] [stdout] test src/lib.rs - (line 7) ... FAILED
[INFO] [stdout] 
[INFO] [stdout] failures:
[INFO] [stdout] 
[INFO] [stdout] ---- src/lib.rs - (line 7) stdout ----
[INFO] [stdout] error: cannot find macro `traceln` in this scope
[INFO] [stdout]   --> src/lib.rs:20:4
[INFO] [stdout]    |
[INFO] [stdout] 14 |    traceln!("2*2 = {}", double_var(2));
[INFO] [stdout]    |    ^^^^^^^
[INFO] [stdout]    |
[INFO] [stdout] help: consider importing this macro
[INFO] [stdout]    |
[INFO] [stdout] 2  + use trace_macros::traceln;
[INFO] [stdout]    |
[INFO] [stdout] 
[INFO] [stdout] warning: use of deprecated method `std::slice::<impl [T]>::connect`: renamed to join
[INFO] [stdout]   --> src/lib.rs:18:4
[INFO] [stdout]    |
[INFO] [stdout] 12 |    TRACE!("I'm", "doing", "some", "lazy", "tracing");
[INFO] [stdout]    |    ^^^^^^^^^^^^^^^^^^^^^^^^^^^^^^^^^^^^^^^^^^^^^^^^^
[INFO] [stdout]    |
[INFO] [stdout]    = note: `#[warn(deprecated)]` on by default
[INFO] [stdout]    = note: this warning originates in the macro `TRACE` (in Nightly builds, run with -Z macro-backtrace for more info)
[INFO] [stdout] 
[INFO] [stdout] warning: use of deprecated method `std::slice::<impl [T]>::connect`: renamed to join
[INFO] [stdout]   --> src/lib.rs:19:4
[INFO] [stdout]    |
[INFO] [stdout] 13 |    TRACE!("Result:", double_var(2));
[INFO] [stdout]    |    ^^^^^^^^^^^^^^^^^^^^^^^^^^^^^^^^
[INFO] [stdout]    |
[INFO] [stdout]    = note: this warning originates in the macro `TRACE` (in Nightly builds, run with -Z macro-backtrace for more info)
[INFO] [stdout] 
[INFO] [stdout] error: aborting due to 1 previous error; 2 warnings emitted
[INFO] [stdout] 
[INFO] [stdout] Couldn't compile the test.
[INFO] [stdout] 
[INFO] [stdout] failures:
[INFO] [stdout]     src/lib.rs - (line 7)
[INFO] [stdout] 
[INFO] [stdout] test result: FAILED. 0 passed; 1 failed; 0 ignored; 0 measured; 0 filtered out; finished in 0.05s
[INFO] [stdout] 
[INFO] [stderr] error: doctest failed, to rerun pass `--doc`
[INFO] running `Command { std: "docker" "inspect" "e49173717a9922890e73d49732cb48d74726cc0e67213e1672b243252ad07d95", kill_on_drop: false }`
[INFO] running `Command { std: "docker" "rm" "-f" "e49173717a9922890e73d49732cb48d74726cc0e67213e1672b243252ad07d95", kill_on_drop: false }`
[INFO] [stdout] e49173717a9922890e73d49732cb48d74726cc0e67213e1672b243252ad07d95
