[INFO] fetching crate tox_encryptsave 0.1.0...
[INFO] testing tox_encryptsave-0.1.0 against 1.75.0 for beta-1.76-1
[INFO] extracting crate tox_encryptsave 0.1.0 into /workspace/builds/worker-6-tc1/source
[INFO] validating manifest of crates.io crate tox_encryptsave 0.1.0 on toolchain 1.75.0
[INFO] running `Command { std: CARGO_HOME="/workspace/cargo-home" RUSTUP_HOME="/workspace/rustup-home" "/workspace/cargo-home/bin/cargo" "+1.75.0" "metadata" "--manifest-path" "Cargo.toml" "--no-deps", kill_on_drop: false }`
[INFO] started tweaking crates.io crate tox_encryptsave 0.1.0
[INFO] finished tweaking crates.io crate tox_encryptsave 0.1.0
[INFO] tweaked toml for crates.io crate tox_encryptsave 0.1.0 written to /workspace/builds/worker-6-tc1/source/Cargo.toml
[INFO] running `Command { std: CARGO_HOME="/workspace/cargo-home" RUSTUP_HOME="/workspace/rustup-home" "/workspace/cargo-home/bin/cargo" "+1.75.0" "generate-lockfile" "--manifest-path" "Cargo.toml", kill_on_drop: false }`
[INFO] [stderr]     Updating crates.io index
[INFO] running `Command { std: CARGO_HOME="/workspace/cargo-home" RUSTUP_HOME="/workspace/rustup-home" "/workspace/cargo-home/bin/cargo" "+1.75.0" "fetch" "--manifest-path" "Cargo.toml", kill_on_drop: false }`
[INFO] [stderr]     Blocking waiting for file lock on package cache
[INFO] [stderr]  Downloading crates ...
[INFO] [stderr]   Downloaded tox_crypto v0.1.1
[INFO] running `Command { std: "docker" "create" "-v" "/var/lib/crater-agent-workspace/builds/worker-6-tc1/target:/opt/rustwide/target:rw,Z" "-v" "/var/lib/crater-agent-workspace/builds/worker-6-tc1/source:/opt/rustwide/workdir:ro,Z" "-v" "/var/lib/crater-agent-workspace/cargo-home:/opt/rustwide/cargo-home:ro,Z" "-v" "/var/lib/crater-agent-workspace/rustup-home:/opt/rustwide/rustup-home:ro,Z" "-e" "SOURCE_DIR=/opt/rustwide/workdir" "-e" "CARGO_TARGET_DIR=/opt/rustwide/target" "-e" "CARGO_HOME=/opt/rustwide/cargo-home" "-e" "RUSTUP_HOME=/opt/rustwide/rustup-home" "-w" "/opt/rustwide/workdir" "-m" "1610612736" "--user" "0:0" "--network" "none" "ghcr.io/rust-lang/crates-build-env/linux@sha256:2788e3201cd34a07e3172128adcd8b3090168a8e3bcc40d7c032b9dda1df7d1c" "/opt/rustwide/cargo-home/bin/cargo" "+1.75.0" "metadata" "--no-deps" "--format-version=1", kill_on_drop: false }`
[INFO] [stdout] 3330d5ccfd775a0822a1c34a86fe1e4617ca2087e46da8289851192cf8ebe31d
[INFO] running `Command { std: "docker" "start" "-a" "3330d5ccfd775a0822a1c34a86fe1e4617ca2087e46da8289851192cf8ebe31d", kill_on_drop: false }`
[INFO] running `Command { std: "docker" "inspect" "3330d5ccfd775a0822a1c34a86fe1e4617ca2087e46da8289851192cf8ebe31d", kill_on_drop: false }`
[INFO] running `Command { std: "docker" "rm" "-f" "3330d5ccfd775a0822a1c34a86fe1e4617ca2087e46da8289851192cf8ebe31d", kill_on_drop: false }`
[INFO] [stdout] 3330d5ccfd775a0822a1c34a86fe1e4617ca2087e46da8289851192cf8ebe31d
[INFO] running `Command { std: "docker" "create" "-v" "/var/lib/crater-agent-workspace/builds/worker-6-tc1/target:/opt/rustwide/target:rw,Z" "-v" "/var/lib/crater-agent-workspace/builds/worker-6-tc1/source:/opt/rustwide/workdir:ro,Z" "-v" "/var/lib/crater-agent-workspace/cargo-home:/opt/rustwide/cargo-home:ro,Z" "-v" "/var/lib/crater-agent-workspace/rustup-home:/opt/rustwide/rustup-home:ro,Z" "-e" "SOURCE_DIR=/opt/rustwide/workdir" "-e" "CARGO_TARGET_DIR=/opt/rustwide/target" "-e" "CARGO_INCREMENTAL=0" "-e" "RUST_BACKTRACE=full" "-e" "RUSTFLAGS=--cap-lints=warn" "-e" "RUSTDOCFLAGS=--cap-lints=warn" "-e" "CARGO_HOME=/opt/rustwide/cargo-home" "-e" "RUSTUP_HOME=/opt/rustwide/rustup-home" "-w" "/opt/rustwide/workdir" "-m" "1610612736" "--user" "0:0" "--network" "none" "ghcr.io/rust-lang/crates-build-env/linux@sha256:2788e3201cd34a07e3172128adcd8b3090168a8e3bcc40d7c032b9dda1df7d1c" "/opt/rustwide/cargo-home/bin/cargo" "+1.75.0" "build" "--frozen" "--message-format=json", kill_on_drop: false }`
[INFO] [stdout] 85fac70dfea06c41145ff78527e00a9374e8dea0cf42e0851f7d44c8241e43ff
[INFO] running `Command { std: "docker" "start" "-a" "85fac70dfea06c41145ff78527e00a9374e8dea0cf42e0851f7d44c8241e43ff", kill_on_drop: false }`
[INFO] [stderr]    Compiling libc v0.2.151
[INFO] [stderr]    Compiling same-file v1.0.6
[INFO] [stderr]    Compiling syn v1.0.109
[INFO] [stderr]    Compiling pkg-config v0.3.28
[INFO] [stderr]    Compiling serde v1.0.194
[INFO] [stderr]    Compiling signature v1.6.4
[INFO] [stderr]    Compiling memchr v2.7.1
[INFO] [stderr]    Compiling unicode-xid v0.2.4
[INFO] [stderr]    Compiling walkdir v2.4.0
[INFO] [stderr]    Compiling gimli v0.28.1
[INFO] [stderr]    Compiling failure_derive v0.1.8
[INFO] [stderr]    Compiling ed25519 v1.5.3
[INFO] [stderr]    Compiling miniz_oxide v0.7.1
[INFO] [stderr]    Compiling rustc-demangle v0.1.23
[INFO] [stderr]    Compiling object v0.32.2
[INFO] [stderr]    Compiling cc v1.0.83
[INFO] [stderr]    Compiling libsodium-sys v0.2.7
[INFO] [stderr]    Compiling backtrace v0.3.69
[INFO] [stderr]    Compiling synstructure v0.12.6
[INFO] [stderr]    Compiling addr2line v0.21.0
[INFO] [stderr]    Compiling failure v0.1.8
[INFO] [stderr]    Compiling sodiumoxide v0.2.7
[INFO] [stderr]    Compiling tox_crypto v0.1.1
[INFO] [stderr]    Compiling tox_encryptsave v0.1.0 (/opt/rustwide/workdir)
[INFO] [stderr]     Finished dev [unoptimized + debuginfo] target(s) in 1m 26s
[INFO] running `Command { std: "docker" "inspect" "85fac70dfea06c41145ff78527e00a9374e8dea0cf42e0851f7d44c8241e43ff", kill_on_drop: false }`
[INFO] running `Command { std: "docker" "rm" "-f" "85fac70dfea06c41145ff78527e00a9374e8dea0cf42e0851f7d44c8241e43ff", kill_on_drop: false }`
[INFO] [stdout] 85fac70dfea06c41145ff78527e00a9374e8dea0cf42e0851f7d44c8241e43ff
[INFO] running `Command { std: "docker" "create" "-v" "/var/lib/crater-agent-workspace/builds/worker-6-tc1/target:/opt/rustwide/target:rw,Z" "-v" "/var/lib/crater-agent-workspace/builds/worker-6-tc1/source:/opt/rustwide/workdir:ro,Z" "-v" "/var/lib/crater-agent-workspace/cargo-home:/opt/rustwide/cargo-home:ro,Z" "-v" "/var/lib/crater-agent-workspace/rustup-home:/opt/rustwide/rustup-home:ro,Z" "-e" "SOURCE_DIR=/opt/rustwide/workdir" "-e" "CARGO_TARGET_DIR=/opt/rustwide/target" "-e" "CARGO_INCREMENTAL=0" "-e" "RUST_BACKTRACE=full" "-e" "RUSTFLAGS=--cap-lints=warn" "-e" "RUSTDOCFLAGS=--cap-lints=warn" "-e" "CARGO_HOME=/opt/rustwide/cargo-home" "-e" "RUSTUP_HOME=/opt/rustwide/rustup-home" "-w" "/opt/rustwide/workdir" "-m" "1610612736" "--user" "0:0" "--network" "none" "ghcr.io/rust-lang/crates-build-env/linux@sha256:2788e3201cd34a07e3172128adcd8b3090168a8e3bcc40d7c032b9dda1df7d1c" "/opt/rustwide/cargo-home/bin/cargo" "+1.75.0" "test" "--frozen" "--no-run" "--message-format=json", kill_on_drop: false }`
[INFO] [stdout] 344cc509d63a03a6e036241ce80f6d56240aefe27b0abb212b7ea9c9c1857271
[INFO] running `Command { std: "docker" "start" "-a" "344cc509d63a03a6e036241ce80f6d56240aefe27b0abb212b7ea9c9c1857271", kill_on_drop: false }`
[INFO] [stderr]    Compiling tox_encryptsave v0.1.0 (/opt/rustwide/workdir)
[INFO] [stderr]     Finished test [unoptimized + debuginfo] target(s) in 1.07s
[INFO] running `Command { std: "docker" "inspect" "344cc509d63a03a6e036241ce80f6d56240aefe27b0abb212b7ea9c9c1857271", kill_on_drop: false }`
[INFO] running `Command { std: "docker" "rm" "-f" "344cc509d63a03a6e036241ce80f6d56240aefe27b0abb212b7ea9c9c1857271", kill_on_drop: false }`
[INFO] [stdout] 344cc509d63a03a6e036241ce80f6d56240aefe27b0abb212b7ea9c9c1857271
[INFO] running `Command { std: "docker" "create" "-v" "/var/lib/crater-agent-workspace/builds/worker-6-tc1/target:/opt/rustwide/target:rw,Z" "-v" "/var/lib/crater-agent-workspace/builds/worker-6-tc1/source:/opt/rustwide/workdir:ro,Z" "-v" "/var/lib/crater-agent-workspace/cargo-home:/opt/rustwide/cargo-home:ro,Z" "-v" "/var/lib/crater-agent-workspace/rustup-home:/opt/rustwide/rustup-home:ro,Z" "-e" "SOURCE_DIR=/opt/rustwide/workdir" "-e" "CARGO_TARGET_DIR=/opt/rustwide/target" "-e" "CARGO_INCREMENTAL=0" "-e" "RUST_BACKTRACE=full" "-e" "RUSTFLAGS=--cap-lints=warn" "-e" "RUSTDOCFLAGS=--cap-lints=warn" "-e" "CARGO_HOME=/opt/rustwide/cargo-home" "-e" "RUSTUP_HOME=/opt/rustwide/rustup-home" "-w" "/opt/rustwide/workdir" "-m" "1610612736" "--user" "0:0" "--network" "none" "ghcr.io/rust-lang/crates-build-env/linux@sha256:2788e3201cd34a07e3172128adcd8b3090168a8e3bcc40d7c032b9dda1df7d1c" "/opt/rustwide/cargo-home/bin/cargo" "+1.75.0" "test" "--frozen", kill_on_drop: false }`
[INFO] [stdout] f6818a4755de4f1975e5805e458328d9a09f259e867daad3810ac44dd8b211dd
[INFO] running `Command { std: "docker" "start" "-a" "f6818a4755de4f1975e5805e458328d9a09f259e867daad3810ac44dd8b211dd", kill_on_drop: false }`
[INFO] [stderr]     Finished test [unoptimized + debuginfo] target(s) in 0.03s
[INFO] [stderr]      Running unittests src/lib.rs (/opt/rustwide/target/debug/deps/tox_encryptsave-22d2f4ef61cbb91a)
[INFO] [stdout] 
[INFO] [stdout] running 2 tests
[INFO] [stdout] test pass_key_new_test ... ok
[INFO] [stdout] test pass_key_with_salt_test ... ok
[INFO] [stderr]      Running tests/encryptsave_tests.rs (/opt/rustwide/target/debug/deps/encryptsave_tests-3b6b2da720928df8)
[INFO] [stdout] 
[INFO] [stdout] test result: ok. 2 passed; 0 failed; 0 ignored; 0 measured; 0 filtered out; finished in 0.64s
[INFO] [stdout] 
[INFO] [stdout] 
[INFO] [stdout] running 11 tests
[INFO] [stdout] test is_encrypted_test ... ok
[INFO] [stdout] test get_salt_wrong_magic_test ... ok
[INFO] [stdout] test get_salt_test ... ok
[INFO] [stdout] test pass_decrypt_error_invalid_length_test ... ok
[INFO] [stdout] test pass_decrypt_error_key_derivation_test ... ok
[INFO] [stdout] test pass_decrypt_error_bad_format_test ... ok
[INFO] [stdout] test pass_decrypt_error_null_test ... ok
[INFO] [stdout] test pass_encrypt_error_test ... ok
[INFO] [stdout] test pass_decrypt_error_failed_test ... ok
[INFO] [stdout] test pass_decrypt_test ... ok
[INFO] [stderr]    Doc-tests tox_encryptsave
[INFO] [stdout] test pass_encrypt_test ... ok
[INFO] [stdout] 
[INFO] [stdout] test result: ok. 11 passed; 0 failed; 0 ignored; 0 measured; 0 filtered out; finished in 3.07s
[INFO] [stdout] 
[INFO] [stdout] 
[INFO] [stdout] running 9 tests
[INFO] [stdout] test src/lib.rs - PassKey::with_salt (line 105) ... FAILED
[INFO] [stdout] test src/lib.rs - PassKey::with_salt (line 110) ... ok
[INFO] [stdout] test src/lib.rs - PassKey::from_passphrase (line 84) ... ok
[INFO] [stdout] test src/lib.rs - get_salt (line 333) ... ok
[INFO] [stdout] test src/lib.rs - pass_encrypt (line 247) ... ok
[INFO] [stdout] test src/lib.rs - PassKey::decrypt (line 197) ... ok
[INFO] [stdout] test src/lib.rs - PassKey::encrypt (line 153) ... ok
[INFO] [stdout] test src/lib.rs - (line 3) ... ok
[INFO] [stdout] test src/lib.rs - pass_decrypt (line 281) ... ok
[INFO] [stdout] 
[INFO] [stdout] failures:
[INFO] [stdout] 
[INFO] [stdout] ---- src/lib.rs - PassKey::with_salt (line 105) stdout ----
[INFO] [stdout] error: expected one of `!`, `.`, `::`, `;`, `?`, `{`, `}`, or an operator, found `is`
[INFO] [stdout]  --> src/lib.rs:106:14
[INFO] [stdout]   |
[INFO] [stdout] 3 | * passphrase is empty
[INFO] [stdout]   |              ^^ expected one of 8 possible tokens
[INFO] [stdout] 
[INFO] [stdout] error: aborting due to previous error
[INFO] [stdout] 
[INFO] [stdout] Couldn't compile the test.
[INFO] [stdout] 
[INFO] [stdout] failures:
[INFO] [stdout]     src/lib.rs - PassKey::with_salt (line 105)
[INFO] [stdout] 
[INFO] [stdout] test result: FAILED. 8 passed; 1 failed; 0 ignored; 0 measured; 0 filtered out; finished in 4.24s
[INFO] [stdout] 
[INFO] [stderr] error: doctest failed, to rerun pass `--doc`
[INFO] running `Command { std: "docker" "inspect" "f6818a4755de4f1975e5805e458328d9a09f259e867daad3810ac44dd8b211dd", kill_on_drop: false }`
[INFO] running `Command { std: "docker" "rm" "-f" "f6818a4755de4f1975e5805e458328d9a09f259e867daad3810ac44dd8b211dd", kill_on_drop: false }`
[INFO] [stdout] f6818a4755de4f1975e5805e458328d9a09f259e867daad3810ac44dd8b211dd
[INFO] testing tox_encryptsave-0.1.0 against beta-2023-12-22 for beta-1.76-1
[INFO] extracting crate tox_encryptsave 0.1.0 into /workspace/builds/worker-6-tc2/source
[INFO] validating manifest of crates.io crate tox_encryptsave 0.1.0 on toolchain beta-2023-12-22
[INFO] running `Command { std: CARGO_HOME="/workspace/cargo-home" RUSTUP_HOME="/workspace/rustup-home" "/workspace/cargo-home/bin/cargo" "+beta-2023-12-22" "metadata" "--manifest-path" "Cargo.toml" "--no-deps", kill_on_drop: false }`
[INFO] started tweaking crates.io crate tox_encryptsave 0.1.0
[INFO] finished tweaking crates.io crate tox_encryptsave 0.1.0
[INFO] tweaked toml for crates.io crate tox_encryptsave 0.1.0 written to /workspace/builds/worker-6-tc2/source/Cargo.toml
[INFO] running `Command { std: CARGO_HOME="/workspace/cargo-home" RUSTUP_HOME="/workspace/rustup-home" "/workspace/cargo-home/bin/cargo" "+beta-2023-12-22" "generate-lockfile" "--manifest-path" "Cargo.toml", kill_on_drop: false }`
[INFO] [stderr]     Updating crates.io index
[INFO] running `Command { std: CARGO_HOME="/workspace/cargo-home" RUSTUP_HOME="/workspace/rustup-home" "/workspace/cargo-home/bin/cargo" "+beta-2023-12-22" "fetch" "--manifest-path" "Cargo.toml", kill_on_drop: false }`
[INFO] running `Command { std: "docker" "create" "-v" "/var/lib/crater-agent-workspace/builds/worker-6-tc2/target:/opt/rustwide/target:rw,Z" "-v" "/var/lib/crater-agent-workspace/builds/worker-6-tc2/source:/opt/rustwide/workdir:ro,Z" "-v" "/var/lib/crater-agent-workspace/cargo-home:/opt/rustwide/cargo-home:ro,Z" "-v" "/var/lib/crater-agent-workspace/rustup-home:/opt/rustwide/rustup-home:ro,Z" "-e" "SOURCE_DIR=/opt/rustwide/workdir" "-e" "CARGO_TARGET_DIR=/opt/rustwide/target" "-e" "CARGO_HOME=/opt/rustwide/cargo-home" "-e" "RUSTUP_HOME=/opt/rustwide/rustup-home" "-w" "/opt/rustwide/workdir" "-m" "1610612736" "--user" "0:0" "--network" "none" "ghcr.io/rust-lang/crates-build-env/linux@sha256:2788e3201cd34a07e3172128adcd8b3090168a8e3bcc40d7c032b9dda1df7d1c" "/opt/rustwide/cargo-home/bin/cargo" "+beta-2023-12-22" "metadata" "--no-deps" "--format-version=1", kill_on_drop: false }`
[INFO] [stdout] 5b21807a810fa53cad99da9a47706f503c64e85866b0809cc2eca7de72a029e1
[INFO] running `Command { std: "docker" "start" "-a" "5b21807a810fa53cad99da9a47706f503c64e85866b0809cc2eca7de72a029e1", kill_on_drop: false }`
[INFO] running `Command { std: "docker" "inspect" "5b21807a810fa53cad99da9a47706f503c64e85866b0809cc2eca7de72a029e1", kill_on_drop: false }`
[INFO] running `Command { std: "docker" "rm" "-f" "5b21807a810fa53cad99da9a47706f503c64e85866b0809cc2eca7de72a029e1", kill_on_drop: false }`
[INFO] [stdout] 5b21807a810fa53cad99da9a47706f503c64e85866b0809cc2eca7de72a029e1
[INFO] running `Command { std: "docker" "create" "-v" "/var/lib/crater-agent-workspace/builds/worker-6-tc2/target:/opt/rustwide/target:rw,Z" "-v" "/var/lib/crater-agent-workspace/builds/worker-6-tc2/source:/opt/rustwide/workdir:ro,Z" "-v" "/var/lib/crater-agent-workspace/cargo-home:/opt/rustwide/cargo-home:ro,Z" "-v" "/var/lib/crater-agent-workspace/rustup-home:/opt/rustwide/rustup-home:ro,Z" "-e" "SOURCE_DIR=/opt/rustwide/workdir" "-e" "CARGO_TARGET_DIR=/opt/rustwide/target" "-e" "CARGO_INCREMENTAL=0" "-e" "RUST_BACKTRACE=full" "-e" "RUSTFLAGS=--cap-lints=warn" "-e" "RUSTDOCFLAGS=--cap-lints=warn" "-e" "CARGO_HOME=/opt/rustwide/cargo-home" "-e" "RUSTUP_HOME=/opt/rustwide/rustup-home" "-w" "/opt/rustwide/workdir" "-m" "1610612736" "--user" "0:0" "--network" "none" "ghcr.io/rust-lang/crates-build-env/linux@sha256:2788e3201cd34a07e3172128adcd8b3090168a8e3bcc40d7c032b9dda1df7d1c" "/opt/rustwide/cargo-home/bin/cargo" "+beta-2023-12-22" "build" "--frozen" "--message-format=json", kill_on_drop: false }`
[INFO] [stdout] 00b71194f11ef7a21a296cd3da6eb0996aa6a2a1714831b91fd8f7926ab22075
[INFO] running `Command { std: "docker" "start" "-a" "00b71194f11ef7a21a296cd3da6eb0996aa6a2a1714831b91fd8f7926ab22075", kill_on_drop: false }`
[INFO] [stderr]    Compiling libc v0.2.151
[INFO] [stderr]    Compiling same-file v1.0.6
[INFO] [stderr]    Compiling pkg-config v0.3.28
[INFO] [stderr]    Compiling syn v1.0.109
[INFO] [stderr]    Compiling serde v1.0.194
[INFO] [stderr]    Compiling failure_derive v0.1.8
[INFO] [stderr]    Compiling gimli v0.28.1
[INFO] [stderr]    Compiling unicode-xid v0.2.4
[INFO] [stderr]    Compiling signature v1.6.4
[INFO] [stderr]    Compiling walkdir v2.4.0
[INFO] [stderr]    Compiling memchr v2.7.1
[INFO] [stderr]    Compiling ed25519 v1.5.3
[INFO] [stderr]    Compiling miniz_oxide v0.7.1
[INFO] [stderr]    Compiling rustc-demangle v0.1.23
[INFO] [stderr]    Compiling object v0.32.2
[INFO] [stderr]    Compiling cc v1.0.83
[INFO] [stderr]    Compiling synstructure v0.12.6
[INFO] [stderr]    Compiling libsodium-sys v0.2.7
[INFO] [stderr]    Compiling backtrace v0.3.69
[INFO] [stderr]    Compiling addr2line v0.21.0
[INFO] [stderr]    Compiling failure v0.1.8
[INFO] [stderr]    Compiling sodiumoxide v0.2.7
[INFO] [stderr]    Compiling tox_crypto v0.1.1
[INFO] [stderr]    Compiling tox_encryptsave v0.1.0 (/opt/rustwide/workdir)
[INFO] [stderr]     Finished dev [unoptimized + debuginfo] target(s) in 51.21s
[INFO] running `Command { std: "docker" "inspect" "00b71194f11ef7a21a296cd3da6eb0996aa6a2a1714831b91fd8f7926ab22075", kill_on_drop: false }`
[INFO] running `Command { std: "docker" "rm" "-f" "00b71194f11ef7a21a296cd3da6eb0996aa6a2a1714831b91fd8f7926ab22075", kill_on_drop: false }`
[INFO] [stdout] 00b71194f11ef7a21a296cd3da6eb0996aa6a2a1714831b91fd8f7926ab22075
[INFO] running `Command { std: "docker" "create" "-v" "/var/lib/crater-agent-workspace/builds/worker-6-tc2/target:/opt/rustwide/target:rw,Z" "-v" "/var/lib/crater-agent-workspace/builds/worker-6-tc2/source:/opt/rustwide/workdir:ro,Z" "-v" "/var/lib/crater-agent-workspace/cargo-home:/opt/rustwide/cargo-home:ro,Z" "-v" "/var/lib/crater-agent-workspace/rustup-home:/opt/rustwide/rustup-home:ro,Z" "-e" "SOURCE_DIR=/opt/rustwide/workdir" "-e" "CARGO_TARGET_DIR=/opt/rustwide/target" "-e" "CARGO_INCREMENTAL=0" "-e" "RUST_BACKTRACE=full" "-e" "RUSTFLAGS=--cap-lints=warn" "-e" "RUSTDOCFLAGS=--cap-lints=warn" "-e" "CARGO_HOME=/opt/rustwide/cargo-home" "-e" "RUSTUP_HOME=/opt/rustwide/rustup-home" "-w" "/opt/rustwide/workdir" "-m" "1610612736" "--user" "0:0" "--network" "none" "ghcr.io/rust-lang/crates-build-env/linux@sha256:2788e3201cd34a07e3172128adcd8b3090168a8e3bcc40d7c032b9dda1df7d1c" "/opt/rustwide/cargo-home/bin/cargo" "+beta-2023-12-22" "test" "--frozen" "--no-run" "--message-format=json", kill_on_drop: false }`
[INFO] [stdout] 1be08acbbc79a3c87c51032bb11513d7f432a912ed0b75865d482a1ea48d69f4
[INFO] running `Command { std: "docker" "start" "-a" "1be08acbbc79a3c87c51032bb11513d7f432a912ed0b75865d482a1ea48d69f4", kill_on_drop: false }`
[INFO] [stderr]    Compiling tox_encryptsave v0.1.0 (/opt/rustwide/workdir)
[INFO] [stderr]     Finished test [unoptimized + debuginfo] target(s) in 0.39s
[INFO] running `Command { std: "docker" "inspect" "1be08acbbc79a3c87c51032bb11513d7f432a912ed0b75865d482a1ea48d69f4", kill_on_drop: false }`
[INFO] running `Command { std: "docker" "rm" "-f" "1be08acbbc79a3c87c51032bb11513d7f432a912ed0b75865d482a1ea48d69f4", kill_on_drop: false }`
[INFO] [stdout] 1be08acbbc79a3c87c51032bb11513d7f432a912ed0b75865d482a1ea48d69f4
[INFO] running `Command { std: "docker" "create" "-v" "/var/lib/crater-agent-workspace/builds/worker-6-tc2/target:/opt/rustwide/target:rw,Z" "-v" "/var/lib/crater-agent-workspace/builds/worker-6-tc2/source:/opt/rustwide/workdir:ro,Z" "-v" "/var/lib/crater-agent-workspace/cargo-home:/opt/rustwide/cargo-home:ro,Z" "-v" "/var/lib/crater-agent-workspace/rustup-home:/opt/rustwide/rustup-home:ro,Z" "-e" "SOURCE_DIR=/opt/rustwide/workdir" "-e" "CARGO_TARGET_DIR=/opt/rustwide/target" "-e" "CARGO_INCREMENTAL=0" "-e" "RUST_BACKTRACE=full" "-e" "RUSTFLAGS=--cap-lints=warn" "-e" "RUSTDOCFLAGS=--cap-lints=warn" "-e" "CARGO_HOME=/opt/rustwide/cargo-home" "-e" "RUSTUP_HOME=/opt/rustwide/rustup-home" "-w" "/opt/rustwide/workdir" "-m" "1610612736" "--user" "0:0" "--network" "none" "ghcr.io/rust-lang/crates-build-env/linux@sha256:2788e3201cd34a07e3172128adcd8b3090168a8e3bcc40d7c032b9dda1df7d1c" "/opt/rustwide/cargo-home/bin/cargo" "+beta-2023-12-22" "test" "--frozen", kill_on_drop: false }`
[INFO] [stdout] 59ffe5e18f33402e9b0f0507d03dffcf47acc93762c3975b3946573bddd5b037
[INFO] running `Command { std: "docker" "start" "-a" "59ffe5e18f33402e9b0f0507d03dffcf47acc93762c3975b3946573bddd5b037", kill_on_drop: false }`
[INFO] [stderr]     Finished test [unoptimized + debuginfo] target(s) in 0.02s
[INFO] [stderr]      Running unittests src/lib.rs (/opt/rustwide/target/debug/deps/tox_encryptsave-89a0c12d4aa869a0)
[INFO] [stdout] 
[INFO] [stdout] running 2 tests
[INFO] [stdout] test pass_key_new_test ... ok
[INFO] [stdout] test pass_key_with_salt_test ... ok
[INFO] [stdout] 
[INFO] [stdout] test result: ok. 2 passed; 0 failed; 0 ignored; 0 measured; 0 filtered out; finished in 0.36s
[INFO] [stdout] 
[INFO] [stderr]      Running tests/encryptsave_tests.rs (/opt/rustwide/target/debug/deps/encryptsave_tests-06ccd4e1d488544b)
[INFO] [stdout] 
[INFO] [stdout] running 11 tests
[INFO] [stdout] test get_salt_test ... ok
[INFO] [stdout] test is_encrypted_test ... ok
[INFO] [stdout] test pass_decrypt_error_bad_format_test ... ok
[INFO] [stdout] test get_salt_wrong_magic_test ... ok
[INFO] [stdout] test pass_decrypt_error_invalid_length_test ... ok
[INFO] [stdout] test pass_decrypt_error_key_derivation_test ... ok
[INFO] [stdout] test pass_decrypt_error_null_test ... ok
[INFO] [stdout] test pass_decrypt_test ... ok
[INFO] [stdout] test pass_encrypt_error_test ... ok
[INFO] [stdout] test pass_decrypt_error_failed_test ... ok
[INFO] [stdout] test pass_encrypt_test ... ok
[INFO] [stdout] 
[INFO] [stdout] test result: ok. 11 passed; 0 failed; 0 ignored; 0 measured; 0 filtered out; finished in 2.04s
[INFO] [stdout] 
[INFO] [stderr]    Doc-tests tox_encryptsave
[INFO] [stdout] 
[INFO] [stdout] running 9 tests
[INFO] [stdout] test src/lib.rs - PassKey::with_salt (line 105) ... FAILED
[INFO] [stdout] test src/lib.rs - get_salt (line 333) ... ok
[INFO] [stdout] test src/lib.rs - PassKey::with_salt (line 110) ... ok
[INFO] [stdout] test src/lib.rs - PassKey::from_passphrase (line 84) ... ok
[INFO] [stdout] test src/lib.rs - PassKey::decrypt (line 197) ... ok
[INFO] [stdout] test src/lib.rs - PassKey::encrypt (line 153) ... ok
[INFO] [stdout] test src/lib.rs - pass_encrypt (line 247) ... ok
[INFO] [stdout] test src/lib.rs - (line 3) ... ok
[INFO] [stdout] test src/lib.rs - pass_decrypt (line 281) ... ok
[INFO] [stdout] 
[INFO] [stdout] failures:
[INFO] [stdout] 
[INFO] [stdout] ---- src/lib.rs - PassKey::with_salt (line 105) stdout ----
[INFO] [stdout] error: expected one of `!`, `.`, `::`, `;`, `?`, `{`, `}`, or an operator, found `is`
[INFO] [stdout]  --> src/lib.rs:106:14
[INFO] [stdout]   |
[INFO] [stdout] 3 | * passphrase is empty
[INFO] [stdout]   |              ^^ expected one of 8 possible tokens
[INFO] [stdout] 
[INFO] [stdout] error: aborting due to 1 previous error
[INFO] [stdout] 
[INFO] [stdout] Couldn't compile the test.
[INFO] [stdout] 
[INFO] [stdout] failures:
[INFO] [stdout]     src/lib.rs - PassKey::with_salt (line 105)
[INFO] [stdout] 
[INFO] [stdout] test result: FAILED. 8 passed; 1 failed; 0 ignored; 0 measured; 0 filtered out; finished in 1.51s
[INFO] [stdout] 
[INFO] [stderr] error: doctest failed, to rerun pass `--doc`
[INFO] running `Command { std: "docker" "inspect" "59ffe5e18f33402e9b0f0507d03dffcf47acc93762c3975b3946573bddd5b037", kill_on_drop: false }`
[INFO] running `Command { std: "docker" "rm" "-f" "59ffe5e18f33402e9b0f0507d03dffcf47acc93762c3975b3946573bddd5b037", kill_on_drop: false }`
[INFO] [stdout] 59ffe5e18f33402e9b0f0507d03dffcf47acc93762c3975b3946573bddd5b037
