[INFO] fetching crate tower-sessions-mongodb-store 0.7.0...
[INFO] testing tower-sessions-mongodb-store-0.7.0 against 1.75.0 for beta-1.76-1
[INFO] extracting crate tower-sessions-mongodb-store 0.7.0 into /workspace/builds/worker-2-tc1/source
[INFO] validating manifest of crates.io crate tower-sessions-mongodb-store 0.7.0 on toolchain 1.75.0
[INFO] running `Command { std: CARGO_HOME="/workspace/cargo-home" RUSTUP_HOME="/workspace/rustup-home" "/workspace/cargo-home/bin/cargo" "+1.75.0" "metadata" "--manifest-path" "Cargo.toml" "--no-deps", kill_on_drop: false }`
[INFO] started tweaking crates.io crate tower-sessions-mongodb-store 0.7.0
[INFO] finished tweaking crates.io crate tower-sessions-mongodb-store 0.7.0
[INFO] tweaked toml for crates.io crate tower-sessions-mongodb-store 0.7.0 written to /workspace/builds/worker-2-tc1/source/Cargo.toml
[INFO] running `Command { std: CARGO_HOME="/workspace/cargo-home" RUSTUP_HOME="/workspace/rustup-home" "/workspace/cargo-home/bin/cargo" "+1.75.0" "generate-lockfile" "--manifest-path" "Cargo.toml", kill_on_drop: false }`
[INFO] [stderr]     Updating crates.io index
[INFO] running `Command { std: CARGO_HOME="/workspace/cargo-home" RUSTUP_HOME="/workspace/rustup-home" "/workspace/cargo-home/bin/cargo" "+1.75.0" "fetch" "--manifest-path" "Cargo.toml", kill_on_drop: false }`
[INFO] [stderr]  Downloading crates ...
[INFO] [stderr]   Downloaded tower-cookies v0.10.0
[INFO] [stderr]   Downloaded tower-sessions v0.7.0
[INFO] [stderr]   Downloaded tower-sessions-core v0.7.0
[INFO] [stderr]   Downloaded axum-core v0.4.2
[INFO] running `Command { std: "docker" "create" "-v" "/var/lib/crater-agent-workspace/builds/worker-2-tc1/target:/opt/rustwide/target:rw,Z" "-v" "/var/lib/crater-agent-workspace/builds/worker-2-tc1/source:/opt/rustwide/workdir:ro,Z" "-v" "/var/lib/crater-agent-workspace/cargo-home:/opt/rustwide/cargo-home:ro,Z" "-v" "/var/lib/crater-agent-workspace/rustup-home:/opt/rustwide/rustup-home:ro,Z" "-e" "SOURCE_DIR=/opt/rustwide/workdir" "-e" "CARGO_TARGET_DIR=/opt/rustwide/target" "-e" "CARGO_HOME=/opt/rustwide/cargo-home" "-e" "RUSTUP_HOME=/opt/rustwide/rustup-home" "-w" "/opt/rustwide/workdir" "-m" "1610612736" "--user" "0:0" "--network" "none" "ghcr.io/rust-lang/crates-build-env/linux@sha256:2788e3201cd34a07e3172128adcd8b3090168a8e3bcc40d7c032b9dda1df7d1c" "/opt/rustwide/cargo-home/bin/cargo" "+1.75.0" "metadata" "--no-deps" "--format-version=1", kill_on_drop: false }`
[INFO] [stdout] 3836534a5e460ab4f67df8a3b5b67a9ff581515abf3149da4028af49d063e7f1
[INFO] running `Command { std: "docker" "start" "-a" "3836534a5e460ab4f67df8a3b5b67a9ff581515abf3149da4028af49d063e7f1", kill_on_drop: false }`
[INFO] running `Command { std: "docker" "inspect" "3836534a5e460ab4f67df8a3b5b67a9ff581515abf3149da4028af49d063e7f1", kill_on_drop: false }`
[INFO] running `Command { std: "docker" "rm" "-f" "3836534a5e460ab4f67df8a3b5b67a9ff581515abf3149da4028af49d063e7f1", kill_on_drop: false }`
[INFO] [stdout] 3836534a5e460ab4f67df8a3b5b67a9ff581515abf3149da4028af49d063e7f1
[INFO] running `Command { std: "docker" "create" "-v" "/var/lib/crater-agent-workspace/builds/worker-2-tc1/target:/opt/rustwide/target:rw,Z" "-v" "/var/lib/crater-agent-workspace/builds/worker-2-tc1/source:/opt/rustwide/workdir:ro,Z" "-v" "/var/lib/crater-agent-workspace/cargo-home:/opt/rustwide/cargo-home:ro,Z" "-v" "/var/lib/crater-agent-workspace/rustup-home:/opt/rustwide/rustup-home:ro,Z" "-e" "SOURCE_DIR=/opt/rustwide/workdir" "-e" "CARGO_TARGET_DIR=/opt/rustwide/target" "-e" "CARGO_INCREMENTAL=0" "-e" "RUST_BACKTRACE=full" "-e" "RUSTFLAGS=--cap-lints=warn" "-e" "RUSTDOCFLAGS=--cap-lints=warn" "-e" "CARGO_HOME=/opt/rustwide/cargo-home" "-e" "RUSTUP_HOME=/opt/rustwide/rustup-home" "-w" "/opt/rustwide/workdir" "-m" "1610612736" "--user" "0:0" "--network" "none" "ghcr.io/rust-lang/crates-build-env/linux@sha256:2788e3201cd34a07e3172128adcd8b3090168a8e3bcc40d7c032b9dda1df7d1c" "/opt/rustwide/cargo-home/bin/cargo" "+1.75.0" "build" "--frozen" "--message-format=json", kill_on_drop: false }`
[INFO] [stdout] fd77f2083e16f7faab0c36307c612f248571adf798523466bc0f5c749a701ebb
[INFO] running `Command { std: "docker" "start" "-a" "fd77f2083e16f7faab0c36307c612f248571adf798523466bc0f5c749a701ebb", kill_on_drop: false }`
[INFO] [stderr]    Compiling serde v1.0.194
[INFO] [stderr]    Compiling libc v0.2.151
[INFO] [stderr]    Compiling memchr v2.7.1
[INFO] [stderr]    Compiling lock_api v0.4.11
[INFO] [stderr]    Compiling syn v2.0.48
[INFO] [stderr]    Compiling getrandom v0.2.11
[INFO] [stderr]    Compiling subtle v2.5.0
[INFO] [stderr]    Compiling signal-hook-registry v1.4.1
[INFO] [stderr]    Compiling socket2 v0.5.5
[INFO] [stderr]    Compiling num_cpus v1.16.0
[INFO] [stderr]    Compiling mio v0.8.10
[INFO] [stderr]    Compiling time-macros v0.2.16
[INFO] [stderr]    Compiling num-traits v0.2.17
[INFO] [stderr]    Compiling parking_lot_core v0.9.9
[INFO] [stderr]    Compiling futures-channel v0.3.30
[INFO] [stderr]    Compiling http v1.0.0
[INFO] [stderr]    Compiling digest v0.10.7
[INFO] [stderr]    Compiling rand_core v0.6.4
[INFO] [stderr]    Compiling serde_json v1.0.111
[INFO] [stderr]    Compiling axum-core v0.4.2
[INFO] [stderr]    Compiling cookie v0.18.0
[INFO] [stderr]    Compiling hostname v0.3.1
[INFO] [stderr]    Compiling rand_chacha v0.3.1
[INFO] [stderr]    Compiling resolv-conf v0.7.0
[INFO] [stderr]    Compiling ahash v0.8.7
[INFO] [stderr]    Compiling sha2 v0.10.8
[INFO] [stderr]    Compiling sha-1 v0.10.1
[INFO] [stderr]    Compiling pbkdf2 v0.11.0
[INFO] [stderr]    Compiling rand v0.8.5
[INFO] [stderr]    Compiling hmac v0.12.1
[INFO] [stderr]    Compiling md-5 v0.10.6
[INFO] [stderr]    Compiling socket2 v0.4.10
[INFO] [stderr]    Compiling webpki-roots v0.25.3
[INFO] [stderr]    Compiling take_mut v0.2.2
[INFO] [stderr]    Compiling http-body v1.0.0
[INFO] [stderr]    Compiling cc v1.0.83
[INFO] [stderr]    Compiling chrono v0.4.31
[INFO] [stderr]    Compiling rmp v0.8.12
[INFO] [stderr]    Compiling ring v0.17.7
[INFO] [stderr]    Compiling serde_derive v1.0.194
[INFO] [stderr]    Compiling futures-macro v0.3.30
[INFO] [stderr]    Compiling async-trait v0.1.77
[INFO] [stderr]    Compiling tokio-macros v2.2.0
[INFO] [stderr]    Compiling thiserror-impl v1.0.56
[INFO] [stderr]    Compiling tracing-attributes v0.1.27
[INFO] [stderr]    Compiling rustls v0.21.10
[INFO] [stderr]    Compiling tokio v1.35.1
[INFO] [stderr]    Compiling futures-util v0.3.30
[INFO] [stderr]    Compiling thiserror v1.0.56
[INFO] [stderr]    Compiling tracing v0.1.40
[INFO] [stderr]    Compiling rustls-webpki v0.101.7
[INFO] [stderr]    Compiling sct v0.7.1
[INFO] [stderr]    Compiling http-body-util v0.1.0
[INFO] [stderr]    Compiling futures v0.3.30
[INFO] [stderr]    Compiling futures-executor v0.3.30
[INFO] [stderr]    Compiling trust-dns-proto v0.21.2
[INFO] [stderr]    Compiling tokio-rustls v0.24.1
[INFO] [stderr]    Compiling tokio-util v0.7.10
[INFO] [stderr]    Compiling deranged v0.3.11
[INFO] [stderr]    Compiling uuid v1.6.1
[INFO] [stderr]    Compiling serde_bytes v0.11.14
[INFO] [stderr]    Compiling serde_with v1.14.0
[INFO] [stderr]    Compiling rmp-serde v1.1.2
[INFO] [stderr]    Compiling parking_lot v0.12.1
[INFO] [stderr]    Compiling trust-dns-resolver v0.21.2
[INFO] [stderr]    Compiling time v0.3.31
[INFO] [stderr]    Compiling bson v2.8.1
[INFO] [stderr]    Compiling tower-cookies v0.10.0
[INFO] [stderr]    Compiling tower-sessions-core v0.7.0
[INFO] [stderr]    Compiling mongodb v2.8.0
[INFO] [stderr]    Compiling tower-sessions-mongodb-store v0.7.0 (/opt/rustwide/workdir)
[INFO] [stderr]     Finished dev [unoptimized + debuginfo] target(s) in 34.94s
[INFO] running `Command { std: "docker" "inspect" "fd77f2083e16f7faab0c36307c612f248571adf798523466bc0f5c749a701ebb", kill_on_drop: false }`
[INFO] running `Command { std: "docker" "rm" "-f" "fd77f2083e16f7faab0c36307c612f248571adf798523466bc0f5c749a701ebb", kill_on_drop: false }`
[INFO] [stdout] fd77f2083e16f7faab0c36307c612f248571adf798523466bc0f5c749a701ebb
[INFO] running `Command { std: "docker" "create" "-v" "/var/lib/crater-agent-workspace/builds/worker-2-tc1/target:/opt/rustwide/target:rw,Z" "-v" "/var/lib/crater-agent-workspace/builds/worker-2-tc1/source:/opt/rustwide/workdir:ro,Z" "-v" "/var/lib/crater-agent-workspace/cargo-home:/opt/rustwide/cargo-home:ro,Z" "-v" "/var/lib/crater-agent-workspace/rustup-home:/opt/rustwide/rustup-home:ro,Z" "-e" "SOURCE_DIR=/opt/rustwide/workdir" "-e" "CARGO_TARGET_DIR=/opt/rustwide/target" "-e" "CARGO_INCREMENTAL=0" "-e" "RUST_BACKTRACE=full" "-e" "RUSTFLAGS=--cap-lints=warn" "-e" "RUSTDOCFLAGS=--cap-lints=warn" "-e" "CARGO_HOME=/opt/rustwide/cargo-home" "-e" "RUSTUP_HOME=/opt/rustwide/rustup-home" "-w" "/opt/rustwide/workdir" "-m" "1610612736" "--user" "0:0" "--network" "none" "ghcr.io/rust-lang/crates-build-env/linux@sha256:2788e3201cd34a07e3172128adcd8b3090168a8e3bcc40d7c032b9dda1df7d1c" "/opt/rustwide/cargo-home/bin/cargo" "+1.75.0" "test" "--frozen" "--no-run" "--message-format=json", kill_on_drop: false }`
[INFO] [stdout] 375b6f546d629c9f2a67c15b1edf55c60772fbdbbcaf1aacfd4fb1943ca117b7
[INFO] running `Command { std: "docker" "start" "-a" "375b6f546d629c9f2a67c15b1edf55c60772fbdbbcaf1aacfd4fb1943ca117b7", kill_on_drop: false }`
[INFO] [stderr]    Compiling tokio v1.35.1
[INFO] [stderr]    Compiling tower-sessions-core v0.7.0
[INFO] [stderr]    Compiling async-stream-impl v0.3.5
[INFO] [stderr]    Compiling tower-sessions v0.7.0
[INFO] [stderr]    Compiling async-stream v0.3.5
[INFO] [stderr]    Compiling trust-dns-proto v0.21.2
[INFO] [stderr]    Compiling tokio-rustls v0.24.1
[INFO] [stderr]    Compiling tokio-util v0.7.10
[INFO] [stderr]    Compiling tokio-stream v0.1.14
[INFO] [stderr]    Compiling tokio-test v0.4.3
[INFO] [stderr]    Compiling trust-dns-resolver v0.21.2
[INFO] [stderr]    Compiling mongodb v2.8.0
[INFO] [stderr]    Compiling tower-sessions-mongodb-store v0.7.0 (/opt/rustwide/workdir)
[INFO] [stderr]     Finished test [unoptimized + debuginfo] target(s) in 31.25s
[INFO] running `Command { std: "docker" "inspect" "375b6f546d629c9f2a67c15b1edf55c60772fbdbbcaf1aacfd4fb1943ca117b7", kill_on_drop: false }`
[INFO] running `Command { std: "docker" "rm" "-f" "375b6f546d629c9f2a67c15b1edf55c60772fbdbbcaf1aacfd4fb1943ca117b7", kill_on_drop: false }`
[INFO] [stdout] 375b6f546d629c9f2a67c15b1edf55c60772fbdbbcaf1aacfd4fb1943ca117b7
[INFO] running `Command { std: "docker" "create" "-v" "/var/lib/crater-agent-workspace/builds/worker-2-tc1/target:/opt/rustwide/target:rw,Z" "-v" "/var/lib/crater-agent-workspace/builds/worker-2-tc1/source:/opt/rustwide/workdir:ro,Z" "-v" "/var/lib/crater-agent-workspace/cargo-home:/opt/rustwide/cargo-home:ro,Z" "-v" "/var/lib/crater-agent-workspace/rustup-home:/opt/rustwide/rustup-home:ro,Z" "-e" "SOURCE_DIR=/opt/rustwide/workdir" "-e" "CARGO_TARGET_DIR=/opt/rustwide/target" "-e" "CARGO_INCREMENTAL=0" "-e" "RUST_BACKTRACE=full" "-e" "RUSTFLAGS=--cap-lints=warn" "-e" "RUSTDOCFLAGS=--cap-lints=warn" "-e" "CARGO_HOME=/opt/rustwide/cargo-home" "-e" "RUSTUP_HOME=/opt/rustwide/rustup-home" "-w" "/opt/rustwide/workdir" "-m" "1610612736" "--user" "0:0" "--network" "none" "ghcr.io/rust-lang/crates-build-env/linux@sha256:2788e3201cd34a07e3172128adcd8b3090168a8e3bcc40d7c032b9dda1df7d1c" "/opt/rustwide/cargo-home/bin/cargo" "+1.75.0" "test" "--frozen", kill_on_drop: false }`
[INFO] [stdout] c328321ddbd275fe31c5516372ab8abe90d6ebd9f0f4fec712d3cdfded570702
[INFO] running `Command { std: "docker" "start" "-a" "c328321ddbd275fe31c5516372ab8abe90d6ebd9f0f4fec712d3cdfded570702", kill_on_drop: false }`
[INFO] [stderr]     Finished test [unoptimized + debuginfo] target(s) in 0.13s
[INFO] [stderr]      Running unittests src/lib.rs (/opt/rustwide/target/debug/deps/tower_sessions_mongodb_store-9129e59d85706b8f)
[INFO] [stdout] 
[INFO] [stderr]    Doc-tests tower-sessions-mongodb-store
[INFO] [stdout] running 0 tests
[INFO] [stdout] 
[INFO] [stdout] test result: ok. 0 passed; 0 failed; 0 ignored; 0 measured; 0 filtered out; finished in 0.00s
[INFO] [stdout] 
[INFO] [stdout] 
[INFO] [stdout] running 1 test
[INFO] [stdout] test src/lib.rs - MongoDBStore::new (line 52) - compile ... FAILED
[INFO] [stdout] 
[INFO] [stdout] failures:
[INFO] [stdout] 
[INFO] [stdout] ---- src/lib.rs - MongoDBStore::new (line 52) stdout ----
[INFO] [stdout] error[E0432]: unresolved imports `tower_sessions::mongodb`, `tower_sessions::MongoDBStore`
[INFO] [stdout]    --> src/lib.rs:53:22
[INFO] [stdout]     |
[INFO] [stdout] 3   | use tower_sessions::{mongodb::Client, MongoDBStore};
[INFO] [stdout]     |                      ^^^^^^^          ^^^^^^^^^^^^ no `MongoDBStore` in the root
[INFO] [stdout]     |                      |
[INFO] [stdout]     |                      could not find `mongodb` in `tower_sessions`
[INFO] [stdout]     |
[INFO] [stdout]     = help: consider importing this struct instead:
[INFO] [stdout]             tower_sessions_mongodb_store::MongoDBStore
[INFO] [stdout] note: found an item that was configured out
[INFO] [stdout]    --> /opt/rustwide/cargo-home/registry/src/index.crates.io-6f17d22bba15001f/tower-sessions-0.7.0/src/lib.rs:463:39
[INFO] [stdout]     |
[INFO] [stdout] 463 | pub use tower_sessions_mongodb_store::MongoDBStore;
[INFO] [stdout]     |                                       ^^^^^^^^^^^^
[INFO] [stdout]     = note: the item is gated behind the `mongodb-store` feature
[INFO] [stdout] 
[INFO] [stdout] error: aborting due to previous error
[INFO] [stdout] 
[INFO] [stdout] For more information about this error, try `rustc --explain E0432`.
[INFO] [stdout] Couldn't compile the test.
[INFO] [stdout] 
[INFO] [stdout] failures:
[INFO] [stdout]     src/lib.rs - MongoDBStore::new (line 52)
[INFO] [stdout] 
[INFO] [stdout] test result: FAILED. 0 passed; 1 failed; 0 ignored; 0 measured; 0 filtered out; finished in 0.10s
[INFO] [stdout] 
[INFO] [stderr] error: doctest failed, to rerun pass `--doc`
[INFO] running `Command { std: "docker" "inspect" "c328321ddbd275fe31c5516372ab8abe90d6ebd9f0f4fec712d3cdfded570702", kill_on_drop: false }`
[INFO] running `Command { std: "docker" "rm" "-f" "c328321ddbd275fe31c5516372ab8abe90d6ebd9f0f4fec712d3cdfded570702", kill_on_drop: false }`
[INFO] [stdout] c328321ddbd275fe31c5516372ab8abe90d6ebd9f0f4fec712d3cdfded570702
