[INFO] fetching crate tower-sessions-moka-store 0.7.0...
[INFO] testing tower-sessions-moka-store-0.7.0 against 1.75.0 for beta-1.76-1
[INFO] extracting crate tower-sessions-moka-store 0.7.0 into /workspace/builds/worker-1-tc1/source
[INFO] validating manifest of crates.io crate tower-sessions-moka-store 0.7.0 on toolchain 1.75.0
[INFO] running `Command { std: CARGO_HOME="/workspace/cargo-home" RUSTUP_HOME="/workspace/rustup-home" "/workspace/cargo-home/bin/cargo" "+1.75.0" "metadata" "--manifest-path" "Cargo.toml" "--no-deps", kill_on_drop: false }`
[INFO] started tweaking crates.io crate tower-sessions-moka-store 0.7.0
[INFO] finished tweaking crates.io crate tower-sessions-moka-store 0.7.0
[INFO] tweaked toml for crates.io crate tower-sessions-moka-store 0.7.0 written to /workspace/builds/worker-1-tc1/source/Cargo.toml
[INFO] running `Command { std: CARGO_HOME="/workspace/cargo-home" RUSTUP_HOME="/workspace/rustup-home" "/workspace/cargo-home/bin/cargo" "+1.75.0" "generate-lockfile" "--manifest-path" "Cargo.toml", kill_on_drop: false }`
[INFO] [stderr]     Updating crates.io index
[INFO] running `Command { std: CARGO_HOME="/workspace/cargo-home" RUSTUP_HOME="/workspace/rustup-home" "/workspace/cargo-home/bin/cargo" "+1.75.0" "fetch" "--manifest-path" "Cargo.toml", kill_on_drop: false }`
[INFO] [stderr]  Downloading crates ...
[INFO] [stderr]   Downloaded tagptr v0.2.0
[INFO] [stderr]   Downloaded axum-core v0.4.2
[INFO] [stderr]   Downloaded tower-sessions v0.7.0
[INFO] [stderr]   Downloaded tower-cookies v0.10.0
[INFO] [stderr]   Downloaded tower-sessions-core v0.7.0
[INFO] [stderr]   Downloaded moka v0.12.2
[INFO] [stderr]   Downloaded quanta v0.11.1
[INFO] running `Command { std: "docker" "create" "-v" "/var/lib/crater-agent-workspace/builds/worker-1-tc1/target:/opt/rustwide/target:rw,Z" "-v" "/var/lib/crater-agent-workspace/builds/worker-1-tc1/source:/opt/rustwide/workdir:ro,Z" "-v" "/var/lib/crater-agent-workspace/cargo-home:/opt/rustwide/cargo-home:ro,Z" "-v" "/var/lib/crater-agent-workspace/rustup-home:/opt/rustwide/rustup-home:ro,Z" "-e" "SOURCE_DIR=/opt/rustwide/workdir" "-e" "CARGO_TARGET_DIR=/opt/rustwide/target" "-e" "CARGO_HOME=/opt/rustwide/cargo-home" "-e" "RUSTUP_HOME=/opt/rustwide/rustup-home" "-w" "/opt/rustwide/workdir" "-m" "1610612736" "--user" "0:0" "--network" "none" "ghcr.io/rust-lang/crates-build-env/linux@sha256:2788e3201cd34a07e3172128adcd8b3090168a8e3bcc40d7c032b9dda1df7d1c" "/opt/rustwide/cargo-home/bin/cargo" "+1.75.0" "metadata" "--no-deps" "--format-version=1", kill_on_drop: false }`
[INFO] [stdout] 3d80c9036813976f07993daca15541fdaf16f23504d53dad9107b5a4600ce27f
[INFO] running `Command { std: "docker" "start" "-a" "3d80c9036813976f07993daca15541fdaf16f23504d53dad9107b5a4600ce27f", kill_on_drop: false }`
[INFO] running `Command { std: "docker" "inspect" "3d80c9036813976f07993daca15541fdaf16f23504d53dad9107b5a4600ce27f", kill_on_drop: false }`
[INFO] running `Command { std: "docker" "rm" "-f" "3d80c9036813976f07993daca15541fdaf16f23504d53dad9107b5a4600ce27f", kill_on_drop: false }`
[INFO] [stdout] 3d80c9036813976f07993daca15541fdaf16f23504d53dad9107b5a4600ce27f
[INFO] running `Command { std: "docker" "create" "-v" "/var/lib/crater-agent-workspace/builds/worker-1-tc1/target:/opt/rustwide/target:rw,Z" "-v" "/var/lib/crater-agent-workspace/builds/worker-1-tc1/source:/opt/rustwide/workdir:ro,Z" "-v" "/var/lib/crater-agent-workspace/cargo-home:/opt/rustwide/cargo-home:ro,Z" "-v" "/var/lib/crater-agent-workspace/rustup-home:/opt/rustwide/rustup-home:ro,Z" "-e" "SOURCE_DIR=/opt/rustwide/workdir" "-e" "CARGO_TARGET_DIR=/opt/rustwide/target" "-e" "CARGO_INCREMENTAL=0" "-e" "RUST_BACKTRACE=full" "-e" "RUSTFLAGS=--cap-lints=warn" "-e" "RUSTDOCFLAGS=--cap-lints=warn" "-e" "CARGO_HOME=/opt/rustwide/cargo-home" "-e" "RUSTUP_HOME=/opt/rustwide/rustup-home" "-w" "/opt/rustwide/workdir" "-m" "1610612736" "--user" "0:0" "--network" "none" "ghcr.io/rust-lang/crates-build-env/linux@sha256:2788e3201cd34a07e3172128adcd8b3090168a8e3bcc40d7c032b9dda1df7d1c" "/opt/rustwide/cargo-home/bin/cargo" "+1.75.0" "build" "--frozen" "--message-format=json", kill_on_drop: false }`
[INFO] [stdout] b9960d37fd6e8b2c1d3468fed3e3bc0224646a9d27e8f0f65ec19c70c0df69b1
[INFO] running `Command { std: "docker" "start" "-a" "b9960d37fd6e8b2c1d3468fed3e3bc0224646a9d27e8f0f65ec19c70c0df69b1", kill_on_drop: false }`
[INFO] [stderr]    Compiling proc-macro2 v1.0.75
[INFO] [stderr]    Compiling unicode-ident v1.0.12
[INFO] [stderr]    Compiling autocfg v1.1.0
[INFO] [stderr]    Compiling serde v1.0.194
[INFO] [stderr]    Compiling cfg-if v1.0.0
[INFO] [stderr]    Compiling itoa v1.0.10
[INFO] [stderr]    Compiling pin-project-lite v0.2.13
[INFO] [stderr]    Compiling libc v0.2.151
[INFO] [stderr]    Compiling futures-core v0.3.30
[INFO] [stderr]    Compiling futures-sink v0.3.30
[INFO] [stderr]    Compiling pin-utils v0.1.0
[INFO] [stderr]    Compiling futures-task v0.3.30
[INFO] [stderr]    Compiling rustversion v1.0.14
[INFO] [stderr]    Compiling async-trait v0.1.77
[INFO] [stderr]    Compiling parking_lot_core v0.9.9
[INFO] [stderr]    Compiling crossbeam-utils v0.8.18
[INFO] [stderr]    Compiling slab v0.4.9
[INFO] [stderr]    Compiling lock_api v0.4.11
[INFO] [stderr]    Compiling bytes v1.5.0
[INFO] [stderr]    Compiling fnv v1.0.7
[INFO] [stderr]    Compiling once_cell v1.19.0
[INFO] [stderr]    Compiling powerfmt v0.2.0
[INFO] [stderr]    Compiling version_check v0.9.4
[INFO] [stderr]    Compiling smallvec v1.11.2
[INFO] [stderr]    Compiling scopeguard v1.2.0
[INFO] [stderr]    Compiling quote v1.0.35
[INFO] [stderr]    Compiling time-core v0.1.2
[INFO] [stderr]    Compiling http v1.0.0
[INFO] [stderr]    Compiling time-macros v0.2.16
[INFO] [stderr]    Compiling cookie v0.18.0
[INFO] [stderr]    Compiling syn v2.0.48
[INFO] [stderr]    Compiling thiserror v1.0.56
[INFO] [stderr]    Compiling axum-core v0.4.2
[INFO] [stderr]    Compiling getrandom v0.2.11
[INFO] [stderr]    Compiling percent-encoding v2.3.1
[INFO] [stderr]    Compiling bitflags v1.3.2
[INFO] [stderr]    Compiling mime v0.3.17
[INFO] [stderr]    Compiling tower-service v0.3.2
[INFO] [stderr]    Compiling tower-layer v0.3.2
[INFO] [stderr]    Compiling sync_wrapper v0.1.2
[INFO] [stderr]    Compiling serde_json v1.0.111
[INFO] [stderr]    Compiling raw-cpuid v10.7.0
[INFO] [stderr]    Compiling http-body v1.0.0
[INFO] [stderr]    Compiling tracing-core v0.1.32
[INFO] [stderr]    Compiling futures-channel v0.3.30
[INFO] [stderr]    Compiling moka v0.12.2
[INFO] [stderr]    Compiling event-listener v2.5.3
[INFO] [stderr]    Compiling futures-io v0.3.30
[INFO] [stderr]    Compiling log v0.4.20
[INFO] [stderr]    Compiling ryu v1.0.16
[INFO] [stderr]    Compiling async-lock v2.8.0
[INFO] [stderr]    Compiling crossbeam-channel v0.5.10
[INFO] [stderr]    Compiling crossbeam-epoch v0.9.17
[INFO] [stderr]    Compiling triomphe v0.1.11
[INFO] [stderr]    Compiling tagptr v0.2.0
[INFO] [stderr]    Compiling quanta v0.11.1
[INFO] [stderr]    Compiling serde_derive v1.0.194
[INFO] [stderr]    Compiling futures-macro v0.3.30
[INFO] [stderr]    Compiling thiserror-impl v1.0.56
[INFO] [stderr]    Compiling tracing-attributes v0.1.27
[INFO] [stderr]    Compiling futures-util v0.3.30
[INFO] [stderr]    Compiling tracing v0.1.40
[INFO] [stderr]    Compiling http-body-util v0.1.0
[INFO] [stderr]    Compiling futures v0.3.30
[INFO] [stderr]    Compiling deranged v0.3.11
[INFO] [stderr]    Compiling uuid v1.6.1
[INFO] [stderr]    Compiling parking_lot v0.12.1
[INFO] [stderr]    Compiling time v0.3.31
[INFO] [stderr]    Compiling tower-cookies v0.10.0
[INFO] [stderr]    Compiling tower-sessions-core v0.7.0
[INFO] [stderr]    Compiling tower-sessions-moka-store v0.7.0 (/opt/rustwide/workdir)
[INFO] [stderr]     Finished dev [unoptimized + debuginfo] target(s) in 13.73s
[INFO] running `Command { std: "docker" "inspect" "b9960d37fd6e8b2c1d3468fed3e3bc0224646a9d27e8f0f65ec19c70c0df69b1", kill_on_drop: false }`
[INFO] running `Command { std: "docker" "rm" "-f" "b9960d37fd6e8b2c1d3468fed3e3bc0224646a9d27e8f0f65ec19c70c0df69b1", kill_on_drop: false }`
[INFO] [stdout] b9960d37fd6e8b2c1d3468fed3e3bc0224646a9d27e8f0f65ec19c70c0df69b1
[INFO] running `Command { std: "docker" "create" "-v" "/var/lib/crater-agent-workspace/builds/worker-1-tc1/target:/opt/rustwide/target:rw,Z" "-v" "/var/lib/crater-agent-workspace/builds/worker-1-tc1/source:/opt/rustwide/workdir:ro,Z" "-v" "/var/lib/crater-agent-workspace/cargo-home:/opt/rustwide/cargo-home:ro,Z" "-v" "/var/lib/crater-agent-workspace/rustup-home:/opt/rustwide/rustup-home:ro,Z" "-e" "SOURCE_DIR=/opt/rustwide/workdir" "-e" "CARGO_TARGET_DIR=/opt/rustwide/target" "-e" "CARGO_INCREMENTAL=0" "-e" "RUST_BACKTRACE=full" "-e" "RUSTFLAGS=--cap-lints=warn" "-e" "RUSTDOCFLAGS=--cap-lints=warn" "-e" "CARGO_HOME=/opt/rustwide/cargo-home" "-e" "RUSTUP_HOME=/opt/rustwide/rustup-home" "-w" "/opt/rustwide/workdir" "-m" "1610612736" "--user" "0:0" "--network" "none" "ghcr.io/rust-lang/crates-build-env/linux@sha256:2788e3201cd34a07e3172128adcd8b3090168a8e3bcc40d7c032b9dda1df7d1c" "/opt/rustwide/cargo-home/bin/cargo" "+1.75.0" "test" "--frozen" "--no-run" "--message-format=json", kill_on_drop: false }`
[INFO] [stdout] 9a3c7072c8779c86e923b43901daf4601d470f03934a49414c9c1427ee51d93d
[INFO] running `Command { std: "docker" "start" "-a" "9a3c7072c8779c86e923b43901daf4601d470f03934a49414c9c1427ee51d93d", kill_on_drop: false }`
[INFO] [stderr]    Compiling tower-sessions-core v0.7.0
[INFO] [stderr]    Compiling tower-sessions v0.7.0
[INFO] [stderr]    Compiling tower-sessions-moka-store v0.7.0 (/opt/rustwide/workdir)
[INFO] [stderr]     Finished test [unoptimized + debuginfo] target(s) in 1.13s
[INFO] running `Command { std: "docker" "inspect" "9a3c7072c8779c86e923b43901daf4601d470f03934a49414c9c1427ee51d93d", kill_on_drop: false }`
[INFO] running `Command { std: "docker" "rm" "-f" "9a3c7072c8779c86e923b43901daf4601d470f03934a49414c9c1427ee51d93d", kill_on_drop: false }`
[INFO] [stdout] 9a3c7072c8779c86e923b43901daf4601d470f03934a49414c9c1427ee51d93d
[INFO] running `Command { std: "docker" "create" "-v" "/var/lib/crater-agent-workspace/builds/worker-1-tc1/target:/opt/rustwide/target:rw,Z" "-v" "/var/lib/crater-agent-workspace/builds/worker-1-tc1/source:/opt/rustwide/workdir:ro,Z" "-v" "/var/lib/crater-agent-workspace/cargo-home:/opt/rustwide/cargo-home:ro,Z" "-v" "/var/lib/crater-agent-workspace/rustup-home:/opt/rustwide/rustup-home:ro,Z" "-e" "SOURCE_DIR=/opt/rustwide/workdir" "-e" "CARGO_TARGET_DIR=/opt/rustwide/target" "-e" "CARGO_INCREMENTAL=0" "-e" "RUST_BACKTRACE=full" "-e" "RUSTFLAGS=--cap-lints=warn" "-e" "RUSTDOCFLAGS=--cap-lints=warn" "-e" "CARGO_HOME=/opt/rustwide/cargo-home" "-e" "RUSTUP_HOME=/opt/rustwide/rustup-home" "-w" "/opt/rustwide/workdir" "-m" "1610612736" "--user" "0:0" "--network" "none" "ghcr.io/rust-lang/crates-build-env/linux@sha256:2788e3201cd34a07e3172128adcd8b3090168a8e3bcc40d7c032b9dda1df7d1c" "/opt/rustwide/cargo-home/bin/cargo" "+1.75.0" "test" "--frozen", kill_on_drop: false }`
[INFO] [stdout] 441ca8fb0bbef8bcb4a9cea9ed6c6083908cb5cc799b07dce2f8d86b9eb7d6ac
[INFO] running `Command { std: "docker" "start" "-a" "441ca8fb0bbef8bcb4a9cea9ed6c6083908cb5cc799b07dce2f8d86b9eb7d6ac", kill_on_drop: false }`
[INFO] [stderr]     Finished test [unoptimized + debuginfo] target(s) in 0.05s
[INFO] [stderr]      Running unittests src/lib.rs (/opt/rustwide/target/debug/deps/tower_sessions_moka_store-c8f32c3c6765ed53)
[INFO] [stdout] 
[INFO] [stdout] running 0 tests
[INFO] [stdout] 
[INFO] [stdout] test result: ok. 0 passed; 0 failed; 0 ignored; 0 measured; 0 filtered out; finished in 0.00s
[INFO] [stdout] 
[INFO] [stderr]    Doc-tests tower-sessions-moka-store
[INFO] [stdout] 
[INFO] [stdout] running 1 test
[INFO] [stdout] test src/lib.rs - MokaStore::new (line 19) ... FAILED
[INFO] [stdout] 
[INFO] [stdout] failures:
[INFO] [stdout] 
[INFO] [stdout] ---- src/lib.rs - MokaStore::new (line 19) stdout ----
[INFO] [stdout] error[E0432]: unresolved imports `tower_sessions::MemoryStore`, `tower_sessions::MokaStore`
[INFO] [stdout]    --> src/lib.rs:20:22
[INFO] [stdout]     |
[INFO] [stdout] 3   | use tower_sessions::{MemoryStore, MokaStore};
[INFO] [stdout]     |                      ^^^^^^^^^^^  ^^^^^^^^^ no `MokaStore` in the root
[INFO] [stdout]     |                      |
[INFO] [stdout]     |                      no `MemoryStore` in the root
[INFO] [stdout]     |
[INFO] [stdout] note: found an item that was configured out
[INFO] [stdout]    --> /opt/rustwide/cargo-home/registry/src/index.crates.io-6f17d22bba15001f/tower-sessions-0.7.0/src/lib.rs:453:38
[INFO] [stdout]     |
[INFO] [stdout] 453 | pub use tower_sessions_memory_store::MemoryStore;
[INFO] [stdout]     |                                      ^^^^^^^^^^^
[INFO] [stdout]     = note: the item is gated behind the `memory-store` feature
[INFO] [stdout]     = help: consider importing this struct instead:
[INFO] [stdout]             tower_sessions_moka_store::MokaStore
[INFO] [stdout] note: found an item that was configured out
[INFO] [stdout]    --> /opt/rustwide/cargo-home/registry/src/index.crates.io-6f17d22bba15001f/tower-sessions-0.7.0/src/lib.rs:457:36
[INFO] [stdout]     |
[INFO] [stdout] 457 | pub use tower_sessions_moka_store::MokaStore;
[INFO] [stdout]     |                                    ^^^^^^^^^
[INFO] [stdout]     = note: the item is gated behind the `moka-store` feature
[INFO] [stdout] 
[INFO] [stdout] error: aborting due to previous error
[INFO] [stdout] 
[INFO] [stdout] For more information about this error, try `rustc --explain E0432`.
[INFO] [stdout] Couldn't compile the test.
[INFO] [stdout] 
[INFO] [stdout] failures:
[INFO] [stdout]     src/lib.rs - MokaStore::new (line 19)
[INFO] [stdout] 
[INFO] [stdout] test result: FAILED. 0 passed; 1 failed; 0 ignored; 0 measured; 0 filtered out; finished in 0.04s
[INFO] [stdout] 
[INFO] [stderr] error: doctest failed, to rerun pass `--doc`
[INFO] running `Command { std: "docker" "inspect" "441ca8fb0bbef8bcb4a9cea9ed6c6083908cb5cc799b07dce2f8d86b9eb7d6ac", kill_on_drop: false }`
[INFO] running `Command { std: "docker" "rm" "-f" "441ca8fb0bbef8bcb4a9cea9ed6c6083908cb5cc799b07dce2f8d86b9eb7d6ac", kill_on_drop: false }`
[INFO] [stdout] 441ca8fb0bbef8bcb4a9cea9ed6c6083908cb5cc799b07dce2f8d86b9eb7d6ac
