[INFO] fetching crate tower-http 0.5.0...
[INFO] testing tower-http-0.5.0 against 1.75.0 for beta-1.76-1
[INFO] extracting crate tower-http 0.5.0 into /workspace/builds/worker-1-tc1/source
[INFO] validating manifest of crates.io crate tower-http 0.5.0 on toolchain 1.75.0
[INFO] running `Command { std: CARGO_HOME="/workspace/cargo-home" RUSTUP_HOME="/workspace/rustup-home" "/workspace/cargo-home/bin/cargo" "+1.75.0" "metadata" "--manifest-path" "Cargo.toml" "--no-deps", kill_on_drop: false }`
[INFO] started tweaking crates.io crate tower-http 0.5.0
[INFO] finished tweaking crates.io crate tower-http 0.5.0
[INFO] tweaked toml for crates.io crate tower-http 0.5.0 written to /workspace/builds/worker-1-tc1/source/Cargo.toml
[INFO] running `Command { std: CARGO_HOME="/workspace/cargo-home" RUSTUP_HOME="/workspace/rustup-home" "/workspace/cargo-home/bin/cargo" "+1.75.0" "generate-lockfile" "--manifest-path" "Cargo.toml", kill_on_drop: false }`
[INFO] [stderr]     Updating crates.io index
[INFO] running `Command { std: CARGO_HOME="/workspace/cargo-home" RUSTUP_HOME="/workspace/rustup-home" "/workspace/cargo-home/bin/cargo" "+1.75.0" "fetch" "--manifest-path" "Cargo.toml", kill_on_drop: false }`
[INFO] [stderr]  Downloading crates ...
[INFO] [stderr]   Downloaded hyper-util v0.1.2
[INFO] running `Command { std: "docker" "create" "-v" "/var/lib/crater-agent-workspace/builds/worker-1-tc1/target:/opt/rustwide/target:rw,Z" "-v" "/var/lib/crater-agent-workspace/builds/worker-1-tc1/source:/opt/rustwide/workdir:ro,Z" "-v" "/var/lib/crater-agent-workspace/cargo-home:/opt/rustwide/cargo-home:ro,Z" "-v" "/var/lib/crater-agent-workspace/rustup-home:/opt/rustwide/rustup-home:ro,Z" "-e" "SOURCE_DIR=/opt/rustwide/workdir" "-e" "CARGO_TARGET_DIR=/opt/rustwide/target" "-e" "CARGO_HOME=/opt/rustwide/cargo-home" "-e" "RUSTUP_HOME=/opt/rustwide/rustup-home" "-w" "/opt/rustwide/workdir" "-m" "1610612736" "--user" "0:0" "--network" "none" "ghcr.io/rust-lang/crates-build-env/linux@sha256:2788e3201cd34a07e3172128adcd8b3090168a8e3bcc40d7c032b9dda1df7d1c" "/opt/rustwide/cargo-home/bin/cargo" "+1.75.0" "metadata" "--no-deps" "--format-version=1", kill_on_drop: false }`
[INFO] [stdout] f0ef0b27191087e1cbd6f12e968b24d0bc4c5d79a48c444b9494a5064817d32e
[INFO] running `Command { std: "docker" "start" "-a" "f0ef0b27191087e1cbd6f12e968b24d0bc4c5d79a48c444b9494a5064817d32e", kill_on_drop: false }`
[INFO] running `Command { std: "docker" "inspect" "f0ef0b27191087e1cbd6f12e968b24d0bc4c5d79a48c444b9494a5064817d32e", kill_on_drop: false }`
[INFO] running `Command { std: "docker" "rm" "-f" "f0ef0b27191087e1cbd6f12e968b24d0bc4c5d79a48c444b9494a5064817d32e", kill_on_drop: false }`
[INFO] [stdout] f0ef0b27191087e1cbd6f12e968b24d0bc4c5d79a48c444b9494a5064817d32e
[INFO] running `Command { std: "docker" "create" "-v" "/var/lib/crater-agent-workspace/builds/worker-1-tc1/target:/opt/rustwide/target:rw,Z" "-v" "/var/lib/crater-agent-workspace/builds/worker-1-tc1/source:/opt/rustwide/workdir:ro,Z" "-v" "/var/lib/crater-agent-workspace/cargo-home:/opt/rustwide/cargo-home:ro,Z" "-v" "/var/lib/crater-agent-workspace/rustup-home:/opt/rustwide/rustup-home:ro,Z" "-e" "SOURCE_DIR=/opt/rustwide/workdir" "-e" "CARGO_TARGET_DIR=/opt/rustwide/target" "-e" "CARGO_INCREMENTAL=0" "-e" "RUST_BACKTRACE=full" "-e" "RUSTFLAGS=--cap-lints=warn" "-e" "RUSTDOCFLAGS=--cap-lints=warn" "-e" "CARGO_HOME=/opt/rustwide/cargo-home" "-e" "RUSTUP_HOME=/opt/rustwide/rustup-home" "-w" "/opt/rustwide/workdir" "-m" "1610612736" "--user" "0:0" "--network" "none" "ghcr.io/rust-lang/crates-build-env/linux@sha256:2788e3201cd34a07e3172128adcd8b3090168a8e3bcc40d7c032b9dda1df7d1c" "/opt/rustwide/cargo-home/bin/cargo" "+1.75.0" "build" "--frozen" "--message-format=json", kill_on_drop: false }`
[INFO] [stdout] 7ac714a2dcdc2d4bd2a104fb8a5a95f4f6f92d79c7c86df1aeb51dac1b804a0d
[INFO] running `Command { std: "docker" "start" "-a" "7ac714a2dcdc2d4bd2a104fb8a5a95f4f6f92d79c7c86df1aeb51dac1b804a0d", kill_on_drop: false }`
[INFO] [stderr]    Compiling bytes v1.5.0
[INFO] [stderr]    Compiling itoa v1.0.10
[INFO] [stderr]    Compiling pin-project-lite v0.2.13
[INFO] [stderr]    Compiling pin-utils v0.1.0
[INFO] [stderr]    Compiling futures-task v0.3.30
[INFO] [stderr]    Compiling futures-core v0.3.30
[INFO] [stderr]    Compiling tower-layer v0.3.2
[INFO] [stderr]    Compiling bitflags v2.4.1
[INFO] [stderr]    Compiling tower-service v0.3.2
[INFO] [stderr]    Compiling futures-util v0.3.30
[INFO] [stderr]    Compiling http v1.0.0
[INFO] [stderr]    Compiling http-body v1.0.0
[INFO] [stderr]    Compiling http-body-util v0.1.0
[INFO] [stderr]    Compiling tower-http v0.5.0 (/opt/rustwide/workdir)
[INFO] [stderr]     Finished dev [unoptimized + debuginfo] target(s) in 1.75s
[INFO] running `Command { std: "docker" "inspect" "7ac714a2dcdc2d4bd2a104fb8a5a95f4f6f92d79c7c86df1aeb51dac1b804a0d", kill_on_drop: false }`
[INFO] running `Command { std: "docker" "rm" "-f" "7ac714a2dcdc2d4bd2a104fb8a5a95f4f6f92d79c7c86df1aeb51dac1b804a0d", kill_on_drop: false }`
[INFO] [stdout] 7ac714a2dcdc2d4bd2a104fb8a5a95f4f6f92d79c7c86df1aeb51dac1b804a0d
[INFO] running `Command { std: "docker" "create" "-v" "/var/lib/crater-agent-workspace/builds/worker-1-tc1/target:/opt/rustwide/target:rw,Z" "-v" "/var/lib/crater-agent-workspace/builds/worker-1-tc1/source:/opt/rustwide/workdir:ro,Z" "-v" "/var/lib/crater-agent-workspace/cargo-home:/opt/rustwide/cargo-home:ro,Z" "-v" "/var/lib/crater-agent-workspace/rustup-home:/opt/rustwide/rustup-home:ro,Z" "-e" "SOURCE_DIR=/opt/rustwide/workdir" "-e" "CARGO_TARGET_DIR=/opt/rustwide/target" "-e" "CARGO_INCREMENTAL=0" "-e" "RUST_BACKTRACE=full" "-e" "RUSTFLAGS=--cap-lints=warn" "-e" "RUSTDOCFLAGS=--cap-lints=warn" "-e" "CARGO_HOME=/opt/rustwide/cargo-home" "-e" "RUSTUP_HOME=/opt/rustwide/rustup-home" "-w" "/opt/rustwide/workdir" "-m" "1610612736" "--user" "0:0" "--network" "none" "ghcr.io/rust-lang/crates-build-env/linux@sha256:2788e3201cd34a07e3172128adcd8b3090168a8e3bcc40d7c032b9dda1df7d1c" "/opt/rustwide/cargo-home/bin/cargo" "+1.75.0" "test" "--frozen" "--no-run" "--message-format=json", kill_on_drop: false }`
[INFO] [stdout] c3b71faec1b9f215120455bf93d53d89ae6e8201e929333442d0a1a7e9aef2d2
[INFO] running `Command { std: "docker" "start" "-a" "c3b71faec1b9f215120455bf93d53d89ae6e8201e929333442d0a1a7e9aef2d2", kill_on_drop: false }`
[INFO] [stderr]    Compiling libc v0.2.151
[INFO] [stderr]    Compiling proc-macro2 v1.0.75
[INFO] [stderr]    Compiling unicode-ident v1.0.12
[INFO] [stderr]    Compiling autocfg v1.1.0
[INFO] [stderr]    Compiling parking_lot_core v0.9.9
[INFO] [stderr]    Compiling futures-core v0.3.30
[INFO] [stderr]    Compiling smallvec v1.11.2
[INFO] [stderr]    Compiling once_cell v1.19.0
[INFO] [stderr]    Compiling scopeguard v1.2.0
[INFO] [stderr]    Compiling pkg-config v0.3.28
[INFO] [stderr]    Compiling futures-task v0.3.30
[INFO] [stderr]    Compiling tracing-core v0.1.32
[INFO] [stderr]    Compiling log v0.4.20
[INFO] [stderr]    Compiling httparse v1.8.0
[INFO] [stderr]    Compiling crc32fast v1.3.2
[INFO] [stderr]    Compiling slab v0.4.9
[INFO] [stderr]    Compiling lock_api v0.4.11
[INFO] [stderr]    Compiling zstd-safe v6.0.6
[INFO] [stderr]    Compiling serde v1.0.194
[INFO] [stderr]    Compiling try-lock v0.2.5
[INFO] [stderr]    Compiling quote v1.0.35
[INFO] [stderr]    Compiling futures-sink v0.3.30
[INFO] [stderr]    Compiling alloc-no-stdlib v2.0.4
[INFO] [stderr]    Compiling want v0.3.1
[INFO] [stderr]    Compiling alloc-stdlib v0.2.2
[INFO] [stderr]    Compiling syn v2.0.48
[INFO] [stderr]    Compiling tracing v0.1.40
[INFO] [stderr]    Compiling futures-channel v0.3.30
[INFO] [stderr]    Compiling jobserver v0.1.27
[INFO] [stderr]    Compiling num_cpus v1.16.0
[INFO] [stderr]    Compiling signal-hook-registry v1.4.1
[INFO] [stderr]    Compiling mio v0.8.10
[INFO] [stderr]    Compiling socket2 v0.5.5
[INFO] [stderr]    Compiling cc v1.0.83
[INFO] [stderr]    Compiling parking_lot v0.12.1
[INFO] [stderr]    Compiling overload v0.1.1
[INFO] [stderr]    Compiling async-trait v0.1.77
[INFO] [stderr]    Compiling adler v1.0.2
[INFO] [stderr]    Compiling serde_json v1.0.111
[INFO] [stderr]    Compiling sharded-slab v0.1.7
[INFO] [stderr]    Compiling miniz_oxide v0.7.1
[INFO] [stderr]    Compiling nu-ansi-term v0.46.0
[INFO] [stderr]    Compiling brotli-decompressor v2.5.1
[INFO] [stderr]    Compiling getrandom v0.2.11
[INFO] [stderr]    Compiling tracing-log v0.2.0
[INFO] [stderr]    Compiling thread_local v1.1.7
[INFO] [stderr]    Compiling ryu v1.0.16
[INFO] [stderr]    Compiling tracing-subscriber v0.3.18
[INFO] [stderr]    Compiling flate2 v1.0.28
[INFO] [stderr]    Compiling uuid v1.6.1
[INFO] [stderr]    Compiling zstd-sys v2.0.9+zstd.1.5.5
[INFO] [stderr]    Compiling sync_wrapper v0.1.2
[INFO] [stderr]    Compiling brotli v3.4.0
[INFO] [stderr]    Compiling futures-macro v0.3.30
[INFO] [stderr]    Compiling tokio-macros v2.2.0
[INFO] [stderr]    Compiling pin-project-internal v1.1.3
[INFO] [stderr]    Compiling tokio v1.35.1
[INFO] [stderr]    Compiling futures-util v0.3.30
[INFO] [stderr]    Compiling pin-project v1.1.3
[INFO] [stderr]    Compiling http-body-util v0.1.0
[INFO] [stderr]    Compiling tower-http v0.5.0 (/opt/rustwide/workdir)
[INFO] [stderr]    Compiling tokio-util v0.7.10
[INFO] [stderr]    Compiling hyper v1.1.0
[INFO] [stderr]    Compiling tower v0.4.13
[INFO] [stderr]    Compiling hyper-util v0.1.2
[INFO] [stderr]    Compiling zstd v0.12.4
[INFO] [stdout] warning: associated items `from_stream` and `with_trailers` are never used
[INFO] [stdout]   --> src/test_helpers.rs:33:19
[INFO] [stdout]    |
[INFO] [stdout] 20 | impl Body {
[INFO] [stdout]    | --------- associated items in this implementation
[INFO] [stdout] ...
[INFO] [stdout] 33 |     pub(crate) fn from_stream<S>(stream: S) -> Self
[INFO] [stdout]    |                   ^^^^^^^^^^^
[INFO] [stdout] ...
[INFO] [stdout] 44 |     pub(crate) fn with_trailers(self, trailers: HeaderMap) -> WithTrailers<Self> {
[INFO] [stdout]    |                   ^^^^^^^^^^^^^
[INFO] [stdout]    |
[INFO] [stdout]    = note: `#[warn(dead_code)]` on by default
[INFO] [stdout] 
[INFO] [stdout] 
[INFO] [stdout] warning: function `to_bytes` is never used
[INFO] [stdout]    --> src/test_helpers.rs:127:21
[INFO] [stdout]     |
[INFO] [stdout] 127 | pub(crate) async fn to_bytes<T>(body: T) -> Result<Bytes, T::Error>
[INFO] [stdout]     |                     ^^^^^^^^
[INFO] [stdout] 
[INFO] [stdout] 
[INFO] [stdout] warning: 2 warnings emitted
[INFO] [stdout] 
[INFO] [stdout] 
[INFO] [stderr]     Finished test [unoptimized + debuginfo] target(s) in 16.26s
[INFO] running `Command { std: "docker" "inspect" "c3b71faec1b9f215120455bf93d53d89ae6e8201e929333442d0a1a7e9aef2d2", kill_on_drop: false }`
[INFO] running `Command { std: "docker" "rm" "-f" "c3b71faec1b9f215120455bf93d53d89ae6e8201e929333442d0a1a7e9aef2d2", kill_on_drop: false }`
[INFO] [stdout] c3b71faec1b9f215120455bf93d53d89ae6e8201e929333442d0a1a7e9aef2d2
[INFO] running `Command { std: "docker" "create" "-v" "/var/lib/crater-agent-workspace/builds/worker-1-tc1/target:/opt/rustwide/target:rw,Z" "-v" "/var/lib/crater-agent-workspace/builds/worker-1-tc1/source:/opt/rustwide/workdir:ro,Z" "-v" "/var/lib/crater-agent-workspace/cargo-home:/opt/rustwide/cargo-home:ro,Z" "-v" "/var/lib/crater-agent-workspace/rustup-home:/opt/rustwide/rustup-home:ro,Z" "-e" "SOURCE_DIR=/opt/rustwide/workdir" "-e" "CARGO_TARGET_DIR=/opt/rustwide/target" "-e" "CARGO_INCREMENTAL=0" "-e" "RUST_BACKTRACE=full" "-e" "RUSTFLAGS=--cap-lints=warn" "-e" "RUSTDOCFLAGS=--cap-lints=warn" "-e" "CARGO_HOME=/opt/rustwide/cargo-home" "-e" "RUSTUP_HOME=/opt/rustwide/rustup-home" "-w" "/opt/rustwide/workdir" "-m" "1610612736" "--user" "0:0" "--network" "none" "ghcr.io/rust-lang/crates-build-env/linux@sha256:2788e3201cd34a07e3172128adcd8b3090168a8e3bcc40d7c032b9dda1df7d1c" "/opt/rustwide/cargo-home/bin/cargo" "+1.75.0" "test" "--frozen", kill_on_drop: false }`
[INFO] [stdout] 4323902d86c57c220dd7c809d910adec63157c2764d807344e825d549e347e11
[INFO] running `Command { std: "docker" "start" "-a" "4323902d86c57c220dd7c809d910adec63157c2764d807344e825d549e347e11", kill_on_drop: false }`
[INFO] [stderr] warning: associated items `from_stream` and `with_trailers` are never used
[INFO] [stderr]   --> src/test_helpers.rs:33:19
[INFO] [stderr]    |
[INFO] [stderr] 20 | impl Body {
[INFO] [stderr]    | --------- associated items in this implementation
[INFO] [stderr] ...
[INFO] [stderr] 33 |     pub(crate) fn from_stream<S>(stream: S) -> Self
[INFO] [stderr]    |                   ^^^^^^^^^^^
[INFO] [stderr] ...
[INFO] [stderr] 44 |     pub(crate) fn with_trailers(self, trailers: HeaderMap) -> WithTrailers<Self> {
[INFO] [stderr]    |                   ^^^^^^^^^^^^^
[INFO] [stderr]    |
[INFO] [stderr]    = note: `#[warn(dead_code)]` on by default
[INFO] [stderr] 
[INFO] [stderr] warning: function `to_bytes` is never used
[INFO] [stderr]    --> src/test_helpers.rs:127:21
[INFO] [stderr]     |
[INFO] [stderr] 127 | pub(crate) async fn to_bytes<T>(body: T) -> Result<Bytes, T::Error>
[INFO] [stderr]     |                     ^^^^^^^^
[INFO] [stderr] 
[INFO] [stderr] warning: `tower-http` (lib test) generated 2 warnings
[INFO] [stderr]     Finished test [unoptimized + debuginfo] target(s) in 0.10s
[INFO] [stderr]      Running unittests src/lib.rs (/opt/rustwide/target/debug/deps/tower_http-8f6b6940c65858c9)
[INFO] [stdout] 
[INFO] [stdout] running 6 tests
[INFO] [stdout] test classify::grpc_errors_as_failures::tests::basic_error ... ok
[INFO] [stdout] test classify::grpc_errors_as_failures::tests::two_success_codes_none_matches ... ok
[INFO] [stdout] test classify::grpc_errors_as_failures::tests::two_success_codes_first_matches ... ok
[INFO] [stdout] test classify::status_in_range_is_error::tests::basic ... ok
[INFO] [stdout] test classify::grpc_errors_as_failures::tests::two_success_codes_second_matches ... ok
[INFO] [stdout] test classify::grpc_errors_as_failures::tests::basic_ok ... ok
[INFO] [stdout] 
[INFO] [stdout] test result: ok. 6 passed; 0 failed; 0 ignored; 0 measured; 0 filtered out; finished in 0.01s
[INFO] [stdout] 
[INFO] [stderr]    Doc-tests tower-http
[INFO] [stdout] 
[INFO] [stdout] running 6 tests
[INFO] [stdout] test src/lib.rs - (line 91) - compile ... FAILED
[INFO] [stdout] test src/lib.rs - (line 17) - compile ... FAILED
[INFO] [stdout] test src/classify/status_in_range_is_error.rs - classify::status_in_range_is_error::StatusInRangeAsFailures (line 12) - compile ... FAILED
[INFO] [stdout] test src/classify/mod.rs - classify::SharedClassifier (line 56) ... ok
[INFO] [stdout] test src/classify/mod.rs - classify::ClassifyResponse::map_failure_class (line 189) ... ok
[INFO] [stdout] test src/classify/grpc_errors_as_failures.rs - classify::grpc_errors_as_failures::GrpcErrorsAsFailures::with_success (line 165) ... ok
[INFO] [stdout] 
[INFO] [stdout] failures:
[INFO] [stdout] 
[INFO] [stdout] ---- src/lib.rs - (line 91) stdout ----
[INFO] [stdout] error[E0432]: unresolved imports `tower_http::decompression`, `tower_http::set_header`, `tower_http::trace`
[INFO] [stdout]  --> src/lib.rs:94:5
[INFO] [stdout]   |
[INFO] [stdout] 5 |     decompression::DecompressionLayer,
[INFO] [stdout]   |     ^^^^^^^^^^^^^ could not find `decompression` in `tower_http`
[INFO] [stdout] 6 |     set_header::SetRequestHeaderLayer,
[INFO] [stdout]   |     ^^^^^^^^^^ could not find `set_header` in `tower_http`
[INFO] [stdout] 7 |     trace::TraceLayer,
[INFO] [stdout]   |     ^^^^^ could not find `trace` in `tower_http`
[INFO] [stdout] 
[INFO] [stdout] error: aborting due to previous error
[INFO] [stdout] 
[INFO] [stdout] For more information about this error, try `rustc --explain E0432`.
[INFO] [stdout] Couldn't compile the test.
[INFO] [stdout] ---- src/lib.rs - (line 17) stdout ----
[INFO] [stdout] error[E0432]: unresolved imports `tower_http::add_extension`, `tower_http::compression`, `tower_http::propagate_header`, `tower_http::sensitive_headers`, `tower_http::set_header`, `tower_http::trace`, `tower_http::validate_request`
[INFO] [stdout]   --> src/lib.rs:20:5
[INFO] [stdout]    |
[INFO] [stdout] 5  |     add_extension::AddExtensionLayer,
[INFO] [stdout]    |     ^^^^^^^^^^^^^ could not find `add_extension` in `tower_http`
[INFO] [stdout] 6  |     compression::CompressionLayer,
[INFO] [stdout]    |     ^^^^^^^^^^^ could not find `compression` in `tower_http`
[INFO] [stdout] 7  |     propagate_header::PropagateHeaderLayer,
[INFO] [stdout]    |     ^^^^^^^^^^^^^^^^ could not find `propagate_header` in `tower_http`
[INFO] [stdout] 8  |     sensitive_headers::SetSensitiveRequestHeadersLayer,
[INFO] [stdout]    |     ^^^^^^^^^^^^^^^^^ could not find `sensitive_headers` in `tower_http`
[INFO] [stdout] 9  |     set_header::SetResponseHeaderLayer,
[INFO] [stdout]    |     ^^^^^^^^^^ could not find `set_header` in `tower_http`
[INFO] [stdout] 10 |     trace::TraceLayer,
[INFO] [stdout]    |     ^^^^^ could not find `trace` in `tower_http`
[INFO] [stdout] 11 |     validate_request::ValidateRequestHeaderLayer,
[INFO] [stdout]    |     ^^^^^^^^^^^^^^^^ could not find `validate_request` in `tower_http`
[INFO] [stdout] 
[INFO] [stdout] error: aborting due to previous error
[INFO] [stdout] 
[INFO] [stdout] For more information about this error, try `rustc --explain E0432`.
[INFO] [stdout] Couldn't compile the test.
[INFO] [stdout] ---- src/classify/status_in_range_is_error.rs - classify::status_in_range_is_error::StatusInRangeAsFailures (line 12) stdout ----
[INFO] [stdout] error[E0432]: unresolved import `tower_http::trace`
[INFO] [stdout]  --> src/classify/status_in_range_is_error.rs:14:18
[INFO] [stdout]   |
[INFO] [stdout] 5 | use tower_http::{trace::TraceLayer, classify::StatusInRangeAsFailures};
[INFO] [stdout]   |                  ^^^^^ could not find `trace` in `tower_http`
[INFO] [stdout] 
[INFO] [stdout] error: aborting due to previous error
[INFO] [stdout] 
[INFO] [stdout] For more information about this error, try `rustc --explain E0432`.
[INFO] [stdout] Couldn't compile the test.
[INFO] [stdout] 
[INFO] [stdout] failures:
[INFO] [stdout]     src/classify/status_in_range_is_error.rs - classify::status_in_range_is_error::StatusInRangeAsFailures (line 12)
[INFO] [stdout]     src/lib.rs - (line 17)
[INFO] [stdout]     src/lib.rs - (line 91)
[INFO] [stdout] 
[INFO] [stdout] test result: FAILED. 3 passed; 3 failed; 0 ignored; 0 measured; 0 filtered out; finished in 0.34s
[INFO] [stdout] 
[INFO] [stderr] error: doctest failed, to rerun pass `--doc`
[INFO] running `Command { std: "docker" "inspect" "4323902d86c57c220dd7c809d910adec63157c2764d807344e825d549e347e11", kill_on_drop: false }`
[INFO] running `Command { std: "docker" "rm" "-f" "4323902d86c57c220dd7c809d910adec63157c2764d807344e825d549e347e11", kill_on_drop: false }`
[INFO] [stdout] 4323902d86c57c220dd7c809d910adec63157c2764d807344e825d549e347e11
