[INFO] fetching crate tower-async-test 0.2.0...
[INFO] testing tower-async-test-0.2.0 against 1.75.0 for beta-1.76-1
[INFO] extracting crate tower-async-test 0.2.0 into /workspace/builds/worker-2-tc1/source
[INFO] validating manifest of crates.io crate tower-async-test 0.2.0 on toolchain 1.75.0
[INFO] running `Command { std: CARGO_HOME="/workspace/cargo-home" RUSTUP_HOME="/workspace/rustup-home" "/workspace/cargo-home/bin/cargo" "+1.75.0" "metadata" "--manifest-path" "Cargo.toml" "--no-deps", kill_on_drop: false }`
[INFO] started tweaking crates.io crate tower-async-test 0.2.0
[INFO] finished tweaking crates.io crate tower-async-test 0.2.0
[INFO] tweaked toml for crates.io crate tower-async-test 0.2.0 written to /workspace/builds/worker-2-tc1/source/Cargo.toml
[INFO] running `Command { std: CARGO_HOME="/workspace/cargo-home" RUSTUP_HOME="/workspace/rustup-home" "/workspace/cargo-home/bin/cargo" "+1.75.0" "generate-lockfile" "--manifest-path" "Cargo.toml", kill_on_drop: false }`
[INFO] [stderr]     Updating crates.io index
[INFO] running `Command { std: CARGO_HOME="/workspace/cargo-home" RUSTUP_HOME="/workspace/rustup-home" "/workspace/cargo-home/bin/cargo" "+1.75.0" "fetch" "--manifest-path" "Cargo.toml", kill_on_drop: false }`
[INFO] [stderr]  Downloading crates ...
[INFO] [stderr]   Downloaded tower-async-service v0.2.0
[INFO] [stderr]   Downloaded tower-async-layer v0.2.0
[INFO] running `Command { std: "docker" "create" "-v" "/var/lib/crater-agent-workspace/builds/worker-2-tc1/target:/opt/rustwide/target:rw,Z" "-v" "/var/lib/crater-agent-workspace/builds/worker-2-tc1/source:/opt/rustwide/workdir:ro,Z" "-v" "/var/lib/crater-agent-workspace/cargo-home:/opt/rustwide/cargo-home:ro,Z" "-v" "/var/lib/crater-agent-workspace/rustup-home:/opt/rustwide/rustup-home:ro,Z" "-e" "SOURCE_DIR=/opt/rustwide/workdir" "-e" "CARGO_TARGET_DIR=/opt/rustwide/target" "-e" "CARGO_HOME=/opt/rustwide/cargo-home" "-e" "RUSTUP_HOME=/opt/rustwide/rustup-home" "-w" "/opt/rustwide/workdir" "-m" "1610612736" "--user" "0:0" "--network" "none" "ghcr.io/rust-lang/crates-build-env/linux@sha256:2788e3201cd34a07e3172128adcd8b3090168a8e3bcc40d7c032b9dda1df7d1c" "/opt/rustwide/cargo-home/bin/cargo" "+1.75.0" "metadata" "--no-deps" "--format-version=1", kill_on_drop: false }`
[INFO] [stdout] c9a55010791048e88ab0e9178aabfb87dc547f17d0a48592cbed0e94f21aa4a2
[INFO] running `Command { std: "docker" "start" "-a" "c9a55010791048e88ab0e9178aabfb87dc547f17d0a48592cbed0e94f21aa4a2", kill_on_drop: false }`
[INFO] running `Command { std: "docker" "inspect" "c9a55010791048e88ab0e9178aabfb87dc547f17d0a48592cbed0e94f21aa4a2", kill_on_drop: false }`
[INFO] running `Command { std: "docker" "rm" "-f" "c9a55010791048e88ab0e9178aabfb87dc547f17d0a48592cbed0e94f21aa4a2", kill_on_drop: false }`
[INFO] [stdout] c9a55010791048e88ab0e9178aabfb87dc547f17d0a48592cbed0e94f21aa4a2
[INFO] running `Command { std: "docker" "create" "-v" "/var/lib/crater-agent-workspace/builds/worker-2-tc1/target:/opt/rustwide/target:rw,Z" "-v" "/var/lib/crater-agent-workspace/builds/worker-2-tc1/source:/opt/rustwide/workdir:ro,Z" "-v" "/var/lib/crater-agent-workspace/cargo-home:/opt/rustwide/cargo-home:ro,Z" "-v" "/var/lib/crater-agent-workspace/rustup-home:/opt/rustwide/rustup-home:ro,Z" "-e" "SOURCE_DIR=/opt/rustwide/workdir" "-e" "CARGO_TARGET_DIR=/opt/rustwide/target" "-e" "CARGO_INCREMENTAL=0" "-e" "RUST_BACKTRACE=full" "-e" "RUSTFLAGS=--cap-lints=warn" "-e" "RUSTDOCFLAGS=--cap-lints=warn" "-e" "CARGO_HOME=/opt/rustwide/cargo-home" "-e" "RUSTUP_HOME=/opt/rustwide/rustup-home" "-w" "/opt/rustwide/workdir" "-m" "1610612736" "--user" "0:0" "--network" "none" "ghcr.io/rust-lang/crates-build-env/linux@sha256:2788e3201cd34a07e3172128adcd8b3090168a8e3bcc40d7c032b9dda1df7d1c" "/opt/rustwide/cargo-home/bin/cargo" "+1.75.0" "build" "--frozen" "--message-format=json", kill_on_drop: false }`
[INFO] [stdout] ad3cc79990eb9d8ae97db82673f5a06551d9d20065d032ce38ce2f784336c553
[INFO] running `Command { std: "docker" "start" "-a" "ad3cc79990eb9d8ae97db82673f5a06551d9d20065d032ce38ce2f784336c553", kill_on_drop: false }`
[INFO] [stderr]    Compiling tokio v1.35.1
[INFO] [stderr]    Compiling tower-async-service v0.2.0
[INFO] [stderr]    Compiling tower-async-layer v0.2.0
[INFO] [stderr]    Compiling tower-async-test v0.2.0 (/opt/rustwide/workdir)
[INFO] [stderr]     Finished dev [unoptimized + debuginfo] target(s) in 1.30s
[INFO] running `Command { std: "docker" "inspect" "ad3cc79990eb9d8ae97db82673f5a06551d9d20065d032ce38ce2f784336c553", kill_on_drop: false }`
[INFO] running `Command { std: "docker" "rm" "-f" "ad3cc79990eb9d8ae97db82673f5a06551d9d20065d032ce38ce2f784336c553", kill_on_drop: false }`
[INFO] [stdout] ad3cc79990eb9d8ae97db82673f5a06551d9d20065d032ce38ce2f784336c553
[INFO] running `Command { std: "docker" "create" "-v" "/var/lib/crater-agent-workspace/builds/worker-2-tc1/target:/opt/rustwide/target:rw,Z" "-v" "/var/lib/crater-agent-workspace/builds/worker-2-tc1/source:/opt/rustwide/workdir:ro,Z" "-v" "/var/lib/crater-agent-workspace/cargo-home:/opt/rustwide/cargo-home:ro,Z" "-v" "/var/lib/crater-agent-workspace/rustup-home:/opt/rustwide/rustup-home:ro,Z" "-e" "SOURCE_DIR=/opt/rustwide/workdir" "-e" "CARGO_TARGET_DIR=/opt/rustwide/target" "-e" "CARGO_INCREMENTAL=0" "-e" "RUST_BACKTRACE=full" "-e" "RUSTFLAGS=--cap-lints=warn" "-e" "RUSTDOCFLAGS=--cap-lints=warn" "-e" "CARGO_HOME=/opt/rustwide/cargo-home" "-e" "RUSTUP_HOME=/opt/rustwide/rustup-home" "-w" "/opt/rustwide/workdir" "-m" "1610612736" "--user" "0:0" "--network" "none" "ghcr.io/rust-lang/crates-build-env/linux@sha256:2788e3201cd34a07e3172128adcd8b3090168a8e3bcc40d7c032b9dda1df7d1c" "/opt/rustwide/cargo-home/bin/cargo" "+1.75.0" "test" "--frozen" "--no-run" "--message-format=json", kill_on_drop: false }`
[INFO] [stdout] 28afc93c40990266375e1fb7f1dc66b3ba70719172cb0306835206f91a8deb5a
[INFO] running `Command { std: "docker" "start" "-a" "28afc93c40990266375e1fb7f1dc66b3ba70719172cb0306835206f91a8deb5a", kill_on_drop: false }`
[INFO] [stderr]    Compiling tokio v1.35.1
[INFO] [stderr]    Compiling tower-async-test v0.2.0 (/opt/rustwide/workdir)
[INFO] [stderr]     Finished test [unoptimized + debuginfo] target(s) in 2.68s
[INFO] running `Command { std: "docker" "inspect" "28afc93c40990266375e1fb7f1dc66b3ba70719172cb0306835206f91a8deb5a", kill_on_drop: false }`
[INFO] running `Command { std: "docker" "rm" "-f" "28afc93c40990266375e1fb7f1dc66b3ba70719172cb0306835206f91a8deb5a", kill_on_drop: false }`
[INFO] [stdout] 28afc93c40990266375e1fb7f1dc66b3ba70719172cb0306835206f91a8deb5a
[INFO] running `Command { std: "docker" "create" "-v" "/var/lib/crater-agent-workspace/builds/worker-2-tc1/target:/opt/rustwide/target:rw,Z" "-v" "/var/lib/crater-agent-workspace/builds/worker-2-tc1/source:/opt/rustwide/workdir:ro,Z" "-v" "/var/lib/crater-agent-workspace/cargo-home:/opt/rustwide/cargo-home:ro,Z" "-v" "/var/lib/crater-agent-workspace/rustup-home:/opt/rustwide/rustup-home:ro,Z" "-e" "SOURCE_DIR=/opt/rustwide/workdir" "-e" "CARGO_TARGET_DIR=/opt/rustwide/target" "-e" "CARGO_INCREMENTAL=0" "-e" "RUST_BACKTRACE=full" "-e" "RUSTFLAGS=--cap-lints=warn" "-e" "RUSTDOCFLAGS=--cap-lints=warn" "-e" "CARGO_HOME=/opt/rustwide/cargo-home" "-e" "RUSTUP_HOME=/opt/rustwide/rustup-home" "-w" "/opt/rustwide/workdir" "-m" "1610612736" "--user" "0:0" "--network" "none" "ghcr.io/rust-lang/crates-build-env/linux@sha256:2788e3201cd34a07e3172128adcd8b3090168a8e3bcc40d7c032b9dda1df7d1c" "/opt/rustwide/cargo-home/bin/cargo" "+1.75.0" "test" "--frozen", kill_on_drop: false }`
[INFO] [stdout] 8c494248fbac6d2337f578b8347ec353df019404a7c147a1f4c8e7a03675b609
[INFO] running `Command { std: "docker" "start" "-a" "8c494248fbac6d2337f578b8347ec353df019404a7c147a1f4c8e7a03675b609", kill_on_drop: false }`
[INFO] [stderr]     Finished test [unoptimized + debuginfo] target(s) in 0.01s
[INFO] [stderr]      Running unittests src/lib.rs (/opt/rustwide/target/debug/deps/tower_async_test-7e5b9db4ca676915)
[INFO] [stdout] 
[INFO] [stdout] running 8 tests
[INFO] [stdout] test tests::test_runner_err_with_error ... ok
[INFO] [stdout] test tests::test_runner_err_with_response ... ok
[INFO] [stdout] test tests::test_runner_ok_with_failure ... ok
[INFO] [stdout] test tests::test_runner_ok_with_success ... ok
[INFO] [stdout] test tests::test_runner_err_with_error_panics - should panic ... ok
[INFO] [stdout] test tests::test_runner_err_with_response_panics - should panic ... ok
[INFO] [stdout] test tests::test_runner_ok_with_failure_panics - should panic ... ok
[INFO] [stdout] test tests::test_runner_ok_with_success_panics - should panic ... ok
[INFO] [stdout] 
[INFO] [stdout] test result: ok. 8 passed; 0 failed; 0 ignored; 0 measured; 0 filtered out; finished in 0.02s
[INFO] [stdout] 
[INFO] [stderr]    Doc-tests tower-async-test
[INFO] [stdout] 
[INFO] [stdout] running 2 tests
[INFO] [stdout] test src/lib.rs - (line 31) ... FAILED
[INFO] [stdout] test src/builder.rs - builder::Builder (line 72) ... FAILED
[INFO] [stdout] 
[INFO] [stdout] failures:
[INFO] [stdout] 
[INFO] [stdout] ---- src/lib.rs - (line 31) stdout ----
[INFO] [stdout] error: The default runtime flavor is `multi_thread`, but the `rt-multi-thread` feature is disabled.
[INFO] [stdout]  --> src/lib.rs:36:1
[INFO] [stdout]   |
[INFO] [stdout] 7 | #[tokio::main]
[INFO] [stdout]   | ^^^^^^^^^^^^^^
[INFO] [stdout]   |
[INFO] [stdout]   = note: this error originates in the attribute macro `tokio::main` (in Nightly builds, run with -Z macro-backtrace for more info)
[INFO] [stdout] 
[INFO] [stdout] error: aborting due to previous error
[INFO] [stdout] 
[INFO] [stdout] Couldn't compile the test.
[INFO] [stdout] ---- src/builder.rs - builder::Builder (line 72) stdout ----
[INFO] [stdout] error: The default runtime flavor is `multi_thread`, but the `rt-multi-thread` feature is disabled.
[INFO] [stdout]  --> src/builder.rs:77:1
[INFO] [stdout]   |
[INFO] [stdout] 7 | #[tokio::main]
[INFO] [stdout]   | ^^^^^^^^^^^^^^
[INFO] [stdout]   |
[INFO] [stdout]   = note: this error originates in the attribute macro `tokio::main` (in Nightly builds, run with -Z macro-backtrace for more info)
[INFO] [stdout] 
[INFO] [stdout] error: aborting due to previous error
[INFO] [stdout] 
[INFO] [stdout] Couldn't compile the test.
[INFO] [stdout] 
[INFO] [stdout] failures:
[INFO] [stdout]     src/builder.rs - builder::Builder (line 72)
[INFO] [stdout]     src/lib.rs - (line 31)
[INFO] [stdout] 
[INFO] [stdout] test result: FAILED. 0 passed; 2 failed; 0 ignored; 0 measured; 0 filtered out; finished in 0.03s
[INFO] [stdout] 
[INFO] [stderr] error: doctest failed, to rerun pass `--doc`
[INFO] running `Command { std: "docker" "inspect" "8c494248fbac6d2337f578b8347ec353df019404a7c147a1f4c8e7a03675b609", kill_on_drop: false }`
[INFO] running `Command { std: "docker" "rm" "-f" "8c494248fbac6d2337f578b8347ec353df019404a7c147a1f4c8e7a03675b609", kill_on_drop: false }`
[INFO] [stdout] 8c494248fbac6d2337f578b8347ec353df019404a7c147a1f4c8e7a03675b609
