[INFO] fetching crate torrust-tracker-configuration 3.0.0-alpha.11...
[INFO] testing torrust-tracker-configuration-3.0.0-alpha.11 against 1.75.0 for beta-1.76-1
[INFO] extracting crate torrust-tracker-configuration 3.0.0-alpha.11 into /workspace/builds/worker-0-tc1/source
[INFO] validating manifest of crates.io crate torrust-tracker-configuration 3.0.0-alpha.11 on toolchain 1.75.0
[INFO] running `Command { std: CARGO_HOME="/workspace/cargo-home" RUSTUP_HOME="/workspace/rustup-home" "/workspace/cargo-home/bin/cargo" "+1.75.0" "metadata" "--manifest-path" "Cargo.toml" "--no-deps", kill_on_drop: false }`
[INFO] started tweaking crates.io crate torrust-tracker-configuration 3.0.0-alpha.11
[INFO] finished tweaking crates.io crate torrust-tracker-configuration 3.0.0-alpha.11
[INFO] tweaked toml for crates.io crate torrust-tracker-configuration 3.0.0-alpha.11 written to /workspace/builds/worker-0-tc1/source/Cargo.toml
[INFO] running `Command { std: CARGO_HOME="/workspace/cargo-home" RUSTUP_HOME="/workspace/rustup-home" "/workspace/cargo-home/bin/cargo" "+1.75.0" "generate-lockfile" "--manifest-path" "Cargo.toml", kill_on_drop: false }`
[INFO] [stderr]     Updating crates.io index
[INFO] running `Command { std: CARGO_HOME="/workspace/cargo-home" RUSTUP_HOME="/workspace/rustup-home" "/workspace/cargo-home/bin/cargo" "+1.75.0" "fetch" "--manifest-path" "Cargo.toml", kill_on_drop: false }`
[INFO] [stderr]  Downloading crates ...
[INFO] [stderr]   Downloaded torrust-tracker-located-error v3.0.0-alpha.11
[INFO] [stderr]   Downloaded torrust-tracker-primitives v3.0.0-alpha.11
[INFO] running `Command { std: "docker" "create" "-v" "/var/lib/crater-agent-workspace/builds/worker-0-tc1/target:/opt/rustwide/target:rw,Z" "-v" "/var/lib/crater-agent-workspace/builds/worker-0-tc1/source:/opt/rustwide/workdir:ro,Z" "-v" "/var/lib/crater-agent-workspace/cargo-home:/opt/rustwide/cargo-home:ro,Z" "-v" "/var/lib/crater-agent-workspace/rustup-home:/opt/rustwide/rustup-home:ro,Z" "-e" "SOURCE_DIR=/opt/rustwide/workdir" "-e" "CARGO_TARGET_DIR=/opt/rustwide/target" "-e" "CARGO_HOME=/opt/rustwide/cargo-home" "-e" "RUSTUP_HOME=/opt/rustwide/rustup-home" "-w" "/opt/rustwide/workdir" "-m" "1610612736" "--user" "0:0" "--network" "none" "ghcr.io/rust-lang/crates-build-env/linux@sha256:2788e3201cd34a07e3172128adcd8b3090168a8e3bcc40d7c032b9dda1df7d1c" "/opt/rustwide/cargo-home/bin/cargo" "+1.75.0" "metadata" "--no-deps" "--format-version=1", kill_on_drop: false }`
[INFO] [stdout] ce67d4e126ccdd21f808c827a7f6997dfbd081d8e589147347464bc947195285
[INFO] running `Command { std: "docker" "start" "-a" "ce67d4e126ccdd21f808c827a7f6997dfbd081d8e589147347464bc947195285", kill_on_drop: false }`
[INFO] running `Command { std: "docker" "inspect" "ce67d4e126ccdd21f808c827a7f6997dfbd081d8e589147347464bc947195285", kill_on_drop: false }`
[INFO] running `Command { std: "docker" "rm" "-f" "ce67d4e126ccdd21f808c827a7f6997dfbd081d8e589147347464bc947195285", kill_on_drop: false }`
[INFO] [stdout] ce67d4e126ccdd21f808c827a7f6997dfbd081d8e589147347464bc947195285
[INFO] running `Command { std: "docker" "create" "-v" "/var/lib/crater-agent-workspace/builds/worker-0-tc1/target:/opt/rustwide/target:rw,Z" "-v" "/var/lib/crater-agent-workspace/builds/worker-0-tc1/source:/opt/rustwide/workdir:ro,Z" "-v" "/var/lib/crater-agent-workspace/cargo-home:/opt/rustwide/cargo-home:ro,Z" "-v" "/var/lib/crater-agent-workspace/rustup-home:/opt/rustwide/rustup-home:ro,Z" "-e" "SOURCE_DIR=/opt/rustwide/workdir" "-e" "CARGO_TARGET_DIR=/opt/rustwide/target" "-e" "CARGO_INCREMENTAL=0" "-e" "RUST_BACKTRACE=full" "-e" "RUSTFLAGS=--cap-lints=warn" "-e" "RUSTDOCFLAGS=--cap-lints=warn" "-e" "CARGO_HOME=/opt/rustwide/cargo-home" "-e" "RUSTUP_HOME=/opt/rustwide/rustup-home" "-w" "/opt/rustwide/workdir" "-m" "1610612736" "--user" "0:0" "--network" "none" "ghcr.io/rust-lang/crates-build-env/linux@sha256:2788e3201cd34a07e3172128adcd8b3090168a8e3bcc40d7c032b9dda1df7d1c" "/opt/rustwide/cargo-home/bin/cargo" "+1.75.0" "build" "--frozen" "--message-format=json", kill_on_drop: false }`
[INFO] [stdout] b23960dbfb35f14c02205c3e33da81e40270344491d0eaa9a044c9cf9ed3e7e7
[INFO] running `Command { std: "docker" "start" "-a" "b23960dbfb35f14c02205c3e33da81e40270344491d0eaa9a044c9cf9ed3e7e7", kill_on_drop: false }`
[INFO] [stderr]    Compiling proc-macro2 v1.0.75
[INFO] [stderr]    Compiling serde v1.0.194
[INFO] [stderr]    Compiling libc v0.2.151
[INFO] [stderr]    Compiling thiserror v1.0.56
[INFO] [stderr]    Compiling memchr v2.7.1
[INFO] [stderr]    Compiling ucd-trie v0.1.6
[INFO] [stderr]    Compiling once_cell v1.19.0
[INFO] [stderr]    Compiling strsim v0.10.0
[INFO] [stderr]    Compiling fnv v1.0.7
[INFO] [stderr]    Compiling syn v1.0.109
[INFO] [stderr]    Compiling dlv-list v0.3.0
[INFO] [stderr]    Compiling ahash v0.7.7
[INFO] [stderr]    Compiling hashbrown v0.14.3
[INFO] [stderr]    Compiling async-trait v0.1.77
[INFO] [stderr]    Compiling serde_json v1.0.111
[INFO] [stderr]    Compiling equivalent v1.0.1
[INFO] [stderr]    Compiling minimal-lexical v0.2.1
[INFO] [stderr]    Compiling linked-hash-map v0.5.6
[INFO] [stderr]    Compiling winnow v0.5.32
[INFO] [stderr]    Compiling itoa v1.0.10
[INFO] [stderr]    Compiling convert_case v0.4.0
[INFO] [stderr]    Compiling ryu v1.0.16
[INFO] [stderr]    Compiling yaml-rust v0.4.5
[INFO] [stderr]    Compiling log v0.4.20
[INFO] [stderr]    Compiling pathdiff v0.2.1
[INFO] [stderr]    Compiling torrust-tracker-located-error v3.0.0-alpha.11
[INFO] [stderr]    Compiling nom v7.1.3
[INFO] [stderr]    Compiling indexmap v2.1.0
[INFO] [stderr]    Compiling quote v1.0.35
[INFO] [stderr]    Compiling syn v2.0.48
[INFO] [stderr]    Compiling getrandom v0.2.11
[INFO] [stderr]    Compiling hashbrown v0.12.3
[INFO] [stderr]    Compiling ordered-multimap v0.4.3
[INFO] [stderr]    Compiling rust-ini v0.18.0
[INFO] [stderr]    Compiling derive_more v0.99.17
[INFO] [stderr]    Compiling darling_core v0.20.3
[INFO] [stderr]    Compiling serde_derive v1.0.194
[INFO] [stderr]    Compiling thiserror-impl v1.0.56
[INFO] [stderr]    Compiling darling_macro v0.20.3
[INFO] [stderr]    Compiling pest v2.7.6
[INFO] [stderr]    Compiling darling v0.20.3
[INFO] [stderr]    Compiling serde_with_macros v3.4.0
[INFO] [stderr]    Compiling pest_meta v2.7.6
[INFO] [stderr]    Compiling pest_generator v2.7.6
[INFO] [stderr]    Compiling pest_derive v2.7.6
[INFO] [stderr]    Compiling toml_datetime v0.6.5
[INFO] [stderr]    Compiling serde_spanned v0.6.5
[INFO] [stderr]    Compiling json5 v0.4.1
[INFO] [stderr]    Compiling ron v0.7.1
[INFO] [stderr]    Compiling toml v0.5.11
[INFO] [stderr]    Compiling torrust-tracker-primitives v3.0.0-alpha.11
[INFO] [stderr]    Compiling serde_with v3.4.0
[INFO] [stderr]    Compiling toml_edit v0.21.0
[INFO] [stderr]    Compiling config v0.13.4
[INFO] [stderr]    Compiling toml v0.8.8
[INFO] [stderr]    Compiling torrust-tracker-configuration v3.0.0-alpha.11 (/opt/rustwide/workdir)
[INFO] [stderr]     Finished dev [unoptimized + debuginfo] target(s) in 12.62s
[INFO] running `Command { std: "docker" "inspect" "b23960dbfb35f14c02205c3e33da81e40270344491d0eaa9a044c9cf9ed3e7e7", kill_on_drop: false }`
[INFO] running `Command { std: "docker" "rm" "-f" "b23960dbfb35f14c02205c3e33da81e40270344491d0eaa9a044c9cf9ed3e7e7", kill_on_drop: false }`
[INFO] [stdout] b23960dbfb35f14c02205c3e33da81e40270344491d0eaa9a044c9cf9ed3e7e7
[INFO] running `Command { std: "docker" "create" "-v" "/var/lib/crater-agent-workspace/builds/worker-0-tc1/target:/opt/rustwide/target:rw,Z" "-v" "/var/lib/crater-agent-workspace/builds/worker-0-tc1/source:/opt/rustwide/workdir:ro,Z" "-v" "/var/lib/crater-agent-workspace/cargo-home:/opt/rustwide/cargo-home:ro,Z" "-v" "/var/lib/crater-agent-workspace/rustup-home:/opt/rustwide/rustup-home:ro,Z" "-e" "SOURCE_DIR=/opt/rustwide/workdir" "-e" "CARGO_TARGET_DIR=/opt/rustwide/target" "-e" "CARGO_INCREMENTAL=0" "-e" "RUST_BACKTRACE=full" "-e" "RUSTFLAGS=--cap-lints=warn" "-e" "RUSTDOCFLAGS=--cap-lints=warn" "-e" "CARGO_HOME=/opt/rustwide/cargo-home" "-e" "RUSTUP_HOME=/opt/rustwide/rustup-home" "-w" "/opt/rustwide/workdir" "-m" "1610612736" "--user" "0:0" "--network" "none" "ghcr.io/rust-lang/crates-build-env/linux@sha256:2788e3201cd34a07e3172128adcd8b3090168a8e3bcc40d7c032b9dda1df7d1c" "/opt/rustwide/cargo-home/bin/cargo" "+1.75.0" "test" "--frozen" "--no-run" "--message-format=json", kill_on_drop: false }`
[INFO] [stdout] a63116783a3973481f0158f3367a1cc28f5bbbd8ceb98bb1ea99dfb0f9d03167
[INFO] running `Command { std: "docker" "start" "-a" "a63116783a3973481f0158f3367a1cc28f5bbbd8ceb98bb1ea99dfb0f9d03167", kill_on_drop: false }`
[INFO] [stderr]    Compiling uuid v1.6.1
[INFO] [stderr]    Compiling torrust-tracker-configuration v3.0.0-alpha.11 (/opt/rustwide/workdir)
[INFO] [stderr]     Finished test [unoptimized + debuginfo] target(s) in 1.53s
[INFO] running `Command { std: "docker" "inspect" "a63116783a3973481f0158f3367a1cc28f5bbbd8ceb98bb1ea99dfb0f9d03167", kill_on_drop: false }`
[INFO] running `Command { std: "docker" "rm" "-f" "a63116783a3973481f0158f3367a1cc28f5bbbd8ceb98bb1ea99dfb0f9d03167", kill_on_drop: false }`
[INFO] [stdout] a63116783a3973481f0158f3367a1cc28f5bbbd8ceb98bb1ea99dfb0f9d03167
[INFO] running `Command { std: "docker" "create" "-v" "/var/lib/crater-agent-workspace/builds/worker-0-tc1/target:/opt/rustwide/target:rw,Z" "-v" "/var/lib/crater-agent-workspace/builds/worker-0-tc1/source:/opt/rustwide/workdir:ro,Z" "-v" "/var/lib/crater-agent-workspace/cargo-home:/opt/rustwide/cargo-home:ro,Z" "-v" "/var/lib/crater-agent-workspace/rustup-home:/opt/rustwide/rustup-home:ro,Z" "-e" "SOURCE_DIR=/opt/rustwide/workdir" "-e" "CARGO_TARGET_DIR=/opt/rustwide/target" "-e" "CARGO_INCREMENTAL=0" "-e" "RUST_BACKTRACE=full" "-e" "RUSTFLAGS=--cap-lints=warn" "-e" "RUSTDOCFLAGS=--cap-lints=warn" "-e" "CARGO_HOME=/opt/rustwide/cargo-home" "-e" "RUSTUP_HOME=/opt/rustwide/rustup-home" "-w" "/opt/rustwide/workdir" "-m" "1610612736" "--user" "0:0" "--network" "none" "ghcr.io/rust-lang/crates-build-env/linux@sha256:2788e3201cd34a07e3172128adcd8b3090168a8e3bcc40d7c032b9dda1df7d1c" "/opt/rustwide/cargo-home/bin/cargo" "+1.75.0" "test" "--frozen", kill_on_drop: false }`
[INFO] [stdout] d648ac9a2dca0ac7f1e6890f2b56b99b6d366b8857ff507e55bd442bcb885fe4
[INFO] running `Command { std: "docker" "start" "-a" "d648ac9a2dca0ac7f1e6890f2b56b99b6d366b8857ff507e55bd442bcb885fe4", kill_on_drop: false }`
[INFO] [stderr]     Finished test [unoptimized + debuginfo] target(s) in 0.05s
[INFO] [stderr]      Running unittests src/lib.rs (/opt/rustwide/target/debug/deps/torrust_tracker_configuration-3e2f46b6abd9b7fb)
[INFO] [stdout] 
[INFO] [stdout] running 5 tests
[INFO] [stdout] test tests::configuration_should_contain_the_external_ip ... ok
[INFO] [stdout] test tests::http_api_configuration_should_check_if_it_contains_a_token ... ok
[INFO] [stdout] test tests::configuration_should_have_default_values ... ok
[INFO] [stdout] test tests::configuration_should_be_saved_in_a_toml_config_file ... ok
[INFO] [stdout] test tests::configuration_should_be_loaded_from_a_toml_config_file ... ok
[INFO] [stdout] 
[INFO] [stdout] test result: ok. 5 passed; 0 failed; 0 ignored; 0 measured; 0 filtered out; finished in 0.00s
[INFO] [stdout] 
[INFO] [stderr]    Doc-tests torrust-tracker-configuration
[INFO] [stdout] 
[INFO] [stdout] running 1 test
[INFO] [stdout] test src/lib.rs - Info::new (line 254) ... FAILED
[INFO] [stdout] 
[INFO] [stdout] failures:
[INFO] [stdout] 
[INFO] [stdout] ---- src/lib.rs - Info::new (line 254) stdout ----
[INFO] [stdout] error: unexpected end of macro invocation
[INFO] [stdout]  --> src/lib.rs:259:19
[INFO] [stdout]   |
[INFO] [stdout] 8 | assert_eq!(result, );
[INFO] [stdout]   |                   ^ missing tokens in macro arguments
[INFO] [stdout]   |
[INFO] [stdout] note: while trying to match meta-variable `$right:expr`
[INFO] [stdout]  --> /rustc/82e1608dfa6e0b5569232559e3d385fea5a93112/library/core/src/macros/mod.rs:37:18
[INFO] [stdout] 
[INFO] [stdout] error[E0425]: cannot find value `env_var_config` in this scope
[INFO] [stdout]  --> src/lib.rs:258:24
[INFO] [stdout]   |
[INFO] [stdout] 7 | let result = Info::new(env_var_config, env_var_path_config, default_path_config, env_var_api_admin_token);
[INFO] [stdout]   |                        ^^^^^^^^^^^^^^ not found in this scope
[INFO] [stdout] 
[INFO] [stdout] error[E0425]: cannot find value `env_var_path_config` in this scope
[INFO] [stdout]  --> src/lib.rs:258:40
[INFO] [stdout]   |
[INFO] [stdout] 7 | let result = Info::new(env_var_config, env_var_path_config, default_path_config, env_var_api_admin_token);
[INFO] [stdout]   |                                        ^^^^^^^^^^^^^^^^^^^ not found in this scope
[INFO] [stdout] 
[INFO] [stdout] error[E0425]: cannot find value `default_path_config` in this scope
[INFO] [stdout]  --> src/lib.rs:258:61
[INFO] [stdout]   |
[INFO] [stdout] 7 | let result = Info::new(env_var_config, env_var_path_config, default_path_config, env_var_api_admin_token);
[INFO] [stdout]   |                                                             ^^^^^^^^^^^^^^^^^^^ not found in this scope
[INFO] [stdout] 
[INFO] [stdout] error[E0425]: cannot find value `env_var_api_admin_token` in this scope
[INFO] [stdout]  --> src/lib.rs:258:82
[INFO] [stdout]   |
[INFO] [stdout] 7 | let result = Info::new(env_var_config, env_var_path_config, default_path_config, env_var_api_admin_token);
[INFO] [stdout]   |                                                                                  ^^^^^^^^^^^^^^^^^^^^^^^ not found in this scope
[INFO] [stdout] 
[INFO] [stdout] error: aborting due to 5 previous errors
[INFO] [stdout] 
[INFO] [stdout] For more information about this error, try `rustc --explain E0425`.
[INFO] [stdout] Couldn't compile the test.
[INFO] [stdout] 
[INFO] [stdout] failures:
[INFO] [stdout]     src/lib.rs - Info::new (line 254)
[INFO] [stdout] 
[INFO] [stdout] test result: FAILED. 0 passed; 1 failed; 0 ignored; 0 measured; 0 filtered out; finished in 0.07s
[INFO] [stdout] 
[INFO] [stderr] error: doctest failed, to rerun pass `--doc`
[INFO] running `Command { std: "docker" "inspect" "d648ac9a2dca0ac7f1e6890f2b56b99b6d366b8857ff507e55bd442bcb885fe4", kill_on_drop: false }`
[INFO] running `Command { std: "docker" "rm" "-f" "d648ac9a2dca0ac7f1e6890f2b56b99b6d366b8857ff507e55bd442bcb885fe4", kill_on_drop: false }`
[INFO] [stdout] d648ac9a2dca0ac7f1e6890f2b56b99b6d366b8857ff507e55bd442bcb885fe4
[INFO] testing torrust-tracker-configuration-3.0.0-alpha.11 against beta-2023-12-22 for beta-1.76-1
[INFO] extracting crate torrust-tracker-configuration 3.0.0-alpha.11 into /workspace/builds/worker-0-tc2/source
[INFO] validating manifest of crates.io crate torrust-tracker-configuration 3.0.0-alpha.11 on toolchain beta-2023-12-22
[INFO] running `Command { std: CARGO_HOME="/workspace/cargo-home" RUSTUP_HOME="/workspace/rustup-home" "/workspace/cargo-home/bin/cargo" "+beta-2023-12-22" "metadata" "--manifest-path" "Cargo.toml" "--no-deps", kill_on_drop: false }`
[INFO] started tweaking crates.io crate torrust-tracker-configuration 3.0.0-alpha.11
[INFO] finished tweaking crates.io crate torrust-tracker-configuration 3.0.0-alpha.11
[INFO] tweaked toml for crates.io crate torrust-tracker-configuration 3.0.0-alpha.11 written to /workspace/builds/worker-0-tc2/source/Cargo.toml
[INFO] running `Command { std: CARGO_HOME="/workspace/cargo-home" RUSTUP_HOME="/workspace/rustup-home" "/workspace/cargo-home/bin/cargo" "+beta-2023-12-22" "generate-lockfile" "--manifest-path" "Cargo.toml", kill_on_drop: false }`
[INFO] [stderr]     Blocking waiting for file lock on package cache
[INFO] [stderr]     Updating crates.io index
[INFO] running `Command { std: CARGO_HOME="/workspace/cargo-home" RUSTUP_HOME="/workspace/rustup-home" "/workspace/cargo-home/bin/cargo" "+beta-2023-12-22" "fetch" "--manifest-path" "Cargo.toml", kill_on_drop: false }`
[INFO] running `Command { std: "docker" "create" "-v" "/var/lib/crater-agent-workspace/builds/worker-0-tc2/target:/opt/rustwide/target:rw,Z" "-v" "/var/lib/crater-agent-workspace/builds/worker-0-tc2/source:/opt/rustwide/workdir:ro,Z" "-v" "/var/lib/crater-agent-workspace/cargo-home:/opt/rustwide/cargo-home:ro,Z" "-v" "/var/lib/crater-agent-workspace/rustup-home:/opt/rustwide/rustup-home:ro,Z" "-e" "SOURCE_DIR=/opt/rustwide/workdir" "-e" "CARGO_TARGET_DIR=/opt/rustwide/target" "-e" "CARGO_HOME=/opt/rustwide/cargo-home" "-e" "RUSTUP_HOME=/opt/rustwide/rustup-home" "-w" "/opt/rustwide/workdir" "-m" "1610612736" "--user" "0:0" "--network" "none" "ghcr.io/rust-lang/crates-build-env/linux@sha256:2788e3201cd34a07e3172128adcd8b3090168a8e3bcc40d7c032b9dda1df7d1c" "/opt/rustwide/cargo-home/bin/cargo" "+beta-2023-12-22" "metadata" "--no-deps" "--format-version=1", kill_on_drop: false }`
[INFO] [stdout] 410b1fecba297ecaba125575c4fe9b3f3e5a4e17ffa2f5eeea5dcf2019e5770a
[INFO] running `Command { std: "docker" "start" "-a" "410b1fecba297ecaba125575c4fe9b3f3e5a4e17ffa2f5eeea5dcf2019e5770a", kill_on_drop: false }`
[INFO] running `Command { std: "docker" "inspect" "410b1fecba297ecaba125575c4fe9b3f3e5a4e17ffa2f5eeea5dcf2019e5770a", kill_on_drop: false }`
[INFO] running `Command { std: "docker" "rm" "-f" "410b1fecba297ecaba125575c4fe9b3f3e5a4e17ffa2f5eeea5dcf2019e5770a", kill_on_drop: false }`
[INFO] [stdout] 410b1fecba297ecaba125575c4fe9b3f3e5a4e17ffa2f5eeea5dcf2019e5770a
[INFO] running `Command { std: "docker" "create" "-v" "/var/lib/crater-agent-workspace/builds/worker-0-tc2/target:/opt/rustwide/target:rw,Z" "-v" "/var/lib/crater-agent-workspace/builds/worker-0-tc2/source:/opt/rustwide/workdir:ro,Z" "-v" "/var/lib/crater-agent-workspace/cargo-home:/opt/rustwide/cargo-home:ro,Z" "-v" "/var/lib/crater-agent-workspace/rustup-home:/opt/rustwide/rustup-home:ro,Z" "-e" "SOURCE_DIR=/opt/rustwide/workdir" "-e" "CARGO_TARGET_DIR=/opt/rustwide/target" "-e" "CARGO_INCREMENTAL=0" "-e" "RUST_BACKTRACE=full" "-e" "RUSTFLAGS=--cap-lints=warn" "-e" "RUSTDOCFLAGS=--cap-lints=warn" "-e" "CARGO_HOME=/opt/rustwide/cargo-home" "-e" "RUSTUP_HOME=/opt/rustwide/rustup-home" "-w" "/opt/rustwide/workdir" "-m" "1610612736" "--user" "0:0" "--network" "none" "ghcr.io/rust-lang/crates-build-env/linux@sha256:2788e3201cd34a07e3172128adcd8b3090168a8e3bcc40d7c032b9dda1df7d1c" "/opt/rustwide/cargo-home/bin/cargo" "+beta-2023-12-22" "build" "--frozen" "--message-format=json", kill_on_drop: false }`
[INFO] [stdout] e7d5ef33abb46c5f91842567c3ee1e3c9dd46b7420c4eb5717ab6f0c0187cbee
[INFO] running `Command { std: "docker" "start" "-a" "e7d5ef33abb46c5f91842567c3ee1e3c9dd46b7420c4eb5717ab6f0c0187cbee", kill_on_drop: false }`
[INFO] [stderr]    Compiling proc-macro2 v1.0.75
[INFO] [stderr]    Compiling serde v1.0.194
[INFO] [stderr]    Compiling thiserror v1.0.56
[INFO] [stderr]    Compiling libc v0.2.151
[INFO] [stderr]    Compiling memchr v2.7.1
[INFO] [stderr]    Compiling ucd-trie v0.1.6
[INFO] [stderr]    Compiling fnv v1.0.7
[INFO] [stderr]    Compiling once_cell v1.19.0
[INFO] [stderr]    Compiling strsim v0.10.0
[INFO] [stderr]    Compiling syn v1.0.109
[INFO] [stderr]    Compiling dlv-list v0.3.0
[INFO] [stderr]    Compiling async-trait v0.1.77
[INFO] [stderr]    Compiling ahash v0.7.7
[INFO] [stderr]    Compiling serde_json v1.0.111
[INFO] [stderr]    Compiling hashbrown v0.14.3
[INFO] [stderr]    Compiling equivalent v1.0.1
[INFO] [stderr]    Compiling linked-hash-map v0.5.6
[INFO] [stderr]    Compiling winnow v0.5.32
[INFO] [stderr]    Compiling convert_case v0.4.0
[INFO] [stderr]    Compiling itoa v1.0.10
[INFO] [stderr]    Compiling minimal-lexical v0.2.1
[INFO] [stderr]    Compiling ryu v1.0.16
[INFO] [stderr]    Compiling yaml-rust v0.4.5
[INFO] [stderr]    Compiling log v0.4.20
[INFO] [stderr]    Compiling pathdiff v0.2.1
[INFO] [stderr]    Compiling nom v7.1.3
[INFO] [stderr]    Compiling torrust-tracker-located-error v3.0.0-alpha.11
[INFO] [stderr]    Compiling indexmap v2.1.0
[INFO] [stderr]    Compiling quote v1.0.35
[INFO] [stderr]    Compiling syn v2.0.48
[INFO] [stderr]    Compiling getrandom v0.2.11
[INFO] [stderr]    Compiling hashbrown v0.12.3
[INFO] [stderr]    Compiling ordered-multimap v0.4.3
[INFO] [stderr]    Compiling rust-ini v0.18.0
[INFO] [stderr]    Compiling derive_more v0.99.17
[INFO] [stderr]    Compiling darling_core v0.20.3
[INFO] [stderr]    Compiling serde_derive v1.0.194
[INFO] [stderr]    Compiling thiserror-impl v1.0.56
[INFO] [stderr]    Compiling darling_macro v0.20.3
[INFO] [stderr]    Compiling pest v2.7.6
[INFO] [stderr]    Compiling darling v0.20.3
[INFO] [stderr]    Compiling serde_with_macros v3.4.0
[INFO] [stderr]    Compiling pest_meta v2.7.6
[INFO] [stderr]    Compiling pest_generator v2.7.6
[INFO] [stderr]    Compiling pest_derive v2.7.6
[INFO] [stderr]    Compiling serde_spanned v0.6.5
[INFO] [stderr]    Compiling toml_datetime v0.6.5
[INFO] [stderr]    Compiling ron v0.7.1
[INFO] [stderr]    Compiling json5 v0.4.1
[INFO] [stderr]    Compiling toml v0.5.11
[INFO] [stderr]    Compiling serde_with v3.4.0
[INFO] [stderr]    Compiling torrust-tracker-primitives v3.0.0-alpha.11
[INFO] [stderr]    Compiling toml_edit v0.21.0
[INFO] [stderr]    Compiling config v0.13.4
[INFO] [stderr]    Compiling toml v0.8.8
[INFO] [stderr]    Compiling torrust-tracker-configuration v3.0.0-alpha.11 (/opt/rustwide/workdir)
[INFO] [stderr]     Finished dev [unoptimized + debuginfo] target(s) in 11.78s
[INFO] running `Command { std: "docker" "inspect" "e7d5ef33abb46c5f91842567c3ee1e3c9dd46b7420c4eb5717ab6f0c0187cbee", kill_on_drop: false }`
[INFO] running `Command { std: "docker" "rm" "-f" "e7d5ef33abb46c5f91842567c3ee1e3c9dd46b7420c4eb5717ab6f0c0187cbee", kill_on_drop: false }`
[INFO] [stdout] e7d5ef33abb46c5f91842567c3ee1e3c9dd46b7420c4eb5717ab6f0c0187cbee
[INFO] running `Command { std: "docker" "create" "-v" "/var/lib/crater-agent-workspace/builds/worker-0-tc2/target:/opt/rustwide/target:rw,Z" "-v" "/var/lib/crater-agent-workspace/builds/worker-0-tc2/source:/opt/rustwide/workdir:ro,Z" "-v" "/var/lib/crater-agent-workspace/cargo-home:/opt/rustwide/cargo-home:ro,Z" "-v" "/var/lib/crater-agent-workspace/rustup-home:/opt/rustwide/rustup-home:ro,Z" "-e" "SOURCE_DIR=/opt/rustwide/workdir" "-e" "CARGO_TARGET_DIR=/opt/rustwide/target" "-e" "CARGO_INCREMENTAL=0" "-e" "RUST_BACKTRACE=full" "-e" "RUSTFLAGS=--cap-lints=warn" "-e" "RUSTDOCFLAGS=--cap-lints=warn" "-e" "CARGO_HOME=/opt/rustwide/cargo-home" "-e" "RUSTUP_HOME=/opt/rustwide/rustup-home" "-w" "/opt/rustwide/workdir" "-m" "1610612736" "--user" "0:0" "--network" "none" "ghcr.io/rust-lang/crates-build-env/linux@sha256:2788e3201cd34a07e3172128adcd8b3090168a8e3bcc40d7c032b9dda1df7d1c" "/opt/rustwide/cargo-home/bin/cargo" "+beta-2023-12-22" "test" "--frozen" "--no-run" "--message-format=json", kill_on_drop: false }`
[INFO] [stdout] 396b8c7288acd213f0131a31894588101ec4af128935ba50f2f5f0d01b121f8e
[INFO] running `Command { std: "docker" "start" "-a" "396b8c7288acd213f0131a31894588101ec4af128935ba50f2f5f0d01b121f8e", kill_on_drop: false }`
[INFO] [stderr]    Compiling uuid v1.6.1
[INFO] [stderr]    Compiling torrust-tracker-configuration v3.0.0-alpha.11 (/opt/rustwide/workdir)
[INFO] [stderr]     Finished test [unoptimized + debuginfo] target(s) in 1.71s
[INFO] running `Command { std: "docker" "inspect" "396b8c7288acd213f0131a31894588101ec4af128935ba50f2f5f0d01b121f8e", kill_on_drop: false }`
[INFO] running `Command { std: "docker" "rm" "-f" "396b8c7288acd213f0131a31894588101ec4af128935ba50f2f5f0d01b121f8e", kill_on_drop: false }`
[INFO] [stdout] 396b8c7288acd213f0131a31894588101ec4af128935ba50f2f5f0d01b121f8e
[INFO] running `Command { std: "docker" "create" "-v" "/var/lib/crater-agent-workspace/builds/worker-0-tc2/target:/opt/rustwide/target:rw,Z" "-v" "/var/lib/crater-agent-workspace/builds/worker-0-tc2/source:/opt/rustwide/workdir:ro,Z" "-v" "/var/lib/crater-agent-workspace/cargo-home:/opt/rustwide/cargo-home:ro,Z" "-v" "/var/lib/crater-agent-workspace/rustup-home:/opt/rustwide/rustup-home:ro,Z" "-e" "SOURCE_DIR=/opt/rustwide/workdir" "-e" "CARGO_TARGET_DIR=/opt/rustwide/target" "-e" "CARGO_INCREMENTAL=0" "-e" "RUST_BACKTRACE=full" "-e" "RUSTFLAGS=--cap-lints=warn" "-e" "RUSTDOCFLAGS=--cap-lints=warn" "-e" "CARGO_HOME=/opt/rustwide/cargo-home" "-e" "RUSTUP_HOME=/opt/rustwide/rustup-home" "-w" "/opt/rustwide/workdir" "-m" "1610612736" "--user" "0:0" "--network" "none" "ghcr.io/rust-lang/crates-build-env/linux@sha256:2788e3201cd34a07e3172128adcd8b3090168a8e3bcc40d7c032b9dda1df7d1c" "/opt/rustwide/cargo-home/bin/cargo" "+beta-2023-12-22" "test" "--frozen", kill_on_drop: false }`
[INFO] [stdout] de10de710a3b6f17721a064d991a1c47a1fe917405e211928d09af2a0f2e9a92
[INFO] running `Command { std: "docker" "start" "-a" "de10de710a3b6f17721a064d991a1c47a1fe917405e211928d09af2a0f2e9a92", kill_on_drop: false }`
[INFO] [stderr]     Finished test [unoptimized + debuginfo] target(s) in 0.05s
[INFO] [stderr]      Running unittests src/lib.rs (/opt/rustwide/target/debug/deps/torrust_tracker_configuration-3c294485830ee17c)
[INFO] [stdout] 
[INFO] [stdout] running 5 tests
[INFO] [stdout] test tests::configuration_should_contain_the_external_ip ... ok
[INFO] [stdout] test tests::http_api_configuration_should_check_if_it_contains_a_token ... ok
[INFO] [stdout] test tests::configuration_should_have_default_values ... ok
[INFO] [stdout] test tests::configuration_should_be_saved_in_a_toml_config_file ... ok
[INFO] [stdout] test tests::configuration_should_be_loaded_from_a_toml_config_file ... ok
[INFO] [stdout] 
[INFO] [stdout] test result: ok. 5 passed; 0 failed; 0 ignored; 0 measured; 0 filtered out; finished in 0.00s
[INFO] [stdout] 
[INFO] [stderr]    Doc-tests torrust-tracker-configuration
[INFO] [stdout] 
[INFO] [stdout] running 1 test
[INFO] [stdout] test src/lib.rs - Info::new (line 254) ... FAILED
[INFO] [stdout] 
[INFO] [stdout] failures:
[INFO] [stdout] 
[INFO] [stdout] ---- src/lib.rs - Info::new (line 254) stdout ----
[INFO] [stdout] error: unexpected end of macro invocation
[INFO] [stdout]  --> src/lib.rs:259:19
[INFO] [stdout]   |
[INFO] [stdout] 8 | assert_eq!(result, );
[INFO] [stdout]   |                   ^ missing tokens in macro arguments
[INFO] [stdout]   |
[INFO] [stdout] note: while trying to match meta-variable `$right:expr`
[INFO] [stdout]  --> /rustc/0e09125c6c3c2fd70d7de961bcf0e51575235fad/library/core/src/macros/mod.rs:37:18
[INFO] [stdout] 
[INFO] [stdout] error[E0425]: cannot find value `env_var_config` in this scope
[INFO] [stdout]  --> src/lib.rs:258:24
[INFO] [stdout]   |
[INFO] [stdout] 7 | let result = Info::new(env_var_config, env_var_path_config, default_path_config, env_var_api_admin_token);
[INFO] [stdout]   |                        ^^^^^^^^^^^^^^ not found in this scope
[INFO] [stdout] 
[INFO] [stdout] error[E0425]: cannot find value `env_var_path_config` in this scope
[INFO] [stdout]  --> src/lib.rs:258:40
[INFO] [stdout]   |
[INFO] [stdout] 7 | let result = Info::new(env_var_config, env_var_path_config, default_path_config, env_var_api_admin_token);
[INFO] [stdout]   |                                        ^^^^^^^^^^^^^^^^^^^ not found in this scope
[INFO] [stdout] 
[INFO] [stdout] error[E0425]: cannot find value `default_path_config` in this scope
[INFO] [stdout]  --> src/lib.rs:258:61
[INFO] [stdout]   |
[INFO] [stdout] 7 | let result = Info::new(env_var_config, env_var_path_config, default_path_config, env_var_api_admin_token);
[INFO] [stdout]   |                                                             ^^^^^^^^^^^^^^^^^^^ not found in this scope
[INFO] [stdout] 
[INFO] [stdout] error[E0425]: cannot find value `env_var_api_admin_token` in this scope
[INFO] [stdout]  --> src/lib.rs:258:82
[INFO] [stdout]   |
[INFO] [stdout] 7 | let result = Info::new(env_var_config, env_var_path_config, default_path_config, env_var_api_admin_token);
[INFO] [stdout]   |                                                                                  ^^^^^^^^^^^^^^^^^^^^^^^ not found in this scope
[INFO] [stdout] 
[INFO] [stdout] error: aborting due to 5 previous errors
[INFO] [stdout] 
[INFO] [stdout] For more information about this error, try `rustc --explain E0425`.
[INFO] [stdout] Couldn't compile the test.
[INFO] [stdout] 
[INFO] [stdout] failures:
[INFO] [stdout]     src/lib.rs - Info::new (line 254)
[INFO] [stdout] 
[INFO] [stdout] test result: FAILED. 0 passed; 1 failed; 0 ignored; 0 measured; 0 filtered out; finished in 0.06s
[INFO] [stdout] 
[INFO] [stderr] error: doctest failed, to rerun pass `--doc`
[INFO] running `Command { std: "docker" "inspect" "de10de710a3b6f17721a064d991a1c47a1fe917405e211928d09af2a0f2e9a92", kill_on_drop: false }`
[INFO] running `Command { std: "docker" "rm" "-f" "de10de710a3b6f17721a064d991a1c47a1fe917405e211928d09af2a0f2e9a92", kill_on_drop: false }`
[INFO] [stdout] de10de710a3b6f17721a064d991a1c47a1fe917405e211928d09af2a0f2e9a92
