[INFO] fetching crate toql_core 0.4.2...
[INFO] testing toql_core-0.4.2 against 1.75.0 for beta-1.76-1
[INFO] extracting crate toql_core 0.4.2 into /workspace/builds/worker-0-tc1/source
[INFO] validating manifest of crates.io crate toql_core 0.4.2 on toolchain 1.75.0
[INFO] running `Command { std: CARGO_HOME="/workspace/cargo-home" RUSTUP_HOME="/workspace/rustup-home" "/workspace/cargo-home/bin/cargo" "+1.75.0" "metadata" "--manifest-path" "Cargo.toml" "--no-deps", kill_on_drop: false }`
[INFO] started tweaking crates.io crate toql_core 0.4.2
[INFO] finished tweaking crates.io crate toql_core 0.4.2
[INFO] tweaked toml for crates.io crate toql_core 0.4.2 written to /workspace/builds/worker-0-tc1/source/Cargo.toml
[INFO] running `Command { std: CARGO_HOME="/workspace/cargo-home" RUSTUP_HOME="/workspace/rustup-home" "/workspace/cargo-home/bin/cargo" "+1.75.0" "generate-lockfile" "--manifest-path" "Cargo.toml", kill_on_drop: false }`
[INFO] [stderr]     Updating crates.io index
[INFO] running `Command { std: CARGO_HOME="/workspace/cargo-home" RUSTUP_HOME="/workspace/rustup-home" "/workspace/cargo-home/bin/cargo" "+1.75.0" "fetch" "--manifest-path" "Cargo.toml", kill_on_drop: false }`
[INFO] [stderr]  Downloading crates ...
[INFO] [stderr]   Downloaded lru v0.6.6
[INFO] [stderr]   Downloaded toql_sql_expr_parser v0.4.0
[INFO] [stderr]   Downloaded toql_role_expr_parser v0.4.0
[INFO] [stderr]   Downloaded toql_query_parser v0.4.0
[INFO] running `Command { std: "docker" "create" "-v" "/var/lib/crater-agent-workspace/builds/worker-0-tc1/target:/opt/rustwide/target:rw,Z" "-v" "/var/lib/crater-agent-workspace/builds/worker-0-tc1/source:/opt/rustwide/workdir:ro,Z" "-v" "/var/lib/crater-agent-workspace/cargo-home:/opt/rustwide/cargo-home:ro,Z" "-v" "/var/lib/crater-agent-workspace/rustup-home:/opt/rustwide/rustup-home:ro,Z" "-e" "SOURCE_DIR=/opt/rustwide/workdir" "-e" "CARGO_TARGET_DIR=/opt/rustwide/target" "-e" "CARGO_HOME=/opt/rustwide/cargo-home" "-e" "RUSTUP_HOME=/opt/rustwide/rustup-home" "-w" "/opt/rustwide/workdir" "-m" "1610612736" "--user" "0:0" "--network" "none" "ghcr.io/rust-lang/crates-build-env/linux@sha256:2788e3201cd34a07e3172128adcd8b3090168a8e3bcc40d7c032b9dda1df7d1c" "/opt/rustwide/cargo-home/bin/cargo" "+1.75.0" "metadata" "--no-deps" "--format-version=1", kill_on_drop: false }`
[INFO] [stdout] c95a0bf4817e9edd417164942200169252a2a591e0df7451391aded0f8f23426
[INFO] running `Command { std: "docker" "start" "-a" "c95a0bf4817e9edd417164942200169252a2a591e0df7451391aded0f8f23426", kill_on_drop: false }`
[INFO] running `Command { std: "docker" "inspect" "c95a0bf4817e9edd417164942200169252a2a591e0df7451391aded0f8f23426", kill_on_drop: false }`
[INFO] running `Command { std: "docker" "rm" "-f" "c95a0bf4817e9edd417164942200169252a2a591e0df7451391aded0f8f23426", kill_on_drop: false }`
[INFO] [stdout] c95a0bf4817e9edd417164942200169252a2a591e0df7451391aded0f8f23426
[INFO] running `Command { std: "docker" "create" "-v" "/var/lib/crater-agent-workspace/builds/worker-0-tc1/target:/opt/rustwide/target:rw,Z" "-v" "/var/lib/crater-agent-workspace/builds/worker-0-tc1/source:/opt/rustwide/workdir:ro,Z" "-v" "/var/lib/crater-agent-workspace/cargo-home:/opt/rustwide/cargo-home:ro,Z" "-v" "/var/lib/crater-agent-workspace/rustup-home:/opt/rustwide/rustup-home:ro,Z" "-e" "SOURCE_DIR=/opt/rustwide/workdir" "-e" "CARGO_TARGET_DIR=/opt/rustwide/target" "-e" "CARGO_INCREMENTAL=0" "-e" "RUST_BACKTRACE=full" "-e" "RUSTFLAGS=--cap-lints=warn" "-e" "RUSTDOCFLAGS=--cap-lints=warn" "-e" "CARGO_HOME=/opt/rustwide/cargo-home" "-e" "RUSTUP_HOME=/opt/rustwide/rustup-home" "-w" "/opt/rustwide/workdir" "-m" "1610612736" "--user" "0:0" "--network" "none" "ghcr.io/rust-lang/crates-build-env/linux@sha256:2788e3201cd34a07e3172128adcd8b3090168a8e3bcc40d7c032b9dda1df7d1c" "/opt/rustwide/cargo-home/bin/cargo" "+1.75.0" "build" "--frozen" "--message-format=json", kill_on_drop: false }`
[INFO] [stdout] 8bef9596109c1f54415265327cbf91511f1e64f2075629be815744bcd1c93e7c
[INFO] running `Command { std: "docker" "start" "-a" "8bef9596109c1f54415265327cbf91511f1e64f2075629be815744bcd1c93e7c", kill_on_drop: false }`
[INFO] [stderr]    Compiling syn v2.0.48
[INFO] [stderr]    Compiling ucd-trie v0.1.6
[INFO] [stderr]    Compiling regex-syntax v0.8.2
[INFO] [stderr]    Compiling ahash v0.7.7
[INFO] [stderr]    Compiling aho-corasick v1.1.2
[INFO] [stderr]    Compiling heck v0.3.3
[INFO] [stderr]    Compiling getrandom v0.2.11
[INFO] [stderr]    Compiling chrono v0.4.31
[INFO] [stderr]    Compiling hashbrown v0.11.2
[INFO] [stderr]    Compiling lru v0.6.6
[INFO] [stderr]    Compiling regex-automata v0.4.3
[INFO] [stderr]    Compiling regex v1.10.2
[INFO] [stderr]    Compiling thiserror-impl v1.0.56
[INFO] [stderr]    Compiling tracing-attributes v0.1.27
[INFO] [stderr]    Compiling async-trait v0.1.77
[INFO] [stderr]    Compiling thiserror v1.0.56
[INFO] [stderr]    Compiling pest v2.7.6
[INFO] [stderr]    Compiling enquote v1.1.0
[INFO] [stderr]    Compiling tracing v0.1.40
[INFO] [stderr]    Compiling pest_meta v2.7.6
[INFO] [stderr]    Compiling pest_generator v2.7.6
[INFO] [stderr]    Compiling pest_derive v2.7.6
[INFO] [stderr]    Compiling toql_sql_expr_parser v0.4.0
[INFO] [stderr]    Compiling toql_role_expr_parser v0.4.0
[INFO] [stderr]    Compiling toql_query_parser v0.4.0
[INFO] [stderr]    Compiling toql_core v0.4.2 (/opt/rustwide/workdir)
[INFO] [stdout] warning: field `selections` is never read
[INFO] [stdout]   --> src/query/selection.rs:11:16
[INFO] [stdout]    |
[INFO] [stdout] 10 | pub struct SelectionPool<'a> {
[INFO] [stdout]    |            ------------- field in this struct
[INFO] [stdout] 11 |     pub(crate) selections: &'a [&'a Selection],
[INFO] [stdout]    |                ^^^^^^^^^^
[INFO] [stdout]    |
[INFO] [stdout]    = note: `SelectionPool` has derived impls for the traits `Debug` and `Clone`, but these are intentionally ignored during dead code analysis
[INFO] [stdout]    = note: `#[warn(dead_code)]` on by default
[INFO] [stdout] 
[INFO] [stdout] 
[INFO] [stdout] warning: field `on_aux_params` is never read
[INFO] [stdout]   --> src/table_mapper/field_options.rs:13:16
[INFO] [stdout]    |
[INFO] [stdout] 6  | pub struct FieldOptions {
[INFO] [stdout]    |            ------------ field in this struct
[INFO] [stdout] ...
[INFO] [stdout] 13 |     pub(crate) on_aux_params: Vec<String>, // Identity params for on clauses
[INFO] [stdout]    |                ^^^^^^^^^^^^^
[INFO] [stdout]    |
[INFO] [stdout]    = note: `FieldOptions` has derived impls for the traits `Clone` and `Debug`, but these are intentionally ignored during dead code analysis
[INFO] [stdout] 
[INFO] [stdout] 
[INFO] [stdout] warning: 2 warnings emitted
[INFO] [stdout] 
[INFO] [stdout] 
[INFO] [stderr]     Finished dev [unoptimized + debuginfo] target(s) in 9.22s
[INFO] running `Command { std: "docker" "inspect" "8bef9596109c1f54415265327cbf91511f1e64f2075629be815744bcd1c93e7c", kill_on_drop: false }`
[INFO] running `Command { std: "docker" "rm" "-f" "8bef9596109c1f54415265327cbf91511f1e64f2075629be815744bcd1c93e7c", kill_on_drop: false }`
[INFO] [stdout] 8bef9596109c1f54415265327cbf91511f1e64f2075629be815744bcd1c93e7c
[INFO] running `Command { std: "docker" "create" "-v" "/var/lib/crater-agent-workspace/builds/worker-0-tc1/target:/opt/rustwide/target:rw,Z" "-v" "/var/lib/crater-agent-workspace/builds/worker-0-tc1/source:/opt/rustwide/workdir:ro,Z" "-v" "/var/lib/crater-agent-workspace/cargo-home:/opt/rustwide/cargo-home:ro,Z" "-v" "/var/lib/crater-agent-workspace/rustup-home:/opt/rustwide/rustup-home:ro,Z" "-e" "SOURCE_DIR=/opt/rustwide/workdir" "-e" "CARGO_TARGET_DIR=/opt/rustwide/target" "-e" "CARGO_INCREMENTAL=0" "-e" "RUST_BACKTRACE=full" "-e" "RUSTFLAGS=--cap-lints=warn" "-e" "RUSTDOCFLAGS=--cap-lints=warn" "-e" "CARGO_HOME=/opt/rustwide/cargo-home" "-e" "RUSTUP_HOME=/opt/rustwide/rustup-home" "-w" "/opt/rustwide/workdir" "-m" "1610612736" "--user" "0:0" "--network" "none" "ghcr.io/rust-lang/crates-build-env/linux@sha256:2788e3201cd34a07e3172128adcd8b3090168a8e3bcc40d7c032b9dda1df7d1c" "/opt/rustwide/cargo-home/bin/cargo" "+1.75.0" "test" "--frozen" "--no-run" "--message-format=json", kill_on_drop: false }`
[INFO] [stdout] f70657ef9f6a79eb13c00b51eec42453406ca18cd6ce627cdabd439dc31f5ede
[INFO] running `Command { std: "docker" "start" "-a" "f70657ef9f6a79eb13c00b51eec42453406ca18cd6ce627cdabd439dc31f5ede", kill_on_drop: false }`
[INFO] [stdout] warning: field `selections` is never read
[INFO] [stdout]   --> src/query/selection.rs:11:16
[INFO] [stdout]    |
[INFO] [stdout] 10 | pub struct SelectionPool<'a> {
[INFO] [stdout]    |            ------------- field in this struct
[INFO] [stdout] 11 |     pub(crate) selections: &'a [&'a Selection],
[INFO] [stdout]    |                ^^^^^^^^^^
[INFO] [stdout]    |
[INFO] [stdout]    = note: `SelectionPool` has derived impls for the traits `Debug` and `Clone`, but these are intentionally ignored during dead code analysis
[INFO] [stdout]    = note: `#[warn(dead_code)]` on by default
[INFO] [stdout] 
[INFO] [stdout] 
[INFO] [stdout] warning: field `on_aux_params` is never read
[INFO] [stdout]   --> src/table_mapper/field_options.rs:13:16
[INFO] [stdout]    |
[INFO] [stdout] 6  | pub struct FieldOptions {
[INFO] [stdout]    |            ------------ field in this struct
[INFO] [stdout] ...
[INFO] [stdout] 13 |     pub(crate) on_aux_params: Vec<String>, // Identity params for on clauses
[INFO] [stdout]    |                ^^^^^^^^^^^^^
[INFO] [stdout]    |
[INFO] [stdout]    = note: `FieldOptions` has derived impls for the traits `Clone` and `Debug`, but these are intentionally ignored during dead code analysis
[INFO] [stdout] 
[INFO] [stdout] 
[INFO] [stdout] warning: 2 warnings emitted
[INFO] [stdout] 
[INFO] [stdout] 
[INFO] [stderr]    Compiling toql_core v0.4.2 (/opt/rustwide/workdir)
[INFO] [stdout] warning: field `selections` is never read
[INFO] [stdout]   --> src/query/selection.rs:11:16
[INFO] [stdout]    |
[INFO] [stdout] 10 | pub struct SelectionPool<'a> {
[INFO] [stdout]    |            ------------- field in this struct
[INFO] [stdout] 11 |     pub(crate) selections: &'a [&'a Selection],
[INFO] [stdout]    |                ^^^^^^^^^^
[INFO] [stdout]    |
[INFO] [stdout]    = note: `SelectionPool` has derived impls for the traits `Debug` and `Clone`, but these are intentionally ignored during dead code analysis
[INFO] [stdout]    = note: `#[warn(dead_code)]` on by default
[INFO] [stdout] 
[INFO] [stdout] 
[INFO] [stdout] warning: field `on_aux_params` is never read
[INFO] [stdout]   --> src/table_mapper/field_options.rs:13:16
[INFO] [stdout]    |
[INFO] [stdout] 6  | pub struct FieldOptions {
[INFO] [stdout]    |            ------------ field in this struct
[INFO] [stdout] ...
[INFO] [stdout] 13 |     pub(crate) on_aux_params: Vec<String>, // Identity params for on clauses
[INFO] [stdout]    |                ^^^^^^^^^^^^^
[INFO] [stdout]    |
[INFO] [stdout]    = note: `FieldOptions` has derived impls for the traits `Clone` and `Debug`, but these are intentionally ignored during dead code analysis
[INFO] [stdout] 
[INFO] [stdout] 
[INFO] [stdout] warning: 2 warnings emitted
[INFO] [stdout] 
[INFO] [stdout] 
[INFO] [stderr]     Finished test [unoptimized + debuginfo] target(s) in 3.64s
[INFO] running `Command { std: "docker" "inspect" "f70657ef9f6a79eb13c00b51eec42453406ca18cd6ce627cdabd439dc31f5ede", kill_on_drop: false }`
[INFO] running `Command { std: "docker" "rm" "-f" "f70657ef9f6a79eb13c00b51eec42453406ca18cd6ce627cdabd439dc31f5ede", kill_on_drop: false }`
[INFO] [stdout] f70657ef9f6a79eb13c00b51eec42453406ca18cd6ce627cdabd439dc31f5ede
[INFO] running `Command { std: "docker" "create" "-v" "/var/lib/crater-agent-workspace/builds/worker-0-tc1/target:/opt/rustwide/target:rw,Z" "-v" "/var/lib/crater-agent-workspace/builds/worker-0-tc1/source:/opt/rustwide/workdir:ro,Z" "-v" "/var/lib/crater-agent-workspace/cargo-home:/opt/rustwide/cargo-home:ro,Z" "-v" "/var/lib/crater-agent-workspace/rustup-home:/opt/rustwide/rustup-home:ro,Z" "-e" "SOURCE_DIR=/opt/rustwide/workdir" "-e" "CARGO_TARGET_DIR=/opt/rustwide/target" "-e" "CARGO_INCREMENTAL=0" "-e" "RUST_BACKTRACE=full" "-e" "RUSTFLAGS=--cap-lints=warn" "-e" "RUSTDOCFLAGS=--cap-lints=warn" "-e" "CARGO_HOME=/opt/rustwide/cargo-home" "-e" "RUSTUP_HOME=/opt/rustwide/rustup-home" "-w" "/opt/rustwide/workdir" "-m" "1610612736" "--user" "0:0" "--network" "none" "ghcr.io/rust-lang/crates-build-env/linux@sha256:2788e3201cd34a07e3172128adcd8b3090168a8e3bcc40d7c032b9dda1df7d1c" "/opt/rustwide/cargo-home/bin/cargo" "+1.75.0" "test" "--frozen", kill_on_drop: false }`
[INFO] [stdout] 07727a31a482235e18c6a9ef60d413214c2cb31f05f367f5c2a2c0c32b735c1e
[INFO] running `Command { std: "docker" "start" "-a" "07727a31a482235e18c6a9ef60d413214c2cb31f05f367f5c2a2c0c32b735c1e", kill_on_drop: false }`
[INFO] [stderr] warning: field `selections` is never read
[INFO] [stderr]   --> src/query/selection.rs:11:16
[INFO] [stderr]    |
[INFO] [stderr] 10 | pub struct SelectionPool<'a> {
[INFO] [stderr]    |            ------------- field in this struct
[INFO] [stderr] 11 |     pub(crate) selections: &'a [&'a Selection],
[INFO] [stderr]    |                ^^^^^^^^^^
[INFO] [stderr]    |
[INFO] [stderr]    = note: `SelectionPool` has derived impls for the traits `Debug` and `Clone`, but these are intentionally ignored during dead code analysis
[INFO] [stderr]    = note: `#[warn(dead_code)]` on by default
[INFO] [stderr] 
[INFO] [stderr] warning: field `on_aux_params` is never read
[INFO] [stderr]   --> src/table_mapper/field_options.rs:13:16
[INFO] [stderr]    |
[INFO] [stderr] 6  | pub struct FieldOptions {
[INFO] [stderr]    |            ------------ field in this struct
[INFO] [stderr] ...
[INFO] [stderr] 13 |     pub(crate) on_aux_params: Vec<String>, // Identity params for on clauses
[INFO] [stderr]    |                ^^^^^^^^^^^^^
[INFO] [stderr]    |
[INFO] [stderr]    = note: `FieldOptions` has derived impls for the traits `Clone` and `Debug`, but these are intentionally ignored during dead code analysis
[INFO] [stderr] 
[INFO] [stderr] warning: `toql_core` (lib) generated 2 warnings
[INFO] [stderr] warning: `toql_core` (lib test) generated 2 warnings (2 duplicates)
[INFO] [stderr]     Finished test [unoptimized + debuginfo] target(s) in 0.06s
[INFO] [stderr]      Running unittests src/lib.rs (/opt/rustwide/target/debug/deps/toql_core-b296e6c34688e59c)
[INFO] [stdout] 
[INFO] [stdout] running 52 tests
[INFO] [stdout] test alias_format::test::format_short ... ok
[INFO] [stdout] test alias_translator::test::translate_medium ... ok
[INFO] [stdout] test alias_format::test::format_medium ... ok
[INFO] [stdout] test alias_format::test::format_tiny ... ok
[INFO] [stdout] test alias_translator::test::translate_canonical ... ok
[INFO] [stdout] test from_iterator::test::from_query ... ok
[INFO] [stdout] test query::query_token::test::to_string ... ok
[INFO] [stdout] test query::predicate::test::build ... ok
[INFO] [stdout] test query::selection::test::build ... ok
[INFO] [stdout] test alias_translator::test::translate_tiny ... ok
[INFO] [stdout] test page::test::build ... ok
[INFO] [stdout] test alias_translator::test::translate_short ... ok
[INFO] [stdout] test query::field_path::test::parents ... ok
[INFO] [stdout] test query::field_path::test::step_down ... ok
[INFO] [stdout] test query::field_path::test::step_up ... ok
[INFO] [stdout] test query::field_filter::test::to_string ... ok
[INFO] [stdout] test query::field_path::test::children ... ok
[INFO] [stdout] test query::field::test::into_name ... ok
[INFO] [stdout] test query::field_path::test::build ... ok
[INFO] [stdout] test join::test::build ... ok
[INFO] [stdout] test from_iterator::test::from_key ... ok
[INFO] [stdout] test query::field::test::build ... ok
[INFO] [stdout] test query_parser::test::parse_order_and_hidden ... ok
[INFO] [stdout] test role_expr::test::build ... ok
[INFO] [stdout] test query_parser::test::parse_filters ... ok
[INFO] [stdout] test query::test::build ... ok
[INFO] [stdout] test query_parser::test::parse_predicate ... ok
[INFO] [stdout] test query::wildcard::test::build ... ok
[INFO] [stdout] test sql::test::to_unsafe_string ... ok
[INFO] [stdout] test query_parser::test::parse_selection ... ok
[INFO] [stdout] test sql_arg::test::convert_bool ... ok
[INFO] [stdout] test query_parser::test::parse_wildcard_and_field ... ok
[INFO] [stdout] test sql_arg::test::convert_i64 ... ok
[INFO] [stdout] test query_parser::test::parse_parens ... ok
[INFO] [stdout] test role_validator::test::validate_expressions ... ok
[INFO] [stdout] test sql::test::build ... ok
[INFO] [stdout] test sql_arg::test::convert_f64 ... ok
[INFO] [stdout] test sql_arg::test::convert_null ... ok
[INFO] [stdout] test sql_arg::test::convert_str ... ok
[INFO] [stdout] test sql_arg::test::convert_u64 ... ok
[INFO] [stdout] test sql_builder::select_stream::test::default ... ok
[INFO] [stdout] test sql_expr::resolver::test::alias_to_literals ... ok
[INFO] [stdout] test sql_arg::test::valid_keys ... ok
[INFO] [stdout] test toql_api::fields::test::fields_top ... ok
[INFO] [stdout] test toql_api::paths::test::paths_from ... ok
[INFO] [stdout] test sql_expr::resolver::test::replace_aux_params ... ok
[INFO] [stdout] test toql_api::paths::test::paths_top ... ok
[INFO] [stdout] test toql_api::fields::test::fields_from ... ok
[INFO] [stdout] test sql_expr::test::create ... ok
[INFO] [stdout] test sql_expr::resolver::test::create ... ok
[INFO] [stdout] test query::field::test::invalid_name - should panic ... ok
[INFO] [stdout] test query::wildcard::test::invalid_name - should panic ... ok
[INFO] [stdout] 
[INFO] [stdout] test result: ok. 52 passed; 0 failed; 0 ignored; 0 measured; 0 filtered out; finished in 0.13s
[INFO] [stdout] 
[INFO] [stderr]    Doc-tests toql_core
[INFO] [stdout] 
[INFO] [stdout] running 23 tests
[INFO] [stdout] test src/field_handler.rs - field_handler::ParameterMap (line 10) ... ignored
[INFO] [stdout] test src/join.rs - join::from_row (line 9) ... ignored
[INFO] [stdout] test src/join_handler.rs - join_handler::ParameterMap (line 10) ... ignored
[INFO] [stdout] test src/join_macro.rs - join_macro (line 8) ... ignored
[INFO] [stdout] test src/keyed.rs - keyed::Keyed (line 11) ... ignored
[INFO] [stdout] test src/keyed.rs - keyed::KeyedMut (line 43) ... ignored
[INFO] [stdout] test src/map_key.rs - map_key::map_key (line 34) ... ignored
[INFO] [stdout] test src/query.rs - query (line 18) ... ignored
[INFO] [stdout] test src/query.rs - query (line 9) ... ignored
[INFO] [stdout] test src/query.rs - query::SqlArg (line 74) ... ignored
[INFO] [stdout] test src/query.rs - query::SqlArg (line 84) ... ignored
[INFO] [stdout] test src/query/field.rs - query::field::Concatenation (line 4) ... ignored
[INFO] [stdout] test src/query/field.rs - query::field::Concatenation (line 9) ... ignored
[INFO] [stdout] test src/query/predicate.rs - query::predicate::Concatenation (line 4) ... ignored
[INFO] [stdout] test src/query/predicate.rs - query::predicate::Concatenation (line 9) ... ignored
[INFO] [stdout] test src/query/wildcard.rs - query::wildcard::Concatenation (line 4) ... ignored
[INFO] [stdout] test src/query_parser.rs - query_parser (line 6) ... ignored
[INFO] [stdout] test src/role_expr.rs - role_expr::RoleExpr (line 25) ... ignored
[INFO] [stdout] test src/toql_api.rs - toql_api::ToqlApi (line 38) ... ignored
[INFO] [stdout] test src/val_macro.rs - val_macro (line 8) ... ignored
[INFO] [stdout] test src/sql_expr.rs - sql_expr::SqlExpr (line 63) ... ok
[INFO] [stdout] test src/sql_expr/resolver.rs - sql_expr::resolver::Resolver (line 17) ... ok
[INFO] [stdout] test src/role_expr.rs - role_expr::RoleExpr (line 9) ... FAILED
[INFO] [stdout] 
[INFO] [stdout] failures:
[INFO] [stdout] 
[INFO] [stdout] ---- src/role_expr.rs - role_expr::RoleExpr (line 9) stdout ----
[INFO] [stdout] Test executable failed (exit status: 101).
[INFO] [stdout] 
[INFO] [stdout] stderr:
[INFO] [stdout] thread 'main' panicked at src/role_expr.rs:9:1:
[INFO] [stdout] assertion `left == right` failed
[INFO] [stdout]   left: "(`admin`); (`power_user`)"
[INFO] [stdout]  right: "(admin); (power_user)"
[INFO] [stdout] stack backtrace:
[INFO] [stdout]    0:     0x5635688f846c - std::backtrace_rs::backtrace::libunwind::trace::ha637c64ce894333a
[INFO] [stdout]                                at /rustc/82e1608dfa6e0b5569232559e3d385fea5a93112/library/std/src/../../backtrace/src/backtrace/libunwind.rs:104:5
[INFO] [stdout]    1:     0x5635688f846c - std::backtrace_rs::backtrace::trace_unsynchronized::h47f62dea28e0c88d
[INFO] [stdout]                                at /rustc/82e1608dfa6e0b5569232559e3d385fea5a93112/library/std/src/../../backtrace/src/backtrace/mod.rs:66:5
[INFO] [stdout]    2:     0x5635688f846c - std::sys_common::backtrace::_print_fmt::h9eef0abe20ede486
[INFO] [stdout]                                at /rustc/82e1608dfa6e0b5569232559e3d385fea5a93112/library/std/src/sys_common/backtrace.rs:67:5
[INFO] [stdout]    3:     0x5635688f846c - <std::sys_common::backtrace::_print::DisplayBacktrace as core::fmt::Display>::fmt::hed7f999df88cc644
[INFO] [stdout]                                at /rustc/82e1608dfa6e0b5569232559e3d385fea5a93112/library/std/src/sys_common/backtrace.rs:44:22
[INFO] [stdout]    4:     0x563568918170 - core::fmt::rt::Argument::fmt::h1539a9308b8d058d
[INFO] [stdout]                                at /rustc/82e1608dfa6e0b5569232559e3d385fea5a93112/library/core/src/fmt/rt.rs:142:9
[INFO] [stdout]    5:     0x563568918170 - core::fmt::write::h3a39390d8560d9c9
[INFO] [stdout]                                at /rustc/82e1608dfa6e0b5569232559e3d385fea5a93112/library/core/src/fmt/mod.rs:1120:17
[INFO] [stdout]    6:     0x5635688f691f - std::io::Write::write_fmt::h5fc9997dfe05f882
[INFO] [stdout]                                at /rustc/82e1608dfa6e0b5569232559e3d385fea5a93112/library/std/src/io/mod.rs:1762:15
[INFO] [stdout]    7:     0x5635688f8254 - std::sys_common::backtrace::_print::h894006fb5c6f3d45
[INFO] [stdout]                                at /rustc/82e1608dfa6e0b5569232559e3d385fea5a93112/library/std/src/sys_common/backtrace.rs:47:5
[INFO] [stdout]    8:     0x5635688f8254 - std::sys_common::backtrace::print::h23a2d212c6fff936
[INFO] [stdout]                                at /rustc/82e1608dfa6e0b5569232559e3d385fea5a93112/library/std/src/sys_common/backtrace.rs:34:9
[INFO] [stdout]    9:     0x5635688f9767 - std::panicking::default_hook::{{closure}}::h8a1d2ee00185001a
[INFO] [stdout]   10:     0x5635688f94cf - std::panicking::default_hook::h6038f2eba384e475
[INFO] [stdout]                                at /rustc/82e1608dfa6e0b5569232559e3d385fea5a93112/library/std/src/panicking.rs:292:9
[INFO] [stdout]   11:     0x5635688f9be8 - std::panicking::rust_panic_with_hook::h2b5517d590cab22e
[INFO] [stdout]                                at /rustc/82e1608dfa6e0b5569232559e3d385fea5a93112/library/std/src/panicking.rs:779:13
[INFO] [stdout]   12:     0x5635688f9ace - std::panicking::begin_panic_handler::{{closure}}::h233112c06e0ef43e
[INFO] [stdout]                                at /rustc/82e1608dfa6e0b5569232559e3d385fea5a93112/library/std/src/panicking.rs:657:13
[INFO] [stdout]   13:     0x5635688f8936 - std::sys_common::backtrace::__rust_end_short_backtrace::h6e893f24d7ebbff8
[INFO] [stdout]                                at /rustc/82e1608dfa6e0b5569232559e3d385fea5a93112/library/std/src/sys_common/backtrace.rs:170:18
[INFO] [stdout]   14:     0x5635688f9832 - rust_begin_unwind
[INFO] [stdout]                                at /rustc/82e1608dfa6e0b5569232559e3d385fea5a93112/library/std/src/panicking.rs:645:5
[INFO] [stdout]   15:     0x5635688dadf5 - core::panicking::panic_fmt::hbf0e066aabfa482c
[INFO] [stdout]                                at /rustc/82e1608dfa6e0b5569232559e3d385fea5a93112/library/core/src/panicking.rs:72:14
[INFO] [stdout]   16:     0x5635688db0db - core::panicking::assert_failed_inner::h0bba8b7c26ee4492
[INFO] [stdout]   17:     0x5635688db75e - core::panicking::assert_failed::h34977261e703f605
[INFO] [stdout]   18:     0x5635688db9d3 - rust_out::main::_doctest_main_src_role_expr_rs_9_0::h1d1ce1c430fedfb9
[INFO] [stdout]   19:     0x5635688db7f6 - rust_out::main::hc20c0d07e2402830
[INFO] [stdout]   20:     0x5635688db6a3 - core::ops::function::FnOnce::call_once::hbc459743598298c4
[INFO] [stdout]   21:     0x5635688db5e6 - std::sys_common::backtrace::__rust_begin_short_backtrace::h62debe7d3058b76a
[INFO] [stdout]   22:     0x5635688db639 - std::rt::lang_start::{{closure}}::h8f486f3e1e6418b2
[INFO] [stdout]   23:     0x5635688f4967 - core::ops::function::impls::<impl core::ops::function::FnOnce<A> for &F>::call_once::hd95060ecd5e1ca24
[INFO] [stdout]                                at /rustc/82e1608dfa6e0b5569232559e3d385fea5a93112/library/core/src/ops/function.rs:284:13
[INFO] [stdout]   24:     0x5635688f4967 - std::panicking::try::do_call::h6e8cf51db32a6e4b
[INFO] [stdout]                                at /rustc/82e1608dfa6e0b5569232559e3d385fea5a93112/library/std/src/panicking.rs:552:40
[INFO] [stdout]   25:     0x5635688f4967 - std::panicking::try::h3a52eefe24fe3c29
[INFO] [stdout]                                at /rustc/82e1608dfa6e0b5569232559e3d385fea5a93112/library/std/src/panicking.rs:516:19
[INFO] [stdout]   26:     0x5635688f4967 - std::panic::catch_unwind::h24c28c23c02c3841
[INFO] [stdout]                                at /rustc/82e1608dfa6e0b5569232559e3d385fea5a93112/library/std/src/panic.rs:142:14
[INFO] [stdout]   27:     0x5635688f4967 - std::rt::lang_start_internal::{{closure}}::h705d3c9cbc06ef47
[INFO] [stdout]                                at /rustc/82e1608dfa6e0b5569232559e3d385fea5a93112/library/std/src/rt.rs:148:48
[INFO] [stdout]   28:     0x5635688f4967 - std::panicking::try::do_call::ha21f52ba13158470
[INFO] [stdout]                                at /rustc/82e1608dfa6e0b5569232559e3d385fea5a93112/library/std/src/panicking.rs:552:40
[INFO] [stdout]   29:     0x5635688f4967 - std::panicking::try::h5581346bf6aeb1f8
[INFO] [stdout]                                at /rustc/82e1608dfa6e0b5569232559e3d385fea5a93112/library/std/src/panicking.rs:516:19
[INFO] [stdout]   30:     0x5635688f4967 - std::panic::catch_unwind::h7919645a6b72e25b
[INFO] [stdout]                                at /rustc/82e1608dfa6e0b5569232559e3d385fea5a93112/library/std/src/panic.rs:142:14
[INFO] [stdout]   31:     0x5635688f4967 - std::rt::lang_start_internal::h12de51168669836e
[INFO] [stdout]                                at /rustc/82e1608dfa6e0b5569232559e3d385fea5a93112/library/std/src/rt.rs:148:20
[INFO] [stdout]   32:     0x5635688db617 - std::rt::lang_start::h2c48f91a7bf85629
[INFO] [stdout]   33:     0x5635688dba45 - main
[INFO] [stdout]   34:     0x7f1c2210cd90 - <unknown>
[INFO] [stdout]   35:     0x7f1c2210ce40 - __libc_start_main
[INFO] [stdout]   36:     0x5635688db515 - _start
[INFO] [stdout]   37:                0x0 - <unknown>
[INFO] [stdout] 
[INFO] [stdout] 
[INFO] [stdout] 
[INFO] [stdout] failures:
[INFO] [stdout]     src/role_expr.rs - role_expr::RoleExpr (line 9)
[INFO] [stdout] 
[INFO] [stdout] test result: FAILED. 2 passed; 1 failed; 20 ignored; 0 measured; 0 filtered out; finished in 0.63s
[INFO] [stdout] 
[INFO] [stderr] error: doctest failed, to rerun pass `--doc`
[INFO] running `Command { std: "docker" "inspect" "07727a31a482235e18c6a9ef60d413214c2cb31f05f367f5c2a2c0c32b735c1e", kill_on_drop: false }`
[INFO] running `Command { std: "docker" "rm" "-f" "07727a31a482235e18c6a9ef60d413214c2cb31f05f367f5c2a2c0c32b735c1e", kill_on_drop: false }`
[INFO] [stdout] 07727a31a482235e18c6a9ef60d413214c2cb31f05f367f5c2a2c0c32b735c1e
[INFO] testing toql_core-0.4.2 against beta-2023-12-22 for beta-1.76-1
[INFO] extracting crate toql_core 0.4.2 into /workspace/builds/worker-0-tc2/source
[INFO] validating manifest of crates.io crate toql_core 0.4.2 on toolchain beta-2023-12-22
[INFO] running `Command { std: CARGO_HOME="/workspace/cargo-home" RUSTUP_HOME="/workspace/rustup-home" "/workspace/cargo-home/bin/cargo" "+beta-2023-12-22" "metadata" "--manifest-path" "Cargo.toml" "--no-deps", kill_on_drop: false }`
[INFO] started tweaking crates.io crate toql_core 0.4.2
[INFO] finished tweaking crates.io crate toql_core 0.4.2
[INFO] tweaked toml for crates.io crate toql_core 0.4.2 written to /workspace/builds/worker-0-tc2/source/Cargo.toml
[INFO] running `Command { std: CARGO_HOME="/workspace/cargo-home" RUSTUP_HOME="/workspace/rustup-home" "/workspace/cargo-home/bin/cargo" "+beta-2023-12-22" "generate-lockfile" "--manifest-path" "Cargo.toml", kill_on_drop: false }`
[INFO] [stderr]     Updating crates.io index
[INFO] running `Command { std: CARGO_HOME="/workspace/cargo-home" RUSTUP_HOME="/workspace/rustup-home" "/workspace/cargo-home/bin/cargo" "+beta-2023-12-22" "fetch" "--manifest-path" "Cargo.toml", kill_on_drop: false }`
[INFO] running `Command { std: "docker" "create" "-v" "/var/lib/crater-agent-workspace/builds/worker-0-tc2/target:/opt/rustwide/target:rw,Z" "-v" "/var/lib/crater-agent-workspace/builds/worker-0-tc2/source:/opt/rustwide/workdir:ro,Z" "-v" "/var/lib/crater-agent-workspace/cargo-home:/opt/rustwide/cargo-home:ro,Z" "-v" "/var/lib/crater-agent-workspace/rustup-home:/opt/rustwide/rustup-home:ro,Z" "-e" "SOURCE_DIR=/opt/rustwide/workdir" "-e" "CARGO_TARGET_DIR=/opt/rustwide/target" "-e" "CARGO_HOME=/opt/rustwide/cargo-home" "-e" "RUSTUP_HOME=/opt/rustwide/rustup-home" "-w" "/opt/rustwide/workdir" "-m" "1610612736" "--user" "0:0" "--network" "none" "ghcr.io/rust-lang/crates-build-env/linux@sha256:2788e3201cd34a07e3172128adcd8b3090168a8e3bcc40d7c032b9dda1df7d1c" "/opt/rustwide/cargo-home/bin/cargo" "+beta-2023-12-22" "metadata" "--no-deps" "--format-version=1", kill_on_drop: false }`
[INFO] [stdout] ff46556d4d9cda208b28ee2e07d1988e36f805721f935ec01e21639bd13f81df
[INFO] running `Command { std: "docker" "start" "-a" "ff46556d4d9cda208b28ee2e07d1988e36f805721f935ec01e21639bd13f81df", kill_on_drop: false }`
[INFO] running `Command { std: "docker" "inspect" "ff46556d4d9cda208b28ee2e07d1988e36f805721f935ec01e21639bd13f81df", kill_on_drop: false }`
[INFO] running `Command { std: "docker" "rm" "-f" "ff46556d4d9cda208b28ee2e07d1988e36f805721f935ec01e21639bd13f81df", kill_on_drop: false }`
[INFO] [stdout] ff46556d4d9cda208b28ee2e07d1988e36f805721f935ec01e21639bd13f81df
[INFO] running `Command { std: "docker" "create" "-v" "/var/lib/crater-agent-workspace/builds/worker-0-tc2/target:/opt/rustwide/target:rw,Z" "-v" "/var/lib/crater-agent-workspace/builds/worker-0-tc2/source:/opt/rustwide/workdir:ro,Z" "-v" "/var/lib/crater-agent-workspace/cargo-home:/opt/rustwide/cargo-home:ro,Z" "-v" "/var/lib/crater-agent-workspace/rustup-home:/opt/rustwide/rustup-home:ro,Z" "-e" "SOURCE_DIR=/opt/rustwide/workdir" "-e" "CARGO_TARGET_DIR=/opt/rustwide/target" "-e" "CARGO_INCREMENTAL=0" "-e" "RUST_BACKTRACE=full" "-e" "RUSTFLAGS=--cap-lints=warn" "-e" "RUSTDOCFLAGS=--cap-lints=warn" "-e" "CARGO_HOME=/opt/rustwide/cargo-home" "-e" "RUSTUP_HOME=/opt/rustwide/rustup-home" "-w" "/opt/rustwide/workdir" "-m" "1610612736" "--user" "0:0" "--network" "none" "ghcr.io/rust-lang/crates-build-env/linux@sha256:2788e3201cd34a07e3172128adcd8b3090168a8e3bcc40d7c032b9dda1df7d1c" "/opt/rustwide/cargo-home/bin/cargo" "+beta-2023-12-22" "build" "--frozen" "--message-format=json", kill_on_drop: false }`
[INFO] [stdout] 1d697869a393b9d5b7a568acb64382153a3df09fda732f9ccbf067df04adc661
[INFO] running `Command { std: "docker" "start" "-a" "1d697869a393b9d5b7a568acb64382153a3df09fda732f9ccbf067df04adc661", kill_on_drop: false }`
[INFO] [stderr]    Compiling ucd-trie v0.1.6
[INFO] [stderr]    Compiling regex-syntax v0.8.2
[INFO] [stderr]    Compiling ahash v0.7.7
[INFO] [stderr]    Compiling aho-corasick v1.1.2
[INFO] [stderr]    Compiling heck v0.3.3
[INFO] [stderr]    Compiling syn v2.0.48
[INFO] [stderr]    Compiling getrandom v0.2.11
[INFO] [stderr]    Compiling chrono v0.4.31
[INFO] [stderr]    Compiling hashbrown v0.11.2
[INFO] [stderr]    Compiling lru v0.6.6
[INFO] [stderr]    Compiling regex-automata v0.4.3
[INFO] [stderr]    Compiling regex v1.10.2
[INFO] [stderr]    Compiling thiserror-impl v1.0.56
[INFO] [stderr]    Compiling tracing-attributes v0.1.27
[INFO] [stderr]    Compiling async-trait v0.1.77
[INFO] [stderr]    Compiling thiserror v1.0.56
[INFO] [stderr]    Compiling pest v2.7.6
[INFO] [stderr]    Compiling enquote v1.1.0
[INFO] [stderr]    Compiling tracing v0.1.40
[INFO] [stderr]    Compiling pest_meta v2.7.6
[INFO] [stderr]    Compiling pest_generator v2.7.6
[INFO] [stderr]    Compiling pest_derive v2.7.6
[INFO] [stderr]    Compiling toql_query_parser v0.4.0
[INFO] [stderr]    Compiling toql_role_expr_parser v0.4.0
[INFO] [stderr]    Compiling toql_sql_expr_parser v0.4.0
[INFO] [stderr]    Compiling toql_core v0.4.2 (/opt/rustwide/workdir)
[INFO] [stdout] warning: field `selections` is never read
[INFO] [stdout]   --> src/query/selection.rs:11:16
[INFO] [stdout]    |
[INFO] [stdout] 10 | pub struct SelectionPool<'a> {
[INFO] [stdout]    |            ------------- field in this struct
[INFO] [stdout] 11 |     pub(crate) selections: &'a [&'a Selection],
[INFO] [stdout]    |                ^^^^^^^^^^
[INFO] [stdout]    |
[INFO] [stdout]    = note: `SelectionPool` has derived impls for the traits `Debug` and `Clone`, but these are intentionally ignored during dead code analysis
[INFO] [stdout]    = note: `#[warn(dead_code)]` on by default
[INFO] [stdout] 
[INFO] [stdout] 
[INFO] [stdout] warning: field `on_aux_params` is never read
[INFO] [stdout]   --> src/table_mapper/field_options.rs:13:16
[INFO] [stdout]    |
[INFO] [stdout] 6  | pub struct FieldOptions {
[INFO] [stdout]    |            ------------ field in this struct
[INFO] [stdout] ...
[INFO] [stdout] 13 |     pub(crate) on_aux_params: Vec<String>, // Identity params for on clauses
[INFO] [stdout]    |                ^^^^^^^^^^^^^
[INFO] [stdout]    |
[INFO] [stdout]    = note: `FieldOptions` has derived impls for the traits `Clone` and `Debug`, but these are intentionally ignored during dead code analysis
[INFO] [stdout] 
[INFO] [stdout] 
[INFO] [stdout] warning: 2 warnings emitted
[INFO] [stdout] 
[INFO] [stdout] 
[INFO] [stderr]     Finished dev [unoptimized + debuginfo] target(s) in 11.37s
[INFO] running `Command { std: "docker" "inspect" "1d697869a393b9d5b7a568acb64382153a3df09fda732f9ccbf067df04adc661", kill_on_drop: false }`
[INFO] running `Command { std: "docker" "rm" "-f" "1d697869a393b9d5b7a568acb64382153a3df09fda732f9ccbf067df04adc661", kill_on_drop: false }`
[INFO] [stdout] 1d697869a393b9d5b7a568acb64382153a3df09fda732f9ccbf067df04adc661
[INFO] running `Command { std: "docker" "create" "-v" "/var/lib/crater-agent-workspace/builds/worker-0-tc2/target:/opt/rustwide/target:rw,Z" "-v" "/var/lib/crater-agent-workspace/builds/worker-0-tc2/source:/opt/rustwide/workdir:ro,Z" "-v" "/var/lib/crater-agent-workspace/cargo-home:/opt/rustwide/cargo-home:ro,Z" "-v" "/var/lib/crater-agent-workspace/rustup-home:/opt/rustwide/rustup-home:ro,Z" "-e" "SOURCE_DIR=/opt/rustwide/workdir" "-e" "CARGO_TARGET_DIR=/opt/rustwide/target" "-e" "CARGO_INCREMENTAL=0" "-e" "RUST_BACKTRACE=full" "-e" "RUSTFLAGS=--cap-lints=warn" "-e" "RUSTDOCFLAGS=--cap-lints=warn" "-e" "CARGO_HOME=/opt/rustwide/cargo-home" "-e" "RUSTUP_HOME=/opt/rustwide/rustup-home" "-w" "/opt/rustwide/workdir" "-m" "1610612736" "--user" "0:0" "--network" "none" "ghcr.io/rust-lang/crates-build-env/linux@sha256:2788e3201cd34a07e3172128adcd8b3090168a8e3bcc40d7c032b9dda1df7d1c" "/opt/rustwide/cargo-home/bin/cargo" "+beta-2023-12-22" "test" "--frozen" "--no-run" "--message-format=json", kill_on_drop: false }`
[INFO] [stdout] 380a3b43d6dcbd4138df2d733c196265ec20e4a8f91755f67667dda4e2111d9f
[INFO] running `Command { std: "docker" "start" "-a" "380a3b43d6dcbd4138df2d733c196265ec20e4a8f91755f67667dda4e2111d9f", kill_on_drop: false }`
[INFO] [stdout] warning: field `selections` is never read
[INFO] [stdout]   --> src/query/selection.rs:11:16
[INFO] [stdout]    |
[INFO] [stdout] 10 | pub struct SelectionPool<'a> {
[INFO] [stdout]    |            ------------- field in this struct
[INFO] [stdout] 11 |     pub(crate) selections: &'a [&'a Selection],
[INFO] [stdout]    |                ^^^^^^^^^^
[INFO] [stdout]    |
[INFO] [stdout]    = note: `SelectionPool` has derived impls for the traits `Debug` and `Clone`, but these are intentionally ignored during dead code analysis
[INFO] [stdout]    = note: `#[warn(dead_code)]` on by default
[INFO] [stdout] 
[INFO] [stdout] 
[INFO] [stderr]    Compiling toql_core v0.4.2 (/opt/rustwide/workdir)
[INFO] [stdout] warning: field `on_aux_params` is never read
[INFO] [stdout]   --> src/table_mapper/field_options.rs:13:16
[INFO] [stdout]    |
[INFO] [stdout] 6  | pub struct FieldOptions {
[INFO] [stdout]    |            ------------ field in this struct
[INFO] [stdout] ...
[INFO] [stdout] 13 |     pub(crate) on_aux_params: Vec<String>, // Identity params for on clauses
[INFO] [stdout]    |                ^^^^^^^^^^^^^
[INFO] [stdout]    |
[INFO] [stdout]    = note: `FieldOptions` has derived impls for the traits `Clone` and `Debug`, but these are intentionally ignored during dead code analysis
[INFO] [stdout] 
[INFO] [stdout] 
[INFO] [stdout] warning: 2 warnings emitted
[INFO] [stdout] 
[INFO] [stdout] 
[INFO] [stdout] warning: field `selections` is never read
[INFO] [stdout]   --> src/query/selection.rs:11:16
[INFO] [stdout]    |
[INFO] [stdout] 10 | pub struct SelectionPool<'a> {
[INFO] [stdout]    |            ------------- field in this struct
[INFO] [stdout] 11 |     pub(crate) selections: &'a [&'a Selection],
[INFO] [stdout]    |                ^^^^^^^^^^
[INFO] [stdout]    |
[INFO] [stdout]    = note: `SelectionPool` has derived impls for the traits `Debug` and `Clone`, but these are intentionally ignored during dead code analysis
[INFO] [stdout]    = note: `#[warn(dead_code)]` on by default
[INFO] [stdout] 
[INFO] [stdout] 
[INFO] [stdout] warning: field `on_aux_params` is never read
[INFO] [stdout]   --> src/table_mapper/field_options.rs:13:16
[INFO] [stdout]    |
[INFO] [stdout] 6  | pub struct FieldOptions {
[INFO] [stdout]    |            ------------ field in this struct
[INFO] [stdout] ...
[INFO] [stdout] 13 |     pub(crate) on_aux_params: Vec<String>, // Identity params for on clauses
[INFO] [stdout]    |                ^^^^^^^^^^^^^
[INFO] [stdout]    |
[INFO] [stdout]    = note: `FieldOptions` has derived impls for the traits `Clone` and `Debug`, but these are intentionally ignored during dead code analysis
[INFO] [stdout] 
[INFO] [stdout] 
[INFO] [stdout] warning: 2 warnings emitted
[INFO] [stdout] 
[INFO] [stdout] 
[INFO] [stderr]     Finished test [unoptimized + debuginfo] target(s) in 3.62s
[INFO] running `Command { std: "docker" "inspect" "380a3b43d6dcbd4138df2d733c196265ec20e4a8f91755f67667dda4e2111d9f", kill_on_drop: false }`
[INFO] running `Command { std: "docker" "rm" "-f" "380a3b43d6dcbd4138df2d733c196265ec20e4a8f91755f67667dda4e2111d9f", kill_on_drop: false }`
[INFO] [stdout] 380a3b43d6dcbd4138df2d733c196265ec20e4a8f91755f67667dda4e2111d9f
[INFO] running `Command { std: "docker" "create" "-v" "/var/lib/crater-agent-workspace/builds/worker-0-tc2/target:/opt/rustwide/target:rw,Z" "-v" "/var/lib/crater-agent-workspace/builds/worker-0-tc2/source:/opt/rustwide/workdir:ro,Z" "-v" "/var/lib/crater-agent-workspace/cargo-home:/opt/rustwide/cargo-home:ro,Z" "-v" "/var/lib/crater-agent-workspace/rustup-home:/opt/rustwide/rustup-home:ro,Z" "-e" "SOURCE_DIR=/opt/rustwide/workdir" "-e" "CARGO_TARGET_DIR=/opt/rustwide/target" "-e" "CARGO_INCREMENTAL=0" "-e" "RUST_BACKTRACE=full" "-e" "RUSTFLAGS=--cap-lints=warn" "-e" "RUSTDOCFLAGS=--cap-lints=warn" "-e" "CARGO_HOME=/opt/rustwide/cargo-home" "-e" "RUSTUP_HOME=/opt/rustwide/rustup-home" "-w" "/opt/rustwide/workdir" "-m" "1610612736" "--user" "0:0" "--network" "none" "ghcr.io/rust-lang/crates-build-env/linux@sha256:2788e3201cd34a07e3172128adcd8b3090168a8e3bcc40d7c032b9dda1df7d1c" "/opt/rustwide/cargo-home/bin/cargo" "+beta-2023-12-22" "test" "--frozen", kill_on_drop: false }`
[INFO] [stdout] c1c7a1bdb6b9a5ab3e8e794a60c50f209102a7c6de8d1ed44fd1370e72f85c98
[INFO] running `Command { std: "docker" "start" "-a" "c1c7a1bdb6b9a5ab3e8e794a60c50f209102a7c6de8d1ed44fd1370e72f85c98", kill_on_drop: false }`
[INFO] [stderr] warning: field `selections` is never read
[INFO] [stderr]   --> src/query/selection.rs:11:16
[INFO] [stderr]    |
[INFO] [stderr] 10 | pub struct SelectionPool<'a> {
[INFO] [stderr]    |            ------------- field in this struct
[INFO] [stderr] 11 |     pub(crate) selections: &'a [&'a Selection],
[INFO] [stderr]    |                ^^^^^^^^^^
[INFO] [stderr]    |
[INFO] [stderr]    = note: `SelectionPool` has derived impls for the traits `Debug` and `Clone`, but these are intentionally ignored during dead code analysis
[INFO] [stderr]    = note: `#[warn(dead_code)]` on by default
[INFO] [stderr] 
[INFO] [stderr] warning: field `on_aux_params` is never read
[INFO] [stderr]   --> src/table_mapper/field_options.rs:13:16
[INFO] [stderr]    |
[INFO] [stderr] 6  | pub struct FieldOptions {
[INFO] [stderr]    |            ------------ field in this struct
[INFO] [stderr] ...
[INFO] [stderr] 13 |     pub(crate) on_aux_params: Vec<String>, // Identity params for on clauses
[INFO] [stderr]    |                ^^^^^^^^^^^^^
[INFO] [stderr]    |
[INFO] [stderr]    = note: `FieldOptions` has derived impls for the traits `Clone` and `Debug`, but these are intentionally ignored during dead code analysis
[INFO] [stderr] 
[INFO] [stderr] warning: `toql_core` (lib) generated 2 warnings
[INFO] [stderr] warning: `toql_core` (lib test) generated 2 warnings (2 duplicates)
[INFO] [stderr]     Finished test [unoptimized + debuginfo] target(s) in 0.07s
[INFO] [stderr]      Running unittests src/lib.rs (/opt/rustwide/target/debug/deps/toql_core-fed081c2e6e47b8f)
[INFO] [stdout] 
[INFO] [stdout] running 52 tests
[INFO] [stdout] test alias_translator::test::translate_canonical ... ok
[INFO] [stdout] test alias_translator::test::translate_short ... ok
[INFO] [stdout] test query::field_path::test::build ... ok
[INFO] [stdout] test from_iterator::test::from_key ... ok
[INFO] [stdout] test query::field_filter::test::to_string ... ok
[INFO] [stdout] test alias_translator::test::translate_tiny ... ok
[INFO] [stdout] test query::field_path::test::children ... ok
[INFO] [stdout] test alias_translator::test::translate_medium ... ok
[INFO] [stdout] test query::predicate::test::build ... ok
[INFO] [stdout] test alias_format::test::format_short ... ok
[INFO] [stdout] test page::test::build ... ok
[INFO] [stdout] test query::query_token::test::to_string ... ok
[INFO] [stdout] test query::field_path::test::step_up ... ok
[INFO] [stdout] test join::test::build ... ok
[INFO] [stdout] test query::field_path::test::step_down ... ok
[INFO] [stdout] test query::field::test::into_name ... ok
[INFO] [stdout] test query::field_path::test::parents ... ok
[INFO] [stdout] test alias_format::test::format_tiny ... ok
[INFO] [stdout] test alias_format::test::format_medium ... ok
[INFO] [stdout] test from_iterator::test::from_query ... ok
[INFO] [stdout] test query::wildcard::test::build ... ok
[INFO] [stdout] test role_validator::test::validate_expressions ... ok
[INFO] [stdout] test sql::test::build ... ok
[INFO] [stdout] test query_parser::test::parse_predicate ... ok
[INFO] [stdout] test sql_arg::test::convert_bool ... ok
[INFO] [stdout] test query_parser::test::parse_parens ... ok
[INFO] [stdout] test query::field::test::build ... ok
[INFO] [stdout] test query_parser::test::parse_order_and_hidden ... ok
[INFO] [stdout] test query_parser::test::parse_filters ... ok
[INFO] [stdout] test sql_arg::test::convert_str ... ok
[INFO] [stdout] test role_expr::test::build ... ok
[INFO] [stdout] test query_parser::test::parse_wildcard_and_field ... ok
[INFO] [stdout] test sql_arg::test::convert_null ... ok
[INFO] [stdout] test query::selection::test::build ... ok
[INFO] [stdout] test query::test::build ... ok
[INFO] [stdout] test sql::test::to_unsafe_string ... ok
[INFO] [stdout] test sql_arg::test::convert_u64 ... ok
[INFO] [stdout] test sql_arg::test::valid_keys ... ok
[INFO] [stdout] test sql_arg::test::convert_f64 ... ok
[INFO] [stdout] test sql_arg::test::convert_i64 ... ok
[INFO] [stdout] test sql_builder::select_stream::test::default ... ok
[INFO] [stdout] test query_parser::test::parse_selection ... ok
[INFO] [stdout] test sql_expr::resolver::test::alias_to_literals ... ok
[INFO] [stdout] test sql_expr::resolver::test::create ... ok
[INFO] [stdout] test sql_expr::resolver::test::replace_aux_params ... ok
[INFO] [stdout] test sql_expr::test::create ... ok
[INFO] [stdout] test toql_api::fields::test::fields_from ... ok
[INFO] [stdout] test toql_api::fields::test::fields_top ... ok
[INFO] [stdout] test toql_api::paths::test::paths_from ... ok
[INFO] [stdout] test toql_api::paths::test::paths_top ... ok
[INFO] [stdout] test query::field::test::invalid_name - should panic ... ok
[INFO] [stdout] test query::wildcard::test::invalid_name - should panic ... ok
[INFO] [stdout] 
[INFO] [stdout] test result: ok. 52 passed; 0 failed; 0 ignored; 0 measured; 0 filtered out; finished in 0.08s
[INFO] [stdout] 
[INFO] [stderr]    Doc-tests toql_core
[INFO] [stdout] 
[INFO] [stdout] running 23 tests
[INFO] [stdout] test src/field_handler.rs - field_handler::ParameterMap (line 10) ... ignored
[INFO] [stdout] test src/join.rs - join::from_row (line 9) ... ignored
[INFO] [stdout] test src/join_handler.rs - join_handler::ParameterMap (line 10) ... ignored
[INFO] [stdout] test src/join_macro.rs - join_macro (line 8) ... ignored
[INFO] [stdout] test src/keyed.rs - keyed::Keyed (line 11) ... ignored
[INFO] [stdout] test src/keyed.rs - keyed::KeyedMut (line 43) ... ignored
[INFO] [stdout] test src/map_key.rs - map_key::map_key (line 34) ... ignored
[INFO] [stdout] test src/query.rs - query (line 18) ... ignored
[INFO] [stdout] test src/query.rs - query (line 9) ... ignored
[INFO] [stdout] test src/query.rs - query::SqlArg (line 74) ... ignored
[INFO] [stdout] test src/query.rs - query::SqlArg (line 84) ... ignored
[INFO] [stdout] test src/query/field.rs - query::field::Concatenation (line 4) ... ignored
[INFO] [stdout] test src/query/field.rs - query::field::Concatenation (line 9) ... ignored
[INFO] [stdout] test src/query/predicate.rs - query::predicate::Concatenation (line 4) ... ignored
[INFO] [stdout] test src/query/predicate.rs - query::predicate::Concatenation (line 9) ... ignored
[INFO] [stdout] test src/query/wildcard.rs - query::wildcard::Concatenation (line 4) ... ignored
[INFO] [stdout] test src/query_parser.rs - query_parser (line 6) ... ignored
[INFO] [stdout] test src/role_expr.rs - role_expr::RoleExpr (line 25) ... ignored
[INFO] [stdout] test src/toql_api.rs - toql_api::ToqlApi (line 38) ... ignored
[INFO] [stdout] test src/val_macro.rs - val_macro (line 8) ... ignored
[INFO] [stdout] test src/sql_expr/resolver.rs - sql_expr::resolver::Resolver (line 17) ... ok
[INFO] [stdout] test src/role_expr.rs - role_expr::RoleExpr (line 9) ... FAILED
[INFO] [stdout] test src/sql_expr.rs - sql_expr::SqlExpr (line 63) ... ok
[INFO] [stdout] 
[INFO] [stdout] failures:
[INFO] [stdout] 
[INFO] [stdout] ---- src/role_expr.rs - role_expr::RoleExpr (line 9) stdout ----
[INFO] [stdout] Test executable failed (exit status: 101).
[INFO] [stdout] 
[INFO] [stdout] stderr:
[INFO] [stdout] thread 'main' panicked at src/role_expr.rs:9:1:
[INFO] [stdout] assertion `left == right` failed
[INFO] [stdout]   left: "(`admin`); (`power_user`)"
[INFO] [stdout]  right: "(admin); (power_user)"
[INFO] [stdout] stack backtrace:
[INFO] [stdout]    0:     0x558aa5083e66 - std::backtrace_rs::backtrace::libunwind::trace::h261606ad26a499c1
[INFO] [stdout]                                at /rustc/0e09125c6c3c2fd70d7de961bcf0e51575235fad/library/std/src/../../backtrace/src/backtrace/libunwind.rs:104:5
[INFO] [stdout]    1:     0x558aa5083e66 - std::backtrace_rs::backtrace::trace_unsynchronized::hd183f0625477fb28
[INFO] [stdout]                                at /rustc/0e09125c6c3c2fd70d7de961bcf0e51575235fad/library/std/src/../../backtrace/src/backtrace/mod.rs:66:5
[INFO] [stdout]    2:     0x558aa5083e66 - std::sys_common::backtrace::_print_fmt::hd7f8fef21b4eda67
[INFO] [stdout]                                at /rustc/0e09125c6c3c2fd70d7de961bcf0e51575235fad/library/std/src/sys_common/backtrace.rs:68:5
[INFO] [stdout]    3:     0x558aa5083e66 - <std::sys_common::backtrace::_print::DisplayBacktrace as core::fmt::Display>::fmt::h623d9b51f2f453f1
[INFO] [stdout]                                at /rustc/0e09125c6c3c2fd70d7de961bcf0e51575235fad/library/std/src/sys_common/backtrace.rs:44:22
[INFO] [stdout]    4:     0x558aa50a2c90 - core::fmt::rt::Argument::fmt::h9f417ac76a86f368
[INFO] [stdout]                                at /rustc/0e09125c6c3c2fd70d7de961bcf0e51575235fad/library/core/src/fmt/rt.rs:142:9
[INFO] [stdout]    5:     0x558aa50a2c90 - core::fmt::write::hc9b6faf4ac2aeff7
[INFO] [stdout]                                at /rustc/0e09125c6c3c2fd70d7de961bcf0e51575235fad/library/core/src/fmt/mod.rs:1120:17
[INFO] [stdout]    6:     0x558aa508231f - std::io::Write::write_fmt::hfead1eee52c2e65e
[INFO] [stdout]                                at /rustc/0e09125c6c3c2fd70d7de961bcf0e51575235fad/library/std/src/io/mod.rs:1810:15
[INFO] [stdout]    7:     0x558aa5083c44 - std::sys_common::backtrace::_print::hd5d66399c7df88a2
[INFO] [stdout]                                at /rustc/0e09125c6c3c2fd70d7de961bcf0e51575235fad/library/std/src/sys_common/backtrace.rs:47:5
[INFO] [stdout]    8:     0x558aa5083c44 - std::sys_common::backtrace::print::he81ed2da642d37e5
[INFO] [stdout]                                at /rustc/0e09125c6c3c2fd70d7de961bcf0e51575235fad/library/std/src/sys_common/backtrace.rs:34:9
[INFO] [stdout]    9:     0x558aa50851a7 - std::panicking::default_hook::{{closure}}::h85773f4fa117163d
[INFO] [stdout]   10:     0x558aa5084f09 - std::panicking::default_hook::h6a1694a91d09b278
[INFO] [stdout]                                at /rustc/0e09125c6c3c2fd70d7de961bcf0e51575235fad/library/std/src/panicking.rs:292:9
[INFO] [stdout]   11:     0x558aa5085638 - std::panicking::rust_panic_with_hook::h0a7ad96e90f7145b
[INFO] [stdout]                                at /rustc/0e09125c6c3c2fd70d7de961bcf0e51575235fad/library/std/src/panicking.rs:779:13
[INFO] [stdout]   12:     0x558aa5085512 - std::panicking::begin_panic_handler::{{closure}}::h7919090525c6485e
[INFO] [stdout]                                at /rustc/0e09125c6c3c2fd70d7de961bcf0e51575235fad/library/std/src/panicking.rs:657:13
[INFO] [stdout]   13:     0x558aa5084366 - std::sys_common::backtrace::__rust_end_short_backtrace::hf3289479464f7dfe
[INFO] [stdout]                                at /rustc/0e09125c6c3c2fd70d7de961bcf0e51575235fad/library/std/src/sys_common/backtrace.rs:171:18
[INFO] [stdout]   14:     0x558aa5085270 - rust_begin_unwind
[INFO] [stdout]                                at /rustc/0e09125c6c3c2fd70d7de961bcf0e51575235fad/library/std/src/panicking.rs:645:5
[INFO] [stdout]   15:     0x558aa5065df5 - core::panicking::panic_fmt::hcc9f77c5c132af55
[INFO] [stdout]                                at /rustc/0e09125c6c3c2fd70d7de961bcf0e51575235fad/library/core/src/panicking.rs:72:14
[INFO] [stdout]   16:     0x558aa50660fb - core::panicking::assert_failed_inner::h9f13e27dd63c3a08
[INFO] [stdout]                                at /rustc/0e09125c6c3c2fd70d7de961bcf0e51575235fad/library/core/src/panicking.rs:342:17
[INFO] [stdout]   17:     0x558aa506676e - core::panicking::assert_failed::he59940fc84d76d4a
[INFO] [stdout]   18:     0x558aa50669c3 - rust_out::main::_doctest_main_src_role_expr_rs_9_0::h47e51212b2e9be43
[INFO] [stdout]   19:     0x558aa5066806 - rust_out::main::h71185a25be64b52e
[INFO] [stdout]   20:     0x558aa50666b3 - core::ops::function::FnOnce::call_once::h0a5e8bc522cf7e26
[INFO] [stdout]   21:     0x558aa50665f6 - std::sys_common::backtrace::__rust_begin_short_backtrace::h904992c6a2208b49
[INFO] [stdout]   22:     0x558aa5066649 - std::rt::lang_start::{{closure}}::h95a4dad7805b7c7c
[INFO] [stdout]   23:     0x558aa5080261 - core::ops::function::impls::<impl core::ops::function::FnOnce<A> for &F>::call_once::h4eb4c5e1620f29b0
[INFO] [stdout]                                at /rustc/0e09125c6c3c2fd70d7de961bcf0e51575235fad/library/core/src/ops/function.rs:284:13
[INFO] [stdout]   24:     0x558aa5080261 - std::panicking::try::do_call::h73fd26535faffcdf
[INFO] [stdout]                                at /rustc/0e09125c6c3c2fd70d7de961bcf0e51575235fad/library/std/src/panicking.rs:552:40
[INFO] [stdout]   25:     0x558aa5080261 - std::panicking::try::h77ff1d98f0fb9f39
[INFO] [stdout]                                at /rustc/0e09125c6c3c2fd70d7de961bcf0e51575235fad/library/std/src/panicking.rs:516:19
[INFO] [stdout]   26:     0x558aa5080261 - std::panic::catch_unwind::hab3caf2448b95e37
[INFO] [stdout]                                at /rustc/0e09125c6c3c2fd70d7de961bcf0e51575235fad/library/std/src/panic.rs:142:14
[INFO] [stdout]   27:     0x558aa5080261 - std::rt::lang_start_internal::{{closure}}::h8086711f9c783f78
[INFO] [stdout]                                at /rustc/0e09125c6c3c2fd70d7de961bcf0e51575235fad/library/std/src/rt.rs:148:48
[INFO] [stdout]   28:     0x558aa5080261 - std::panicking::try::do_call::hf920d4dc291cd6ca
[INFO] [stdout]                                at /rustc/0e09125c6c3c2fd70d7de961bcf0e51575235fad/library/std/src/panicking.rs:552:40
[INFO] [stdout]   29:     0x558aa5080261 - std::panicking::try::h2b806ccc0a85db74
[INFO] [stdout]                                at /rustc/0e09125c6c3c2fd70d7de961bcf0e51575235fad/library/std/src/panicking.rs:516:19
[INFO] [stdout]   30:     0x558aa5080261 - std::panic::catch_unwind::h038489539c507df2
[INFO] [stdout]                                at /rustc/0e09125c6c3c2fd70d7de961bcf0e51575235fad/library/std/src/panic.rs:142:14
[INFO] [stdout]   31:     0x558aa5080261 - std::rt::lang_start_internal::h28503b88912e8a5c
[INFO] [stdout]                                at /rustc/0e09125c6c3c2fd70d7de961bcf0e51575235fad/library/std/src/rt.rs:148:20
[INFO] [stdout]   32:     0x558aa5066627 - std::rt::lang_start::h9942cc54b4d5350a
[INFO] [stdout]   33:     0x558aa5066a35 - main
[INFO] [stdout]   34:     0x7f23cd566d90 - <unknown>
[INFO] [stdout]   35:     0x7f23cd566e40 - __libc_start_main
[INFO] [stdout]   36:     0x558aa5066525 - _start
[INFO] [stdout]   37:                0x0 - <unknown>
[INFO] [stdout] 
[INFO] [stdout] 
[INFO] [stdout] 
[INFO] [stdout] failures:
[INFO] [stdout]     src/role_expr.rs - role_expr::RoleExpr (line 9)
[INFO] [stdout] 
[INFO] [stdout] test result: FAILED. 2 passed; 1 failed; 20 ignored; 0 measured; 0 filtered out; finished in 0.53s
[INFO] [stdout] 
[INFO] [stderr] error: doctest failed, to rerun pass `--doc`
[INFO] running `Command { std: "docker" "inspect" "c1c7a1bdb6b9a5ab3e8e794a60c50f209102a7c6de8d1ed44fd1370e72f85c98", kill_on_drop: false }`
[INFO] running `Command { std: "docker" "rm" "-f" "c1c7a1bdb6b9a5ab3e8e794a60c50f209102a7c6de8d1ed44fd1370e72f85c98", kill_on_drop: false }`
[INFO] [stdout] c1c7a1bdb6b9a5ab3e8e794a60c50f209102a7c6de8d1ed44fd1370e72f85c98
