[INFO] fetching crate tonic-buf-build 0.1.2...
[INFO] testing tonic-buf-build-0.1.2 against 1.75.0 for beta-1.76-1
[INFO] extracting crate tonic-buf-build 0.1.2 into /workspace/builds/worker-4-tc1/source
[INFO] validating manifest of crates.io crate tonic-buf-build 0.1.2 on toolchain 1.75.0
[INFO] running `Command { std: CARGO_HOME="/workspace/cargo-home" RUSTUP_HOME="/workspace/rustup-home" "/workspace/cargo-home/bin/cargo" "+1.75.0" "metadata" "--manifest-path" "Cargo.toml" "--no-deps", kill_on_drop: false }`
[INFO] started tweaking crates.io crate tonic-buf-build 0.1.2
[INFO] finished tweaking crates.io crate tonic-buf-build 0.1.2
[INFO] tweaked toml for crates.io crate tonic-buf-build 0.1.2 written to /workspace/builds/worker-4-tc1/source/Cargo.toml
[INFO] running `Command { std: CARGO_HOME="/workspace/cargo-home" RUSTUP_HOME="/workspace/rustup-home" "/workspace/cargo-home/bin/cargo" "+1.75.0" "generate-lockfile" "--manifest-path" "Cargo.toml", kill_on_drop: false }`
[INFO] [stderr]     Updating crates.io index
[INFO] running `Command { std: CARGO_HOME="/workspace/cargo-home" RUSTUP_HOME="/workspace/rustup-home" "/workspace/cargo-home/bin/cargo" "+1.75.0" "fetch" "--manifest-path" "Cargo.toml", kill_on_drop: false }`
[INFO] [stderr]  Downloading crates ...
[INFO] [stderr]   Downloaded tonic-build v0.10.2
[INFO] [stderr]   Downloaded prost-build v0.12.3
[INFO] running `Command { std: "docker" "create" "-v" "/var/lib/crater-agent-workspace/builds/worker-4-tc1/target:/opt/rustwide/target:rw,Z" "-v" "/var/lib/crater-agent-workspace/builds/worker-4-tc1/source:/opt/rustwide/workdir:ro,Z" "-v" "/var/lib/crater-agent-workspace/cargo-home:/opt/rustwide/cargo-home:ro,Z" "-v" "/var/lib/crater-agent-workspace/rustup-home:/opt/rustwide/rustup-home:ro,Z" "-e" "SOURCE_DIR=/opt/rustwide/workdir" "-e" "CARGO_TARGET_DIR=/opt/rustwide/target" "-e" "CARGO_HOME=/opt/rustwide/cargo-home" "-e" "RUSTUP_HOME=/opt/rustwide/rustup-home" "-w" "/opt/rustwide/workdir" "-m" "1610612736" "--user" "0:0" "--network" "none" "ghcr.io/rust-lang/crates-build-env/linux@sha256:2788e3201cd34a07e3172128adcd8b3090168a8e3bcc40d7c032b9dda1df7d1c" "/opt/rustwide/cargo-home/bin/cargo" "+1.75.0" "metadata" "--no-deps" "--format-version=1", kill_on_drop: false }`
[INFO] [stdout] 463229fb54054fc89440fb926e92729b67fc05778036bb4bfd49272a4ef1a3bc
[INFO] running `Command { std: "docker" "start" "-a" "463229fb54054fc89440fb926e92729b67fc05778036bb4bfd49272a4ef1a3bc", kill_on_drop: false }`
[INFO] running `Command { std: "docker" "inspect" "463229fb54054fc89440fb926e92729b67fc05778036bb4bfd49272a4ef1a3bc", kill_on_drop: false }`
[INFO] running `Command { std: "docker" "rm" "-f" "463229fb54054fc89440fb926e92729b67fc05778036bb4bfd49272a4ef1a3bc", kill_on_drop: false }`
[INFO] [stdout] 463229fb54054fc89440fb926e92729b67fc05778036bb4bfd49272a4ef1a3bc
[INFO] running `Command { std: "docker" "create" "-v" "/var/lib/crater-agent-workspace/builds/worker-4-tc1/target:/opt/rustwide/target:rw,Z" "-v" "/var/lib/crater-agent-workspace/builds/worker-4-tc1/source:/opt/rustwide/workdir:ro,Z" "-v" "/var/lib/crater-agent-workspace/cargo-home:/opt/rustwide/cargo-home:ro,Z" "-v" "/var/lib/crater-agent-workspace/rustup-home:/opt/rustwide/rustup-home:ro,Z" "-e" "SOURCE_DIR=/opt/rustwide/workdir" "-e" "CARGO_TARGET_DIR=/opt/rustwide/target" "-e" "CARGO_INCREMENTAL=0" "-e" "RUST_BACKTRACE=full" "-e" "RUSTFLAGS=--cap-lints=warn" "-e" "RUSTDOCFLAGS=--cap-lints=warn" "-e" "CARGO_HOME=/opt/rustwide/cargo-home" "-e" "RUSTUP_HOME=/opt/rustwide/rustup-home" "-w" "/opt/rustwide/workdir" "-m" "1610612736" "--user" "0:0" "--network" "none" "ghcr.io/rust-lang/crates-build-env/linux@sha256:2788e3201cd34a07e3172128adcd8b3090168a8e3bcc40d7c032b9dda1df7d1c" "/opt/rustwide/cargo-home/bin/cargo" "+1.75.0" "build" "--frozen" "--message-format=json", kill_on_drop: false }`
[INFO] [stdout] da28122eff22ec0fb028bcdcbdfc8d0ea4b612fd1360dee4eee6bb5c1ba7bb49
[INFO] running `Command { std: "docker" "start" "-a" "da28122eff22ec0fb028bcdcbdfc8d0ea4b612fd1360dee4eee6bb5c1ba7bb49", kill_on_drop: false }`
[INFO] [stderr]    Compiling proc-macro2 v1.0.75
[INFO] [stderr]    Compiling unicode-ident v1.0.12
[INFO] [stderr]    Compiling anyhow v1.0.79
[INFO] [stderr]    Compiling libc v0.2.151
[INFO] [stderr]    Compiling rustix v0.38.28
[INFO] [stderr]    Compiling either v1.9.0
[INFO] [stderr]    Compiling equivalent v1.0.1
[INFO] [stderr]    Compiling linux-raw-sys v0.4.12
[INFO] [stderr]    Compiling hashbrown v0.14.3
[INFO] [stderr]    Compiling itertools v0.11.0
[INFO] [stderr]    Compiling bitflags v2.4.1
[INFO] [stderr]    Compiling prettyplease v0.2.16
[INFO] [stderr]    Compiling bytes v1.5.0
[INFO] [stderr]    Compiling indexmap v2.1.0
[INFO] [stderr]    Compiling regex-syntax v0.8.2
[INFO] [stderr]    Compiling home v0.5.9
[INFO] [stderr]    Compiling quote v1.0.35
[INFO] [stderr]    Compiling syn v2.0.48
[INFO] [stderr]    Compiling getrandom v0.2.11
[INFO] [stderr]    Compiling fastrand v2.0.1
[INFO] [stderr]    Compiling rand_core v0.6.4
[INFO] [stderr]    Compiling fixedbitset v0.4.2
[INFO] [stderr]    Compiling serde v1.0.194
[INFO] [stderr]    Compiling petgraph v0.6.4
[INFO] [stderr]    Compiling rand_chacha v0.3.1
[INFO] [stderr]    Compiling log v0.4.20
[INFO] [stderr]    Compiling multimap v0.8.3
[INFO] [stderr]    Compiling once_cell v1.19.0
[INFO] [stderr]    Compiling regex-automata v0.4.3
[INFO] [stderr]    Compiling which v4.4.2
[INFO] [stderr]    Compiling tempfile v3.9.0
[INFO] [stderr]    Compiling heck v0.4.1
[INFO] [stderr]    Compiling rand v0.8.5
[INFO] [stderr]    Compiling ryu v1.0.16
[INFO] [stderr]    Compiling unsafe-libyaml v0.2.10
[INFO] [stderr]    Compiling itoa v1.0.10
[INFO] [stderr]    Compiling scopeguard v1.2.0
[INFO] [stderr]    Compiling regex v1.10.2
[INFO] [stderr]    Compiling uuid v1.6.1
[INFO] [stderr]    Compiling prost-derive v0.12.3
[INFO] [stderr]    Compiling serde_derive v1.0.194
[INFO] [stderr]    Compiling prost v0.12.3
[INFO] [stderr]    Compiling prost-types v0.12.3
[INFO] [stderr]    Compiling prost-build v0.12.3
[INFO] [stderr]    Compiling tonic-build v0.10.2
[INFO] [stderr]    Compiling serde_yaml v0.9.30
[INFO] [stderr]    Compiling tonic-buf-build v0.1.2 (/opt/rustwide/workdir)
[INFO] [stderr]     Finished dev [unoptimized + debuginfo] target(s) in 22.17s
[INFO] running `Command { std: "docker" "inspect" "da28122eff22ec0fb028bcdcbdfc8d0ea4b612fd1360dee4eee6bb5c1ba7bb49", kill_on_drop: false }`
[INFO] running `Command { std: "docker" "rm" "-f" "da28122eff22ec0fb028bcdcbdfc8d0ea4b612fd1360dee4eee6bb5c1ba7bb49", kill_on_drop: false }`
[INFO] [stdout] da28122eff22ec0fb028bcdcbdfc8d0ea4b612fd1360dee4eee6bb5c1ba7bb49
[INFO] running `Command { std: "docker" "create" "-v" "/var/lib/crater-agent-workspace/builds/worker-4-tc1/target:/opt/rustwide/target:rw,Z" "-v" "/var/lib/crater-agent-workspace/builds/worker-4-tc1/source:/opt/rustwide/workdir:ro,Z" "-v" "/var/lib/crater-agent-workspace/cargo-home:/opt/rustwide/cargo-home:ro,Z" "-v" "/var/lib/crater-agent-workspace/rustup-home:/opt/rustwide/rustup-home:ro,Z" "-e" "SOURCE_DIR=/opt/rustwide/workdir" "-e" "CARGO_TARGET_DIR=/opt/rustwide/target" "-e" "CARGO_INCREMENTAL=0" "-e" "RUST_BACKTRACE=full" "-e" "RUSTFLAGS=--cap-lints=warn" "-e" "RUSTDOCFLAGS=--cap-lints=warn" "-e" "CARGO_HOME=/opt/rustwide/cargo-home" "-e" "RUSTUP_HOME=/opt/rustwide/rustup-home" "-w" "/opt/rustwide/workdir" "-m" "1610612736" "--user" "0:0" "--network" "none" "ghcr.io/rust-lang/crates-build-env/linux@sha256:2788e3201cd34a07e3172128adcd8b3090168a8e3bcc40d7c032b9dda1df7d1c" "/opt/rustwide/cargo-home/bin/cargo" "+1.75.0" "test" "--frozen" "--no-run" "--message-format=json", kill_on_drop: false }`
[INFO] [stdout] 064d775df4eaa37aae3f8e44baaf50a7af3837d0de7b603c74af4c034af0321c
[INFO] running `Command { std: "docker" "start" "-a" "064d775df4eaa37aae3f8e44baaf50a7af3837d0de7b603c74af4c034af0321c", kill_on_drop: false }`
[INFO] [stderr]    Compiling tonic-buf-build v0.1.2 (/opt/rustwide/workdir)
[INFO] [stderr]     Finished test [unoptimized + debuginfo] target(s) in 0.53s
[INFO] running `Command { std: "docker" "inspect" "064d775df4eaa37aae3f8e44baaf50a7af3837d0de7b603c74af4c034af0321c", kill_on_drop: false }`
[INFO] running `Command { std: "docker" "rm" "-f" "064d775df4eaa37aae3f8e44baaf50a7af3837d0de7b603c74af4c034af0321c", kill_on_drop: false }`
[INFO] [stdout] 064d775df4eaa37aae3f8e44baaf50a7af3837d0de7b603c74af4c034af0321c
[INFO] running `Command { std: "docker" "create" "-v" "/var/lib/crater-agent-workspace/builds/worker-4-tc1/target:/opt/rustwide/target:rw,Z" "-v" "/var/lib/crater-agent-workspace/builds/worker-4-tc1/source:/opt/rustwide/workdir:ro,Z" "-v" "/var/lib/crater-agent-workspace/cargo-home:/opt/rustwide/cargo-home:ro,Z" "-v" "/var/lib/crater-agent-workspace/rustup-home:/opt/rustwide/rustup-home:ro,Z" "-e" "SOURCE_DIR=/opt/rustwide/workdir" "-e" "CARGO_TARGET_DIR=/opt/rustwide/target" "-e" "CARGO_INCREMENTAL=0" "-e" "RUST_BACKTRACE=full" "-e" "RUSTFLAGS=--cap-lints=warn" "-e" "RUSTDOCFLAGS=--cap-lints=warn" "-e" "CARGO_HOME=/opt/rustwide/cargo-home" "-e" "RUSTUP_HOME=/opt/rustwide/rustup-home" "-w" "/opt/rustwide/workdir" "-m" "1610612736" "--user" "0:0" "--network" "none" "ghcr.io/rust-lang/crates-build-env/linux@sha256:2788e3201cd34a07e3172128adcd8b3090168a8e3bcc40d7c032b9dda1df7d1c" "/opt/rustwide/cargo-home/bin/cargo" "+1.75.0" "test" "--frozen", kill_on_drop: false }`
[INFO] [stdout] 02c3cae7b38c4ccc102351c199f970bba7835cd2979418ac3eec49610c8e8427
[INFO] running `Command { std: "docker" "start" "-a" "02c3cae7b38c4ccc102351c199f970bba7835cd2979418ac3eec49610c8e8427", kill_on_drop: false }`
[INFO] [stderr]     Finished test [unoptimized + debuginfo] target(s) in 0.05s
[INFO] [stderr]      Running unittests src/lib.rs (/opt/rustwide/target/debug/deps/tonic_buf_build-c8b6850dea3fe4cf)
[INFO] [stdout] 
[INFO] [stdout] running 0 tests
[INFO] [stdout] 
[INFO] [stdout] test result: ok. 0 passed; 0 failed; 0 ignored; 0 measured; 0 filtered out; finished in 0.00s
[INFO] [stdout] 
[INFO] [stderr]    Doc-tests tonic-buf-build
[INFO] [stdout] 
[INFO] [stdout] running 1 test
[INFO] [stdout] test src/lib.rs - (line 17) ... FAILED
[INFO] [stderr] error: doctest failed, to rerun pass `--doc`
[INFO] [stdout] 
[INFO] [stdout] failures:
[INFO] [stdout] 
[INFO] [stdout] ---- src/lib.rs - (line 17) stdout ----
[INFO] [stdout] Test executable failed (exit status: 1).
[INFO] [stdout] 
[INFO] [stdout] stderr:
[INFO] [stdout] Error: TonicBufBuildError { message: "failed to read buf.yaml", cause: Some(Os { code: 2, kind: NotFound, message: "No such file or directory" }) }
[INFO] [stdout] 
[INFO] [stdout] 
[INFO] [stdout] 
[INFO] [stdout] failures:
[INFO] [stdout]     src/lib.rs - (line 17)
[INFO] [stdout] 
[INFO] [stdout] test result: FAILED. 0 passed; 1 failed; 0 ignored; 0 measured; 0 filtered out; finished in 1.66s
[INFO] [stdout] 
[INFO] running `Command { std: "docker" "inspect" "02c3cae7b38c4ccc102351c199f970bba7835cd2979418ac3eec49610c8e8427", kill_on_drop: false }`
[INFO] running `Command { std: "docker" "rm" "-f" "02c3cae7b38c4ccc102351c199f970bba7835cd2979418ac3eec49610c8e8427", kill_on_drop: false }`
[INFO] [stdout] 02c3cae7b38c4ccc102351c199f970bba7835cd2979418ac3eec49610c8e8427
[INFO] testing tonic-buf-build-0.1.2 against beta-2023-12-22 for beta-1.76-1
[INFO] extracting crate tonic-buf-build 0.1.2 into /workspace/builds/worker-4-tc2/source
[INFO] validating manifest of crates.io crate tonic-buf-build 0.1.2 on toolchain beta-2023-12-22
[INFO] running `Command { std: CARGO_HOME="/workspace/cargo-home" RUSTUP_HOME="/workspace/rustup-home" "/workspace/cargo-home/bin/cargo" "+beta-2023-12-22" "metadata" "--manifest-path" "Cargo.toml" "--no-deps", kill_on_drop: false }`
[INFO] started tweaking crates.io crate tonic-buf-build 0.1.2
[INFO] finished tweaking crates.io crate tonic-buf-build 0.1.2
[INFO] tweaked toml for crates.io crate tonic-buf-build 0.1.2 written to /workspace/builds/worker-4-tc2/source/Cargo.toml
[INFO] running `Command { std: CARGO_HOME="/workspace/cargo-home" RUSTUP_HOME="/workspace/rustup-home" "/workspace/cargo-home/bin/cargo" "+beta-2023-12-22" "generate-lockfile" "--manifest-path" "Cargo.toml", kill_on_drop: false }`
[INFO] [stderr]     Updating crates.io index
[INFO] running `Command { std: CARGO_HOME="/workspace/cargo-home" RUSTUP_HOME="/workspace/rustup-home" "/workspace/cargo-home/bin/cargo" "+beta-2023-12-22" "fetch" "--manifest-path" "Cargo.toml", kill_on_drop: false }`
[INFO] [stderr]     Blocking waiting for file lock on package cache
[INFO] [stderr]     Blocking waiting for file lock on package cache
[INFO] running `Command { std: "docker" "create" "-v" "/var/lib/crater-agent-workspace/builds/worker-4-tc2/target:/opt/rustwide/target:rw,Z" "-v" "/var/lib/crater-agent-workspace/builds/worker-4-tc2/source:/opt/rustwide/workdir:ro,Z" "-v" "/var/lib/crater-agent-workspace/cargo-home:/opt/rustwide/cargo-home:ro,Z" "-v" "/var/lib/crater-agent-workspace/rustup-home:/opt/rustwide/rustup-home:ro,Z" "-e" "SOURCE_DIR=/opt/rustwide/workdir" "-e" "CARGO_TARGET_DIR=/opt/rustwide/target" "-e" "CARGO_HOME=/opt/rustwide/cargo-home" "-e" "RUSTUP_HOME=/opt/rustwide/rustup-home" "-w" "/opt/rustwide/workdir" "-m" "1610612736" "--user" "0:0" "--network" "none" "ghcr.io/rust-lang/crates-build-env/linux@sha256:2788e3201cd34a07e3172128adcd8b3090168a8e3bcc40d7c032b9dda1df7d1c" "/opt/rustwide/cargo-home/bin/cargo" "+beta-2023-12-22" "metadata" "--no-deps" "--format-version=1", kill_on_drop: false }`
[INFO] [stdout] 2cd96fa0db0b4fed1bf2dff141cc4274bd43bf6557813511d37dfb98c9330e09
[INFO] running `Command { std: "docker" "start" "-a" "2cd96fa0db0b4fed1bf2dff141cc4274bd43bf6557813511d37dfb98c9330e09", kill_on_drop: false }`
[INFO] running `Command { std: "docker" "inspect" "2cd96fa0db0b4fed1bf2dff141cc4274bd43bf6557813511d37dfb98c9330e09", kill_on_drop: false }`
[INFO] running `Command { std: "docker" "rm" "-f" "2cd96fa0db0b4fed1bf2dff141cc4274bd43bf6557813511d37dfb98c9330e09", kill_on_drop: false }`
[INFO] [stdout] 2cd96fa0db0b4fed1bf2dff141cc4274bd43bf6557813511d37dfb98c9330e09
[INFO] running `Command { std: "docker" "create" "-v" "/var/lib/crater-agent-workspace/builds/worker-4-tc2/target:/opt/rustwide/target:rw,Z" "-v" "/var/lib/crater-agent-workspace/builds/worker-4-tc2/source:/opt/rustwide/workdir:ro,Z" "-v" "/var/lib/crater-agent-workspace/cargo-home:/opt/rustwide/cargo-home:ro,Z" "-v" "/var/lib/crater-agent-workspace/rustup-home:/opt/rustwide/rustup-home:ro,Z" "-e" "SOURCE_DIR=/opt/rustwide/workdir" "-e" "CARGO_TARGET_DIR=/opt/rustwide/target" "-e" "CARGO_INCREMENTAL=0" "-e" "RUST_BACKTRACE=full" "-e" "RUSTFLAGS=--cap-lints=warn" "-e" "RUSTDOCFLAGS=--cap-lints=warn" "-e" "CARGO_HOME=/opt/rustwide/cargo-home" "-e" "RUSTUP_HOME=/opt/rustwide/rustup-home" "-w" "/opt/rustwide/workdir" "-m" "1610612736" "--user" "0:0" "--network" "none" "ghcr.io/rust-lang/crates-build-env/linux@sha256:2788e3201cd34a07e3172128adcd8b3090168a8e3bcc40d7c032b9dda1df7d1c" "/opt/rustwide/cargo-home/bin/cargo" "+beta-2023-12-22" "build" "--frozen" "--message-format=json", kill_on_drop: false }`
[INFO] [stdout] cddf6035bfe1f2df454903612e03bc8d9b50958f43d815eebbc4d7fe82321615
[INFO] running `Command { std: "docker" "start" "-a" "cddf6035bfe1f2df454903612e03bc8d9b50958f43d815eebbc4d7fe82321615", kill_on_drop: false }`
[INFO] [stderr]    Compiling proc-macro2 v1.0.75
[INFO] [stderr]    Compiling unicode-ident v1.0.12
[INFO] [stderr]    Compiling anyhow v1.0.79
[INFO] [stderr]    Compiling libc v0.2.151
[INFO] [stderr]    Compiling rustix v0.38.28
[INFO] [stderr]    Compiling either v1.9.0
[INFO] [stderr]    Compiling bitflags v2.4.1
[INFO] [stderr]    Compiling hashbrown v0.14.3
[INFO] [stderr]    Compiling linux-raw-sys v0.4.12
[INFO] [stderr]    Compiling itertools v0.11.0
[INFO] [stderr]    Compiling equivalent v1.0.1
[INFO] [stderr]    Compiling regex-syntax v0.8.2
[INFO] [stderr]    Compiling prettyplease v0.2.16
[INFO] [stderr]    Compiling bytes v1.5.0
[INFO] [stderr]    Compiling quote v1.0.35
[INFO] [stderr]    Compiling syn v2.0.48
[INFO] [stderr]    Compiling indexmap v2.1.0
[INFO] [stderr]    Compiling getrandom v0.2.11
[INFO] [stderr]    Compiling rand_core v0.6.4
[INFO] [stderr]    Compiling serde v1.0.194
[INFO] [stderr]    Compiling fixedbitset v0.4.2
[INFO] [stderr]    Compiling home v0.5.9
[INFO] [stderr]    Compiling fastrand v2.0.1
[INFO] [stderr]    Compiling petgraph v0.6.4
[INFO] [stderr]    Compiling rand_chacha v0.3.1
[INFO] [stderr]    Compiling which v4.4.2
[INFO] [stderr]    Compiling tempfile v3.9.0
[INFO] [stderr]    Compiling regex-automata v0.4.3
[INFO] [stderr]    Compiling once_cell v1.19.0
[INFO] [stderr]    Compiling multimap v0.8.3
[INFO] [stderr]    Compiling log v0.4.20
[INFO] [stderr]    Compiling heck v0.4.1
[INFO] [stderr]    Compiling rand v0.8.5
[INFO] [stderr]    Compiling itoa v1.0.10
[INFO] [stderr]    Compiling unsafe-libyaml v0.2.10
[INFO] [stderr]    Compiling ryu v1.0.16
[INFO] [stderr]    Compiling scopeguard v1.2.0
[INFO] [stderr]    Compiling regex v1.10.2
[INFO] [stderr]    Compiling uuid v1.6.1
[INFO] [stderr]    Compiling prost-derive v0.12.3
[INFO] [stderr]    Compiling serde_derive v1.0.194
[INFO] [stderr]    Compiling prost v0.12.3
[INFO] [stderr]    Compiling prost-types v0.12.3
[INFO] [stderr]    Compiling prost-build v0.12.3
[INFO] [stderr]    Compiling tonic-build v0.10.2
[INFO] [stderr]    Compiling serde_yaml v0.9.30
[INFO] [stderr]    Compiling tonic-buf-build v0.1.2 (/opt/rustwide/workdir)
[INFO] [stderr]     Finished dev [unoptimized + debuginfo] target(s) in 19.24s
[INFO] running `Command { std: "docker" "inspect" "cddf6035bfe1f2df454903612e03bc8d9b50958f43d815eebbc4d7fe82321615", kill_on_drop: false }`
[INFO] running `Command { std: "docker" "rm" "-f" "cddf6035bfe1f2df454903612e03bc8d9b50958f43d815eebbc4d7fe82321615", kill_on_drop: false }`
[INFO] [stdout] cddf6035bfe1f2df454903612e03bc8d9b50958f43d815eebbc4d7fe82321615
[INFO] running `Command { std: "docker" "create" "-v" "/var/lib/crater-agent-workspace/builds/worker-4-tc2/target:/opt/rustwide/target:rw,Z" "-v" "/var/lib/crater-agent-workspace/builds/worker-4-tc2/source:/opt/rustwide/workdir:ro,Z" "-v" "/var/lib/crater-agent-workspace/cargo-home:/opt/rustwide/cargo-home:ro,Z" "-v" "/var/lib/crater-agent-workspace/rustup-home:/opt/rustwide/rustup-home:ro,Z" "-e" "SOURCE_DIR=/opt/rustwide/workdir" "-e" "CARGO_TARGET_DIR=/opt/rustwide/target" "-e" "CARGO_INCREMENTAL=0" "-e" "RUST_BACKTRACE=full" "-e" "RUSTFLAGS=--cap-lints=warn" "-e" "RUSTDOCFLAGS=--cap-lints=warn" "-e" "CARGO_HOME=/opt/rustwide/cargo-home" "-e" "RUSTUP_HOME=/opt/rustwide/rustup-home" "-w" "/opt/rustwide/workdir" "-m" "1610612736" "--user" "0:0" "--network" "none" "ghcr.io/rust-lang/crates-build-env/linux@sha256:2788e3201cd34a07e3172128adcd8b3090168a8e3bcc40d7c032b9dda1df7d1c" "/opt/rustwide/cargo-home/bin/cargo" "+beta-2023-12-22" "test" "--frozen" "--no-run" "--message-format=json", kill_on_drop: false }`
[INFO] [stdout] 2e395bdb116683e3472d0838f1aacbdd9ef27186e420e1f5ddcce17e80c05291
[INFO] running `Command { std: "docker" "start" "-a" "2e395bdb116683e3472d0838f1aacbdd9ef27186e420e1f5ddcce17e80c05291", kill_on_drop: false }`
[INFO] [stderr]    Compiling tonic-buf-build v0.1.2 (/opt/rustwide/workdir)
[INFO] [stderr]     Finished test [unoptimized + debuginfo] target(s) in 0.38s
[INFO] running `Command { std: "docker" "inspect" "2e395bdb116683e3472d0838f1aacbdd9ef27186e420e1f5ddcce17e80c05291", kill_on_drop: false }`
[INFO] running `Command { std: "docker" "rm" "-f" "2e395bdb116683e3472d0838f1aacbdd9ef27186e420e1f5ddcce17e80c05291", kill_on_drop: false }`
[INFO] [stdout] 2e395bdb116683e3472d0838f1aacbdd9ef27186e420e1f5ddcce17e80c05291
[INFO] running `Command { std: "docker" "create" "-v" "/var/lib/crater-agent-workspace/builds/worker-4-tc2/target:/opt/rustwide/target:rw,Z" "-v" "/var/lib/crater-agent-workspace/builds/worker-4-tc2/source:/opt/rustwide/workdir:ro,Z" "-v" "/var/lib/crater-agent-workspace/cargo-home:/opt/rustwide/cargo-home:ro,Z" "-v" "/var/lib/crater-agent-workspace/rustup-home:/opt/rustwide/rustup-home:ro,Z" "-e" "SOURCE_DIR=/opt/rustwide/workdir" "-e" "CARGO_TARGET_DIR=/opt/rustwide/target" "-e" "CARGO_INCREMENTAL=0" "-e" "RUST_BACKTRACE=full" "-e" "RUSTFLAGS=--cap-lints=warn" "-e" "RUSTDOCFLAGS=--cap-lints=warn" "-e" "CARGO_HOME=/opt/rustwide/cargo-home" "-e" "RUSTUP_HOME=/opt/rustwide/rustup-home" "-w" "/opt/rustwide/workdir" "-m" "1610612736" "--user" "0:0" "--network" "none" "ghcr.io/rust-lang/crates-build-env/linux@sha256:2788e3201cd34a07e3172128adcd8b3090168a8e3bcc40d7c032b9dda1df7d1c" "/opt/rustwide/cargo-home/bin/cargo" "+beta-2023-12-22" "test" "--frozen", kill_on_drop: false }`
[INFO] [stdout] b6b5a4307852693de43db41e3a361fddeefd2b9b8ab546ef96d1c1bb002bb4ef
[INFO] running `Command { std: "docker" "start" "-a" "b6b5a4307852693de43db41e3a361fddeefd2b9b8ab546ef96d1c1bb002bb4ef", kill_on_drop: false }`
[INFO] [stderr]     Finished test [unoptimized + debuginfo] target(s) in 0.03s
[INFO] [stderr]      Running unittests src/lib.rs (/opt/rustwide/target/debug/deps/tonic_buf_build-2d35e2e6ca80479f)
[INFO] [stdout] 
[INFO] [stdout] running 0 tests
[INFO] [stdout] 
[INFO] [stdout] test result: ok. 0 passed; 0 failed; 0 ignored; 0 measured; 0 filtered out; finished in 0.00s
[INFO] [stdout] 
[INFO] [stderr]    Doc-tests tonic-buf-build
[INFO] [stdout] 
[INFO] [stdout] running 1 test
[INFO] [stdout] test src/lib.rs - (line 17) ... FAILED
[INFO] [stdout] 
[INFO] [stdout] failures:
[INFO] [stdout] 
[INFO] [stdout] ---- src/lib.rs - (line 17) stdout ----
[INFO] [stdout] Test executable failed (exit status: 1).
[INFO] [stdout] 
[INFO] [stdout] stderr:
[INFO] [stdout] Error: TonicBufBuildError { message: "failed to read buf.yaml", cause: Some(Os { code: 2, kind: NotFound, message: "No such file or directory" }) }
[INFO] [stdout] 
[INFO] [stdout] 
[INFO] [stdout] 
[INFO] [stdout] failures:
[INFO] [stdout]     src/lib.rs - (line 17)
[INFO] [stdout] 
[INFO] [stdout] test result: FAILED. 0 passed; 1 failed; 0 ignored; 0 measured; 0 filtered out; finished in 1.43s
[INFO] [stdout] 
[INFO] [stderr] error: doctest failed, to rerun pass `--doc`
[INFO] running `Command { std: "docker" "inspect" "b6b5a4307852693de43db41e3a361fddeefd2b9b8ab546ef96d1c1bb002bb4ef", kill_on_drop: false }`
[INFO] running `Command { std: "docker" "rm" "-f" "b6b5a4307852693de43db41e3a361fddeefd2b9b8ab546ef96d1c1bb002bb4ef", kill_on_drop: false }`
[INFO] [stdout] b6b5a4307852693de43db41e3a361fddeefd2b9b8ab546ef96d1c1bb002bb4ef
