[INFO] fetching crate tokio-easy-timer 0.1.1...
[INFO] testing tokio-easy-timer-0.1.1 against 1.75.0 for beta-1.76-1
[INFO] extracting crate tokio-easy-timer 0.1.1 into /workspace/builds/worker-4-tc1/source
[INFO] validating manifest of crates.io crate tokio-easy-timer 0.1.1 on toolchain 1.75.0
[INFO] running `Command { std: CARGO_HOME="/workspace/cargo-home" RUSTUP_HOME="/workspace/rustup-home" "/workspace/cargo-home/bin/cargo" "+1.75.0" "metadata" "--manifest-path" "Cargo.toml" "--no-deps", kill_on_drop: false }`
[INFO] started tweaking crates.io crate tokio-easy-timer 0.1.1
[INFO] finished tweaking crates.io crate tokio-easy-timer 0.1.1
[INFO] tweaked toml for crates.io crate tokio-easy-timer 0.1.1 written to /workspace/builds/worker-4-tc1/source/Cargo.toml
[INFO] crate crates.io crate tokio-easy-timer 0.1.1 already has a lockfile, it will not be regenerated
[INFO] running `Command { std: CARGO_HOME="/workspace/cargo-home" RUSTUP_HOME="/workspace/rustup-home" "/workspace/cargo-home/bin/cargo" "+1.75.0" "fetch" "--manifest-path" "Cargo.toml", kill_on_drop: false }`
[INFO] [stderr]     Updating crates.io index
[INFO] [stderr]  Downloading crates ...
[INFO] [stderr]   Downloaded serde_derive v1.0.142
[INFO] [stderr]   Downloaded teloxide-macros v0.6.3
[INFO] [stderr]   Downloaded serde v1.0.142
[INFO] [stderr]   Downloaded teloxide v0.10.1
[INFO] [stderr]   Downloaded teloxide-core v0.7.0
[INFO] [stderr]   Downloaded aquamarine v0.1.11
[INFO] running `Command { std: "docker" "create" "-v" "/var/lib/crater-agent-workspace/builds/worker-4-tc1/target:/opt/rustwide/target:rw,Z" "-v" "/var/lib/crater-agent-workspace/builds/worker-4-tc1/source:/opt/rustwide/workdir:ro,Z" "-v" "/var/lib/crater-agent-workspace/cargo-home:/opt/rustwide/cargo-home:ro,Z" "-v" "/var/lib/crater-agent-workspace/rustup-home:/opt/rustwide/rustup-home:ro,Z" "-e" "SOURCE_DIR=/opt/rustwide/workdir" "-e" "CARGO_TARGET_DIR=/opt/rustwide/target" "-e" "CARGO_HOME=/opt/rustwide/cargo-home" "-e" "RUSTUP_HOME=/opt/rustwide/rustup-home" "-w" "/opt/rustwide/workdir" "-m" "1610612736" "--user" "0:0" "--network" "none" "ghcr.io/rust-lang/crates-build-env/linux@sha256:2788e3201cd34a07e3172128adcd8b3090168a8e3bcc40d7c032b9dda1df7d1c" "/opt/rustwide/cargo-home/bin/cargo" "+1.75.0" "metadata" "--no-deps" "--format-version=1", kill_on_drop: false }`
[INFO] [stdout] 4adfe8f8d58513107f43e6ac84edc37108e4f2a9ffc3c9deb5174c7bc7bece09
[INFO] running `Command { std: "docker" "start" "-a" "4adfe8f8d58513107f43e6ac84edc37108e4f2a9ffc3c9deb5174c7bc7bece09", kill_on_drop: false }`
[INFO] running `Command { std: "docker" "inspect" "4adfe8f8d58513107f43e6ac84edc37108e4f2a9ffc3c9deb5174c7bc7bece09", kill_on_drop: false }`
[INFO] running `Command { std: "docker" "rm" "-f" "4adfe8f8d58513107f43e6ac84edc37108e4f2a9ffc3c9deb5174c7bc7bece09", kill_on_drop: false }`
[INFO] [stdout] 4adfe8f8d58513107f43e6ac84edc37108e4f2a9ffc3c9deb5174c7bc7bece09
[INFO] running `Command { std: "docker" "create" "-v" "/var/lib/crater-agent-workspace/builds/worker-4-tc1/target:/opt/rustwide/target:rw,Z" "-v" "/var/lib/crater-agent-workspace/builds/worker-4-tc1/source:/opt/rustwide/workdir:ro,Z" "-v" "/var/lib/crater-agent-workspace/cargo-home:/opt/rustwide/cargo-home:ro,Z" "-v" "/var/lib/crater-agent-workspace/rustup-home:/opt/rustwide/rustup-home:ro,Z" "-e" "SOURCE_DIR=/opt/rustwide/workdir" "-e" "CARGO_TARGET_DIR=/opt/rustwide/target" "-e" "CARGO_INCREMENTAL=0" "-e" "RUST_BACKTRACE=full" "-e" "RUSTFLAGS=--cap-lints=warn" "-e" "RUSTDOCFLAGS=--cap-lints=warn" "-e" "CARGO_HOME=/opt/rustwide/cargo-home" "-e" "RUSTUP_HOME=/opt/rustwide/rustup-home" "-w" "/opt/rustwide/workdir" "-m" "1610612736" "--user" "0:0" "--network" "none" "ghcr.io/rust-lang/crates-build-env/linux@sha256:2788e3201cd34a07e3172128adcd8b3090168a8e3bcc40d7c032b9dda1df7d1c" "/opt/rustwide/cargo-home/bin/cargo" "+1.75.0" "build" "--frozen" "--message-format=json", kill_on_drop: false }`
[INFO] [stdout] 4de2c931accbd70fe57a317a643586a941e581da4e1394f0be140fbeff6761df
[INFO] running `Command { std: "docker" "start" "-a" "4de2c931accbd70fe57a317a643586a941e581da4e1394f0be140fbeff6761df", kill_on_drop: false }`
[INFO] [stderr]    Compiling libc v0.2.126
[INFO] [stderr]    Compiling proc-macro2 v1.0.42
[INFO] [stderr]    Compiling num-traits v0.2.15
[INFO] [stderr]    Compiling quote v1.0.20
[INFO] [stderr]    Compiling unicode-ident v1.0.2
[INFO] [stderr]    Compiling num-integer v0.1.45
[INFO] [stderr]    Compiling memchr v2.5.0
[INFO] [stderr]    Compiling syn v1.0.98
[INFO] [stderr]    Compiling lock_api v0.4.7
[INFO] [stderr]    Compiling parking_lot_core v0.9.3
[INFO] [stderr]    Compiling tokio v1.20.1
[INFO] [stderr]    Compiling smallvec v1.9.0
[INFO] [stderr]    Compiling once_cell v1.13.0
[INFO] [stderr]    Compiling pin-project-lite v0.2.9
[INFO] [stderr]    Compiling nom v7.1.1
[INFO] [stderr]    Compiling time v0.1.44
[INFO] [stderr]    Compiling num_cpus v1.13.1
[INFO] [stderr]    Compiling parking_lot v0.12.1
[INFO] [stderr]    Compiling chrono v0.4.19
[INFO] [stderr]    Compiling cron v0.11.0
[INFO] [stderr]    Compiling tokio-macros v1.8.0
[INFO] [stderr]    Compiling tokio-easy-timer v0.1.1 (/opt/rustwide/workdir)
[INFO] [stdout] warning: unused import: `AsyncJob`
[INFO] [stdout]  --> src/job.rs:7:27
[INFO] [stdout]   |
[INFO] [stdout] 7 | pub use self::async_job::{AsyncJob, AsyncJobBuilder};
[INFO] [stdout]   |                           ^^^^^^^^
[INFO] [stdout]   |
[INFO] [stdout]   = note: `#[warn(unused_imports)]` on by default
[INFO] [stdout] 
[INFO] [stdout] 
[INFO] [stdout] warning: unused import: `SyncJob`
[INFO] [stdout]   --> src/job.rs:10:26
[INFO] [stdout]    |
[INFO] [stdout] 10 | pub use self::sync_job::{SyncJob, SyncJobBuilder};
[INFO] [stdout]    |                          ^^^^^^^
[INFO] [stdout] 
[INFO] [stdout] 
[INFO] [stdout] warning: 2 warnings emitted
[INFO] [stdout] 
[INFO] [stdout] 
[INFO] [stderr]     Finished dev [unoptimized + debuginfo] target(s) in 4.38s
[INFO] running `Command { std: "docker" "inspect" "4de2c931accbd70fe57a317a643586a941e581da4e1394f0be140fbeff6761df", kill_on_drop: false }`
[INFO] running `Command { std: "docker" "rm" "-f" "4de2c931accbd70fe57a317a643586a941e581da4e1394f0be140fbeff6761df", kill_on_drop: false }`
[INFO] [stdout] 4de2c931accbd70fe57a317a643586a941e581da4e1394f0be140fbeff6761df
[INFO] running `Command { std: "docker" "create" "-v" "/var/lib/crater-agent-workspace/builds/worker-4-tc1/target:/opt/rustwide/target:rw,Z" "-v" "/var/lib/crater-agent-workspace/builds/worker-4-tc1/source:/opt/rustwide/workdir:ro,Z" "-v" "/var/lib/crater-agent-workspace/cargo-home:/opt/rustwide/cargo-home:ro,Z" "-v" "/var/lib/crater-agent-workspace/rustup-home:/opt/rustwide/rustup-home:ro,Z" "-e" "SOURCE_DIR=/opt/rustwide/workdir" "-e" "CARGO_TARGET_DIR=/opt/rustwide/target" "-e" "CARGO_INCREMENTAL=0" "-e" "RUST_BACKTRACE=full" "-e" "RUSTFLAGS=--cap-lints=warn" "-e" "RUSTDOCFLAGS=--cap-lints=warn" "-e" "CARGO_HOME=/opt/rustwide/cargo-home" "-e" "RUSTUP_HOME=/opt/rustwide/rustup-home" "-w" "/opt/rustwide/workdir" "-m" "1610612736" "--user" "0:0" "--network" "none" "ghcr.io/rust-lang/crates-build-env/linux@sha256:2788e3201cd34a07e3172128adcd8b3090168a8e3bcc40d7c032b9dda1df7d1c" "/opt/rustwide/cargo-home/bin/cargo" "+1.75.0" "test" "--frozen" "--no-run" "--message-format=json", kill_on_drop: false }`
[INFO] [stdout] cc1a76ddf782748a18ac46a2a0d2628aa71b19ec921d29e197310fdeed2b836c
[INFO] running `Command { std: "docker" "start" "-a" "cc1a76ddf782748a18ac46a2a0d2628aa71b19ec921d29e197310fdeed2b836c", kill_on_drop: false }`
[INFO] [stderr]    Compiling syn v1.0.98
[INFO] [stderr]    Compiling memchr v2.5.0
[INFO] [stderr]    Compiling log v0.4.17
[INFO] [stderr]    Compiling futures-core v0.3.21
[INFO] [stderr]    Compiling bytes v1.2.1
[INFO] [stderr]    Compiling slab v0.4.7
[INFO] [stderr]    Compiling tokio v1.20.1
[INFO] [stderr]    Compiling futures-sink v0.3.21
[INFO] [stderr]    Compiling cc v1.0.73
[INFO] [stderr]    Compiling futures-task v0.3.21
[INFO] [stderr]    Compiling futures-channel v0.3.21
[INFO] [stderr]    Compiling pkg-config v0.3.25
[INFO] [stderr]    Compiling futures-util v0.3.21
[INFO] [stderr]    Compiling futures-io v0.3.21
[INFO] [stderr]    Compiling signal-hook-registry v1.4.0
[INFO] [stderr]    Compiling socket2 v0.4.4
[INFO] [stderr]    Compiling itoa v1.0.3
[INFO] [stderr]    Compiling serde_derive v1.0.142
[INFO] [stderr]    Compiling unicase v2.6.0
[INFO] [stderr]    Compiling tracing-core v0.1.29
[INFO] [stderr]    Compiling indexmap v1.9.1
[INFO] [stderr]    Compiling serde v1.0.142
[INFO] [stderr]    Compiling mio v0.8.4
[INFO] [stderr]    Compiling openssl v0.10.41
[INFO] [stderr]    Compiling foreign-types-shared v0.1.1
[INFO] [stderr]    Compiling foreign-types v0.3.2
[INFO] [stderr]    Compiling http v0.2.8
[INFO] [stderr]    Compiling native-tls v0.2.10
[INFO] [stderr]    Compiling tinyvec_macros v0.1.0
[INFO] [stderr]    Compiling httparse v1.7.1
[INFO] [stderr]    Compiling matches v0.1.9
[INFO] [stderr]    Compiling tinyvec v1.6.0
[INFO] [stderr]    Compiling openssl-probe v0.1.5
[INFO] [stderr]    Compiling try-lock v0.2.3
[INFO] [stderr]    Compiling percent-encoding v2.1.0
[INFO] [stderr]    Compiling erasable v1.2.1
[INFO] [stderr]    Compiling tracing v0.1.36
[INFO] [stderr]    Compiling want v0.3.0
[INFO] [stderr]    Compiling mime_guess v2.0.4
[INFO] [stderr]    Compiling form_urlencoded v1.0.1
[INFO] [stderr]    Compiling encoding_rs v0.8.31
[INFO] [stderr]    Compiling unicode-bidi v0.3.8
[INFO] [stderr]    Compiling serde_json v1.0.83
[INFO] [stderr]    Compiling ryu v1.0.11
[INFO] [stderr]    Compiling httpdate v1.0.2
[INFO] [stderr]    Compiling mime v0.3.16
[INFO] [stderr]    Compiling proc-macro-error-attr v1.0.4
[INFO] [stderr]    Compiling getrandom v0.2.7
[INFO] [stderr]    Compiling base64 v0.13.0
[INFO] [stderr]    Compiling either v1.7.0
[INFO] [stderr]    Compiling openssl-sys v0.9.75
[INFO] [stderr]    Compiling ipnet v2.5.0
[INFO] [stderr]    Compiling nom v7.1.1
[INFO] [stderr]    Compiling rc-box v1.2.0
[INFO] [stderr]    Compiling itertools v0.9.0
[INFO] [stderr]    Compiling uuid v1.1.2
[INFO] [stderr]    Compiling takecell v0.1.1
[INFO] [stderr]    Compiling never v0.1.0
[INFO] [stderr]    Compiling http-body v0.4.5
[INFO] [stderr]    Compiling take_mut v0.2.2
[INFO] [stderr]    Compiling heck v0.4.0
[INFO] [stderr]    Compiling dotenv v0.15.0
[INFO] [stderr]    Compiling unicode-normalization v0.1.21
[INFO] [stderr]    Compiling idna v0.2.3
[INFO] [stderr]    Compiling cron v0.11.0
[INFO] [stderr]    Compiling darling_core v0.13.4
[INFO] [stderr]    Compiling proc-macro-error v1.0.4
[INFO] [stderr]    Compiling tokio-macros v1.8.0
[INFO] [stderr]    Compiling futures-macro v0.3.21
[INFO] [stderr]    Compiling openssl-macros v0.1.0
[INFO] [stderr]    Compiling thiserror-impl v1.0.32
[INFO] [stderr]    Compiling pin-project-internal v1.0.11
[INFO] [stderr]    Compiling derive_more v0.99.17
[INFO] [stderr]    Compiling teloxide-macros v0.6.3
[INFO] [stderr]    Compiling aquamarine v0.1.11
[INFO] [stderr]    Compiling darling_macro v0.13.4
[INFO] [stderr]    Compiling pin-project v1.0.11
[INFO] [stderr]    Compiling thiserror v1.0.32
[INFO] [stderr]    Compiling darling v0.13.4
[INFO] [stderr]    Compiling serde_with_macros v1.5.2
[INFO] [stderr]    Compiling futures-executor v0.3.21
[INFO] [stderr]    Compiling futures v0.3.21
[INFO] [stderr]    Compiling dptree v0.3.0
[INFO] [stderr]    Compiling tokio-util v0.7.3
[INFO] [stderr]    Compiling tokio-native-tls v0.3.0
[INFO] [stderr]    Compiling tokio-stream v0.1.9
[INFO] [stderr]    Compiling tokio-easy-timer v0.1.1 (/opt/rustwide/workdir)
[INFO] [stdout] warning: unused import: `AsyncJob`
[INFO] [stdout]  --> src/job.rs:7:27
[INFO] [stdout]   |
[INFO] [stdout] 7 | pub use self::async_job::{AsyncJob, AsyncJobBuilder};
[INFO] [stdout]   |                           ^^^^^^^^
[INFO] [stdout]   |
[INFO] [stdout]   = note: `#[warn(unused_imports)]` on by default
[INFO] [stdout] 
[INFO] [stdout] 
[INFO] [stdout] warning: unused import: `SyncJob`
[INFO] [stdout]   --> src/job.rs:10:26
[INFO] [stdout]    |
[INFO] [stdout] 10 | pub use self::sync_job::{SyncJob, SyncJobBuilder};
[INFO] [stdout]    |                          ^^^^^^^
[INFO] [stdout] 
[INFO] [stdout] 
[INFO] [stderr]    Compiling h2 v0.3.13
[INFO] [stdout] warning: 2 warnings emitted
[INFO] [stdout] 
[INFO] [stdout] 
[INFO] [stderr]    Compiling serde_urlencoded v0.7.1
[INFO] [stderr]    Compiling url v2.2.2
[INFO] [stderr]    Compiling hyper v0.14.20
[INFO] [stderr]    Compiling hyper-tls v0.5.0
[INFO] [stderr]    Compiling reqwest v0.11.11
[INFO] [stderr]    Compiling teloxide-core v0.7.0
[INFO] [stderr]    Compiling teloxide v0.10.1
[INFO] [stdout] warning: unused import: `AsyncJob`
[INFO] [stdout]  --> src/job.rs:7:27
[INFO] [stdout]   |
[INFO] [stdout] 7 | pub use self::async_job::{AsyncJob, AsyncJobBuilder};
[INFO] [stdout]   |                           ^^^^^^^^
[INFO] [stdout]   |
[INFO] [stdout]   = note: `#[warn(unused_imports)]` on by default
[INFO] [stdout] 
[INFO] [stdout] 
[INFO] [stdout] warning: unused import: `SyncJob`
[INFO] [stdout]   --> src/job.rs:10:26
[INFO] [stdout]    |
[INFO] [stdout] 10 | pub use self::sync_job::{SyncJob, SyncJobBuilder};
[INFO] [stdout]    |                          ^^^^^^^
[INFO] [stdout] 
[INFO] [stdout] 
[INFO] [stdout] warning: 2 warnings emitted
[INFO] [stdout] 
[INFO] [stdout] 
[INFO] [stderr]     Finished test [unoptimized + debuginfo] target(s) in 24.81s
[INFO] running `Command { std: "docker" "inspect" "cc1a76ddf782748a18ac46a2a0d2628aa71b19ec921d29e197310fdeed2b836c", kill_on_drop: false }`
[INFO] running `Command { std: "docker" "rm" "-f" "cc1a76ddf782748a18ac46a2a0d2628aa71b19ec921d29e197310fdeed2b836c", kill_on_drop: false }`
[INFO] [stdout] cc1a76ddf782748a18ac46a2a0d2628aa71b19ec921d29e197310fdeed2b836c
[INFO] running `Command { std: "docker" "create" "-v" "/var/lib/crater-agent-workspace/builds/worker-4-tc1/target:/opt/rustwide/target:rw,Z" "-v" "/var/lib/crater-agent-workspace/builds/worker-4-tc1/source:/opt/rustwide/workdir:ro,Z" "-v" "/var/lib/crater-agent-workspace/cargo-home:/opt/rustwide/cargo-home:ro,Z" "-v" "/var/lib/crater-agent-workspace/rustup-home:/opt/rustwide/rustup-home:ro,Z" "-e" "SOURCE_DIR=/opt/rustwide/workdir" "-e" "CARGO_TARGET_DIR=/opt/rustwide/target" "-e" "CARGO_INCREMENTAL=0" "-e" "RUST_BACKTRACE=full" "-e" "RUSTFLAGS=--cap-lints=warn" "-e" "RUSTDOCFLAGS=--cap-lints=warn" "-e" "CARGO_HOME=/opt/rustwide/cargo-home" "-e" "RUSTUP_HOME=/opt/rustwide/rustup-home" "-w" "/opt/rustwide/workdir" "-m" "1610612736" "--user" "0:0" "--network" "none" "ghcr.io/rust-lang/crates-build-env/linux@sha256:2788e3201cd34a07e3172128adcd8b3090168a8e3bcc40d7c032b9dda1df7d1c" "/opt/rustwide/cargo-home/bin/cargo" "+1.75.0" "test" "--frozen", kill_on_drop: false }`
[INFO] [stdout] 41aae3de990fd8dffcf55cf104e81357cf6417ee710c9ccbe2a2c575f6dec49a
[INFO] running `Command { std: "docker" "start" "-a" "41aae3de990fd8dffcf55cf104e81357cf6417ee710c9ccbe2a2c575f6dec49a", kill_on_drop: false }`
[INFO] [stderr] warning: unused import: `AsyncJob`
[INFO] [stderr]  --> src/job.rs:7:27
[INFO] [stderr]   |
[INFO] [stderr] 7 | pub use self::async_job::{AsyncJob, AsyncJobBuilder};
[INFO] [stderr]   |                           ^^^^^^^^
[INFO] [stderr]   |
[INFO] [stderr]   = note: `#[warn(unused_imports)]` on by default
[INFO] [stderr] 
[INFO] [stderr] warning: unused import: `SyncJob`
[INFO] [stderr]   --> src/job.rs:10:26
[INFO] [stderr]    |
[INFO] [stderr] 10 | pub use self::sync_job::{SyncJob, SyncJobBuilder};
[INFO] [stderr]    |                          ^^^^^^^
[INFO] [stderr] 
[INFO] [stderr] warning: `tokio-easy-timer` (lib) generated 2 warnings (run `cargo fix --lib -p tokio-easy-timer` to apply 2 suggestions)
[INFO] [stderr] warning: `tokio-easy-timer` (lib test) generated 2 warnings (2 duplicates)
[INFO] [stderr]     Finished test [unoptimized + debuginfo] target(s) in 0.15s
[INFO] [stderr]      Running unittests src/lib.rs (/opt/rustwide/target/debug/deps/tokio_easy_timer-f50c49583d6739d9)
[INFO] [stdout] 
[INFO] [stdout] running 0 tests
[INFO] [stdout] 
[INFO] [stdout] test result: ok. 0 passed; 0 failed; 0 ignored; 0 measured; 0 filtered out; finished in 0.00s
[INFO] [stdout] 
[INFO] [stderr]    Doc-tests tokio-easy-timer
[INFO] [stdout] 
[INFO] [stdout] running 8 tests
[INFO] [stdout] test src/scheduler.rs - scheduler::Scheduler::new (line 23) ... FAILED
[INFO] [stdout] test src/interval.rs - interval::u32::days (line 120) ... FAILED
[INFO] [stdout] test src/interval.rs - interval::u32::hours (line 108) ... FAILED
[INFO] [stdout] test src/interval.rs - interval::u32::months (line 132) ... FAILED
[INFO] [stdout] test src/interval.rs - interval::u32::years (line 156) ... FAILED
[INFO] [stdout] test src/interval.rs - interval::u32::seconds (line 84) ... FAILED
[INFO] [stdout] test src/interval.rs - interval::u32::minutes (line 96) ... FAILED
[INFO] [stdout] test src/interval.rs - interval::u32::weeks (line 144) ... FAILED
[INFO] [stdout] 
[INFO] [stdout] failures:
[INFO] [stdout] 
[INFO] [stdout] ---- src/scheduler.rs - scheduler::Scheduler::new (line 23) stdout ----
[INFO] [stdout] error[E0433]: failed to resolve: use of undeclared type `Scheduler`
[INFO] [stdout]  --> src/scheduler.rs:24:9
[INFO] [stdout]   |
[INFO] [stdout] 3 | let s = Scheduler::new();
[INFO] [stdout]   |         ^^^^^^^^^ use of undeclared type `Scheduler`
[INFO] [stdout]   |
[INFO] [stdout] help: consider importing this struct
[INFO] [stdout]   |
[INFO] [stdout] 2 + use tokio_easy_timer::Scheduler;
[INFO] [stdout]   |
[INFO] [stdout] 
[INFO] [stdout] error: aborting due to previous error
[INFO] [stdout] 
[INFO] [stdout] For more information about this error, try `rustc --explain E0433`.
[INFO] [stdout] Couldn't compile the test.
[INFO] [stdout] ---- src/interval.rs - interval::u32::days (line 120) stdout ----
[INFO] [stdout] error[E0433]: failed to resolve: use of undeclared type `Interval`
[INFO] [stdout]  --> src/interval.rs:122:15
[INFO] [stdout]   |
[INFO] [stdout] 4 | assert_eq!(a, Interval::Days(1));
[INFO] [stdout]   |               ^^^^^^^^ use of undeclared type `Interval`
[INFO] [stdout]   |
[INFO] [stdout] help: consider importing one of these items
[INFO] [stdout]   |
[INFO] [stdout] 2 + use tokio::time::Interval;
[INFO] [stdout]   |
[INFO] [stdout] 2 + use tokio_easy_timer::prelude::Interval;
[INFO] [stdout]   |
[INFO] [stdout] 
[INFO] [stdout] error[E0689]: can't call method `days` on ambiguous numeric type `{integer}`
[INFO] [stdout]  --> src/interval.rs:121:11
[INFO] [stdout]   |
[INFO] [stdout] 3 | let a = 1.days();
[INFO] [stdout]   |           ^^^^
[INFO] [stdout]   |
[INFO] [stdout] help: you must specify a concrete type for this numeric value, like `i32`
[INFO] [stdout]   |
[INFO] [stdout] 3 | let a = 1_i32.days();
[INFO] [stdout]   |         ~~~~~
[INFO] [stdout] 
[INFO] [stdout] error: aborting due to 2 previous errors
[INFO] [stdout] 
[INFO] [stdout] Some errors have detailed explanations: E0433, E0689.
[INFO] [stdout] For more information about an error, try `rustc --explain E0433`.
[INFO] [stdout] Couldn't compile the test.
[INFO] [stdout] ---- src/interval.rs - interval::u32::hours (line 108) stdout ----
[INFO] [stdout] error[E0433]: failed to resolve: use of undeclared type `Interval`
[INFO] [stdout]  --> src/interval.rs:110:15
[INFO] [stdout]   |
[INFO] [stdout] 4 | assert_eq!(a, Interval::Hours(1));
[INFO] [stdout]   |               ^^^^^^^^ use of undeclared type `Interval`
[INFO] [stdout]   |
[INFO] [stdout] help: consider importing one of these items
[INFO] [stdout]   |
[INFO] [stdout] 2 + use tokio::time::Interval;
[INFO] [stdout]   |
[INFO] [stdout] 2 + use tokio_easy_timer::prelude::Interval;
[INFO] [stdout]   |
[INFO] [stdout] 
[INFO] [stdout] error[E0689]: can't call method `hours` on ambiguous numeric type `{integer}`
[INFO] [stdout]  --> src/interval.rs:109:11
[INFO] [stdout]   |
[INFO] [stdout] 3 | let a = 1.hours();
[INFO] [stdout]   |           ^^^^^
[INFO] [stdout]   |
[INFO] [stdout] help: you must specify a concrete type for this numeric value, like `i32`
[INFO] [stdout]   |
[INFO] [stdout] 3 | let a = 1_i32.hours();
[INFO] [stdout]   |         ~~~~~
[INFO] [stdout] 
[INFO] [stdout] error: aborting due to 2 previous errors
[INFO] [stdout] 
[INFO] [stdout] Some errors have detailed explanations: E0433, E0689.
[INFO] [stdout] For more information about an error, try `rustc --explain E0433`.
[INFO] [stdout] Couldn't compile the test.
[INFO] [stdout] ---- src/interval.rs - interval::u32::months (line 132) stdout ----
[INFO] [stdout] error[E0433]: failed to resolve: use of undeclared type `Interval`
[INFO] [stdout]  --> src/interval.rs:134:15
[INFO] [stdout]   |
[INFO] [stdout] 4 | assert_eq!(a, Interval::Months(1));
[INFO] [stdout]   |               ^^^^^^^^ use of undeclared type `Interval`
[INFO] [stdout]   |
[INFO] [stdout] help: consider importing one of these items
[INFO] [stdout]   |
[INFO] [stdout] 2 + use tokio::time::Interval;
[INFO] [stdout]   |
[INFO] [stdout] 2 + use tokio_easy_timer::prelude::Interval;
[INFO] [stdout]   |
[INFO] [stdout] 
[INFO] [stdout] error[E0689]: can't call method `months` on ambiguous numeric type `{integer}`
[INFO] [stdout]  --> src/interval.rs:133:11
[INFO] [stdout]   |
[INFO] [stdout] 3 | let a = 1.months();
[INFO] [stdout]   |           ^^^^^^
[INFO] [stdout]   |
[INFO] [stdout] help: you must specify a concrete type for this numeric value, like `i32`
[INFO] [stdout]   |
[INFO] [stdout] 3 | let a = 1_i32.months();
[INFO] [stdout]   |         ~~~~~
[INFO] [stdout] 
[INFO] [stdout] error: aborting due to 2 previous errors
[INFO] [stdout] 
[INFO] [stdout] Some errors have detailed explanations: E0433, E0689.
[INFO] [stdout] For more information about an error, try `rustc --explain E0433`.
[INFO] [stdout] Couldn't compile the test.
[INFO] [stdout] ---- src/interval.rs - interval::u32::years (line 156) stdout ----
[INFO] [stdout] error[E0433]: failed to resolve: use of undeclared type `Interval`
[INFO] [stdout]  --> src/interval.rs:158:15
[INFO] [stdout]   |
[INFO] [stdout] 4 | assert_eq!(a, Interval::Years(1));
[INFO] [stdout]   |               ^^^^^^^^ use of undeclared type `Interval`
[INFO] [stdout]   |
[INFO] [stdout] help: consider importing one of these items
[INFO] [stdout]   |
[INFO] [stdout] 2 + use tokio::time::Interval;
[INFO] [stdout]   |
[INFO] [stdout] 2 + use tokio_easy_timer::prelude::Interval;
[INFO] [stdout]   |
[INFO] [stdout] 
[INFO] [stdout] error[E0689]: can't call method `years` on ambiguous numeric type `{integer}`
[INFO] [stdout]  --> src/interval.rs:157:11
[INFO] [stdout]   |
[INFO] [stdout] 3 | let a = 1.years();
[INFO] [stdout]   |           ^^^^^
[INFO] [stdout]   |
[INFO] [stdout] help: you must specify a concrete type for this numeric value, like `i32`
[INFO] [stdout]   |
[INFO] [stdout] 3 | let a = 1_i32.years();
[INFO] [stdout]   |         ~~~~~
[INFO] [stdout] 
[INFO] [stdout] error: aborting due to 2 previous errors
[INFO] [stdout] 
[INFO] [stdout] Some errors have detailed explanations: E0433, E0689.
[INFO] [stdout] For more information about an error, try `rustc --explain E0433`.
[INFO] [stdout] Couldn't compile the test.
[INFO] [stdout] ---- src/interval.rs - interval::u32::seconds (line 84) stdout ----
[INFO] [stdout] error[E0433]: failed to resolve: use of undeclared type `Interval`
[INFO] [stdout]  --> src/interval.rs:86:15
[INFO] [stdout]   |
[INFO] [stdout] 4 | assert_eq!(a, Interval::Seconds(1));
[INFO] [stdout]   |               ^^^^^^^^ use of undeclared type `Interval`
[INFO] [stdout]   |
[INFO] [stdout] help: consider importing one of these items
[INFO] [stdout]   |
[INFO] [stdout] 2 + use tokio::time::Interval;
[INFO] [stdout]   |
[INFO] [stdout] 2 + use tokio_easy_timer::prelude::Interval;
[INFO] [stdout]   |
[INFO] [stdout] 
[INFO] [stdout] error[E0689]: can't call method `seconds` on ambiguous numeric type `{integer}`
[INFO] [stdout]  --> src/interval.rs:85:11
[INFO] [stdout]   |
[INFO] [stdout] 3 | let a = 1.seconds();
[INFO] [stdout]   |           ^^^^^^^
[INFO] [stdout]   |
[INFO] [stdout] help: you must specify a concrete type for this numeric value, like `i32`
[INFO] [stdout]   |
[INFO] [stdout] 3 | let a = 1_i32.seconds();
[INFO] [stdout]   |         ~~~~~
[INFO] [stdout] 
[INFO] [stdout] error: aborting due to 2 previous errors
[INFO] [stdout] 
[INFO] [stdout] Some errors have detailed explanations: E0433, E0689.
[INFO] [stdout] For more information about an error, try `rustc --explain E0433`.
[INFO] [stdout] Couldn't compile the test.
[INFO] [stdout] ---- src/interval.rs - interval::u32::minutes (line 96) stdout ----
[INFO] [stdout] error[E0433]: failed to resolve: use of undeclared type `Interval`
[INFO] [stdout]  --> src/interval.rs:98:15
[INFO] [stdout]   |
[INFO] [stdout] 4 | assert_eq!(a, Interval::Minutes(1));
[INFO] [stdout]   |               ^^^^^^^^ use of undeclared type `Interval`
[INFO] [stdout]   |
[INFO] [stdout] help: consider importing one of these items
[INFO] [stdout]   |
[INFO] [stdout] 2 + use tokio::time::Interval;
[INFO] [stdout]   |
[INFO] [stdout] 2 + use tokio_easy_timer::prelude::Interval;
[INFO] [stdout]   |
[INFO] [stdout] 
[INFO] [stdout] error[E0689]: can't call method `minutes` on ambiguous numeric type `{integer}`
[INFO] [stdout]  --> src/interval.rs:97:11
[INFO] [stdout]   |
[INFO] [stdout] 3 | let a = 1.minutes();
[INFO] [stdout]   |           ^^^^^^^
[INFO] [stdout]   |
[INFO] [stdout] help: you must specify a concrete type for this numeric value, like `i32`
[INFO] [stdout]   |
[INFO] [stdout] 3 | let a = 1_i32.minutes();
[INFO] [stdout]   |         ~~~~~
[INFO] [stdout] 
[INFO] [stdout] error: aborting due to 2 previous errors
[INFO] [stdout] 
[INFO] [stdout] Some errors have detailed explanations: E0433, E0689.
[INFO] [stdout] For more information about an error, try `rustc --explain E0433`.
[INFO] [stdout] Couldn't compile the test.
[INFO] [stdout] ---- src/interval.rs - interval::u32::weeks (line 144) stdout ----
[INFO] [stdout] error[E0433]: failed to resolve: use of undeclared type `Interval`
[INFO] [stdout]  --> src/interval.rs:146:15
[INFO] [stdout]   |
[INFO] [stdout] 4 | assert_eq!(a, Interval::Weeks(1));
[INFO] [stdout]   |               ^^^^^^^^ use of undeclared type `Interval`
[INFO] [stdout]   |
[INFO] [stdout] help: consider importing one of these items
[INFO] [stdout]   |
[INFO] [stdout] 2 + use tokio::time::Interval;
[INFO] [stdout]   |
[INFO] [stdout] 2 + use tokio_easy_timer::prelude::Interval;
[INFO] [stdout]   |
[INFO] [stdout] 
[INFO] [stdout] error[E0689]: can't call method `weeks` on ambiguous numeric type `{integer}`
[INFO] [stdout]  --> src/interval.rs:145:11
[INFO] [stdout]   |
[INFO] [stdout] 3 | let a = 1.weeks();
[INFO] [stdout]   |           ^^^^^
[INFO] [stdout]   |
[INFO] [stdout] help: you must specify a concrete type for this numeric value, like `i32`
[INFO] [stdout]   |
[INFO] [stdout] 3 | let a = 1_i32.weeks();
[INFO] [stdout]   |         ~~~~~
[INFO] [stdout] 
[INFO] [stdout] error: aborting due to 2 previous errors
[INFO] [stdout] 
[INFO] [stdout] Some errors have detailed explanations: E0433, E0689.
[INFO] [stdout] For more information about an error, try `rustc --explain E0433`.
[INFO] [stdout] Couldn't compile the test.
[INFO] [stdout] 
[INFO] [stdout] failures:
[INFO] [stdout]     src/interval.rs - interval::u32::days (line 120)
[INFO] [stdout]     src/interval.rs - interval::u32::hours (line 108)
[INFO] [stdout]     src/interval.rs - interval::u32::minutes (line 96)
[INFO] [stdout]     src/interval.rs - interval::u32::months (line 132)
[INFO] [stdout]     src/interval.rs - interval::u32::seconds (line 84)
[INFO] [stdout]     src/interval.rs - interval::u32::weeks (line 144)
[INFO] [stdout]     src/interval.rs - interval::u32::years (line 156)
[INFO] [stdout]     src/scheduler.rs - scheduler::Scheduler::new (line 23)
[INFO] [stdout] 
[INFO] [stdout] test result: FAILED. 0 passed; 8 failed; 0 ignored; 0 measured; 0 filtered out; finished in 0.12s
[INFO] [stdout] 
[INFO] [stderr] error: doctest failed, to rerun pass `--doc`
[INFO] running `Command { std: "docker" "inspect" "41aae3de990fd8dffcf55cf104e81357cf6417ee710c9ccbe2a2c575f6dec49a", kill_on_drop: false }`
[INFO] running `Command { std: "docker" "rm" "-f" "41aae3de990fd8dffcf55cf104e81357cf6417ee710c9ccbe2a2c575f6dec49a", kill_on_drop: false }`
[INFO] [stdout] 41aae3de990fd8dffcf55cf104e81357cf6417ee710c9ccbe2a2c575f6dec49a
[INFO] testing tokio-easy-timer-0.1.1 against beta-2023-12-22 for beta-1.76-1
[INFO] extracting crate tokio-easy-timer 0.1.1 into /workspace/builds/worker-4-tc2/source
[INFO] validating manifest of crates.io crate tokio-easy-timer 0.1.1 on toolchain beta-2023-12-22
[INFO] running `Command { std: CARGO_HOME="/workspace/cargo-home" RUSTUP_HOME="/workspace/rustup-home" "/workspace/cargo-home/bin/cargo" "+beta-2023-12-22" "metadata" "--manifest-path" "Cargo.toml" "--no-deps", kill_on_drop: false }`
[INFO] started tweaking crates.io crate tokio-easy-timer 0.1.1
[INFO] finished tweaking crates.io crate tokio-easy-timer 0.1.1
[INFO] tweaked toml for crates.io crate tokio-easy-timer 0.1.1 written to /workspace/builds/worker-4-tc2/source/Cargo.toml
[INFO] crate crates.io crate tokio-easy-timer 0.1.1 already has a lockfile, it will not be regenerated
[INFO] running `Command { std: CARGO_HOME="/workspace/cargo-home" RUSTUP_HOME="/workspace/rustup-home" "/workspace/cargo-home/bin/cargo" "+beta-2023-12-22" "fetch" "--manifest-path" "Cargo.toml", kill_on_drop: false }`
[INFO] running `Command { std: "docker" "create" "-v" "/var/lib/crater-agent-workspace/builds/worker-4-tc2/target:/opt/rustwide/target:rw,Z" "-v" "/var/lib/crater-agent-workspace/builds/worker-4-tc2/source:/opt/rustwide/workdir:ro,Z" "-v" "/var/lib/crater-agent-workspace/cargo-home:/opt/rustwide/cargo-home:ro,Z" "-v" "/var/lib/crater-agent-workspace/rustup-home:/opt/rustwide/rustup-home:ro,Z" "-e" "SOURCE_DIR=/opt/rustwide/workdir" "-e" "CARGO_TARGET_DIR=/opt/rustwide/target" "-e" "CARGO_HOME=/opt/rustwide/cargo-home" "-e" "RUSTUP_HOME=/opt/rustwide/rustup-home" "-w" "/opt/rustwide/workdir" "-m" "1610612736" "--user" "0:0" "--network" "none" "ghcr.io/rust-lang/crates-build-env/linux@sha256:2788e3201cd34a07e3172128adcd8b3090168a8e3bcc40d7c032b9dda1df7d1c" "/opt/rustwide/cargo-home/bin/cargo" "+beta-2023-12-22" "metadata" "--no-deps" "--format-version=1", kill_on_drop: false }`
[INFO] [stdout] 39051266d4495758d663395bdf861d4e453b27f1d629c04f4faa9cbee637338d
[INFO] running `Command { std: "docker" "start" "-a" "39051266d4495758d663395bdf861d4e453b27f1d629c04f4faa9cbee637338d", kill_on_drop: false }`
[INFO] running `Command { std: "docker" "inspect" "39051266d4495758d663395bdf861d4e453b27f1d629c04f4faa9cbee637338d", kill_on_drop: false }`
[INFO] running `Command { std: "docker" "rm" "-f" "39051266d4495758d663395bdf861d4e453b27f1d629c04f4faa9cbee637338d", kill_on_drop: false }`
[INFO] [stdout] 39051266d4495758d663395bdf861d4e453b27f1d629c04f4faa9cbee637338d
[INFO] running `Command { std: "docker" "create" "-v" "/var/lib/crater-agent-workspace/builds/worker-4-tc2/target:/opt/rustwide/target:rw,Z" "-v" "/var/lib/crater-agent-workspace/builds/worker-4-tc2/source:/opt/rustwide/workdir:ro,Z" "-v" "/var/lib/crater-agent-workspace/cargo-home:/opt/rustwide/cargo-home:ro,Z" "-v" "/var/lib/crater-agent-workspace/rustup-home:/opt/rustwide/rustup-home:ro,Z" "-e" "SOURCE_DIR=/opt/rustwide/workdir" "-e" "CARGO_TARGET_DIR=/opt/rustwide/target" "-e" "CARGO_INCREMENTAL=0" "-e" "RUST_BACKTRACE=full" "-e" "RUSTFLAGS=--cap-lints=warn" "-e" "RUSTDOCFLAGS=--cap-lints=warn" "-e" "CARGO_HOME=/opt/rustwide/cargo-home" "-e" "RUSTUP_HOME=/opt/rustwide/rustup-home" "-w" "/opt/rustwide/workdir" "-m" "1610612736" "--user" "0:0" "--network" "none" "ghcr.io/rust-lang/crates-build-env/linux@sha256:2788e3201cd34a07e3172128adcd8b3090168a8e3bcc40d7c032b9dda1df7d1c" "/opt/rustwide/cargo-home/bin/cargo" "+beta-2023-12-22" "build" "--frozen" "--message-format=json", kill_on_drop: false }`
[INFO] [stdout] ca8d7806d3f84a23cb3c0246bf51042ad25ebca9b60c2fd4b5027c60cca64530
[INFO] running `Command { std: "docker" "start" "-a" "ca8d7806d3f84a23cb3c0246bf51042ad25ebca9b60c2fd4b5027c60cca64530", kill_on_drop: false }`
[INFO] [stderr]    Compiling libc v0.2.126
[INFO] [stderr]    Compiling proc-macro2 v1.0.42
[INFO] [stderr]    Compiling num-traits v0.2.15
[INFO] [stderr]    Compiling unicode-ident v1.0.2
[INFO] [stderr]    Compiling quote v1.0.20
[INFO] [stderr]    Compiling num-integer v0.1.45
[INFO] [stderr]    Compiling syn v1.0.98
[INFO] [stderr]    Compiling memchr v2.5.0
[INFO] [stderr]    Compiling lock_api v0.4.7
[INFO] [stderr]    Compiling parking_lot_core v0.9.3
[INFO] [stderr]    Compiling tokio v1.20.1
[INFO] [stderr]    Compiling once_cell v1.13.0
[INFO] [stderr]    Compiling smallvec v1.9.0
[INFO] [stderr]    Compiling pin-project-lite v0.2.9
[INFO] [stderr]    Compiling nom v7.1.1
[INFO] [stderr]    Compiling time v0.1.44
[INFO] [stderr]    Compiling num_cpus v1.13.1
[INFO] [stderr]    Compiling parking_lot v0.12.1
[INFO] [stderr]    Compiling chrono v0.4.19
[INFO] [stderr]    Compiling cron v0.11.0
[INFO] [stderr]    Compiling tokio-macros v1.8.0
[INFO] [stderr]    Compiling tokio-easy-timer v0.1.1 (/opt/rustwide/workdir)
[INFO] [stdout] warning: unused import: `AsyncJob`
[INFO] [stdout]  --> src/job.rs:7:27
[INFO] [stdout]   |
[INFO] [stdout] 7 | pub use self::async_job::{AsyncJob, AsyncJobBuilder};
[INFO] [stdout]   |                           ^^^^^^^^
[INFO] [stdout]   |
[INFO] [stdout]   = note: `#[warn(unused_imports)]` on by default
[INFO] [stdout] 
[INFO] [stdout] 
[INFO] [stdout] warning: unused import: `SyncJob`
[INFO] [stdout]   --> src/job.rs:10:26
[INFO] [stdout]    |
[INFO] [stdout] 10 | pub use self::sync_job::{SyncJob, SyncJobBuilder};
[INFO] [stdout]    |                          ^^^^^^^
[INFO] [stdout] 
[INFO] [stdout] 
[INFO] [stdout] warning: 2 warnings emitted
[INFO] [stdout] 
[INFO] [stdout] 
[INFO] [stderr]     Finished dev [unoptimized + debuginfo] target(s) in 5.22s
[INFO] running `Command { std: "docker" "inspect" "ca8d7806d3f84a23cb3c0246bf51042ad25ebca9b60c2fd4b5027c60cca64530", kill_on_drop: false }`
[INFO] running `Command { std: "docker" "rm" "-f" "ca8d7806d3f84a23cb3c0246bf51042ad25ebca9b60c2fd4b5027c60cca64530", kill_on_drop: false }`
[INFO] [stdout] ca8d7806d3f84a23cb3c0246bf51042ad25ebca9b60c2fd4b5027c60cca64530
[INFO] running `Command { std: "docker" "create" "-v" "/var/lib/crater-agent-workspace/builds/worker-4-tc2/target:/opt/rustwide/target:rw,Z" "-v" "/var/lib/crater-agent-workspace/builds/worker-4-tc2/source:/opt/rustwide/workdir:ro,Z" "-v" "/var/lib/crater-agent-workspace/cargo-home:/opt/rustwide/cargo-home:ro,Z" "-v" "/var/lib/crater-agent-workspace/rustup-home:/opt/rustwide/rustup-home:ro,Z" "-e" "SOURCE_DIR=/opt/rustwide/workdir" "-e" "CARGO_TARGET_DIR=/opt/rustwide/target" "-e" "CARGO_INCREMENTAL=0" "-e" "RUST_BACKTRACE=full" "-e" "RUSTFLAGS=--cap-lints=warn" "-e" "RUSTDOCFLAGS=--cap-lints=warn" "-e" "CARGO_HOME=/opt/rustwide/cargo-home" "-e" "RUSTUP_HOME=/opt/rustwide/rustup-home" "-w" "/opt/rustwide/workdir" "-m" "1610612736" "--user" "0:0" "--network" "none" "ghcr.io/rust-lang/crates-build-env/linux@sha256:2788e3201cd34a07e3172128adcd8b3090168a8e3bcc40d7c032b9dda1df7d1c" "/opt/rustwide/cargo-home/bin/cargo" "+beta-2023-12-22" "test" "--frozen" "--no-run" "--message-format=json", kill_on_drop: false }`
[INFO] [stdout] 9e2a32f489fe1e43d90cb568772aeea6a50cef41b0c701eca2d5393b448a9892
[INFO] running `Command { std: "docker" "start" "-a" "9e2a32f489fe1e43d90cb568772aeea6a50cef41b0c701eca2d5393b448a9892", kill_on_drop: false }`
[INFO] [stderr]    Compiling syn v1.0.98
[INFO] [stderr]    Compiling memchr v2.5.0
[INFO] [stderr]    Compiling log v0.4.17
[INFO] [stderr]    Compiling futures-core v0.3.21
[INFO] [stderr]    Compiling bytes v1.2.1
[INFO] [stderr]    Compiling slab v0.4.7
[INFO] [stderr]    Compiling tokio v1.20.1
[INFO] [stderr]    Compiling cc v1.0.73
[INFO] [stderr]    Compiling futures-channel v0.3.21
[INFO] [stderr]    Compiling futures-sink v0.3.21
[INFO] [stderr]    Compiling pkg-config v0.3.25
[INFO] [stderr]    Compiling futures-task v0.3.21
[INFO] [stderr]    Compiling futures-util v0.3.21
[INFO] [stderr]    Compiling futures-io v0.3.21
[INFO] [stderr]    Compiling socket2 v0.4.4
[INFO] [stderr]    Compiling signal-hook-registry v1.4.0
[INFO] [stderr]    Compiling itoa v1.0.3
[INFO] [stderr]    Compiling serde_derive v1.0.142
[INFO] [stderr]    Compiling unicase v2.6.0
[INFO] [stderr]    Compiling tracing-core v0.1.29
[INFO] [stderr]    Compiling indexmap v1.9.1
[INFO] [stderr]    Compiling foreign-types-shared v0.1.1
[INFO] [stderr]    Compiling mio v0.8.4
[INFO] [stderr]    Compiling serde v1.0.142
[INFO] [stderr]    Compiling openssl v0.10.41
[INFO] [stderr]    Compiling foreign-types v0.3.2
[INFO] [stderr]    Compiling http v0.2.8
[INFO] [stderr]    Compiling matches v0.1.9
[INFO] [stderr]    Compiling tinyvec_macros v0.1.0
[INFO] [stderr]    Compiling native-tls v0.2.10
[INFO] [stderr]    Compiling httparse v1.7.1
[INFO] [stderr]    Compiling tinyvec v1.6.0
[INFO] [stderr]    Compiling try-lock v0.2.3
[INFO] [stderr]    Compiling openssl-probe v0.1.5
[INFO] [stderr]    Compiling percent-encoding v2.1.0
[INFO] [stderr]    Compiling want v0.3.0
[INFO] [stderr]    Compiling erasable v1.2.1
[INFO] [stderr]    Compiling tracing v0.1.36
[INFO] [stderr]    Compiling form_urlencoded v1.0.1
[INFO] [stderr]    Compiling unicode-bidi v0.3.8
[INFO] [stderr]    Compiling encoding_rs v0.8.31
[INFO] [stderr]    Compiling ryu v1.0.11
[INFO] [stderr]    Compiling mime_guess v2.0.4
[INFO] [stderr]    Compiling httpdate v1.0.2
[INFO] [stderr]    Compiling tower-service v0.3.2
[INFO] [stderr]    Compiling serde_json v1.0.83
[INFO] [stderr]    Compiling mime v0.3.16
[INFO] [stderr]    Compiling proc-macro-error-attr v1.0.4
[INFO] [stderr]    Compiling getrandom v0.2.7
[INFO] [stderr]    Compiling openssl-sys v0.9.75
[INFO] [stderr]    Compiling ipnet v2.5.0
[INFO] [stderr]    Compiling base64 v0.13.0
[INFO] [stderr]    Compiling either v1.7.0
[INFO] [stderr]    Compiling rc-box v1.2.0
[INFO] [stderr]    Compiling uuid v1.1.2
[INFO] [stderr]    Compiling http-body v0.4.5
[INFO] [stderr]    Compiling nom v7.1.1
[INFO] [stderr]    Compiling heck v0.4.0
[INFO] [stderr]    Compiling itertools v0.9.0
[INFO] [stderr]    Compiling unicode-normalization v0.1.21
[INFO] [stderr]    Compiling takecell v0.1.1
[INFO] [stderr]    Compiling take_mut v0.2.2
[INFO] [stderr]    Compiling never v0.1.0
[INFO] [stderr]    Compiling dotenv v0.15.0
[INFO] [stderr]    Compiling idna v0.2.3
[INFO] [stderr]    Compiling cron v0.11.0
[INFO] [stderr]    Compiling darling_core v0.13.4
[INFO] [stderr]    Compiling proc-macro-error v1.0.4
[INFO] [stderr]    Compiling tokio-macros v1.8.0
[INFO] [stderr]    Compiling futures-macro v0.3.21
[INFO] [stderr]    Compiling openssl-macros v0.1.0
[INFO] [stderr]    Compiling thiserror-impl v1.0.32
[INFO] [stderr]    Compiling pin-project-internal v1.0.11
[INFO] [stderr]    Compiling derive_more v0.99.17
[INFO] [stderr]    Compiling aquamarine v0.1.11
[INFO] [stderr]    Compiling teloxide-macros v0.6.3
[INFO] [stderr]    Compiling darling_macro v0.13.4
[INFO] [stderr]    Compiling thiserror v1.0.32
[INFO] [stderr]    Compiling pin-project v1.0.11
[INFO] [stderr]    Compiling darling v0.13.4
[INFO] [stderr]    Compiling serde_with_macros v1.5.2
[INFO] [stderr]    Compiling futures-executor v0.3.21
[INFO] [stderr]    Compiling futures v0.3.21
[INFO] [stderr]    Compiling dptree v0.3.0
[INFO] [stderr]    Compiling tokio-util v0.7.3
[INFO] [stderr]    Compiling tokio-native-tls v0.3.0
[INFO] [stderr]    Compiling tokio-stream v0.1.9
[INFO] [stderr]    Compiling tokio-easy-timer v0.1.1 (/opt/rustwide/workdir)
[INFO] [stdout] warning: unused import: `AsyncJob`
[INFO] [stdout]  --> src/job.rs:7:27
[INFO] [stdout]   |
[INFO] [stdout] 7 | pub use self::async_job::{AsyncJob, AsyncJobBuilder};
[INFO] [stdout]   |                           ^^^^^^^^
[INFO] [stdout]   |
[INFO] [stdout]   = note: `#[warn(unused_imports)]` on by default
[INFO] [stdout] 
[INFO] [stdout] 
[INFO] [stdout] warning: unused import: `SyncJob`
[INFO] [stdout]   --> src/job.rs:10:26
[INFO] [stdout]    |
[INFO] [stdout] 10 | pub use self::sync_job::{SyncJob, SyncJobBuilder};
[INFO] [stdout]    |                          ^^^^^^^
[INFO] [stdout] 
[INFO] [stdout] 
[INFO] [stdout] warning: 2 warnings emitted
[INFO] [stdout] 
[INFO] [stdout] 
[INFO] [stderr]    Compiling h2 v0.3.13
[INFO] [stderr]    Compiling url v2.2.2
[INFO] [stderr]    Compiling serde_urlencoded v0.7.1
[INFO] [stderr]    Compiling hyper v0.14.20
[INFO] [stderr]    Compiling hyper-tls v0.5.0
[INFO] [stderr]    Compiling reqwest v0.11.11
[INFO] [stderr]    Compiling teloxide-core v0.7.0
[INFO] [stderr]    Compiling teloxide v0.10.1
[INFO] [stdout] warning: unused import: `AsyncJob`
[INFO] [stdout]  --> src/job.rs:7:27
[INFO] [stdout]   |
[INFO] [stdout] 7 | pub use self::async_job::{AsyncJob, AsyncJobBuilder};
[INFO] [stdout]   |                           ^^^^^^^^
[INFO] [stdout]   |
[INFO] [stdout]   = note: `#[warn(unused_imports)]` on by default
[INFO] [stdout] 
[INFO] [stdout] 
[INFO] [stdout] warning: unused import: `SyncJob`
[INFO] [stdout]   --> src/job.rs:10:26
[INFO] [stdout]    |
[INFO] [stdout] 10 | pub use self::sync_job::{SyncJob, SyncJobBuilder};
[INFO] [stdout]    |                          ^^^^^^^
[INFO] [stdout] 
[INFO] [stdout] 
[INFO] [stdout] warning: 2 warnings emitted
[INFO] [stdout] 
[INFO] [stdout] 
[INFO] [stderr]     Finished test [unoptimized + debuginfo] target(s) in 31.24s
[INFO] running `Command { std: "docker" "inspect" "9e2a32f489fe1e43d90cb568772aeea6a50cef41b0c701eca2d5393b448a9892", kill_on_drop: false }`
[INFO] running `Command { std: "docker" "rm" "-f" "9e2a32f489fe1e43d90cb568772aeea6a50cef41b0c701eca2d5393b448a9892", kill_on_drop: false }`
[INFO] [stdout] 9e2a32f489fe1e43d90cb568772aeea6a50cef41b0c701eca2d5393b448a9892
[INFO] running `Command { std: "docker" "create" "-v" "/var/lib/crater-agent-workspace/builds/worker-4-tc2/target:/opt/rustwide/target:rw,Z" "-v" "/var/lib/crater-agent-workspace/builds/worker-4-tc2/source:/opt/rustwide/workdir:ro,Z" "-v" "/var/lib/crater-agent-workspace/cargo-home:/opt/rustwide/cargo-home:ro,Z" "-v" "/var/lib/crater-agent-workspace/rustup-home:/opt/rustwide/rustup-home:ro,Z" "-e" "SOURCE_DIR=/opt/rustwide/workdir" "-e" "CARGO_TARGET_DIR=/opt/rustwide/target" "-e" "CARGO_INCREMENTAL=0" "-e" "RUST_BACKTRACE=full" "-e" "RUSTFLAGS=--cap-lints=warn" "-e" "RUSTDOCFLAGS=--cap-lints=warn" "-e" "CARGO_HOME=/opt/rustwide/cargo-home" "-e" "RUSTUP_HOME=/opt/rustwide/rustup-home" "-w" "/opt/rustwide/workdir" "-m" "1610612736" "--user" "0:0" "--network" "none" "ghcr.io/rust-lang/crates-build-env/linux@sha256:2788e3201cd34a07e3172128adcd8b3090168a8e3bcc40d7c032b9dda1df7d1c" "/opt/rustwide/cargo-home/bin/cargo" "+beta-2023-12-22" "test" "--frozen", kill_on_drop: false }`
[INFO] [stdout] 281f0638d98c35be0afaefbae440566e3cfa10f9c4051cc2a6141c3743e6d4eb
[INFO] running `Command { std: "docker" "start" "-a" "281f0638d98c35be0afaefbae440566e3cfa10f9c4051cc2a6141c3743e6d4eb", kill_on_drop: false }`
[INFO] [stderr] warning: unused import: `AsyncJob`
[INFO] [stderr]  --> src/job.rs:7:27
[INFO] [stderr]   |
[INFO] [stderr] 7 | pub use self::async_job::{AsyncJob, AsyncJobBuilder};
[INFO] [stderr]   |                           ^^^^^^^^
[INFO] [stderr]   |
[INFO] [stderr]   = note: `#[warn(unused_imports)]` on by default
[INFO] [stderr] 
[INFO] [stderr] warning: unused import: `SyncJob`
[INFO] [stderr]   --> src/job.rs:10:26
[INFO] [stderr]    |
[INFO] [stderr] 10 | pub use self::sync_job::{SyncJob, SyncJobBuilder};
[INFO] [stderr]    |                          ^^^^^^^
[INFO] [stderr] 
[INFO] [stderr] warning: `tokio-easy-timer` (lib) generated 2 warnings (run `cargo fix --lib -p tokio-easy-timer` to apply 2 suggestions)
[INFO] [stderr] warning: `tokio-easy-timer` (lib test) generated 2 warnings (2 duplicates)
[INFO] [stdout] 
[INFO] [stderr]     Finished test [unoptimized + debuginfo] target(s) in 0.26s
[INFO] [stdout] running 0 tests
[INFO] [stderr]      Running unittests src/lib.rs (/opt/rustwide/target/debug/deps/tokio_easy_timer-5bb7ab3422ef0f7f)
[INFO] [stdout] 
[INFO] [stdout] test result: ok. 0 passed; 0 failed; 0 ignored; 0 measured; 0 filtered out; finished in 0.00s
[INFO] [stdout] 
[INFO] [stderr]    Doc-tests tokio-easy-timer
[INFO] [stdout] 
[INFO] [stdout] running 8 tests
[INFO] [stdout] test src/interval.rs - interval::u32::minutes (line 96) ... FAILED
[INFO] [stdout] test src/interval.rs - interval::u32::seconds (line 84) ... FAILED
[INFO] [stdout] test src/scheduler.rs - scheduler::Scheduler::new (line 23) ... FAILED
[INFO] [stdout] test src/interval.rs - interval::u32::weeks (line 144) ... FAILED
[INFO] [stdout] test src/interval.rs - interval::u32::hours (line 108) ... FAILED
[INFO] [stdout] test src/interval.rs - interval::u32::months (line 132) ... FAILED
[INFO] [stdout] test src/interval.rs - interval::u32::days (line 120) ... FAILED
[INFO] [stdout] test src/interval.rs - interval::u32::years (line 156) ... FAILED
[INFO] [stdout] 
[INFO] [stdout] failures:
[INFO] [stdout] 
[INFO] [stdout] ---- src/interval.rs - interval::u32::minutes (line 96) stdout ----
[INFO] [stdout] error[E0433]: failed to resolve: use of undeclared type `Interval`
[INFO] [stdout]  --> src/interval.rs:98:15
[INFO] [stdout]   |
[INFO] [stdout] 4 | assert_eq!(a, Interval::Minutes(1));
[INFO] [stdout]   |               ^^^^^^^^ use of undeclared type `Interval`
[INFO] [stdout]   |
[INFO] [stdout] help: consider importing one of these items
[INFO] [stdout]   |
[INFO] [stdout] 2 + use tokio::time::Interval;
[INFO] [stdout]   |
[INFO] [stdout] 2 + use tokio_easy_timer::prelude::Interval;
[INFO] [stdout]   |
[INFO] [stdout] 
[INFO] [stdout] error[E0689]: can't call method `minutes` on ambiguous numeric type `{integer}`
[INFO] [stdout]  --> src/interval.rs:97:11
[INFO] [stdout]   |
[INFO] [stdout] 3 | let a = 1.minutes();
[INFO] [stdout]   |           ^^^^^^^
[INFO] [stdout]   |
[INFO] [stdout] help: you must specify a concrete type for this numeric value, like `i32`
[INFO] [stdout]   |
[INFO] [stdout] 3 | let a = 1_i32.minutes();
[INFO] [stdout]   |         ~~~~~
[INFO] [stdout] 
[INFO] [stdout] error: aborting due to 2 previous errors
[INFO] [stdout] 
[INFO] [stdout] Some errors have detailed explanations: E0433, E0689.
[INFO] [stdout] For more information about an error, try `rustc --explain E0433`.
[INFO] [stdout] Couldn't compile the test.
[INFO] [stdout] ---- src/interval.rs - interval::u32::seconds (line 84) stdout ----
[INFO] [stdout] error[E0433]: failed to resolve: use of undeclared type `Interval`
[INFO] [stdout]  --> src/interval.rs:86:15
[INFO] [stdout]   |
[INFO] [stdout] 4 | assert_eq!(a, Interval::Seconds(1));
[INFO] [stdout]   |               ^^^^^^^^ use of undeclared type `Interval`
[INFO] [stdout]   |
[INFO] [stdout] help: consider importing one of these items
[INFO] [stdout]   |
[INFO] [stdout] 2 + use tokio::time::Interval;
[INFO] [stdout]   |
[INFO] [stdout] 2 + use tokio_easy_timer::prelude::Interval;
[INFO] [stdout]   |
[INFO] [stdout] 
[INFO] [stdout] error[E0689]: can't call method `seconds` on ambiguous numeric type `{integer}`
[INFO] [stdout]  --> src/interval.rs:85:11
[INFO] [stdout]   |
[INFO] [stdout] 3 | let a = 1.seconds();
[INFO] [stdout]   |           ^^^^^^^
[INFO] [stdout]   |
[INFO] [stdout] help: you must specify a concrete type for this numeric value, like `i32`
[INFO] [stdout]   |
[INFO] [stdout] 3 | let a = 1_i32.seconds();
[INFO] [stdout]   |         ~~~~~
[INFO] [stdout] 
[INFO] [stdout] error: aborting due to 2 previous errors
[INFO] [stdout] 
[INFO] [stdout] Some errors have detailed explanations: E0433, E0689.
[INFO] [stdout] For more information about an error, try `rustc --explain E0433`.
[INFO] [stdout] Couldn't compile the test.
[INFO] [stdout] ---- src/scheduler.rs - scheduler::Scheduler::new (line 23) stdout ----
[INFO] [stdout] error[E0433]: failed to resolve: use of undeclared type `Scheduler`
[INFO] [stdout]  --> src/scheduler.rs:24:9
[INFO] [stdout]   |
[INFO] [stdout] 3 | let s = Scheduler::new();
[INFO] [stdout]   |         ^^^^^^^^^ use of undeclared type `Scheduler`
[INFO] [stdout]   |
[INFO] [stdout] help: consider importing this struct
[INFO] [stdout]   |
[INFO] [stdout] 2 + use tokio_easy_timer::Scheduler;
[INFO] [stdout]   |
[INFO] [stdout] 
[INFO] [stdout] error: aborting due to 1 previous error
[INFO] [stdout] 
[INFO] [stdout] For more information about this error, try `rustc --explain E0433`.
[INFO] [stdout] Couldn't compile the test.
[INFO] [stdout] ---- src/interval.rs - interval::u32::weeks (line 144) stdout ----
[INFO] [stdout] error[E0433]: failed to resolve: use of undeclared type `Interval`
[INFO] [stdout]  --> src/interval.rs:146:15
[INFO] [stdout]   |
[INFO] [stdout] 4 | assert_eq!(a, Interval::Weeks(1));
[INFO] [stdout]   |               ^^^^^^^^ use of undeclared type `Interval`
[INFO] [stdout]   |
[INFO] [stdout] help: consider importing one of these items
[INFO] [stdout]   |
[INFO] [stdout] 2 + use tokio::time::Interval;
[INFO] [stdout]   |
[INFO] [stdout] 2 + use tokio_easy_timer::prelude::Interval;
[INFO] [stdout]   |
[INFO] [stdout] 
[INFO] [stdout] error[E0689]: can't call method `weeks` on ambiguous numeric type `{integer}`
[INFO] [stdout]  --> src/interval.rs:145:11
[INFO] [stdout]   |
[INFO] [stdout] 3 | let a = 1.weeks();
[INFO] [stdout]   |           ^^^^^
[INFO] [stdout]   |
[INFO] [stdout] help: you must specify a concrete type for this numeric value, like `i32`
[INFO] [stdout]   |
[INFO] [stdout] 3 | let a = 1_i32.weeks();
[INFO] [stdout]   |         ~~~~~
[INFO] [stdout] 
[INFO] [stdout] error: aborting due to 2 previous errors
[INFO] [stdout] 
[INFO] [stdout] Some errors have detailed explanations: E0433, E0689.
[INFO] [stdout] For more information about an error, try `rustc --explain E0433`.
[INFO] [stdout] Couldn't compile the test.
[INFO] [stdout] ---- src/interval.rs - interval::u32::hours (line 108) stdout ----
[INFO] [stdout] error[E0433]: failed to resolve: use of undeclared type `Interval`
[INFO] [stdout]  --> src/interval.rs:110:15
[INFO] [stdout]   |
[INFO] [stdout] 4 | assert_eq!(a, Interval::Hours(1));
[INFO] [stdout]   |               ^^^^^^^^ use of undeclared type `Interval`
[INFO] [stdout]   |
[INFO] [stdout] help: consider importing one of these items
[INFO] [stdout]   |
[INFO] [stdout] 2 + use tokio::time::Interval;
[INFO] [stdout]   |
[INFO] [stdout] 2 + use tokio_easy_timer::prelude::Interval;
[INFO] [stdout]   |
[INFO] [stdout] 
[INFO] [stdout] error[E0689]: can't call method `hours` on ambiguous numeric type `{integer}`
[INFO] [stdout]  --> src/interval.rs:109:11
[INFO] [stdout]   |
[INFO] [stdout] 3 | let a = 1.hours();
[INFO] [stdout]   |           ^^^^^
[INFO] [stdout]   |
[INFO] [stdout] help: you must specify a concrete type for this numeric value, like `i32`
[INFO] [stdout]   |
[INFO] [stdout] 3 | let a = 1_i32.hours();
[INFO] [stdout]   |         ~~~~~
[INFO] [stdout] 
[INFO] [stdout] error: aborting due to 2 previous errors
[INFO] [stdout] 
[INFO] [stdout] Some errors have detailed explanations: E0433, E0689.
[INFO] [stdout] For more information about an error, try `rustc --explain E0433`.
[INFO] [stdout] Couldn't compile the test.
[INFO] [stdout] ---- src/interval.rs - interval::u32::months (line 132) stdout ----
[INFO] [stdout] error[E0433]: failed to resolve: use of undeclared type `Interval`
[INFO] [stdout]  --> src/interval.rs:134:15
[INFO] [stdout]   |
[INFO] [stdout] 4 | assert_eq!(a, Interval::Months(1));
[INFO] [stdout]   |               ^^^^^^^^ use of undeclared type `Interval`
[INFO] [stdout]   |
[INFO] [stdout] help: consider importing one of these items
[INFO] [stdout]   |
[INFO] [stdout] 2 + use tokio::time::Interval;
[INFO] [stdout]   |
[INFO] [stdout] 2 + use tokio_easy_timer::prelude::Interval;
[INFO] [stdout]   |
[INFO] [stdout] 
[INFO] [stdout] error[E0689]: can't call method `months` on ambiguous numeric type `{integer}`
[INFO] [stdout]  --> src/interval.rs:133:11
[INFO] [stdout]   |
[INFO] [stdout] 3 | let a = 1.months();
[INFO] [stdout]   |           ^^^^^^
[INFO] [stdout]   |
[INFO] [stdout] help: you must specify a concrete type for this numeric value, like `i32`
[INFO] [stdout]   |
[INFO] [stdout] 3 | let a = 1_i32.months();
[INFO] [stdout]   |         ~~~~~
[INFO] [stdout] 
[INFO] [stdout] error: aborting due to 2 previous errors
[INFO] [stdout] 
[INFO] [stdout] Some errors have detailed explanations: E0433, E0689.
[INFO] [stdout] For more information about an error, try `rustc --explain E0433`.
[INFO] [stdout] Couldn't compile the test.
[INFO] [stdout] ---- src/interval.rs - interval::u32::days (line 120) stdout ----
[INFO] [stdout] error[E0433]: failed to resolve: use of undeclared type `Interval`
[INFO] [stdout]  --> src/interval.rs:122:15
[INFO] [stdout]   |
[INFO] [stdout] 4 | assert_eq!(a, Interval::Days(1));
[INFO] [stdout]   |               ^^^^^^^^ use of undeclared type `Interval`
[INFO] [stdout]   |
[INFO] [stdout] help: consider importing one of these items
[INFO] [stdout]   |
[INFO] [stdout] 2 + use tokio::time::Interval;
[INFO] [stdout]   |
[INFO] [stdout] 2 + use tokio_easy_timer::prelude::Interval;
[INFO] [stdout]   |
[INFO] [stdout] 
[INFO] [stdout] error[E0689]: can't call method `days` on ambiguous numeric type `{integer}`
[INFO] [stdout]  --> src/interval.rs:121:11
[INFO] [stdout]   |
[INFO] [stdout] 3 | let a = 1.days();
[INFO] [stdout]   |           ^^^^
[INFO] [stdout]   |
[INFO] [stdout] help: you must specify a concrete type for this numeric value, like `i32`
[INFO] [stdout]   |
[INFO] [stdout] 3 | let a = 1_i32.days();
[INFO] [stdout]   |         ~~~~~
[INFO] [stdout] 
[INFO] [stdout] error: aborting due to 2 previous errors
[INFO] [stdout] 
[INFO] [stdout] Some errors have detailed explanations: E0433, E0689.
[INFO] [stdout] For more information about an error, try `rustc --explain E0433`.
[INFO] [stdout] Couldn't compile the test.
[INFO] [stdout] ---- src/interval.rs - interval::u32::years (line 156) stdout ----
[INFO] [stdout] error[E0433]: failed to resolve: use of undeclared type `Interval`
[INFO] [stdout]  --> src/interval.rs:158:15
[INFO] [stdout]   |
[INFO] [stdout] 4 | assert_eq!(a, Interval::Years(1));
[INFO] [stdout]   |               ^^^^^^^^ use of undeclared type `Interval`
[INFO] [stdout]   |
[INFO] [stdout] help: consider importing one of these items
[INFO] [stdout]   |
[INFO] [stdout] 2 + use tokio::time::Interval;
[INFO] [stdout]   |
[INFO] [stdout] 2 + use tokio_easy_timer::prelude::Interval;
[INFO] [stdout]   |
[INFO] [stdout] 
[INFO] [stdout] error[E0689]: can't call method `years` on ambiguous numeric type `{integer}`
[INFO] [stdout]  --> src/interval.rs:157:11
[INFO] [stdout]   |
[INFO] [stdout] 3 | let a = 1.years();
[INFO] [stdout]   |           ^^^^^
[INFO] [stdout]   |
[INFO] [stdout] help: you must specify a concrete type for this numeric value, like `i32`
[INFO] [stdout]   |
[INFO] [stdout] 3 | let a = 1_i32.years();
[INFO] [stdout]   |         ~~~~~
[INFO] [stdout] 
[INFO] [stdout] error: aborting due to 2 previous errors
[INFO] [stdout] 
[INFO] [stdout] Some errors have detailed explanations: E0433, E0689.
[INFO] [stdout] For more information about an error, try `rustc --explain E0433`.
[INFO] [stdout] Couldn't compile the test.
[INFO] [stdout] 
[INFO] [stdout] failures:
[INFO] [stdout]     src/interval.rs - interval::u32::days (line 120)
[INFO] [stdout]     src/interval.rs - interval::u32::hours (line 108)
[INFO] [stdout]     src/interval.rs - interval::u32::minutes (line 96)
[INFO] [stdout]     src/interval.rs - interval::u32::months (line 132)
[INFO] [stdout]     src/interval.rs - interval::u32::seconds (line 84)
[INFO] [stdout]     src/interval.rs - interval::u32::weeks (line 144)
[INFO] [stdout]     src/interval.rs - interval::u32::years (line 156)
[INFO] [stdout]     src/scheduler.rs - scheduler::Scheduler::new (line 23)
[INFO] [stdout] 
[INFO] [stdout] test result: FAILED. 0 passed; 8 failed; 0 ignored; 0 measured; 0 filtered out; finished in 0.12s
[INFO] [stdout] 
[INFO] [stderr] error: doctest failed, to rerun pass `--doc`
[INFO] running `Command { std: "docker" "inspect" "281f0638d98c35be0afaefbae440566e3cfa10f9c4051cc2a6141c3743e6d4eb", kill_on_drop: false }`
[INFO] running `Command { std: "docker" "rm" "-f" "281f0638d98c35be0afaefbae440566e3cfa10f9c4051cc2a6141c3743e6d4eb", kill_on_drop: false }`
[INFO] [stdout] 281f0638d98c35be0afaefbae440566e3cfa10f9c4051cc2a6141c3743e6d4eb
