[INFO] fetching crate tio 0.1.0...
[INFO] testing tio-0.1.0 against 1.75.0 for beta-1.76-1
[INFO] extracting crate tio 0.1.0 into /workspace/builds/worker-6-tc1/source
[INFO] validating manifest of crates.io crate tio 0.1.0 on toolchain 1.75.0
[INFO] running `Command { std: CARGO_HOME="/workspace/cargo-home" RUSTUP_HOME="/workspace/rustup-home" "/workspace/cargo-home/bin/cargo" "+1.75.0" "metadata" "--manifest-path" "Cargo.toml" "--no-deps", kill_on_drop: false }`
[INFO] started tweaking crates.io crate tio 0.1.0
[INFO] finished tweaking crates.io crate tio 0.1.0
[INFO] tweaked toml for crates.io crate tio 0.1.0 written to /workspace/builds/worker-6-tc1/source/Cargo.toml
[INFO] running `Command { std: CARGO_HOME="/workspace/cargo-home" RUSTUP_HOME="/workspace/rustup-home" "/workspace/cargo-home/bin/cargo" "+1.75.0" "generate-lockfile" "--manifest-path" "Cargo.toml", kill_on_drop: false }`
[INFO] [stderr]     Updating crates.io index
[INFO] running `Command { std: CARGO_HOME="/workspace/cargo-home" RUSTUP_HOME="/workspace/rustup-home" "/workspace/cargo-home/bin/cargo" "+1.75.0" "fetch" "--manifest-path" "Cargo.toml", kill_on_drop: false }`
[INFO] running `Command { std: "docker" "create" "-v" "/var/lib/crater-agent-workspace/builds/worker-6-tc1/target:/opt/rustwide/target:rw,Z" "-v" "/var/lib/crater-agent-workspace/builds/worker-6-tc1/source:/opt/rustwide/workdir:ro,Z" "-v" "/var/lib/crater-agent-workspace/cargo-home:/opt/rustwide/cargo-home:ro,Z" "-v" "/var/lib/crater-agent-workspace/rustup-home:/opt/rustwide/rustup-home:ro,Z" "-e" "SOURCE_DIR=/opt/rustwide/workdir" "-e" "CARGO_TARGET_DIR=/opt/rustwide/target" "-e" "CARGO_HOME=/opt/rustwide/cargo-home" "-e" "RUSTUP_HOME=/opt/rustwide/rustup-home" "-w" "/opt/rustwide/workdir" "-m" "1610612736" "--user" "0:0" "--network" "none" "ghcr.io/rust-lang/crates-build-env/linux@sha256:2788e3201cd34a07e3172128adcd8b3090168a8e3bcc40d7c032b9dda1df7d1c" "/opt/rustwide/cargo-home/bin/cargo" "+1.75.0" "metadata" "--no-deps" "--format-version=1", kill_on_drop: false }`
[INFO] [stdout] 002ef4b344c7c301a79b83982c8cdabee3d64ea824f63217ed257dccfbf6a10a
[INFO] running `Command { std: "docker" "start" "-a" "002ef4b344c7c301a79b83982c8cdabee3d64ea824f63217ed257dccfbf6a10a", kill_on_drop: false }`
[INFO] running `Command { std: "docker" "inspect" "002ef4b344c7c301a79b83982c8cdabee3d64ea824f63217ed257dccfbf6a10a", kill_on_drop: false }`
[INFO] running `Command { std: "docker" "rm" "-f" "002ef4b344c7c301a79b83982c8cdabee3d64ea824f63217ed257dccfbf6a10a", kill_on_drop: false }`
[INFO] [stdout] 002ef4b344c7c301a79b83982c8cdabee3d64ea824f63217ed257dccfbf6a10a
[INFO] running `Command { std: "docker" "create" "-v" "/var/lib/crater-agent-workspace/builds/worker-6-tc1/target:/opt/rustwide/target:rw,Z" "-v" "/var/lib/crater-agent-workspace/builds/worker-6-tc1/source:/opt/rustwide/workdir:ro,Z" "-v" "/var/lib/crater-agent-workspace/cargo-home:/opt/rustwide/cargo-home:ro,Z" "-v" "/var/lib/crater-agent-workspace/rustup-home:/opt/rustwide/rustup-home:ro,Z" "-e" "SOURCE_DIR=/opt/rustwide/workdir" "-e" "CARGO_TARGET_DIR=/opt/rustwide/target" "-e" "CARGO_INCREMENTAL=0" "-e" "RUST_BACKTRACE=full" "-e" "RUSTFLAGS=--cap-lints=warn" "-e" "RUSTDOCFLAGS=--cap-lints=warn" "-e" "CARGO_HOME=/opt/rustwide/cargo-home" "-e" "RUSTUP_HOME=/opt/rustwide/rustup-home" "-w" "/opt/rustwide/workdir" "-m" "1610612736" "--user" "0:0" "--network" "none" "ghcr.io/rust-lang/crates-build-env/linux@sha256:2788e3201cd34a07e3172128adcd8b3090168a8e3bcc40d7c032b9dda1df7d1c" "/opt/rustwide/cargo-home/bin/cargo" "+1.75.0" "build" "--frozen" "--message-format=json", kill_on_drop: false }`
[INFO] [stdout] 8aaebf35c7d23c09b8997a28cf38cd5c694868ef824bb40645ffc59af8137b2e
[INFO] running `Command { std: "docker" "start" "-a" "8aaebf35c7d23c09b8997a28cf38cd5c694868ef824bb40645ffc59af8137b2e", kill_on_drop: false }`
[INFO] [stderr]    Compiling autocfg v1.1.0
[INFO] [stderr]    Compiling maybe-uninit v2.0.0
[INFO] [stderr]    Compiling cfg-if v0.1.10
[INFO] [stderr]    Compiling libc v0.2.151
[INFO] [stderr]    Compiling futures-sink v0.3.30
[INFO] [stderr]    Compiling futures-core v0.3.30
[INFO] [stderr]    Compiling scopeguard v1.2.0
[INFO] [stderr]    Compiling futures-io v0.3.30
[INFO] [stderr]    Compiling futures-task v0.3.30
[INFO] [stderr]    Compiling pin-project-lite v0.2.13
[INFO] [stderr]    Compiling memchr v2.7.1
[INFO] [stderr]    Compiling futures-channel v0.3.30
[INFO] [stderr]    Compiling value-bag v1.4.3
[INFO] [stderr]    Compiling once_cell v1.19.0
[INFO] [stderr]    Compiling log v0.4.20
[INFO] [stderr]    Compiling crossbeam-utils v0.7.2
[INFO] [stderr]    Compiling memoffset v0.5.6
[INFO] [stderr]    Compiling slab v0.4.9
[INFO] [stderr]    Compiling crossbeam-epoch v0.8.2
[INFO] [stderr]    Compiling futures-util v0.3.30
[INFO] [stderr]    Compiling crossbeam-channel v0.4.4
[INFO] [stderr]    Compiling crossbeam-queue v0.2.3
[INFO] [stderr]    Compiling crossbeam-deque v0.7.4
[INFO] [stderr]    Compiling num_cpus v1.16.0
[INFO] [stderr]    Compiling async-task v1.3.1
[INFO] [stderr]    Compiling futures v0.3.30
[INFO] [stderr]    Compiling tio v0.1.0 (/opt/rustwide/workdir)
[INFO] [stderr]     Finished dev [unoptimized + debuginfo] target(s) in 2.67s
[INFO] running `Command { std: "docker" "inspect" "8aaebf35c7d23c09b8997a28cf38cd5c694868ef824bb40645ffc59af8137b2e", kill_on_drop: false }`
[INFO] running `Command { std: "docker" "rm" "-f" "8aaebf35c7d23c09b8997a28cf38cd5c694868ef824bb40645ffc59af8137b2e", kill_on_drop: false }`
[INFO] [stdout] 8aaebf35c7d23c09b8997a28cf38cd5c694868ef824bb40645ffc59af8137b2e
[INFO] running `Command { std: "docker" "create" "-v" "/var/lib/crater-agent-workspace/builds/worker-6-tc1/target:/opt/rustwide/target:rw,Z" "-v" "/var/lib/crater-agent-workspace/builds/worker-6-tc1/source:/opt/rustwide/workdir:ro,Z" "-v" "/var/lib/crater-agent-workspace/cargo-home:/opt/rustwide/cargo-home:ro,Z" "-v" "/var/lib/crater-agent-workspace/rustup-home:/opt/rustwide/rustup-home:ro,Z" "-e" "SOURCE_DIR=/opt/rustwide/workdir" "-e" "CARGO_TARGET_DIR=/opt/rustwide/target" "-e" "CARGO_INCREMENTAL=0" "-e" "RUST_BACKTRACE=full" "-e" "RUSTFLAGS=--cap-lints=warn" "-e" "RUSTDOCFLAGS=--cap-lints=warn" "-e" "CARGO_HOME=/opt/rustwide/cargo-home" "-e" "RUSTUP_HOME=/opt/rustwide/rustup-home" "-w" "/opt/rustwide/workdir" "-m" "1610612736" "--user" "0:0" "--network" "none" "ghcr.io/rust-lang/crates-build-env/linux@sha256:2788e3201cd34a07e3172128adcd8b3090168a8e3bcc40d7c032b9dda1df7d1c" "/opt/rustwide/cargo-home/bin/cargo" "+1.75.0" "test" "--frozen" "--no-run" "--message-format=json", kill_on_drop: false }`
[INFO] [stdout] 71e63be47ed9caf2527d7d485289dd9908f52f2338d61a6b0e7fdd4527119f9d
[INFO] running `Command { std: "docker" "start" "-a" "71e63be47ed9caf2527d7d485289dd9908f52f2338d61a6b0e7fdd4527119f9d", kill_on_drop: false }`
[INFO] [stderr]    Compiling crossbeam-utils v0.8.18
[INFO] [stderr]    Compiling parking v2.2.0
[INFO] [stderr]    Compiling fastrand v2.0.1
[INFO] [stderr]    Compiling rustix v0.38.28
[INFO] [stderr]    Compiling bitflags v2.4.1
[INFO] [stderr]    Compiling tracing-core v0.1.32
[INFO] [stderr]    Compiling linux-raw-sys v0.4.12
[INFO] [stderr]    Compiling io-lifetimes v1.0.11
[INFO] [stderr]    Compiling polling v2.8.0
[INFO] [stderr]    Compiling futures-lite v2.1.0
[INFO] [stderr]    Compiling event-listener v2.5.3
[INFO] [stderr]    Compiling tracing v0.1.40
[INFO] [stderr]    Compiling rustix v0.37.27
[INFO] [stderr]    Compiling async-io v1.13.0
[INFO] [stderr]    Compiling linux-raw-sys v0.3.8
[INFO] [stderr]    Compiling waker-fn v1.1.1
[INFO] [stderr]    Compiling atomic-waker v1.1.2
[INFO] [stderr]    Compiling fastrand v1.9.0
[INFO] [stderr]    Compiling async-task v4.7.0
[INFO] [stderr]    Compiling concurrent-queue v2.4.0
[INFO] [stderr]    Compiling event-listener v4.0.2
[INFO] [stderr]    Compiling futures-lite v1.13.0
[INFO] [stderr]    Compiling piper v0.2.1
[INFO] [stderr]    Compiling async-lock v2.8.0
[INFO] [stderr]    Compiling socket2 v0.4.10
[INFO] [stderr]    Compiling event-listener-strategy v0.4.0
[INFO] [stderr]    Compiling signal-hook-registry v1.4.1
[INFO] [stderr]    Compiling async-lock v3.2.0
[INFO] [stderr]    Compiling async-channel v2.1.1
[INFO] [stderr]    Compiling event-listener v3.1.0
[INFO] [stderr]    Compiling async-channel v1.9.0
[INFO] [stderr]    Compiling kv-log-macro v1.0.7
[INFO] [stderr]    Compiling async-executor v1.8.0
[INFO] [stderr]    Compiling blocking v1.5.1
[INFO] [stderr]    Compiling polling v3.3.1
[INFO] [stderr]    Compiling tempfile v3.9.0
[INFO] [stderr]    Compiling async-io v2.2.2
[INFO] [stderr]    Compiling async-signal v0.2.5
[INFO] [stderr]    Compiling async-global-executor v2.4.1
[INFO] [stderr]    Compiling async-process v1.8.1
[INFO] [stderr]    Compiling async-std v1.12.0
[INFO] [stderr]    Compiling tio v0.1.0 (/opt/rustwide/workdir)
[INFO] [stderr]     Finished test [unoptimized + debuginfo] target(s) in 6.46s
[INFO] running `Command { std: "docker" "inspect" "71e63be47ed9caf2527d7d485289dd9908f52f2338d61a6b0e7fdd4527119f9d", kill_on_drop: false }`
[INFO] running `Command { std: "docker" "rm" "-f" "71e63be47ed9caf2527d7d485289dd9908f52f2338d61a6b0e7fdd4527119f9d", kill_on_drop: false }`
[INFO] [stdout] 71e63be47ed9caf2527d7d485289dd9908f52f2338d61a6b0e7fdd4527119f9d
[INFO] running `Command { std: "docker" "create" "-v" "/var/lib/crater-agent-workspace/builds/worker-6-tc1/target:/opt/rustwide/target:rw,Z" "-v" "/var/lib/crater-agent-workspace/builds/worker-6-tc1/source:/opt/rustwide/workdir:ro,Z" "-v" "/var/lib/crater-agent-workspace/cargo-home:/opt/rustwide/cargo-home:ro,Z" "-v" "/var/lib/crater-agent-workspace/rustup-home:/opt/rustwide/rustup-home:ro,Z" "-e" "SOURCE_DIR=/opt/rustwide/workdir" "-e" "CARGO_TARGET_DIR=/opt/rustwide/target" "-e" "CARGO_INCREMENTAL=0" "-e" "RUST_BACKTRACE=full" "-e" "RUSTFLAGS=--cap-lints=warn" "-e" "RUSTDOCFLAGS=--cap-lints=warn" "-e" "CARGO_HOME=/opt/rustwide/cargo-home" "-e" "RUSTUP_HOME=/opt/rustwide/rustup-home" "-w" "/opt/rustwide/workdir" "-m" "1610612736" "--user" "0:0" "--network" "none" "ghcr.io/rust-lang/crates-build-env/linux@sha256:2788e3201cd34a07e3172128adcd8b3090168a8e3bcc40d7c032b9dda1df7d1c" "/opt/rustwide/cargo-home/bin/cargo" "+1.75.0" "test" "--frozen", kill_on_drop: false }`
[INFO] [stdout] 6d438cd63b6d3518e03df3e88662e7b28d741d13b284781f7de630ab36b43b67
[INFO] running `Command { std: "docker" "start" "-a" "6d438cd63b6d3518e03df3e88662e7b28d741d13b284781f7de630ab36b43b67", kill_on_drop: false }`
[INFO] [stderr]     Finished test [unoptimized + debuginfo] target(s) in 0.05s
[INFO] [stderr]      Running unittests src/lib.rs (/opt/rustwide/target/debug/deps/tio-f7307e51f2f0addf)
[INFO] [stdout] 
[INFO] [stdout] running 7 tests
[INFO] [stdout] test task::blocking::tests::unwind_uncaught ... ok
[INFO] [stdout] test task::blocking::tests::basic ... ok
[INFO] [stdout] test task::spawn::tests::unwind_uncaught ... ok
[INFO] [stdout] test task::block::tests::recursive_block_on - should panic ... ok
[INFO] [stdout] test task::spawn::tests::basic ... ok
[INFO] [stdout] test task::blocking::tests::unwind_caught - should panic ... ok
[INFO] [stdout] test task::spawn::tests::unwind_caught - should panic ... ok
[INFO] [stdout] 
[INFO] [stdout] test result: ok. 7 passed; 0 failed; 0 ignored; 0 measured; 0 filtered out; finished in 0.01s
[INFO] [stdout] 
[INFO] [stderr]    Doc-tests tio
[INFO] [stdout] 
[INFO] [stdout] running 8 tests
[INFO] [stdout] test src/task.rs - task (line 22) - compile ... ok
[INFO] [stdout] test src/task/block.rs - task::block::block_on (line 55) - compile ... ok
[INFO] [stdout] test src/net.rs - net (line 30) - compile ... FAILED
[INFO] [stdout] test src/net/util.rs - net::util::Resolver::resolve (line 20) ... FAILED
[INFO] [stdout] test src/task/yield_now.rs - task::yield_now::yield_now (line 18) ... ok
[INFO] [stdout] test src/task.rs - task (line 36) ... ok
[INFO] [stdout] test src/task/spawn.rs - task::spawn::spawn (line 97) ... ok
[INFO] [stdout] test src/task/blocking.rs - task::blocking::spawn_blocking (line 74) ... ok
[INFO] [stdout] 
[INFO] [stdout] failures:
[INFO] [stdout] 
[INFO] [stdout] ---- src/net.rs - net (line 30) stdout ----
[INFO] [stdout] error[E0432]: unresolved import `tio::net::UdpSocket`
[INFO] [stdout]   --> src/net.rs:34:5
[INFO] [stdout]    |
[INFO] [stdout] 6  | use tio::net::UdpSocket;
[INFO] [stdout]    |     ^^^^^^^^^^^^^^^^^^^ no `UdpSocket` in `net`
[INFO] [stdout]    |
[INFO] [stdout] note: found an item that was configured out
[INFO] [stdout]   --> /opt/rustwide/workdir/src/net.rs:62:14
[INFO] [stdout]    |
[INFO] [stdout] 62 | pub use udp::UdpSocket;
[INFO] [stdout]    |              ^^^^^^^^^
[INFO] [stdout]    = note: the item is gated behind the `udp` feature
[INFO] [stdout] help: consider importing one of these items instead
[INFO] [stdout]    |
[INFO] [stdout] 6  | use async_std::net::UdpSocket;
[INFO] [stdout]    |     ~~~~~~~~~~~~~~~~~~~~~~~~~
[INFO] [stdout] 6  | use std::net::UdpSocket;
[INFO] [stdout]    |     ~~~~~~~~~~~~~~~~~~~
[INFO] [stdout] 
[INFO] [stdout] error: aborting due to previous error
[INFO] [stdout] 
[INFO] [stdout] For more information about this error, try `rustc --explain E0432`.
[INFO] [stdout] Couldn't compile the test.
[INFO] [stdout] ---- src/net/util.rs - net::util::Resolver::resolve (line 20) stdout ----
[INFO] [stdout] error[E0432]: unresolved import `tio::net::TcpStream`
[INFO] [stdout]   --> src/net/util.rs:24:16
[INFO] [stdout]    |
[INFO] [stdout] 6  | use tio::net::{TcpStream, Resolver};
[INFO] [stdout]    |                ^^^^^^^^^ no `TcpStream` in `net`
[INFO] [stdout]    |
[INFO] [stdout]    = help: consider importing one of these items instead:
[INFO] [stdout]            async_std::net::TcpStream
[INFO] [stdout]            std::net::TcpStream
[INFO] [stdout] note: found an item that was configured out
[INFO] [stdout]   --> /opt/rustwide/workdir/src/net.rs:56:28
[INFO] [stdout]    |
[INFO] [stdout] 56 | pub use tcp::{TcpListener, TcpStream};
[INFO] [stdout]    |                            ^^^^^^^^^
[INFO] [stdout]    = note: the item is gated behind the `tcp` feature
[INFO] [stdout] 
[INFO] [stdout] error: aborting due to previous error
[INFO] [stdout] 
[INFO] [stdout] For more information about this error, try `rustc --explain E0432`.
[INFO] [stdout] Couldn't compile the test.
[INFO] [stdout] 
[INFO] [stdout] failures:
[INFO] [stdout]     src/net.rs - net (line 30)
[INFO] [stdout]     src/net/util.rs - net::util::Resolver::resolve (line 20)
[INFO] [stdout] 
[INFO] [stdout] test result: FAILED. 6 passed; 2 failed; 0 ignored; 0 measured; 0 filtered out; finished in 0.32s
[INFO] [stdout] 
[INFO] [stderr] error: doctest failed, to rerun pass `--doc`
[INFO] running `Command { std: "docker" "inspect" "6d438cd63b6d3518e03df3e88662e7b28d741d13b284781f7de630ab36b43b67", kill_on_drop: false }`
[INFO] running `Command { std: "docker" "rm" "-f" "6d438cd63b6d3518e03df3e88662e7b28d741d13b284781f7de630ab36b43b67", kill_on_drop: false }`
[INFO] [stdout] 6d438cd63b6d3518e03df3e88662e7b28d741d13b284781f7de630ab36b43b67
