[INFO] fetching crate tinytest 0.1.1...
[INFO] testing tinytest-0.1.1 against 1.75.0 for beta-1.76-1
[INFO] extracting crate tinytest 0.1.1 into /workspace/builds/worker-5-tc1/source
[INFO] validating manifest of crates.io crate tinytest 0.1.1 on toolchain 1.75.0
[INFO] running `Command { std: CARGO_HOME="/workspace/cargo-home" RUSTUP_HOME="/workspace/rustup-home" "/workspace/cargo-home/bin/cargo" "+1.75.0" "metadata" "--manifest-path" "Cargo.toml" "--no-deps", kill_on_drop: false }`
[INFO] started tweaking crates.io crate tinytest 0.1.1
[INFO] finished tweaking crates.io crate tinytest 0.1.1
[INFO] tweaked toml for crates.io crate tinytest 0.1.1 written to /workspace/builds/worker-5-tc1/source/Cargo.toml
[INFO] running `Command { std: CARGO_HOME="/workspace/cargo-home" RUSTUP_HOME="/workspace/rustup-home" "/workspace/cargo-home/bin/cargo" "+1.75.0" "generate-lockfile" "--manifest-path" "Cargo.toml", kill_on_drop: false }`
[INFO] [stderr]     Blocking waiting for file lock on package cache
[INFO] running `Command { std: CARGO_HOME="/workspace/cargo-home" RUSTUP_HOME="/workspace/rustup-home" "/workspace/cargo-home/bin/cargo" "+1.75.0" "fetch" "--manifest-path" "Cargo.toml", kill_on_drop: false }`
[INFO] [stderr]     Blocking waiting for file lock on package cache
[INFO] running `Command { std: "docker" "create" "-v" "/var/lib/crater-agent-workspace/builds/worker-5-tc1/target:/opt/rustwide/target:rw,Z" "-v" "/var/lib/crater-agent-workspace/builds/worker-5-tc1/source:/opt/rustwide/workdir:ro,Z" "-v" "/var/lib/crater-agent-workspace/cargo-home:/opt/rustwide/cargo-home:ro,Z" "-v" "/var/lib/crater-agent-workspace/rustup-home:/opt/rustwide/rustup-home:ro,Z" "-e" "SOURCE_DIR=/opt/rustwide/workdir" "-e" "CARGO_TARGET_DIR=/opt/rustwide/target" "-e" "CARGO_HOME=/opt/rustwide/cargo-home" "-e" "RUSTUP_HOME=/opt/rustwide/rustup-home" "-w" "/opt/rustwide/workdir" "-m" "1610612736" "--user" "0:0" "--network" "none" "ghcr.io/rust-lang/crates-build-env/linux@sha256:2788e3201cd34a07e3172128adcd8b3090168a8e3bcc40d7c032b9dda1df7d1c" "/opt/rustwide/cargo-home/bin/cargo" "+1.75.0" "metadata" "--no-deps" "--format-version=1", kill_on_drop: false }`
[INFO] [stdout] 45da4e10b9b695b16871f1c42fa23339a64cc7d014036b29e13e363311e33ee9
[INFO] running `Command { std: "docker" "start" "-a" "45da4e10b9b695b16871f1c42fa23339a64cc7d014036b29e13e363311e33ee9", kill_on_drop: false }`
[INFO] running `Command { std: "docker" "inspect" "45da4e10b9b695b16871f1c42fa23339a64cc7d014036b29e13e363311e33ee9", kill_on_drop: false }`
[INFO] running `Command { std: "docker" "rm" "-f" "45da4e10b9b695b16871f1c42fa23339a64cc7d014036b29e13e363311e33ee9", kill_on_drop: false }`
[INFO] [stdout] 45da4e10b9b695b16871f1c42fa23339a64cc7d014036b29e13e363311e33ee9
[INFO] running `Command { std: "docker" "create" "-v" "/var/lib/crater-agent-workspace/builds/worker-5-tc1/target:/opt/rustwide/target:rw,Z" "-v" "/var/lib/crater-agent-workspace/builds/worker-5-tc1/source:/opt/rustwide/workdir:ro,Z" "-v" "/var/lib/crater-agent-workspace/cargo-home:/opt/rustwide/cargo-home:ro,Z" "-v" "/var/lib/crater-agent-workspace/rustup-home:/opt/rustwide/rustup-home:ro,Z" "-e" "SOURCE_DIR=/opt/rustwide/workdir" "-e" "CARGO_TARGET_DIR=/opt/rustwide/target" "-e" "CARGO_INCREMENTAL=0" "-e" "RUST_BACKTRACE=full" "-e" "RUSTFLAGS=--cap-lints=warn" "-e" "RUSTDOCFLAGS=--cap-lints=warn" "-e" "CARGO_HOME=/opt/rustwide/cargo-home" "-e" "RUSTUP_HOME=/opt/rustwide/rustup-home" "-w" "/opt/rustwide/workdir" "-m" "1610612736" "--user" "0:0" "--network" "none" "ghcr.io/rust-lang/crates-build-env/linux@sha256:2788e3201cd34a07e3172128adcd8b3090168a8e3bcc40d7c032b9dda1df7d1c" "/opt/rustwide/cargo-home/bin/cargo" "+1.75.0" "build" "--frozen" "--message-format=json", kill_on_drop: false }`
[INFO] [stdout] 5c5775f2415b89652c130d2191101312200ccb65ecfbe4b0f158b4278365ba64
[INFO] running `Command { std: "docker" "start" "-a" "5c5775f2415b89652c130d2191101312200ccb65ecfbe4b0f158b4278365ba64", kill_on_drop: false }`
[INFO] [stderr]    Compiling tinytest v0.1.1 (/opt/rustwide/workdir)
[INFO] [stderr]     Finished dev [unoptimized + debuginfo] target(s) in 0.02s
[INFO] running `Command { std: "docker" "inspect" "5c5775f2415b89652c130d2191101312200ccb65ecfbe4b0f158b4278365ba64", kill_on_drop: false }`
[INFO] running `Command { std: "docker" "rm" "-f" "5c5775f2415b89652c130d2191101312200ccb65ecfbe4b0f158b4278365ba64", kill_on_drop: false }`
[INFO] [stdout] 5c5775f2415b89652c130d2191101312200ccb65ecfbe4b0f158b4278365ba64
[INFO] running `Command { std: "docker" "create" "-v" "/var/lib/crater-agent-workspace/builds/worker-5-tc1/target:/opt/rustwide/target:rw,Z" "-v" "/var/lib/crater-agent-workspace/builds/worker-5-tc1/source:/opt/rustwide/workdir:ro,Z" "-v" "/var/lib/crater-agent-workspace/cargo-home:/opt/rustwide/cargo-home:ro,Z" "-v" "/var/lib/crater-agent-workspace/rustup-home:/opt/rustwide/rustup-home:ro,Z" "-e" "SOURCE_DIR=/opt/rustwide/workdir" "-e" "CARGO_TARGET_DIR=/opt/rustwide/target" "-e" "CARGO_INCREMENTAL=0" "-e" "RUST_BACKTRACE=full" "-e" "RUSTFLAGS=--cap-lints=warn" "-e" "RUSTDOCFLAGS=--cap-lints=warn" "-e" "CARGO_HOME=/opt/rustwide/cargo-home" "-e" "RUSTUP_HOME=/opt/rustwide/rustup-home" "-w" "/opt/rustwide/workdir" "-m" "1610612736" "--user" "0:0" "--network" "none" "ghcr.io/rust-lang/crates-build-env/linux@sha256:2788e3201cd34a07e3172128adcd8b3090168a8e3bcc40d7c032b9dda1df7d1c" "/opt/rustwide/cargo-home/bin/cargo" "+1.75.0" "test" "--frozen" "--no-run" "--message-format=json", kill_on_drop: false }`
[INFO] [stdout] 991e4b40d01d560fe1d7a2e083616b76b88d02d7d84378c922b33dc954610d5d
[INFO] running `Command { std: "docker" "start" "-a" "991e4b40d01d560fe1d7a2e083616b76b88d02d7d84378c922b33dc954610d5d", kill_on_drop: false }`
[INFO] [stderr]    Compiling tinytest v0.1.1 (/opt/rustwide/workdir)
[INFO] [stderr]     Finished test [unoptimized + debuginfo] target(s) in 0.15s
[INFO] running `Command { std: "docker" "inspect" "991e4b40d01d560fe1d7a2e083616b76b88d02d7d84378c922b33dc954610d5d", kill_on_drop: false }`
[INFO] running `Command { std: "docker" "rm" "-f" "991e4b40d01d560fe1d7a2e083616b76b88d02d7d84378c922b33dc954610d5d", kill_on_drop: false }`
[INFO] [stdout] 991e4b40d01d560fe1d7a2e083616b76b88d02d7d84378c922b33dc954610d5d
[INFO] running `Command { std: "docker" "create" "-v" "/var/lib/crater-agent-workspace/builds/worker-5-tc1/target:/opt/rustwide/target:rw,Z" "-v" "/var/lib/crater-agent-workspace/builds/worker-5-tc1/source:/opt/rustwide/workdir:ro,Z" "-v" "/var/lib/crater-agent-workspace/cargo-home:/opt/rustwide/cargo-home:ro,Z" "-v" "/var/lib/crater-agent-workspace/rustup-home:/opt/rustwide/rustup-home:ro,Z" "-e" "SOURCE_DIR=/opt/rustwide/workdir" "-e" "CARGO_TARGET_DIR=/opt/rustwide/target" "-e" "CARGO_INCREMENTAL=0" "-e" "RUST_BACKTRACE=full" "-e" "RUSTFLAGS=--cap-lints=warn" "-e" "RUSTDOCFLAGS=--cap-lints=warn" "-e" "CARGO_HOME=/opt/rustwide/cargo-home" "-e" "RUSTUP_HOME=/opt/rustwide/rustup-home" "-w" "/opt/rustwide/workdir" "-m" "1610612736" "--user" "0:0" "--network" "none" "ghcr.io/rust-lang/crates-build-env/linux@sha256:2788e3201cd34a07e3172128adcd8b3090168a8e3bcc40d7c032b9dda1df7d1c" "/opt/rustwide/cargo-home/bin/cargo" "+1.75.0" "test" "--frozen", kill_on_drop: false }`
[INFO] [stdout] 60db6aba2dff5cfff25aa5b4bba483b1bc9b36388bbd0b13f360bee6b179f057
[INFO] running `Command { std: "docker" "start" "-a" "60db6aba2dff5cfff25aa5b4bba483b1bc9b36388bbd0b13f360bee6b179f057", kill_on_drop: false }`
[INFO] [stderr]     Finished test [unoptimized + debuginfo] target(s) in 0.00s
[INFO] [stderr]      Running unittests src/lib.rs (/opt/rustwide/target/debug/deps/tinytest-98b5d2c445260715)
[INFO] [stdout] 
[INFO] [stdout] running 0 tests
[INFO] [stdout] 
[INFO] [stdout] test result: ok. 0 passed; 0 failed; 0 ignored; 0 measured; 0 filtered out; finished in 0.00s
[INFO] [stdout] 
[INFO] [stderr]    Doc-tests tinytest
[INFO] [stdout] 
[INFO] [stdout] running 4 tests
[INFO] [stdout] test src/lib.rs - unit_test (line 7) ... FAILED
[INFO] [stdout] test src/lib.rs - unit_test (line 23) ... FAILED
[INFO] [stdout] test src/lib.rs - unit_test (line 39) ... ok
[INFO] [stdout] test src/lib.rs - unit_test (line 11) ... ok
[INFO] [stdout] 
[INFO] [stdout] failures:
[INFO] [stdout] 
[INFO] [stdout] ---- src/lib.rs - unit_test (line 7) stdout ----
[INFO] [stdout] error: cannot find macro `unit_test` in this scope
[INFO] [stdout]  --> src/lib.rs:8:1
[INFO] [stdout]   |
[INFO] [stdout] 3 | unit_test!(test1, || some_function_in_scope("test").unwrap(), "expected output")
[INFO] [stdout]   | ^^^^^^^^^
[INFO] [stdout]   |
[INFO] [stdout] help: consider importing this macro
[INFO] [stdout]   |
[INFO] [stdout] 2 + use tinytest::unit_test;
[INFO] [stdout]   |
[INFO] [stdout] 
[INFO] [stdout] error: aborting due to previous error
[INFO] [stdout] 
[INFO] [stdout] Couldn't compile the test.
[INFO] [stdout] ---- src/lib.rs - unit_test (line 23) stdout ----
[INFO] [stdout] error: cannot find macro `unit_test` in this scope
[INFO] [stdout]  --> src/lib.rs:24:1
[INFO] [stdout]   |
[INFO] [stdout] 3 | unit_test!(test2, || {
[INFO] [stdout]   | ^^^^^^^^^
[INFO] [stdout]   |
[INFO] [stdout] help: consider importing this macro
[INFO] [stdout]   |
[INFO] [stdout] 2 + use tinytest::unit_test;
[INFO] [stdout]   |
[INFO] [stdout] 
[INFO] [stdout] error: aborting due to previous error
[INFO] [stdout] 
[INFO] [stdout] Couldn't compile the test.
[INFO] [stdout] 
[INFO] [stdout] failures:
[INFO] [stdout]     src/lib.rs - unit_test (line 23)
[INFO] [stdout]     src/lib.rs - unit_test (line 7)
[INFO] [stdout] 
[INFO] [stdout] test result: FAILED. 2 passed; 2 failed; 0 ignored; 0 measured; 0 filtered out; finished in 0.17s
[INFO] [stdout] 
[INFO] [stderr] error: doctest failed, to rerun pass `--doc`
[INFO] running `Command { std: "docker" "inspect" "60db6aba2dff5cfff25aa5b4bba483b1bc9b36388bbd0b13f360bee6b179f057", kill_on_drop: false }`
[INFO] running `Command { std: "docker" "rm" "-f" "60db6aba2dff5cfff25aa5b4bba483b1bc9b36388bbd0b13f360bee6b179f057", kill_on_drop: false }`
[INFO] [stdout] 60db6aba2dff5cfff25aa5b4bba483b1bc9b36388bbd0b13f360bee6b179f057
