[INFO] fetching crate tinymt 1.0.9...
[INFO] testing tinymt-1.0.9 against 1.75.0 for beta-1.76-1
[INFO] extracting crate tinymt 1.0.9 into /workspace/builds/worker-6-tc1/source
[INFO] validating manifest of crates.io crate tinymt 1.0.9 on toolchain 1.75.0
[INFO] running `Command { std: CARGO_HOME="/workspace/cargo-home" RUSTUP_HOME="/workspace/rustup-home" "/workspace/cargo-home/bin/cargo" "+1.75.0" "metadata" "--manifest-path" "Cargo.toml" "--no-deps", kill_on_drop: false }`
[INFO] removed /workspace/builds/worker-6-tc1/source/.cargo/config
[INFO] started tweaking crates.io crate tinymt 1.0.9
[INFO] finished tweaking crates.io crate tinymt 1.0.9
[INFO] tweaked toml for crates.io crate tinymt 1.0.9 written to /workspace/builds/worker-6-tc1/source/Cargo.toml
[INFO] running `Command { std: CARGO_HOME="/workspace/cargo-home" RUSTUP_HOME="/workspace/rustup-home" "/workspace/cargo-home/bin/cargo" "+1.75.0" "generate-lockfile" "--manifest-path" "Cargo.toml", kill_on_drop: false }`
[INFO] [stderr]     Blocking waiting for file lock on package cache
[INFO] [stderr]     Updating crates.io index
[INFO] running `Command { std: CARGO_HOME="/workspace/cargo-home" RUSTUP_HOME="/workspace/rustup-home" "/workspace/cargo-home/bin/cargo" "+1.75.0" "fetch" "--manifest-path" "Cargo.toml", kill_on_drop: false }`
[INFO] [stderr]     Blocking waiting for file lock on package cache
[INFO] running `Command { std: "docker" "create" "-v" "/var/lib/crater-agent-workspace/builds/worker-6-tc1/target:/opt/rustwide/target:rw,Z" "-v" "/var/lib/crater-agent-workspace/builds/worker-6-tc1/source:/opt/rustwide/workdir:ro,Z" "-v" "/var/lib/crater-agent-workspace/cargo-home:/opt/rustwide/cargo-home:ro,Z" "-v" "/var/lib/crater-agent-workspace/rustup-home:/opt/rustwide/rustup-home:ro,Z" "-e" "SOURCE_DIR=/opt/rustwide/workdir" "-e" "CARGO_TARGET_DIR=/opt/rustwide/target" "-e" "CARGO_HOME=/opt/rustwide/cargo-home" "-e" "RUSTUP_HOME=/opt/rustwide/rustup-home" "-w" "/opt/rustwide/workdir" "-m" "1610612736" "--user" "0:0" "--network" "none" "ghcr.io/rust-lang/crates-build-env/linux@sha256:2788e3201cd34a07e3172128adcd8b3090168a8e3bcc40d7c032b9dda1df7d1c" "/opt/rustwide/cargo-home/bin/cargo" "+1.75.0" "metadata" "--no-deps" "--format-version=1", kill_on_drop: false }`
[INFO] [stdout] 2bc5a20663e0c7a44620bb2eb79e3c141a36b7459d32555eebb59ad5e1cca7fe
[INFO] running `Command { std: "docker" "start" "-a" "2bc5a20663e0c7a44620bb2eb79e3c141a36b7459d32555eebb59ad5e1cca7fe", kill_on_drop: false }`
[INFO] running `Command { std: "docker" "inspect" "2bc5a20663e0c7a44620bb2eb79e3c141a36b7459d32555eebb59ad5e1cca7fe", kill_on_drop: false }`
[INFO] running `Command { std: "docker" "rm" "-f" "2bc5a20663e0c7a44620bb2eb79e3c141a36b7459d32555eebb59ad5e1cca7fe", kill_on_drop: false }`
[INFO] [stdout] 2bc5a20663e0c7a44620bb2eb79e3c141a36b7459d32555eebb59ad5e1cca7fe
[INFO] running `Command { std: "docker" "create" "-v" "/var/lib/crater-agent-workspace/builds/worker-6-tc1/target:/opt/rustwide/target:rw,Z" "-v" "/var/lib/crater-agent-workspace/builds/worker-6-tc1/source:/opt/rustwide/workdir:ro,Z" "-v" "/var/lib/crater-agent-workspace/cargo-home:/opt/rustwide/cargo-home:ro,Z" "-v" "/var/lib/crater-agent-workspace/rustup-home:/opt/rustwide/rustup-home:ro,Z" "-e" "SOURCE_DIR=/opt/rustwide/workdir" "-e" "CARGO_TARGET_DIR=/opt/rustwide/target" "-e" "CARGO_INCREMENTAL=0" "-e" "RUST_BACKTRACE=full" "-e" "RUSTFLAGS=--cap-lints=warn" "-e" "RUSTDOCFLAGS=--cap-lints=warn" "-e" "CARGO_HOME=/opt/rustwide/cargo-home" "-e" "RUSTUP_HOME=/opt/rustwide/rustup-home" "-w" "/opt/rustwide/workdir" "-m" "1610612736" "--user" "0:0" "--network" "none" "ghcr.io/rust-lang/crates-build-env/linux@sha256:2788e3201cd34a07e3172128adcd8b3090168a8e3bcc40d7c032b9dda1df7d1c" "/opt/rustwide/cargo-home/bin/cargo" "+1.75.0" "build" "--frozen" "--message-format=json", kill_on_drop: false }`
[INFO] [stdout] a49b5560acb7f78da30ecf8b6b08c159ba0fa61c63a1055809848569c2e28d72
[INFO] running `Command { std: "docker" "start" "-a" "a49b5560acb7f78da30ecf8b6b08c159ba0fa61c63a1055809848569c2e28d72", kill_on_drop: false }`
[INFO] [stderr]    Compiling rand_core v0.6.4
[INFO] [stderr]    Compiling rand v0.8.5
[INFO] [stderr]    Compiling tinymt v1.0.9 (/opt/rustwide/workdir)
[INFO] [stderr]     Finished dev [unoptimized + debuginfo] target(s) in 0.48s
[INFO] running `Command { std: "docker" "inspect" "a49b5560acb7f78da30ecf8b6b08c159ba0fa61c63a1055809848569c2e28d72", kill_on_drop: false }`
[INFO] running `Command { std: "docker" "rm" "-f" "a49b5560acb7f78da30ecf8b6b08c159ba0fa61c63a1055809848569c2e28d72", kill_on_drop: false }`
[INFO] [stdout] a49b5560acb7f78da30ecf8b6b08c159ba0fa61c63a1055809848569c2e28d72
[INFO] running `Command { std: "docker" "create" "-v" "/var/lib/crater-agent-workspace/builds/worker-6-tc1/target:/opt/rustwide/target:rw,Z" "-v" "/var/lib/crater-agent-workspace/builds/worker-6-tc1/source:/opt/rustwide/workdir:ro,Z" "-v" "/var/lib/crater-agent-workspace/cargo-home:/opt/rustwide/cargo-home:ro,Z" "-v" "/var/lib/crater-agent-workspace/rustup-home:/opt/rustwide/rustup-home:ro,Z" "-e" "SOURCE_DIR=/opt/rustwide/workdir" "-e" "CARGO_TARGET_DIR=/opt/rustwide/target" "-e" "CARGO_INCREMENTAL=0" "-e" "RUST_BACKTRACE=full" "-e" "RUSTFLAGS=--cap-lints=warn" "-e" "RUSTDOCFLAGS=--cap-lints=warn" "-e" "CARGO_HOME=/opt/rustwide/cargo-home" "-e" "RUSTUP_HOME=/opt/rustwide/rustup-home" "-w" "/opt/rustwide/workdir" "-m" "1610612736" "--user" "0:0" "--network" "none" "ghcr.io/rust-lang/crates-build-env/linux@sha256:2788e3201cd34a07e3172128adcd8b3090168a8e3bcc40d7c032b9dda1df7d1c" "/opt/rustwide/cargo-home/bin/cargo" "+1.75.0" "test" "--frozen" "--no-run" "--message-format=json", kill_on_drop: false }`
[INFO] [stdout] 39be501b5d10d6d118bfc3e5aa5211650719b08be075a637f053f1e2bc90b4ef
[INFO] running `Command { std: "docker" "start" "-a" "39be501b5d10d6d118bfc3e5aa5211650719b08be075a637f053f1e2bc90b4ef", kill_on_drop: false }`
[INFO] [stderr]    Compiling libc v0.2.151
[INFO] [stderr]    Compiling getrandom v0.2.11
[INFO] [stderr]    Compiling rustix v0.38.28
[INFO] [stderr]    Compiling linux-raw-sys v0.4.12
[INFO] [stderr]    Compiling ahash v0.8.7
[INFO] [stderr]    Compiling uuid v1.6.1
[INFO] [stderr]    Compiling cpp_demangle v0.4.3
[INFO] [stderr]    Compiling parking_lot_core v0.9.9
[INFO] [stderr]    Compiling syn v2.0.48
[INFO] [stderr]    Compiling memmap2 v0.5.10
[INFO] [stderr]    Compiling zerocopy v0.7.32
[INFO] [stderr]    Compiling debugid v0.8.0
[INFO] [stderr]    Compiling arrayvec v0.7.4
[INFO] [stderr]    Compiling symbolic-demangle v10.2.1
[INFO] [stderr]    Compiling rustc-demangle v0.1.23
[INFO] [stderr]    Compiling gimli v0.28.1
[INFO] [stderr]    Compiling hashbrown v0.14.3
[INFO] [stderr]    Compiling equivalent v1.0.1
[INFO] [stderr]    Compiling stable_deref_trait v1.2.0
[INFO] [stderr]    Compiling symbolic-common v10.2.1
[INFO] [stderr]    Compiling cc v1.0.83
[INFO] [stderr]    Compiling num-format v0.4.4
[INFO] [stderr]    Compiling miniz_oxide v0.7.1
[INFO] [stderr]    Compiling indexmap v2.1.0
[INFO] [stderr]    Compiling rgb v0.8.37
[INFO] [stderr]    Compiling rand_core v0.6.4
[INFO] [stderr]    Compiling quick-xml v0.26.0
[INFO] [stderr]    Compiling object v0.32.2
[INFO] [stderr]    Compiling pprof v0.11.1
[INFO] [stderr]    Compiling backtrace v0.3.69
[INFO] [stderr]    Compiling findshlibs v0.10.2
[INFO] [stderr]    Compiling addr2line v0.21.0
[INFO] [stderr]    Compiling is-terminal v0.4.10
[INFO] [stderr]    Compiling log v0.4.20
[INFO] [stderr]    Compiling str_stack v0.1.0
[INFO] [stderr]    Compiling tempfile v3.9.0
[INFO] [stderr]    Compiling inferno v0.11.19
[INFO] [stderr]    Compiling thiserror-impl v1.0.56
[INFO] [stderr]    Compiling nix v0.26.4
[INFO] [stderr]    Compiling parking_lot v0.12.1
[INFO] [stderr]    Compiling rand v0.8.5
[INFO] [stderr]    Compiling tinymt v1.0.9 (/opt/rustwide/workdir)
[INFO] [stderr]    Compiling thiserror v1.0.56
[INFO] [stderr]     Finished test [unoptimized + debuginfo] target(s) in 10.58s
[INFO] running `Command { std: "docker" "inspect" "39be501b5d10d6d118bfc3e5aa5211650719b08be075a637f053f1e2bc90b4ef", kill_on_drop: false }`
[INFO] running `Command { std: "docker" "rm" "-f" "39be501b5d10d6d118bfc3e5aa5211650719b08be075a637f053f1e2bc90b4ef", kill_on_drop: false }`
[INFO] [stdout] 39be501b5d10d6d118bfc3e5aa5211650719b08be075a637f053f1e2bc90b4ef
[INFO] running `Command { std: "docker" "create" "-v" "/var/lib/crater-agent-workspace/builds/worker-6-tc1/target:/opt/rustwide/target:rw,Z" "-v" "/var/lib/crater-agent-workspace/builds/worker-6-tc1/source:/opt/rustwide/workdir:ro,Z" "-v" "/var/lib/crater-agent-workspace/cargo-home:/opt/rustwide/cargo-home:ro,Z" "-v" "/var/lib/crater-agent-workspace/rustup-home:/opt/rustwide/rustup-home:ro,Z" "-e" "SOURCE_DIR=/opt/rustwide/workdir" "-e" "CARGO_TARGET_DIR=/opt/rustwide/target" "-e" "CARGO_INCREMENTAL=0" "-e" "RUST_BACKTRACE=full" "-e" "RUSTFLAGS=--cap-lints=warn" "-e" "RUSTDOCFLAGS=--cap-lints=warn" "-e" "CARGO_HOME=/opt/rustwide/cargo-home" "-e" "RUSTUP_HOME=/opt/rustwide/rustup-home" "-w" "/opt/rustwide/workdir" "-m" "1610612736" "--user" "0:0" "--network" "none" "ghcr.io/rust-lang/crates-build-env/linux@sha256:2788e3201cd34a07e3172128adcd8b3090168a8e3bcc40d7c032b9dda1df7d1c" "/opt/rustwide/cargo-home/bin/cargo" "+1.75.0" "test" "--frozen", kill_on_drop: false }`
[INFO] [stdout] 62fde7d07090ea70cb4ff878170873a9e2521c2d68c1d440885c4137e6eb59ce
[INFO] running `Command { std: "docker" "start" "-a" "62fde7d07090ea70cb4ff878170873a9e2521c2d68c1d440885c4137e6eb59ce", kill_on_drop: false }`
[INFO] [stderr]     Finished test [unoptimized + debuginfo] target(s) in 0.04s
[INFO] [stderr]      Running unittests src/lib.rs (/opt/rustwide/target/debug/deps/tinymt-484d46a239a74ba8)
[INFO] [stdout] 
[INFO] [stdout] running 0 tests
[INFO] [stdout] 
[INFO] [stdout] test result: ok. 0 passed; 0 failed; 0 ignored; 0 measured; 0 filtered out; finished in 0.00s
[INFO] [stdout] 
[INFO] [stderr]      Running tests/lib.rs (/opt/rustwide/target/debug/deps/lib-d45811e3467a76d7)
[INFO] [stdout] 
[INFO] [stdout] running 9 tests
[INFO] [stdout] test test_tinymt32_seed ... ok
[INFO] [stdout] test test_tinymt64_seed ... ok
[INFO] [stdout] test tinymt32::test_cases_by_author ... ok
[INFO] [stdout] test tinymt64::test_cases_by_author ... ok
[INFO] [stdout] test test_chi_squared_tinymt64 ... ok
[INFO] [stdout] test test_chi_squared_tinymt32 ... ok
[INFO] [stdout] test profiling ... FAILED
[INFO] [stdout] test test_try_fill_bytes_tinymt64 ... ok
[INFO] [stdout] test test_try_fill_bytes_tinymt32 ... ok
[INFO] [stdout] 
[INFO] [stdout] failures:
[INFO] [stdout] 
[INFO] [stdout] ---- profiling stdout ----
[INFO] [stdout] report: FRAME: backtrace::backtrace::libunwind::trace -> backtrace::backtrace::trace_unsynchronized -> FRAME: <pprof::backtrace::backtrace_rs::Trace as pprof::backtrace::Trace>::trace -> FRAME: core::f64::<impl f64>::abs_private -> core::f64::<impl f64>::is_finite -> FRAME: <f64 as rand::distributions::utils::FloatSIMDUtils>::all_finite -> <rand::distributions::uniform::UniformFloat<f64> as rand::distributions::uniform::UniformSampler>::sample_single -> FRAME: <core::ops::range::Range<T> as rand::distributions::uniform::SampleRange<T>>::sample_single -> FRAME: rand::rng::Rng::gen_range -> FRAME: lib::profiling -> FRAME: lib::profiling::{{closure}} -> FRAME: core::ops::function::FnOnce::call_once -> FRAME: core::ops::function::FnOnce::call_once -> test::__rust_begin_short_backtrace -> FRAME: test::run_test_in_process::{{closure}} -> <core::panic::unwind_safe::AssertUnwindSafe<F> as core::ops::function::FnOnce<()>>::call_once -> std::panicking::try::do_call -> std::panicking::try -> std::panic::catch_unwind -> test::run_test_in_process -> test::run_test::{{closure}} -> FRAME: test::run_test::{{closure}} -> std::sys_common::backtrace::__rust_begin_short_backtrace -> FRAME: std::thread::Builder::spawn_unchecked_::{{closure}}::{{closure}} -> <core::panic::unwind_safe::AssertUnwindSafe<F> as core::ops::function::FnOnce<()>>::call_once -> std::panicking::try::do_call -> std::panicking::try -> std::panic::catch_unwind -> std::thread::Builder::spawn_unchecked_::{{closure}} -> core::ops::function::FnOnce::call_once{{vtable.shim}} -> FRAME: <alloc::boxed::Box<F,A> as core::ops::function::FnOnce<Args>>::call_once -> <alloc::boxed::Box<F,A> as core::ops::function::FnOnce<Args>>::call_once -> std::sys::unix::thread::Thread::new::thread_start -> FRAME: __clone -> THREAD: profiling 1
[INFO] [stdout] FRAME: backtrace::backtrace::libunwind::trace -> backtrace::backtrace::trace_unsynchronized -> FRAME: <pprof::backtrace::backtrace_rs::Trace as pprof::backtrace::Trace>::trace -> FRAME: <usize as core::slice::index::SliceIndex<[T]>>::index -> FRAME: core::slice::index::<impl core::ops::index::Index<I> for [T]>::index -> <alloc::vec::Vec<T,A> as core::ops::index::Index<I>>::index -> FRAME: lib::test_try_fill_bytes -> FRAME: lib::test_try_fill_bytes_tinymt64 -> FRAME: lib::test_try_fill_bytes_tinymt64::{{closure}} -> FRAME: core::ops::function::FnOnce::call_once -> FRAME: core::ops::function::FnOnce::call_once -> test::__rust_begin_short_backtrace -> FRAME: test::run_test_in_process::{{closure}} -> <core::panic::unwind_safe::AssertUnwindSafe<F> as core::ops::function::FnOnce<()>>::call_once -> std::panicking::try::do_call -> std::panicking::try -> std::panic::catch_unwind -> test::run_test_in_process -> test::run_test::{{closure}} -> FRAME: test::run_test::{{closure}} -> std::sys_common::backtrace::__rust_begin_short_backtrace -> FRAME: std::thread::Builder::spawn_unchecked_::{{closure}}::{{closure}} -> <core::panic::unwind_safe::AssertUnwindSafe<F> as core::ops::function::FnOnce<()>>::call_once -> std::panicking::try::do_call -> std::panicking::try -> std::panic::catch_unwind -> std::thread::Builder::spawn_unchecked_::{{closure}} -> core::ops::function::FnOnce::call_once{{vtable.shim}} -> FRAME: <alloc::boxed::Box<F,A> as core::ops::function::FnOnce<Args>>::call_once -> <alloc::boxed::Box<F,A> as core::ops::function::FnOnce<Args>>::call_once -> std::sys::unix::thread::Thread::new::thread_start -> FRAME: __clone -> THREAD: test_try_fill_b 1
[INFO] [stdout] 
[INFO] [stdout] thread 'profiling' panicked at tests/lib.rs:120:56:
[INFO] [stdout] called `Result::unwrap()` on an `Err` value: Os { code: 30, kind: ReadOnlyFilesystem, message: "Read-only file system" }
[INFO] [stdout] stack backtrace:
[INFO] [stdout]    0:     0x56297ff4d00c - std::backtrace_rs::backtrace::libunwind::trace::ha637c64ce894333a
[INFO] [stdout]                                at /rustc/82e1608dfa6e0b5569232559e3d385fea5a93112/library/std/src/../../backtrace/src/backtrace/libunwind.rs:104:5
[INFO] [stdout]    1:     0x56297ff4d00c - std::backtrace_rs::backtrace::trace_unsynchronized::h47f62dea28e0c88d
[INFO] [stdout]                                at /rustc/82e1608dfa6e0b5569232559e3d385fea5a93112/library/std/src/../../backtrace/src/backtrace/mod.rs:66:5
[INFO] [stdout]    2:     0x56297ff4d00c - std::sys_common::backtrace::_print_fmt::h9eef0abe20ede486
[INFO] [stdout]                                at /rustc/82e1608dfa6e0b5569232559e3d385fea5a93112/library/std/src/sys_common/backtrace.rs:67:5
[INFO] [stdout]    3:     0x56297ff4d00c - <std::sys_common::backtrace::_print::DisplayBacktrace as core::fmt::Display>::fmt::hed7f999df88cc644
[INFO] [stdout]                                at /rustc/82e1608dfa6e0b5569232559e3d385fea5a93112/library/std/src/sys_common/backtrace.rs:44:22
[INFO] [stdout]    4:     0x56297ff78020 - core::fmt::rt::Argument::fmt::h1539a9308b8d058d
[INFO] [stdout]                                at /rustc/82e1608dfa6e0b5569232559e3d385fea5a93112/library/core/src/fmt/rt.rs:142:9
[INFO] [stdout]    5:     0x56297ff78020 - core::fmt::write::h3a39390d8560d9c9
[INFO] [stdout]                                at /rustc/82e1608dfa6e0b5569232559e3d385fea5a93112/library/core/src/fmt/mod.rs:1120:17
[INFO] [stdout]    6:     0x56297ff4a6af - std::io::Write::write_fmt::h040b369f3a0f9cbc
[INFO] [stdout]                                at /rustc/82e1608dfa6e0b5569232559e3d385fea5a93112/library/std/src/io/mod.rs:1762:15
[INFO] [stdout]    7:     0x56297ff4cdf4 - std::sys_common::backtrace::_print::h894006fb5c6f3d45
[INFO] [stdout]                                at /rustc/82e1608dfa6e0b5569232559e3d385fea5a93112/library/std/src/sys_common/backtrace.rs:47:5
[INFO] [stdout]    8:     0x56297ff4cdf4 - std::sys_common::backtrace::print::h23a2d212c6fff936
[INFO] [stdout]                                at /rustc/82e1608dfa6e0b5569232559e3d385fea5a93112/library/std/src/sys_common/backtrace.rs:34:9
[INFO] [stdout]    9:     0x56297ff4eab7 - std::panicking::default_hook::{{closure}}::h8a1d2ee00185001a
[INFO] [stdout]   10:     0x56297ff4e7a3 - std::panicking::default_hook::h6038f2eba384e475
[INFO] [stdout]                                at /rustc/82e1608dfa6e0b5569232559e3d385fea5a93112/library/std/src/panicking.rs:289:9
[INFO] [stdout]   11:     0x56297ff17327 - <alloc::boxed::Box<F,A> as core::ops::function::Fn<Args>>::call::h0ad024c9bdc6d768
[INFO] [stdout]                                at /rustc/82e1608dfa6e0b5569232559e3d385fea5a93112/library/alloc/src/boxed.rs:2021:9
[INFO] [stdout]   12:     0x56297ff17327 - test::test_main::{{closure}}::h7500b54257359db6
[INFO] [stdout]                                at /rustc/82e1608dfa6e0b5569232559e3d385fea5a93112/library/test/src/lib.rs:138:21
[INFO] [stdout]   13:     0x56297ff4f0c8 - <alloc::boxed::Box<F,A> as core::ops::function::Fn<Args>>::call::h1f8f335eaa9cfaee
[INFO] [stdout]                                at /rustc/82e1608dfa6e0b5569232559e3d385fea5a93112/library/alloc/src/boxed.rs:2021:9
[INFO] [stdout]   14:     0x56297ff4f0c8 - std::panicking::rust_panic_with_hook::h2b5517d590cab22e
[INFO] [stdout]                                at /rustc/82e1608dfa6e0b5569232559e3d385fea5a93112/library/std/src/panicking.rs:783:13
[INFO] [stdout]   15:     0x56297ff4ee1e - std::panicking::begin_panic_handler::{{closure}}::h233112c06e0ef43e
[INFO] [stdout]                                at /rustc/82e1608dfa6e0b5569232559e3d385fea5a93112/library/std/src/panicking.rs:657:13
[INFO] [stdout]   16:     0x56297ff4d4d6 - std::sys_common::backtrace::__rust_end_short_backtrace::h6e893f24d7ebbff8
[INFO] [stdout]                                at /rustc/82e1608dfa6e0b5569232559e3d385fea5a93112/library/std/src/sys_common/backtrace.rs:170:18
[INFO] [stdout]   17:     0x56297ff4eb82 - rust_begin_unwind
[INFO] [stdout]                                at /rustc/82e1608dfa6e0b5569232559e3d385fea5a93112/library/std/src/panicking.rs:645:5
[INFO] [stdout]   18:     0x56297fcb22c5 - core::panicking::panic_fmt::hbf0e066aabfa482c
[INFO] [stdout]                                at /rustc/82e1608dfa6e0b5569232559e3d385fea5a93112/library/core/src/panicking.rs:72:14
[INFO] [stdout]   19:     0x56297fcb2893 - core::result::unwrap_failed::hddb4fea594200c52
[INFO] [stdout]                                at /rustc/82e1608dfa6e0b5569232559e3d385fea5a93112/library/core/src/result.rs:1653:5
[INFO] [stdout]   20:     0x56297fccd55b - core::result::Result<T,E>::unwrap::h4e389a44a5f17aa9
[INFO] [stdout]                                at /rustc/82e1608dfa6e0b5569232559e3d385fea5a93112/library/core/src/result.rs:1077:23
[INFO] [stdout]   21:     0x56297fcd01a8 - lib::profiling::h730e2aba491d94f1
[INFO] [stdout]                                at /opt/rustwide/workdir/tests/lib.rs:120:16
[INFO] [stdout]   22:     0x56297fccfbe7 - lib::profiling::{{closure}}::h863d51f86ce615bd
[INFO] [stdout]                                at /opt/rustwide/workdir/tests/lib.rs:101:15
[INFO] [stdout]   23:     0x56297fce3496 - core::ops::function::FnOnce::call_once::ha6e8100b59937086
[INFO] [stdout]                                at /rustc/82e1608dfa6e0b5569232559e3d385fea5a93112/library/core/src/ops/function.rs:250:5
[INFO] [stdout]   24:     0x56297ff1c97f - core::ops::function::FnOnce::call_once::h2b5d431d5046312d
[INFO] [stdout]                                at /rustc/82e1608dfa6e0b5569232559e3d385fea5a93112/library/core/src/ops/function.rs:250:5
[INFO] [stdout]   25:     0x56297ff1c97f - test::__rust_begin_short_backtrace::h7714669af176e207
[INFO] [stdout]                                at /rustc/82e1608dfa6e0b5569232559e3d385fea5a93112/library/test/src/lib.rs:628:18
[INFO] [stdout]   26:     0x56297ff1b995 - test::run_test_in_process::{{closure}}::h85218797dcbcec12
[INFO] [stdout]                                at /rustc/82e1608dfa6e0b5569232559e3d385fea5a93112/library/test/src/lib.rs:651:60
[INFO] [stdout]   27:     0x56297ff1b995 - <core::panic::unwind_safe::AssertUnwindSafe<F> as core::ops::function::FnOnce<()>>::call_once::h76c106ea31c14d7b
[INFO] [stdout]                                at /rustc/82e1608dfa6e0b5569232559e3d385fea5a93112/library/core/src/panic/unwind_safe.rs:272:9
[INFO] [stdout]   28:     0x56297ff1b995 - std::panicking::try::do_call::h3bd5d0f6620ee946
[INFO] [stdout]                                at /rustc/82e1608dfa6e0b5569232559e3d385fea5a93112/library/std/src/panicking.rs:552:40
[INFO] [stdout]   29:     0x56297ff1b995 - std::panicking::try::h232e535e4744fe31
[INFO] [stdout]                                at /rustc/82e1608dfa6e0b5569232559e3d385fea5a93112/library/std/src/panicking.rs:516:19
[INFO] [stdout]   30:     0x56297ff1b995 - std::panic::catch_unwind::h3ce3bd6ca8dbac68
[INFO] [stdout]                                at /rustc/82e1608dfa6e0b5569232559e3d385fea5a93112/library/std/src/panic.rs:142:14
[INFO] [stdout]   31:     0x56297ff1b995 - test::run_test_in_process::hc97b257c9621286a
[INFO] [stdout]                                at /rustc/82e1608dfa6e0b5569232559e3d385fea5a93112/library/test/src/lib.rs:651:27
[INFO] [stdout]   32:     0x56297ff1b995 - test::run_test::{{closure}}::h2aa798823a438d38
[INFO] [stdout]                                at /rustc/82e1608dfa6e0b5569232559e3d385fea5a93112/library/test/src/lib.rs:574:43
[INFO] [stdout]   33:     0x56297fee3c56 - test::run_test::{{closure}}::h87d231c78fb59832
[INFO] [stdout]                                at /rustc/82e1608dfa6e0b5569232559e3d385fea5a93112/library/test/src/lib.rs:602:41
[INFO] [stdout]   34:     0x56297fee3c56 - std::sys_common::backtrace::__rust_begin_short_backtrace::he6df152596625789
[INFO] [stdout]                                at /rustc/82e1608dfa6e0b5569232559e3d385fea5a93112/library/std/src/sys_common/backtrace.rs:154:18
[INFO] [stdout]   35:     0x56297fee8d07 - std::thread::Builder::spawn_unchecked_::{{closure}}::{{closure}}::ha94be15d1e0acf36
[INFO] [stdout]                                at /rustc/82e1608dfa6e0b5569232559e3d385fea5a93112/library/std/src/thread/mod.rs:529:17
[INFO] [stdout]   36:     0x56297fee8d07 - <core::panic::unwind_safe::AssertUnwindSafe<F> as core::ops::function::FnOnce<()>>::call_once::h9dc6bd6372f16606
[INFO] [stdout]                                at /rustc/82e1608dfa6e0b5569232559e3d385fea5a93112/library/core/src/panic/unwind_safe.rs:272:9
[INFO] [stdout]   37:     0x56297fee8d07 - std::panicking::try::do_call::h9057517f80303cd4
[INFO] [stdout]                                at /rustc/82e1608dfa6e0b5569232559e3d385fea5a93112/library/std/src/panicking.rs:552:40
[INFO] [stdout]   38:     0x56297fee8d07 - std::panicking::try::he3a30b11ee45340c
[INFO] [stdout]                                at /rustc/82e1608dfa6e0b5569232559e3d385fea5a93112/library/std/src/panicking.rs:516:19
[INFO] [stdout]   39:     0x56297fee8d07 - std::panic::catch_unwind::h410458cfd3528b8b
[INFO] [stdout]                                at /rustc/82e1608dfa6e0b5569232559e3d385fea5a93112/library/std/src/panic.rs:142:14
[INFO] [stdout]   40:     0x56297fee8d07 - std::thread::Builder::spawn_unchecked_::{{closure}}::h72ac3bdb567b737b
[INFO] [stdout]                                at /rustc/82e1608dfa6e0b5569232559e3d385fea5a93112/library/std/src/thread/mod.rs:528:30
[INFO] [stdout]   41:     0x56297fee8d07 - core::ops::function::FnOnce::call_once{{vtable.shim}}::h38f34da3654a8344
[INFO] [stdout]                                at /rustc/82e1608dfa6e0b5569232559e3d385fea5a93112/library/core/src/ops/function.rs:250:5
[INFO] [stdout]   42:     0x56297ff53dc5 - <alloc::boxed::Box<F,A> as core::ops::function::FnOnce<Args>>::call_once::hc7eafaff61e32df9
[INFO] [stdout]                                at /rustc/82e1608dfa6e0b5569232559e3d385fea5a93112/library/alloc/src/boxed.rs:2007:9
[INFO] [stdout]   43:     0x56297ff53dc5 - <alloc::boxed::Box<F,A> as core::ops::function::FnOnce<Args>>::call_once::h6ba4a5de48dd2304
[INFO] [stdout]                                at /rustc/82e1608dfa6e0b5569232559e3d385fea5a93112/library/alloc/src/boxed.rs:2007:9
[INFO] [stdout]   44:     0x56297ff53dc5 - std::sys::unix::thread::Thread::new::thread_start::he469335aef763e45
[INFO] [stdout]                                at /rustc/82e1608dfa6e0b5569232559e3d385fea5a93112/library/std/src/sys/unix/thread.rs:108:17
[INFO] [stdout]   45:     0x7f0ea2904ac3 - <unknown>
[INFO] [stdout]   46:     0x7f0ea2995bf4 - __clone
[INFO] [stdout]   47:                0x0 - <unknown>
[INFO] [stdout] 
[INFO] [stdout] 
[INFO] [stdout] failures:
[INFO] [stdout]     profiling
[INFO] [stdout] 
[INFO] [stdout] test result: FAILED. 8 passed; 1 failed; 0 ignored; 0 measured; 0 filtered out; finished in 1.75s
[INFO] [stdout] 
[INFO] [stderr] error: test failed, to rerun pass `--test lib`
[INFO] running `Command { std: "docker" "inspect" "62fde7d07090ea70cb4ff878170873a9e2521c2d68c1d440885c4137e6eb59ce", kill_on_drop: false }`
[INFO] running `Command { std: "docker" "rm" "-f" "62fde7d07090ea70cb4ff878170873a9e2521c2d68c1d440885c4137e6eb59ce", kill_on_drop: false }`
[INFO] [stdout] 62fde7d07090ea70cb4ff878170873a9e2521c2d68c1d440885c4137e6eb59ce
