[INFO] fetching crate tiny_update_notifier 2.2.0...
[INFO] testing tiny_update_notifier-2.2.0 against 1.75.0 for beta-1.76-1
[INFO] extracting crate tiny_update_notifier 2.2.0 into /workspace/builds/worker-3-tc1/source
[INFO] validating manifest of crates.io crate tiny_update_notifier 2.2.0 on toolchain 1.75.0
[INFO] running `Command { std: CARGO_HOME="/workspace/cargo-home" RUSTUP_HOME="/workspace/rustup-home" "/workspace/cargo-home/bin/cargo" "+1.75.0" "metadata" "--manifest-path" "Cargo.toml" "--no-deps", kill_on_drop: false }`
[INFO] started tweaking crates.io crate tiny_update_notifier 2.2.0
[INFO] finished tweaking crates.io crate tiny_update_notifier 2.2.0
[INFO] tweaked toml for crates.io crate tiny_update_notifier 2.2.0 written to /workspace/builds/worker-3-tc1/source/Cargo.toml
[INFO] running `Command { std: CARGO_HOME="/workspace/cargo-home" RUSTUP_HOME="/workspace/rustup-home" "/workspace/cargo-home/bin/cargo" "+1.75.0" "generate-lockfile" "--manifest-path" "Cargo.toml", kill_on_drop: false }`
[INFO] [stderr]     Updating crates.io index
[INFO] running `Command { std: CARGO_HOME="/workspace/cargo-home" RUSTUP_HOME="/workspace/rustup-home" "/workspace/cargo-home/bin/cargo" "+1.75.0" "fetch" "--manifest-path" "Cargo.toml", kill_on_drop: false }`
[INFO] [stderr]     Blocking waiting for file lock on package cache
[INFO] [stderr]  Downloading crates ...
[INFO] [stderr]   Downloaded tauri-winrt-notification v0.1.3
[INFO] running `Command { std: "docker" "create" "-v" "/var/lib/crater-agent-workspace/builds/worker-3-tc1/target:/opt/rustwide/target:rw,Z" "-v" "/var/lib/crater-agent-workspace/builds/worker-3-tc1/source:/opt/rustwide/workdir:ro,Z" "-v" "/var/lib/crater-agent-workspace/cargo-home:/opt/rustwide/cargo-home:ro,Z" "-v" "/var/lib/crater-agent-workspace/rustup-home:/opt/rustwide/rustup-home:ro,Z" "-e" "SOURCE_DIR=/opt/rustwide/workdir" "-e" "CARGO_TARGET_DIR=/opt/rustwide/target" "-e" "CARGO_HOME=/opt/rustwide/cargo-home" "-e" "RUSTUP_HOME=/opt/rustwide/rustup-home" "-w" "/opt/rustwide/workdir" "-m" "1610612736" "--user" "0:0" "--network" "none" "ghcr.io/rust-lang/crates-build-env/linux@sha256:2788e3201cd34a07e3172128adcd8b3090168a8e3bcc40d7c032b9dda1df7d1c" "/opt/rustwide/cargo-home/bin/cargo" "+1.75.0" "metadata" "--no-deps" "--format-version=1", kill_on_drop: false }`
[INFO] [stdout] 47abe62b7d3044591ffebef9887d98ec6751fe72e2503be680b397a688f884bb
[INFO] running `Command { std: "docker" "start" "-a" "47abe62b7d3044591ffebef9887d98ec6751fe72e2503be680b397a688f884bb", kill_on_drop: false }`
[INFO] running `Command { std: "docker" "inspect" "47abe62b7d3044591ffebef9887d98ec6751fe72e2503be680b397a688f884bb", kill_on_drop: false }`
[INFO] running `Command { std: "docker" "rm" "-f" "47abe62b7d3044591ffebef9887d98ec6751fe72e2503be680b397a688f884bb", kill_on_drop: false }`
[INFO] [stdout] 47abe62b7d3044591ffebef9887d98ec6751fe72e2503be680b397a688f884bb
[INFO] running `Command { std: "docker" "create" "-v" "/var/lib/crater-agent-workspace/builds/worker-3-tc1/target:/opt/rustwide/target:rw,Z" "-v" "/var/lib/crater-agent-workspace/builds/worker-3-tc1/source:/opt/rustwide/workdir:ro,Z" "-v" "/var/lib/crater-agent-workspace/cargo-home:/opt/rustwide/cargo-home:ro,Z" "-v" "/var/lib/crater-agent-workspace/rustup-home:/opt/rustwide/rustup-home:ro,Z" "-e" "SOURCE_DIR=/opt/rustwide/workdir" "-e" "CARGO_TARGET_DIR=/opt/rustwide/target" "-e" "CARGO_INCREMENTAL=0" "-e" "RUST_BACKTRACE=full" "-e" "RUSTFLAGS=--cap-lints=warn" "-e" "RUSTDOCFLAGS=--cap-lints=warn" "-e" "CARGO_HOME=/opt/rustwide/cargo-home" "-e" "RUSTUP_HOME=/opt/rustwide/rustup-home" "-w" "/opt/rustwide/workdir" "-m" "1610612736" "--user" "0:0" "--network" "none" "ghcr.io/rust-lang/crates-build-env/linux@sha256:2788e3201cd34a07e3172128adcd8b3090168a8e3bcc40d7c032b9dda1df7d1c" "/opt/rustwide/cargo-home/bin/cargo" "+1.75.0" "build" "--frozen" "--message-format=json", kill_on_drop: false }`
[INFO] [stdout] f78dd4c1f7e76f2e8f1044a1eaa24a624e572a5561efff709e798bfba0784829
[INFO] running `Command { std: "docker" "start" "-a" "f78dd4c1f7e76f2e8f1044a1eaa24a624e572a5561efff709e798bfba0784829", kill_on_drop: false }`
[INFO] [stderr]    Compiling autocfg v1.1.0
[INFO] [stderr]    Compiling cfg-if v1.0.0
[INFO] [stderr]    Compiling libc v0.2.151
[INFO] [stderr]    Compiling pin-project-lite v0.2.13
[INFO] [stderr]    Compiling crossbeam-utils v0.8.18
[INFO] [stderr]    Compiling futures-core v0.3.30
[INFO] [stderr]    Compiling parking v2.2.0
[INFO] [stderr]    Compiling once_cell v1.19.0
[INFO] [stderr]    Compiling syn v1.0.109
[INFO] [stderr]    Compiling memchr v2.7.1
[INFO] [stderr]    Compiling version_check v0.9.4
[INFO] [stderr]    Compiling typenum v1.17.0
[INFO] [stderr]    Compiling hashbrown v0.14.3
[INFO] [stderr]    Compiling equivalent v1.0.1
[INFO] [stderr]    Compiling winnow v0.5.32
[INFO] [stderr]    Compiling syn v2.0.48
[INFO] [stderr]    Compiling serde v1.0.194
[INFO] [stderr]    Compiling futures-io v0.3.30
[INFO] [stderr]    Compiling toml_datetime v0.6.5
[INFO] [stderr]    Compiling io-lifetimes v1.0.11
[INFO] [stderr]    Compiling fastrand v2.0.1
[INFO] [stderr]    Compiling bitflags v1.3.2
[INFO] [stderr]    Compiling event-listener v2.5.3
[INFO] [stderr]    Compiling generic-array v0.14.7
[INFO] [stderr]    Compiling tracing-core v0.1.32
[INFO] [stderr]    Compiling futures-lite v2.1.0
[INFO] [stderr]    Compiling atomic-waker v1.1.2
[INFO] [stderr]    Compiling aho-corasick v1.1.2
[INFO] [stderr]    Compiling waker-fn v1.1.1
[INFO] [stderr]    Compiling regex-syntax v0.8.2
[INFO] [stderr]    Compiling fastrand v1.9.0
[INFO] [stderr]    Compiling async-task v4.7.0
[INFO] [stderr]    Compiling slab v0.4.9
[INFO] [stderr]    Compiling concurrent-queue v2.4.0
[INFO] [stderr]    Compiling memoffset v0.7.1
[INFO] [stderr]    Compiling polling v2.8.0
[INFO] [stderr]    Compiling indexmap v2.1.0
[INFO] [stderr]    Compiling event-listener v4.0.2
[INFO] [stderr]    Compiling rustix v0.37.27
[INFO] [stderr]    Compiling futures-lite v1.13.0
[INFO] [stderr]    Compiling async-fs v1.6.0
[INFO] [stderr]    Compiling async-io v1.13.0
[INFO] [stderr]    Compiling event-listener-strategy v0.4.0
[INFO] [stderr]    Compiling async-lock v3.2.0
[INFO] [stderr]    Compiling async-channel v2.1.1
[INFO] [stderr]    Compiling piper v0.2.1
[INFO] [stderr]    Compiling async-lock v2.8.0
[INFO] [stderr]    Compiling async-trait v0.1.77
[INFO] [stderr]    Compiling log v0.4.20
[INFO] [stderr]    Compiling ppv-lite86 v0.2.17
[INFO] [stderr]    Compiling byteorder v1.5.0
[INFO] [stderr]    Compiling static_assertions v1.1.0
[INFO] [stderr]    Compiling linux-raw-sys v0.3.8
[INFO] [stderr]    Compiling toml_edit v0.19.15
[INFO] [stderr]    Compiling futures-sink v0.3.30
[INFO] [stderr]    Compiling futures-task v0.3.30
[INFO] [stderr]    Compiling pin-utils v0.1.0
[INFO] [stderr]    Compiling cpufeatures v0.2.12
[INFO] [stderr]    Compiling async-executor v1.8.0
[INFO] [stderr]    Compiling async-broadcast v0.5.1
[INFO] [stderr]    Compiling getrandom v0.2.11
[INFO] [stderr]    Compiling nix v0.26.4
[INFO] [stderr]    Compiling socket2 v0.4.10
[INFO] [stderr]    Compiling futures-util v0.3.30
[INFO] [stderr]    Compiling rand_core v0.6.4
[INFO] [stderr]    Compiling ordered-stream v0.2.0
[INFO] [stderr]    Compiling serde_json v1.0.111
[INFO] [stderr]    Compiling hex v0.4.3
[INFO] [stderr]    Compiling rand_chacha v0.3.1
[INFO] [stderr]    Compiling dirs-sys v0.3.7
[INFO] [stderr]    Compiling itoa v1.0.10
[INFO] [stderr]    Compiling block-buffer v0.10.4
[INFO] [stderr]    Compiling crypto-common v0.1.6
[INFO] [stderr]    Compiling ryu v1.0.16
[INFO] [stderr]    Compiling directories v4.0.1
[INFO] [stderr]    Compiling digest v0.10.7
[INFO] [stderr]    Compiling rand v0.8.5
[INFO] [stderr]    Compiling sha1 v0.10.6
[INFO] [stderr]    Compiling xdg-home v1.0.0
[INFO] [stderr]    Compiling regex-automata v0.4.3
[INFO] [stderr]    Compiling proc-macro-crate v1.3.1
[INFO] [stderr]    Compiling zvariant_utils v1.0.1
[INFO] [stderr]    Compiling serde_derive v1.0.194
[INFO] [stderr]    Compiling tracing-attributes v0.1.27
[INFO] [stderr]    Compiling enumflags2_derive v0.7.8
[INFO] [stderr]    Compiling serde_repr v0.1.18
[INFO] [stderr]    Compiling async-recursion v1.0.5
[INFO] [stderr]    Compiling zvariant_derive v3.15.0
[INFO] [stderr]    Compiling derivative v2.2.0
[INFO] [stderr]    Compiling regex v1.10.2
[INFO] [stderr]    Compiling zbus_macros v3.14.1
[INFO] [stderr]    Compiling tracing v0.1.40
[INFO] [stderr]    Compiling blocking v1.5.1
[INFO] [stderr]    Compiling enumflags2 v0.7.8
[INFO] [stderr]    Compiling zvariant v3.15.0
[INFO] [stderr]    Compiling zbus_names v2.6.0
[INFO] [stderr]    Compiling zbus v3.14.1
[INFO] [stderr]    Compiling notify-rust v4.10.0
[INFO] [stderr]    Compiling tiny_update_notifier v2.2.0 (/opt/rustwide/workdir)
[INFO] [stderr]     Finished dev [unoptimized + debuginfo] target(s) in 30.40s
[INFO] running `Command { std: "docker" "inspect" "f78dd4c1f7e76f2e8f1044a1eaa24a624e572a5561efff709e798bfba0784829", kill_on_drop: false }`
[INFO] running `Command { std: "docker" "rm" "-f" "f78dd4c1f7e76f2e8f1044a1eaa24a624e572a5561efff709e798bfba0784829", kill_on_drop: false }`
[INFO] [stdout] f78dd4c1f7e76f2e8f1044a1eaa24a624e572a5561efff709e798bfba0784829
[INFO] running `Command { std: "docker" "create" "-v" "/var/lib/crater-agent-workspace/builds/worker-3-tc1/target:/opt/rustwide/target:rw,Z" "-v" "/var/lib/crater-agent-workspace/builds/worker-3-tc1/source:/opt/rustwide/workdir:ro,Z" "-v" "/var/lib/crater-agent-workspace/cargo-home:/opt/rustwide/cargo-home:ro,Z" "-v" "/var/lib/crater-agent-workspace/rustup-home:/opt/rustwide/rustup-home:ro,Z" "-e" "SOURCE_DIR=/opt/rustwide/workdir" "-e" "CARGO_TARGET_DIR=/opt/rustwide/target" "-e" "CARGO_INCREMENTAL=0" "-e" "RUST_BACKTRACE=full" "-e" "RUSTFLAGS=--cap-lints=warn" "-e" "RUSTDOCFLAGS=--cap-lints=warn" "-e" "CARGO_HOME=/opt/rustwide/cargo-home" "-e" "RUSTUP_HOME=/opt/rustwide/rustup-home" "-w" "/opt/rustwide/workdir" "-m" "1610612736" "--user" "0:0" "--network" "none" "ghcr.io/rust-lang/crates-build-env/linux@sha256:2788e3201cd34a07e3172128adcd8b3090168a8e3bcc40d7c032b9dda1df7d1c" "/opt/rustwide/cargo-home/bin/cargo" "+1.75.0" "test" "--frozen" "--no-run" "--message-format=json", kill_on_drop: false }`
[INFO] [stdout] 8b2517ed5ccdf3b97de9b251352c9801c4f9845cd4df8204af8eb5c5693e3975
[INFO] running `Command { std: "docker" "start" "-a" "8b2517ed5ccdf3b97de9b251352c9801c4f9845cd4df8204af8eb5c5693e3975", kill_on_drop: false }`
[INFO] [stderr]    Compiling tiny_update_notifier v2.2.0 (/opt/rustwide/workdir)
[INFO] [stderr]     Finished test [unoptimized + debuginfo] target(s) in 0.63s
[INFO] running `Command { std: "docker" "inspect" "8b2517ed5ccdf3b97de9b251352c9801c4f9845cd4df8204af8eb5c5693e3975", kill_on_drop: false }`
[INFO] running `Command { std: "docker" "rm" "-f" "8b2517ed5ccdf3b97de9b251352c9801c4f9845cd4df8204af8eb5c5693e3975", kill_on_drop: false }`
[INFO] [stdout] 8b2517ed5ccdf3b97de9b251352c9801c4f9845cd4df8204af8eb5c5693e3975
[INFO] running `Command { std: "docker" "create" "-v" "/var/lib/crater-agent-workspace/builds/worker-3-tc1/target:/opt/rustwide/target:rw,Z" "-v" "/var/lib/crater-agent-workspace/builds/worker-3-tc1/source:/opt/rustwide/workdir:ro,Z" "-v" "/var/lib/crater-agent-workspace/cargo-home:/opt/rustwide/cargo-home:ro,Z" "-v" "/var/lib/crater-agent-workspace/rustup-home:/opt/rustwide/rustup-home:ro,Z" "-e" "SOURCE_DIR=/opt/rustwide/workdir" "-e" "CARGO_TARGET_DIR=/opt/rustwide/target" "-e" "CARGO_INCREMENTAL=0" "-e" "RUST_BACKTRACE=full" "-e" "RUSTFLAGS=--cap-lints=warn" "-e" "RUSTDOCFLAGS=--cap-lints=warn" "-e" "CARGO_HOME=/opt/rustwide/cargo-home" "-e" "RUSTUP_HOME=/opt/rustwide/rustup-home" "-w" "/opt/rustwide/workdir" "-m" "1610612736" "--user" "0:0" "--network" "none" "ghcr.io/rust-lang/crates-build-env/linux@sha256:2788e3201cd34a07e3172128adcd8b3090168a8e3bcc40d7c032b9dda1df7d1c" "/opt/rustwide/cargo-home/bin/cargo" "+1.75.0" "test" "--frozen", kill_on_drop: false }`
[INFO] [stdout] 27ca86534de00db2b1484549e2baa518984c9e0bb3e1e01003ae076a2526c1e6
[INFO] running `Command { std: "docker" "start" "-a" "27ca86534de00db2b1484549e2baa518984c9e0bb3e1e01003ae076a2526c1e6", kill_on_drop: false }`
[INFO] [stderr]     Finished test [unoptimized + debuginfo] target(s) in 0.09s
[INFO] [stderr]      Running unittests src/lib.rs (/opt/rustwide/target/debug/deps/tiny_update_notifier-66376ec3e10204e4)
[INFO] [stdout] 
[INFO] [stdout] running 0 tests
[INFO] [stdout] 
[INFO] [stdout] test result: ok. 0 passed; 0 failed; 0 ignored; 0 measured; 0 filtered out; finished in 0.00s
[INFO] [stdout] 
[INFO] [stderr]    Doc-tests tiny_update_notifier
[INFO] [stdout] 
[INFO] [stdout] running 5 tests
[INFO] [stdout] test src/lib.rs - Notification (line 8) - compile ... ok
[INFO] [stdout] test src/lib.rs - check_cratesIO (line 46) - compile ... ok
[INFO] [stdout] test src/lib.rs - check_github (line 63) - compile ... ok
[INFO] [stdout] test src/lib.rs - Notifier (line 85) - compile ... FAILED
[INFO] [stdout] test src/lib.rs - Notifier::new (line 112) - compile ... FAILED
[INFO] [stdout] 
[INFO] [stdout] failures:
[INFO] [stdout] 
[INFO] [stdout] ---- src/lib.rs - Notifier (line 85) stdout ----
[INFO] [stdout] error[E0433]: failed to resolve: use of undeclared type `Duration`
[INFO] [stdout]   --> src/lib.rs:95:15
[INFO] [stdout]    |
[INFO] [stdout] 13 |     .interval(Duration::from_secs(60 * 60 * 24 * 7)) // Change interval to 7 days (Default is 24H)
[INFO] [stdout]    |               ^^^^^^^^ use of undeclared type `Duration`
[INFO] [stdout]    |
[INFO] [stdout] help: consider importing one of these items
[INFO] [stdout]    |
[INFO] [stdout] 2  + use core::time::Duration;
[INFO] [stdout]    |
[INFO] [stdout] 2  + use std::time::Duration;
[INFO] [stdout]    |
[INFO] [stdout] 
[INFO] [stdout] error: aborting due to previous error
[INFO] [stdout] 
[INFO] [stdout] For more information about this error, try `rustc --explain E0433`.
[INFO] [stdout] Couldn't compile the test.
[INFO] [stdout] ---- src/lib.rs - Notifier::new (line 112) stdout ----
[INFO] [stdout] error[E0433]: failed to resolve: use of undeclared type `Duration`
[INFO] [stdout]   --> src/lib.rs:122:14
[INFO] [stdout]    |
[INFO] [stdout] 13 |    .interval(Duration::from_secs(60 * 60 * 24 * 7)) // Change interval to 7 days (Default is 24H)
[INFO] [stdout]    |              ^^^^^^^^ use of undeclared type `Duration`
[INFO] [stdout]    |
[INFO] [stdout] help: consider importing one of these items
[INFO] [stdout]    |
[INFO] [stdout] 2  + use core::time::Duration;
[INFO] [stdout]    |
[INFO] [stdout] 2  + use std::time::Duration;
[INFO] [stdout]    |
[INFO] [stdout] 
[INFO] [stdout] error: aborting due to previous error
[INFO] [stdout] 
[INFO] [stdout] For more information about this error, try `rustc --explain E0433`.
[INFO] [stdout] Couldn't compile the test.
[INFO] [stdout] 
[INFO] [stdout] failures:
[INFO] [stdout]     src/lib.rs - Notifier (line 85)
[INFO] [stdout]     src/lib.rs - Notifier::new (line 112)
[INFO] [stdout] 
[INFO] [stdout] test result: FAILED. 3 passed; 2 failed; 0 ignored; 0 measured; 0 filtered out; finished in 0.08s
[INFO] [stdout] 
[INFO] [stderr] error: doctest failed, to rerun pass `--doc`
[INFO] running `Command { std: "docker" "inspect" "27ca86534de00db2b1484549e2baa518984c9e0bb3e1e01003ae076a2526c1e6", kill_on_drop: false }`
[INFO] running `Command { std: "docker" "rm" "-f" "27ca86534de00db2b1484549e2baa518984c9e0bb3e1e01003ae076a2526c1e6", kill_on_drop: false }`
[INFO] [stdout] 27ca86534de00db2b1484549e2baa518984c9e0bb3e1e01003ae076a2526c1e6
