[INFO] fetching crate tiny-test 0.1.0...
[INFO] testing tiny-test-0.1.0 against 1.75.0 for beta-1.76-1
[INFO] extracting crate tiny-test 0.1.0 into /workspace/builds/worker-5-tc1/source
[INFO] validating manifest of crates.io crate tiny-test 0.1.0 on toolchain 1.75.0
[INFO] running `Command { std: CARGO_HOME="/workspace/cargo-home" RUSTUP_HOME="/workspace/rustup-home" "/workspace/cargo-home/bin/cargo" "+1.75.0" "metadata" "--manifest-path" "Cargo.toml" "--no-deps", kill_on_drop: false }`
[INFO] started tweaking crates.io crate tiny-test 0.1.0
[INFO] finished tweaking crates.io crate tiny-test 0.1.0
[INFO] tweaked toml for crates.io crate tiny-test 0.1.0 written to /workspace/builds/worker-5-tc1/source/Cargo.toml
[INFO] running `Command { std: CARGO_HOME="/workspace/cargo-home" RUSTUP_HOME="/workspace/rustup-home" "/workspace/cargo-home/bin/cargo" "+1.75.0" "generate-lockfile" "--manifest-path" "Cargo.toml", kill_on_drop: false }`
[INFO] [stderr]     Blocking waiting for file lock on package cache
[INFO] running `Command { std: CARGO_HOME="/workspace/cargo-home" RUSTUP_HOME="/workspace/rustup-home" "/workspace/cargo-home/bin/cargo" "+1.75.0" "fetch" "--manifest-path" "Cargo.toml", kill_on_drop: false }`
[INFO] running `Command { std: "docker" "create" "-v" "/var/lib/crater-agent-workspace/builds/worker-5-tc1/target:/opt/rustwide/target:rw,Z" "-v" "/var/lib/crater-agent-workspace/builds/worker-5-tc1/source:/opt/rustwide/workdir:ro,Z" "-v" "/var/lib/crater-agent-workspace/cargo-home:/opt/rustwide/cargo-home:ro,Z" "-v" "/var/lib/crater-agent-workspace/rustup-home:/opt/rustwide/rustup-home:ro,Z" "-e" "SOURCE_DIR=/opt/rustwide/workdir" "-e" "CARGO_TARGET_DIR=/opt/rustwide/target" "-e" "CARGO_HOME=/opt/rustwide/cargo-home" "-e" "RUSTUP_HOME=/opt/rustwide/rustup-home" "-w" "/opt/rustwide/workdir" "-m" "1610612736" "--user" "0:0" "--network" "none" "ghcr.io/rust-lang/crates-build-env/linux@sha256:2788e3201cd34a07e3172128adcd8b3090168a8e3bcc40d7c032b9dda1df7d1c" "/opt/rustwide/cargo-home/bin/cargo" "+1.75.0" "metadata" "--no-deps" "--format-version=1", kill_on_drop: false }`
[INFO] [stdout] 520ed2b3111857813fff037944f88c18f00984bd0ab814811130268206a75d87
[INFO] running `Command { std: "docker" "start" "-a" "520ed2b3111857813fff037944f88c18f00984bd0ab814811130268206a75d87", kill_on_drop: false }`
[INFO] running `Command { std: "docker" "inspect" "520ed2b3111857813fff037944f88c18f00984bd0ab814811130268206a75d87", kill_on_drop: false }`
[INFO] running `Command { std: "docker" "rm" "-f" "520ed2b3111857813fff037944f88c18f00984bd0ab814811130268206a75d87", kill_on_drop: false }`
[INFO] [stdout] 520ed2b3111857813fff037944f88c18f00984bd0ab814811130268206a75d87
[INFO] running `Command { std: "docker" "create" "-v" "/var/lib/crater-agent-workspace/builds/worker-5-tc1/target:/opt/rustwide/target:rw,Z" "-v" "/var/lib/crater-agent-workspace/builds/worker-5-tc1/source:/opt/rustwide/workdir:ro,Z" "-v" "/var/lib/crater-agent-workspace/cargo-home:/opt/rustwide/cargo-home:ro,Z" "-v" "/var/lib/crater-agent-workspace/rustup-home:/opt/rustwide/rustup-home:ro,Z" "-e" "SOURCE_DIR=/opt/rustwide/workdir" "-e" "CARGO_TARGET_DIR=/opt/rustwide/target" "-e" "CARGO_INCREMENTAL=0" "-e" "RUST_BACKTRACE=full" "-e" "RUSTFLAGS=--cap-lints=warn" "-e" "RUSTDOCFLAGS=--cap-lints=warn" "-e" "CARGO_HOME=/opt/rustwide/cargo-home" "-e" "RUSTUP_HOME=/opt/rustwide/rustup-home" "-w" "/opt/rustwide/workdir" "-m" "1610612736" "--user" "0:0" "--network" "none" "ghcr.io/rust-lang/crates-build-env/linux@sha256:2788e3201cd34a07e3172128adcd8b3090168a8e3bcc40d7c032b9dda1df7d1c" "/opt/rustwide/cargo-home/bin/cargo" "+1.75.0" "build" "--frozen" "--message-format=json", kill_on_drop: false }`
[INFO] [stdout] 169cd0d6ed3d77a11cc3aad118e4926dab124efe589630f403545e43e2d8abbc
[INFO] running `Command { std: "docker" "start" "-a" "169cd0d6ed3d77a11cc3aad118e4926dab124efe589630f403545e43e2d8abbc", kill_on_drop: false }`
[INFO] [stderr]    Compiling tiny-test v0.1.0 (/opt/rustwide/workdir)
[INFO] [stderr]     Finished dev [unoptimized + debuginfo] target(s) in 0.06s
[INFO] running `Command { std: "docker" "inspect" "169cd0d6ed3d77a11cc3aad118e4926dab124efe589630f403545e43e2d8abbc", kill_on_drop: false }`
[INFO] running `Command { std: "docker" "rm" "-f" "169cd0d6ed3d77a11cc3aad118e4926dab124efe589630f403545e43e2d8abbc", kill_on_drop: false }`
[INFO] [stdout] 169cd0d6ed3d77a11cc3aad118e4926dab124efe589630f403545e43e2d8abbc
[INFO] running `Command { std: "docker" "create" "-v" "/var/lib/crater-agent-workspace/builds/worker-5-tc1/target:/opt/rustwide/target:rw,Z" "-v" "/var/lib/crater-agent-workspace/builds/worker-5-tc1/source:/opt/rustwide/workdir:ro,Z" "-v" "/var/lib/crater-agent-workspace/cargo-home:/opt/rustwide/cargo-home:ro,Z" "-v" "/var/lib/crater-agent-workspace/rustup-home:/opt/rustwide/rustup-home:ro,Z" "-e" "SOURCE_DIR=/opt/rustwide/workdir" "-e" "CARGO_TARGET_DIR=/opt/rustwide/target" "-e" "CARGO_INCREMENTAL=0" "-e" "RUST_BACKTRACE=full" "-e" "RUSTFLAGS=--cap-lints=warn" "-e" "RUSTDOCFLAGS=--cap-lints=warn" "-e" "CARGO_HOME=/opt/rustwide/cargo-home" "-e" "RUSTUP_HOME=/opt/rustwide/rustup-home" "-w" "/opt/rustwide/workdir" "-m" "1610612736" "--user" "0:0" "--network" "none" "ghcr.io/rust-lang/crates-build-env/linux@sha256:2788e3201cd34a07e3172128adcd8b3090168a8e3bcc40d7c032b9dda1df7d1c" "/opt/rustwide/cargo-home/bin/cargo" "+1.75.0" "test" "--frozen" "--no-run" "--message-format=json", kill_on_drop: false }`
[INFO] [stdout] ec46a5c740bceb05090d4545b3a30c5ef06e94260ba8835b33338a6c95603d04
[INFO] running `Command { std: "docker" "start" "-a" "ec46a5c740bceb05090d4545b3a30c5ef06e94260ba8835b33338a6c95603d04", kill_on_drop: false }`
[INFO] [stderr]    Compiling tiny-test v0.1.0 (/opt/rustwide/workdir)
[INFO] [stderr]     Finished test [unoptimized + debuginfo] target(s) in 0.27s
[INFO] running `Command { std: "docker" "inspect" "ec46a5c740bceb05090d4545b3a30c5ef06e94260ba8835b33338a6c95603d04", kill_on_drop: false }`
[INFO] running `Command { std: "docker" "rm" "-f" "ec46a5c740bceb05090d4545b3a30c5ef06e94260ba8835b33338a6c95603d04", kill_on_drop: false }`
[INFO] [stdout] ec46a5c740bceb05090d4545b3a30c5ef06e94260ba8835b33338a6c95603d04
[INFO] running `Command { std: "docker" "create" "-v" "/var/lib/crater-agent-workspace/builds/worker-5-tc1/target:/opt/rustwide/target:rw,Z" "-v" "/var/lib/crater-agent-workspace/builds/worker-5-tc1/source:/opt/rustwide/workdir:ro,Z" "-v" "/var/lib/crater-agent-workspace/cargo-home:/opt/rustwide/cargo-home:ro,Z" "-v" "/var/lib/crater-agent-workspace/rustup-home:/opt/rustwide/rustup-home:ro,Z" "-e" "SOURCE_DIR=/opt/rustwide/workdir" "-e" "CARGO_TARGET_DIR=/opt/rustwide/target" "-e" "CARGO_INCREMENTAL=0" "-e" "RUST_BACKTRACE=full" "-e" "RUSTFLAGS=--cap-lints=warn" "-e" "RUSTDOCFLAGS=--cap-lints=warn" "-e" "CARGO_HOME=/opt/rustwide/cargo-home" "-e" "RUSTUP_HOME=/opt/rustwide/rustup-home" "-w" "/opt/rustwide/workdir" "-m" "1610612736" "--user" "0:0" "--network" "none" "ghcr.io/rust-lang/crates-build-env/linux@sha256:2788e3201cd34a07e3172128adcd8b3090168a8e3bcc40d7c032b9dda1df7d1c" "/opt/rustwide/cargo-home/bin/cargo" "+1.75.0" "test" "--frozen", kill_on_drop: false }`
[INFO] [stdout] 62fdda0c23885a1b0818d87aabc6f3347f8753253fff557188db54034698fdaf
[INFO] running `Command { std: "docker" "start" "-a" "62fdda0c23885a1b0818d87aabc6f3347f8753253fff557188db54034698fdaf", kill_on_drop: false }`
[INFO] [stderr]     Finished test [unoptimized + debuginfo] target(s) in 0.00s
[INFO] [stderr]      Running unittests src/lib.rs (/opt/rustwide/target/debug/deps/tiny_test-4f4a4708cb4ec911)
[INFO] [stdout] 
[INFO] [stdout] running 0 tests
[INFO] [stdout] 
[INFO] [stderr]    Doc-tests tiny-test
[INFO] [stdout] test result: ok. 0 passed; 0 failed; 0 ignored; 0 measured; 0 filtered out; finished in 0.00s
[INFO] [stdout] 
[INFO] [stdout] 
[INFO] [stdout] running 3 tests
[INFO] [stdout] test src/lib.rs - report_fails (line 82) ... FAILED
[INFO] [stdout] test src/lib.rs - collect_fails (line 35) ... FAILED
[INFO] [stdout] test src/lib.rs - collect_fails (line 14) ... ok
[INFO] [stdout] 
[INFO] [stdout] failures:
[INFO] [stdout] 
[INFO] [stdout] ---- src/lib.rs - report_fails (line 82) stdout ----
[INFO] [stdout] error[E0425]: cannot find function `report_fails` in this scope
[INFO] [stdout]  --> src/lib.rs:84:1
[INFO] [stdout]   |
[INFO] [stdout] 4 | report_fails(vec![
[INFO] [stdout]   | ^^^^^^^^^^^^ not found in this scope
[INFO] [stdout]   |
[INFO] [stdout] help: consider importing this function
[INFO] [stdout]   |
[INFO] [stdout] 3 + use tiny_test::report_fails;
[INFO] [stdout]   |
[INFO] [stdout] 
[INFO] [stdout] error: aborting due to previous error
[INFO] [stdout] 
[INFO] [stdout] For more information about this error, try `rustc --explain E0425`.
[INFO] [stdout] Couldn't compile the test.
[INFO] [stdout] ---- src/lib.rs - collect_fails (line 35) stdout ----
[INFO] [stdout] error: cannot find macro `collect_fails` in this scope
[INFO] [stdout]  --> src/lib.rs:37:18
[INFO] [stdout]   |
[INFO] [stdout] 4 |     report_fails(collect_fails!(
[INFO] [stdout]   |                  ^^^^^^^^^^^^^
[INFO] [stdout]   |
[INFO] [stdout] help: consider importing this macro
[INFO] [stdout]   |
[INFO] [stdout] 2 + use tiny_test::collect_fails;
[INFO] [stdout]   |
[INFO] [stdout] 
[INFO] [stdout] error[E0425]: cannot find function `report_fails` in this scope
[INFO] [stdout]  --> src/lib.rs:37:5
[INFO] [stdout]   |
[INFO] [stdout] 4 |     report_fails(collect_fails!(
[INFO] [stdout]   |     ^^^^^^^^^^^^ not found in this scope
[INFO] [stdout]   |
[INFO] [stdout] help: consider importing this function
[INFO] [stdout]   |
[INFO] [stdout] 2 + use tiny_test::report_fails;
[INFO] [stdout]   |
[INFO] [stdout] 
[INFO] [stdout] error: aborting due to 2 previous errors
[INFO] [stdout] 
[INFO] [stdout] For more information about this error, try `rustc --explain E0425`.
[INFO] [stdout] Couldn't compile the test.
[INFO] [stdout] 
[INFO] [stdout] failures:
[INFO] [stdout]     src/lib.rs - collect_fails (line 35)
[INFO] [stdout]     src/lib.rs - report_fails (line 82)
[INFO] [stdout] 
[INFO] [stdout] test result: FAILED. 1 passed; 2 failed; 0 ignored; 0 measured; 0 filtered out; finished in 0.22s
[INFO] [stdout] 
[INFO] [stderr] error: doctest failed, to rerun pass `--doc`
[INFO] running `Command { std: "docker" "inspect" "62fdda0c23885a1b0818d87aabc6f3347f8753253fff557188db54034698fdaf", kill_on_drop: false }`
[INFO] running `Command { std: "docker" "rm" "-f" "62fdda0c23885a1b0818d87aabc6f3347f8753253fff557188db54034698fdaf", kill_on_drop: false }`
[INFO] [stdout] 62fdda0c23885a1b0818d87aabc6f3347f8753253fff557188db54034698fdaf
[INFO] testing tiny-test-0.1.0 against beta-2023-12-22 for beta-1.76-1
[INFO] extracting crate tiny-test 0.1.0 into /workspace/builds/worker-5-tc2/source
[INFO] validating manifest of crates.io crate tiny-test 0.1.0 on toolchain beta-2023-12-22
[INFO] running `Command { std: CARGO_HOME="/workspace/cargo-home" RUSTUP_HOME="/workspace/rustup-home" "/workspace/cargo-home/bin/cargo" "+beta-2023-12-22" "metadata" "--manifest-path" "Cargo.toml" "--no-deps", kill_on_drop: false }`
[INFO] started tweaking crates.io crate tiny-test 0.1.0
[INFO] finished tweaking crates.io crate tiny-test 0.1.0
[INFO] tweaked toml for crates.io crate tiny-test 0.1.0 written to /workspace/builds/worker-5-tc2/source/Cargo.toml
[INFO] running `Command { std: CARGO_HOME="/workspace/cargo-home" RUSTUP_HOME="/workspace/rustup-home" "/workspace/cargo-home/bin/cargo" "+beta-2023-12-22" "generate-lockfile" "--manifest-path" "Cargo.toml", kill_on_drop: false }`
[INFO] running `Command { std: CARGO_HOME="/workspace/cargo-home" RUSTUP_HOME="/workspace/rustup-home" "/workspace/cargo-home/bin/cargo" "+beta-2023-12-22" "fetch" "--manifest-path" "Cargo.toml", kill_on_drop: false }`
[INFO] running `Command { std: "docker" "create" "-v" "/var/lib/crater-agent-workspace/builds/worker-5-tc2/target:/opt/rustwide/target:rw,Z" "-v" "/var/lib/crater-agent-workspace/builds/worker-5-tc2/source:/opt/rustwide/workdir:ro,Z" "-v" "/var/lib/crater-agent-workspace/cargo-home:/opt/rustwide/cargo-home:ro,Z" "-v" "/var/lib/crater-agent-workspace/rustup-home:/opt/rustwide/rustup-home:ro,Z" "-e" "SOURCE_DIR=/opt/rustwide/workdir" "-e" "CARGO_TARGET_DIR=/opt/rustwide/target" "-e" "CARGO_HOME=/opt/rustwide/cargo-home" "-e" "RUSTUP_HOME=/opt/rustwide/rustup-home" "-w" "/opt/rustwide/workdir" "-m" "1610612736" "--user" "0:0" "--network" "none" "ghcr.io/rust-lang/crates-build-env/linux@sha256:2788e3201cd34a07e3172128adcd8b3090168a8e3bcc40d7c032b9dda1df7d1c" "/opt/rustwide/cargo-home/bin/cargo" "+beta-2023-12-22" "metadata" "--no-deps" "--format-version=1", kill_on_drop: false }`
[INFO] [stdout] 39d68024837f6c18edcd13369a55baa68b5da00627f3f697473c73a6acaa9b2c
[INFO] running `Command { std: "docker" "start" "-a" "39d68024837f6c18edcd13369a55baa68b5da00627f3f697473c73a6acaa9b2c", kill_on_drop: false }`
[INFO] running `Command { std: "docker" "inspect" "39d68024837f6c18edcd13369a55baa68b5da00627f3f697473c73a6acaa9b2c", kill_on_drop: false }`
[INFO] running `Command { std: "docker" "rm" "-f" "39d68024837f6c18edcd13369a55baa68b5da00627f3f697473c73a6acaa9b2c", kill_on_drop: false }`
[INFO] [stdout] 39d68024837f6c18edcd13369a55baa68b5da00627f3f697473c73a6acaa9b2c
[INFO] running `Command { std: "docker" "create" "-v" "/var/lib/crater-agent-workspace/builds/worker-5-tc2/target:/opt/rustwide/target:rw,Z" "-v" "/var/lib/crater-agent-workspace/builds/worker-5-tc2/source:/opt/rustwide/workdir:ro,Z" "-v" "/var/lib/crater-agent-workspace/cargo-home:/opt/rustwide/cargo-home:ro,Z" "-v" "/var/lib/crater-agent-workspace/rustup-home:/opt/rustwide/rustup-home:ro,Z" "-e" "SOURCE_DIR=/opt/rustwide/workdir" "-e" "CARGO_TARGET_DIR=/opt/rustwide/target" "-e" "CARGO_INCREMENTAL=0" "-e" "RUST_BACKTRACE=full" "-e" "RUSTFLAGS=--cap-lints=warn" "-e" "RUSTDOCFLAGS=--cap-lints=warn" "-e" "CARGO_HOME=/opt/rustwide/cargo-home" "-e" "RUSTUP_HOME=/opt/rustwide/rustup-home" "-w" "/opt/rustwide/workdir" "-m" "1610612736" "--user" "0:0" "--network" "none" "ghcr.io/rust-lang/crates-build-env/linux@sha256:2788e3201cd34a07e3172128adcd8b3090168a8e3bcc40d7c032b9dda1df7d1c" "/opt/rustwide/cargo-home/bin/cargo" "+beta-2023-12-22" "build" "--frozen" "--message-format=json", kill_on_drop: false }`
[INFO] [stdout] 4ba3df11730dc620652fa8f7f7db3a79db3139aa68d9715a92d4f81aa1e92893
[INFO] running `Command { std: "docker" "start" "-a" "4ba3df11730dc620652fa8f7f7db3a79db3139aa68d9715a92d4f81aa1e92893", kill_on_drop: false }`
[INFO] [stderr]    Compiling tiny-test v0.1.0 (/opt/rustwide/workdir)
[INFO] [stderr]     Finished dev [unoptimized + debuginfo] target(s) in 0.05s
[INFO] running `Command { std: "docker" "inspect" "4ba3df11730dc620652fa8f7f7db3a79db3139aa68d9715a92d4f81aa1e92893", kill_on_drop: false }`
[INFO] running `Command { std: "docker" "rm" "-f" "4ba3df11730dc620652fa8f7f7db3a79db3139aa68d9715a92d4f81aa1e92893", kill_on_drop: false }`
[INFO] [stdout] 4ba3df11730dc620652fa8f7f7db3a79db3139aa68d9715a92d4f81aa1e92893
[INFO] running `Command { std: "docker" "create" "-v" "/var/lib/crater-agent-workspace/builds/worker-5-tc2/target:/opt/rustwide/target:rw,Z" "-v" "/var/lib/crater-agent-workspace/builds/worker-5-tc2/source:/opt/rustwide/workdir:ro,Z" "-v" "/var/lib/crater-agent-workspace/cargo-home:/opt/rustwide/cargo-home:ro,Z" "-v" "/var/lib/crater-agent-workspace/rustup-home:/opt/rustwide/rustup-home:ro,Z" "-e" "SOURCE_DIR=/opt/rustwide/workdir" "-e" "CARGO_TARGET_DIR=/opt/rustwide/target" "-e" "CARGO_INCREMENTAL=0" "-e" "RUST_BACKTRACE=full" "-e" "RUSTFLAGS=--cap-lints=warn" "-e" "RUSTDOCFLAGS=--cap-lints=warn" "-e" "CARGO_HOME=/opt/rustwide/cargo-home" "-e" "RUSTUP_HOME=/opt/rustwide/rustup-home" "-w" "/opt/rustwide/workdir" "-m" "1610612736" "--user" "0:0" "--network" "none" "ghcr.io/rust-lang/crates-build-env/linux@sha256:2788e3201cd34a07e3172128adcd8b3090168a8e3bcc40d7c032b9dda1df7d1c" "/opt/rustwide/cargo-home/bin/cargo" "+beta-2023-12-22" "test" "--frozen" "--no-run" "--message-format=json", kill_on_drop: false }`
[INFO] [stdout] 2ad815fa256331e286a3987312ded573fa6473880c6af419a4f84fa8f7110219
[INFO] running `Command { std: "docker" "start" "-a" "2ad815fa256331e286a3987312ded573fa6473880c6af419a4f84fa8f7110219", kill_on_drop: false }`
[INFO] [stderr]    Compiling tiny-test v0.1.0 (/opt/rustwide/workdir)
[INFO] [stderr]     Finished test [unoptimized + debuginfo] target(s) in 0.30s
[INFO] running `Command { std: "docker" "inspect" "2ad815fa256331e286a3987312ded573fa6473880c6af419a4f84fa8f7110219", kill_on_drop: false }`
[INFO] running `Command { std: "docker" "rm" "-f" "2ad815fa256331e286a3987312ded573fa6473880c6af419a4f84fa8f7110219", kill_on_drop: false }`
[INFO] [stdout] 2ad815fa256331e286a3987312ded573fa6473880c6af419a4f84fa8f7110219
[INFO] running `Command { std: "docker" "create" "-v" "/var/lib/crater-agent-workspace/builds/worker-5-tc2/target:/opt/rustwide/target:rw,Z" "-v" "/var/lib/crater-agent-workspace/builds/worker-5-tc2/source:/opt/rustwide/workdir:ro,Z" "-v" "/var/lib/crater-agent-workspace/cargo-home:/opt/rustwide/cargo-home:ro,Z" "-v" "/var/lib/crater-agent-workspace/rustup-home:/opt/rustwide/rustup-home:ro,Z" "-e" "SOURCE_DIR=/opt/rustwide/workdir" "-e" "CARGO_TARGET_DIR=/opt/rustwide/target" "-e" "CARGO_INCREMENTAL=0" "-e" "RUST_BACKTRACE=full" "-e" "RUSTFLAGS=--cap-lints=warn" "-e" "RUSTDOCFLAGS=--cap-lints=warn" "-e" "CARGO_HOME=/opt/rustwide/cargo-home" "-e" "RUSTUP_HOME=/opt/rustwide/rustup-home" "-w" "/opt/rustwide/workdir" "-m" "1610612736" "--user" "0:0" "--network" "none" "ghcr.io/rust-lang/crates-build-env/linux@sha256:2788e3201cd34a07e3172128adcd8b3090168a8e3bcc40d7c032b9dda1df7d1c" "/opt/rustwide/cargo-home/bin/cargo" "+beta-2023-12-22" "test" "--frozen", kill_on_drop: false }`
[INFO] [stdout] 63cb17c7144890907789158b34f87cbefeebab455c88835b60716ecf66d5e97b
[INFO] running `Command { std: "docker" "start" "-a" "63cb17c7144890907789158b34f87cbefeebab455c88835b60716ecf66d5e97b", kill_on_drop: false }`
[INFO] [stderr]     Finished test [unoptimized + debuginfo] target(s) in 0.01s
[INFO] [stderr]      Running unittests src/lib.rs (/opt/rustwide/target/debug/deps/tiny_test-025ef26e178b0e75)
[INFO] [stdout] 
[INFO] [stderr]    Doc-tests tiny-test
[INFO] [stdout] running 0 tests
[INFO] [stdout] 
[INFO] [stdout] test result: ok. 0 passed; 0 failed; 0 ignored; 0 measured; 0 filtered out; finished in 0.00s
[INFO] [stdout] 
[INFO] [stdout] 
[INFO] [stdout] running 3 tests
[INFO] [stdout] test src/lib.rs - report_fails (line 82) ... FAILED
[INFO] [stdout] test src/lib.rs - collect_fails (line 35) ... FAILED
[INFO] [stdout] test src/lib.rs - collect_fails (line 14) ... ok
[INFO] [stdout] 
[INFO] [stdout] failures:
[INFO] [stdout] 
[INFO] [stdout] ---- src/lib.rs - report_fails (line 82) stdout ----
[INFO] [stdout] error[E0425]: cannot find function `report_fails` in this scope
[INFO] [stdout]  --> src/lib.rs:84:1
[INFO] [stdout]   |
[INFO] [stdout] 4 | report_fails(vec![
[INFO] [stdout]   | ^^^^^^^^^^^^ not found in this scope
[INFO] [stdout]   |
[INFO] [stdout] help: consider importing this function
[INFO] [stdout]   |
[INFO] [stdout] 3 + use tiny_test::report_fails;
[INFO] [stdout]   |
[INFO] [stdout] 
[INFO] [stdout] error: aborting due to 1 previous error
[INFO] [stdout] 
[INFO] [stdout] For more information about this error, try `rustc --explain E0425`.
[INFO] [stdout] Couldn't compile the test.
[INFO] [stdout] ---- src/lib.rs - collect_fails (line 35) stdout ----
[INFO] [stdout] error: cannot find macro `collect_fails` in this scope
[INFO] [stdout]  --> src/lib.rs:37:18
[INFO] [stdout]   |
[INFO] [stdout] 4 |     report_fails(collect_fails!(
[INFO] [stdout]   |                  ^^^^^^^^^^^^^
[INFO] [stdout]   |
[INFO] [stdout] help: consider importing this macro
[INFO] [stdout]   |
[INFO] [stdout] 2 + use tiny_test::collect_fails;
[INFO] [stdout]   |
[INFO] [stdout] 
[INFO] [stdout] error[E0425]: cannot find function `report_fails` in this scope
[INFO] [stdout]  --> src/lib.rs:37:5
[INFO] [stdout]   |
[INFO] [stdout] 4 |     report_fails(collect_fails!(
[INFO] [stdout]   |     ^^^^^^^^^^^^ not found in this scope
[INFO] [stdout]   |
[INFO] [stdout] help: consider importing this function
[INFO] [stdout]   |
[INFO] [stdout] 2 + use tiny_test::report_fails;
[INFO] [stdout]   |
[INFO] [stdout] 
[INFO] [stdout] error: aborting due to 2 previous errors
[INFO] [stdout] 
[INFO] [stdout] For more information about this error, try `rustc --explain E0425`.
[INFO] [stdout] Couldn't compile the test.
[INFO] [stdout] 
[INFO] [stdout] failures:
[INFO] [stdout]     src/lib.rs - collect_fails (line 35)
[INFO] [stdout]     src/lib.rs - report_fails (line 82)
[INFO] [stdout] 
[INFO] [stdout] test result: FAILED. 1 passed; 2 failed; 0 ignored; 0 measured; 0 filtered out; finished in 0.26s
[INFO] [stdout] 
[INFO] [stderr] error: doctest failed, to rerun pass `--doc`
[INFO] running `Command { std: "docker" "inspect" "63cb17c7144890907789158b34f87cbefeebab455c88835b60716ecf66d5e97b", kill_on_drop: false }`
[INFO] running `Command { std: "docker" "rm" "-f" "63cb17c7144890907789158b34f87cbefeebab455c88835b60716ecf66d5e97b", kill_on_drop: false }`
[INFO] [stdout] 63cb17c7144890907789158b34f87cbefeebab455c88835b60716ecf66d5e97b
