[INFO] fetching crate tiny-native-scheduler 0.1.1...
[INFO] testing tiny-native-scheduler-0.1.1 against 1.75.0 for beta-1.76-1
[INFO] extracting crate tiny-native-scheduler 0.1.1 into /workspace/builds/worker-6-tc1/source
[INFO] validating manifest of crates.io crate tiny-native-scheduler 0.1.1 on toolchain 1.75.0
[INFO] running `Command { std: CARGO_HOME="/workspace/cargo-home" RUSTUP_HOME="/workspace/rustup-home" "/workspace/cargo-home/bin/cargo" "+1.75.0" "metadata" "--manifest-path" "Cargo.toml" "--no-deps", kill_on_drop: false }`
[INFO] started tweaking crates.io crate tiny-native-scheduler 0.1.1
[INFO] finished tweaking crates.io crate tiny-native-scheduler 0.1.1
[INFO] tweaked toml for crates.io crate tiny-native-scheduler 0.1.1 written to /workspace/builds/worker-6-tc1/source/Cargo.toml
[INFO] running `Command { std: CARGO_HOME="/workspace/cargo-home" RUSTUP_HOME="/workspace/rustup-home" "/workspace/cargo-home/bin/cargo" "+1.75.0" "generate-lockfile" "--manifest-path" "Cargo.toml", kill_on_drop: false }`
[INFO] [stderr]     Updating crates.io index
[INFO] running `Command { std: CARGO_HOME="/workspace/cargo-home" RUSTUP_HOME="/workspace/rustup-home" "/workspace/cargo-home/bin/cargo" "+1.75.0" "fetch" "--manifest-path" "Cargo.toml", kill_on_drop: false }`
[INFO] running `Command { std: "docker" "create" "-v" "/var/lib/crater-agent-workspace/builds/worker-6-tc1/target:/opt/rustwide/target:rw,Z" "-v" "/var/lib/crater-agent-workspace/builds/worker-6-tc1/source:/opt/rustwide/workdir:ro,Z" "-v" "/var/lib/crater-agent-workspace/cargo-home:/opt/rustwide/cargo-home:ro,Z" "-v" "/var/lib/crater-agent-workspace/rustup-home:/opt/rustwide/rustup-home:ro,Z" "-e" "SOURCE_DIR=/opt/rustwide/workdir" "-e" "CARGO_TARGET_DIR=/opt/rustwide/target" "-e" "CARGO_HOME=/opt/rustwide/cargo-home" "-e" "RUSTUP_HOME=/opt/rustwide/rustup-home" "-w" "/opt/rustwide/workdir" "-m" "1610612736" "--user" "0:0" "--network" "none" "ghcr.io/rust-lang/crates-build-env/linux@sha256:2788e3201cd34a07e3172128adcd8b3090168a8e3bcc40d7c032b9dda1df7d1c" "/opt/rustwide/cargo-home/bin/cargo" "+1.75.0" "metadata" "--no-deps" "--format-version=1", kill_on_drop: false }`
[INFO] [stdout] fa54feac77dd446467c83091a0b56bc403f9efc3efe87973c9b3c642e0aaee2b
[INFO] running `Command { std: "docker" "start" "-a" "fa54feac77dd446467c83091a0b56bc403f9efc3efe87973c9b3c642e0aaee2b", kill_on_drop: false }`
[INFO] running `Command { std: "docker" "inspect" "fa54feac77dd446467c83091a0b56bc403f9efc3efe87973c9b3c642e0aaee2b", kill_on_drop: false }`
[INFO] running `Command { std: "docker" "rm" "-f" "fa54feac77dd446467c83091a0b56bc403f9efc3efe87973c9b3c642e0aaee2b", kill_on_drop: false }`
[INFO] [stdout] fa54feac77dd446467c83091a0b56bc403f9efc3efe87973c9b3c642e0aaee2b
[INFO] running `Command { std: "docker" "create" "-v" "/var/lib/crater-agent-workspace/builds/worker-6-tc1/target:/opt/rustwide/target:rw,Z" "-v" "/var/lib/crater-agent-workspace/builds/worker-6-tc1/source:/opt/rustwide/workdir:ro,Z" "-v" "/var/lib/crater-agent-workspace/cargo-home:/opt/rustwide/cargo-home:ro,Z" "-v" "/var/lib/crater-agent-workspace/rustup-home:/opt/rustwide/rustup-home:ro,Z" "-e" "SOURCE_DIR=/opt/rustwide/workdir" "-e" "CARGO_TARGET_DIR=/opt/rustwide/target" "-e" "CARGO_INCREMENTAL=0" "-e" "RUST_BACKTRACE=full" "-e" "RUSTFLAGS=--cap-lints=warn" "-e" "RUSTDOCFLAGS=--cap-lints=warn" "-e" "CARGO_HOME=/opt/rustwide/cargo-home" "-e" "RUSTUP_HOME=/opt/rustwide/rustup-home" "-w" "/opt/rustwide/workdir" "-m" "1610612736" "--user" "0:0" "--network" "none" "ghcr.io/rust-lang/crates-build-env/linux@sha256:2788e3201cd34a07e3172128adcd8b3090168a8e3bcc40d7c032b9dda1df7d1c" "/opt/rustwide/cargo-home/bin/cargo" "+1.75.0" "build" "--frozen" "--message-format=json", kill_on_drop: false }`
[INFO] [stdout] 16111a85e97460777a72c36c084d94d1b96108baadd2aa8e4ee51222126cb063
[INFO] running `Command { std: "docker" "start" "-a" "16111a85e97460777a72c36c084d94d1b96108baadd2aa8e4ee51222126cb063", kill_on_drop: false }`
[INFO] [stderr]    Compiling tiny-native-scheduler v0.1.1 (/opt/rustwide/workdir)
[INFO] [stderr]     Finished dev [unoptimized + debuginfo] target(s) in 0.11s
[INFO] running `Command { std: "docker" "inspect" "16111a85e97460777a72c36c084d94d1b96108baadd2aa8e4ee51222126cb063", kill_on_drop: false }`
[INFO] running `Command { std: "docker" "rm" "-f" "16111a85e97460777a72c36c084d94d1b96108baadd2aa8e4ee51222126cb063", kill_on_drop: false }`
[INFO] [stdout] 16111a85e97460777a72c36c084d94d1b96108baadd2aa8e4ee51222126cb063
[INFO] running `Command { std: "docker" "create" "-v" "/var/lib/crater-agent-workspace/builds/worker-6-tc1/target:/opt/rustwide/target:rw,Z" "-v" "/var/lib/crater-agent-workspace/builds/worker-6-tc1/source:/opt/rustwide/workdir:ro,Z" "-v" "/var/lib/crater-agent-workspace/cargo-home:/opt/rustwide/cargo-home:ro,Z" "-v" "/var/lib/crater-agent-workspace/rustup-home:/opt/rustwide/rustup-home:ro,Z" "-e" "SOURCE_DIR=/opt/rustwide/workdir" "-e" "CARGO_TARGET_DIR=/opt/rustwide/target" "-e" "CARGO_INCREMENTAL=0" "-e" "RUST_BACKTRACE=full" "-e" "RUSTFLAGS=--cap-lints=warn" "-e" "RUSTDOCFLAGS=--cap-lints=warn" "-e" "CARGO_HOME=/opt/rustwide/cargo-home" "-e" "RUSTUP_HOME=/opt/rustwide/rustup-home" "-w" "/opt/rustwide/workdir" "-m" "1610612736" "--user" "0:0" "--network" "none" "ghcr.io/rust-lang/crates-build-env/linux@sha256:2788e3201cd34a07e3172128adcd8b3090168a8e3bcc40d7c032b9dda1df7d1c" "/opt/rustwide/cargo-home/bin/cargo" "+1.75.0" "test" "--frozen" "--no-run" "--message-format=json", kill_on_drop: false }`
[INFO] [stdout] 4d101717de7cba47efc9c89ae5d0c203b60b0489cf68a5aed6e543bf74a8d6e2
[INFO] running `Command { std: "docker" "start" "-a" "4d101717de7cba47efc9c89ae5d0c203b60b0489cf68a5aed6e543bf74a8d6e2", kill_on_drop: false }`
[INFO] [stderr]    Compiling tiny-native-scheduler v0.1.1 (/opt/rustwide/workdir)
[INFO] [stderr]     Finished test [unoptimized + debuginfo] target(s) in 0.19s
[INFO] running `Command { std: "docker" "inspect" "4d101717de7cba47efc9c89ae5d0c203b60b0489cf68a5aed6e543bf74a8d6e2", kill_on_drop: false }`
[INFO] running `Command { std: "docker" "rm" "-f" "4d101717de7cba47efc9c89ae5d0c203b60b0489cf68a5aed6e543bf74a8d6e2", kill_on_drop: false }`
[INFO] [stdout] 4d101717de7cba47efc9c89ae5d0c203b60b0489cf68a5aed6e543bf74a8d6e2
[INFO] running `Command { std: "docker" "create" "-v" "/var/lib/crater-agent-workspace/builds/worker-6-tc1/target:/opt/rustwide/target:rw,Z" "-v" "/var/lib/crater-agent-workspace/builds/worker-6-tc1/source:/opt/rustwide/workdir:ro,Z" "-v" "/var/lib/crater-agent-workspace/cargo-home:/opt/rustwide/cargo-home:ro,Z" "-v" "/var/lib/crater-agent-workspace/rustup-home:/opt/rustwide/rustup-home:ro,Z" "-e" "SOURCE_DIR=/opt/rustwide/workdir" "-e" "CARGO_TARGET_DIR=/opt/rustwide/target" "-e" "CARGO_INCREMENTAL=0" "-e" "RUST_BACKTRACE=full" "-e" "RUSTFLAGS=--cap-lints=warn" "-e" "RUSTDOCFLAGS=--cap-lints=warn" "-e" "CARGO_HOME=/opt/rustwide/cargo-home" "-e" "RUSTUP_HOME=/opt/rustwide/rustup-home" "-w" "/opt/rustwide/workdir" "-m" "1610612736" "--user" "0:0" "--network" "none" "ghcr.io/rust-lang/crates-build-env/linux@sha256:2788e3201cd34a07e3172128adcd8b3090168a8e3bcc40d7c032b9dda1df7d1c" "/opt/rustwide/cargo-home/bin/cargo" "+1.75.0" "test" "--frozen", kill_on_drop: false }`
[INFO] [stdout] ea9885cbe6b88df5b0e17bca67e16517a095a01a98e4e533a4e31988a01be843
[INFO] running `Command { std: "docker" "start" "-a" "ea9885cbe6b88df5b0e17bca67e16517a095a01a98e4e533a4e31988a01be843", kill_on_drop: false }`
[INFO] [stderr]     Finished test [unoptimized + debuginfo] target(s) in 0.01s
[INFO] [stderr]      Running unittests src/lib.rs (/opt/rustwide/target/debug/deps/tiny_native_scheduler-2e1bf685a308460d)
[INFO] [stdout] 
[INFO] [stdout] running 0 tests
[INFO] [stdout] 
[INFO] [stdout] test result: ok. 0 passed; 0 failed; 0 ignored; 0 measured; 0 filtered out; finished in 0.00s
[INFO] [stdout] 
[INFO] [stderr]    Doc-tests tiny-native-scheduler
[INFO] [stdout] 
[INFO] [stdout] running 1 test
[INFO] [stdout] test src/lib.rs - execute_command_in_x_minutes (line 17) - compile ... FAILED
[INFO] [stdout] 
[INFO] [stdout] failures:
[INFO] [stdout] 
[INFO] [stdout] ---- src/lib.rs - execute_command_in_x_minutes (line 17) stdout ----
[INFO] [stdout] error[E0432]: unresolved import `execute_command_in_x_minutes`
[INFO] [stdout]  --> src/lib.rs:18:5
[INFO] [stdout]   |
[INFO] [stdout] 3 | use execute_command_in_x_minutes::execute_command_in_x_minutes;
[INFO] [stdout]   |     ^^^^^^^^^^^^^^^^^^^^^^^^^^^^ use of undeclared crate or module `execute_command_in_x_minutes`
[INFO] [stdout] 
[INFO] [stdout] error: aborting due to previous error
[INFO] [stdout] 
[INFO] [stdout] For more information about this error, try `rustc --explain E0432`.
[INFO] [stdout] Couldn't compile the test.
[INFO] [stdout] 
[INFO] [stdout] failures:
[INFO] [stdout]     src/lib.rs - execute_command_in_x_minutes (line 17)
[INFO] [stdout] 
[INFO] [stdout] test result: FAILED. 0 passed; 1 failed; 0 ignored; 0 measured; 0 filtered out; finished in 0.06s
[INFO] [stdout] 
[INFO] [stderr] error: doctest failed, to rerun pass `--doc`
[INFO] running `Command { std: "docker" "inspect" "ea9885cbe6b88df5b0e17bca67e16517a095a01a98e4e533a4e31988a01be843", kill_on_drop: false }`
[INFO] running `Command { std: "docker" "rm" "-f" "ea9885cbe6b88df5b0e17bca67e16517a095a01a98e4e533a4e31988a01be843", kill_on_drop: false }`
[INFO] [stdout] ea9885cbe6b88df5b0e17bca67e16517a095a01a98e4e533a4e31988a01be843
[INFO] testing tiny-native-scheduler-0.1.1 against beta-2023-12-22 for beta-1.76-1
[INFO] extracting crate tiny-native-scheduler 0.1.1 into /workspace/builds/worker-6-tc2/source
[INFO] validating manifest of crates.io crate tiny-native-scheduler 0.1.1 on toolchain beta-2023-12-22
[INFO] running `Command { std: CARGO_HOME="/workspace/cargo-home" RUSTUP_HOME="/workspace/rustup-home" "/workspace/cargo-home/bin/cargo" "+beta-2023-12-22" "metadata" "--manifest-path" "Cargo.toml" "--no-deps", kill_on_drop: false }`
[INFO] started tweaking crates.io crate tiny-native-scheduler 0.1.1
[INFO] finished tweaking crates.io crate tiny-native-scheduler 0.1.1
[INFO] tweaked toml for crates.io crate tiny-native-scheduler 0.1.1 written to /workspace/builds/worker-6-tc2/source/Cargo.toml
[INFO] running `Command { std: CARGO_HOME="/workspace/cargo-home" RUSTUP_HOME="/workspace/rustup-home" "/workspace/cargo-home/bin/cargo" "+beta-2023-12-22" "generate-lockfile" "--manifest-path" "Cargo.toml", kill_on_drop: false }`
[INFO] [stderr]     Updating crates.io index
[INFO] running `Command { std: CARGO_HOME="/workspace/cargo-home" RUSTUP_HOME="/workspace/rustup-home" "/workspace/cargo-home/bin/cargo" "+beta-2023-12-22" "fetch" "--manifest-path" "Cargo.toml", kill_on_drop: false }`
[INFO] running `Command { std: "docker" "create" "-v" "/var/lib/crater-agent-workspace/builds/worker-6-tc2/target:/opt/rustwide/target:rw,Z" "-v" "/var/lib/crater-agent-workspace/builds/worker-6-tc2/source:/opt/rustwide/workdir:ro,Z" "-v" "/var/lib/crater-agent-workspace/cargo-home:/opt/rustwide/cargo-home:ro,Z" "-v" "/var/lib/crater-agent-workspace/rustup-home:/opt/rustwide/rustup-home:ro,Z" "-e" "SOURCE_DIR=/opt/rustwide/workdir" "-e" "CARGO_TARGET_DIR=/opt/rustwide/target" "-e" "CARGO_HOME=/opt/rustwide/cargo-home" "-e" "RUSTUP_HOME=/opt/rustwide/rustup-home" "-w" "/opt/rustwide/workdir" "-m" "1610612736" "--user" "0:0" "--network" "none" "ghcr.io/rust-lang/crates-build-env/linux@sha256:2788e3201cd34a07e3172128adcd8b3090168a8e3bcc40d7c032b9dda1df7d1c" "/opt/rustwide/cargo-home/bin/cargo" "+beta-2023-12-22" "metadata" "--no-deps" "--format-version=1", kill_on_drop: false }`
[INFO] [stdout] 2505c5ce4be01185ff6e63da316f51fb27f1a5b82be18a1f8f8af8c86ad2dd71
[INFO] running `Command { std: "docker" "start" "-a" "2505c5ce4be01185ff6e63da316f51fb27f1a5b82be18a1f8f8af8c86ad2dd71", kill_on_drop: false }`
[INFO] running `Command { std: "docker" "inspect" "2505c5ce4be01185ff6e63da316f51fb27f1a5b82be18a1f8f8af8c86ad2dd71", kill_on_drop: false }`
[INFO] running `Command { std: "docker" "rm" "-f" "2505c5ce4be01185ff6e63da316f51fb27f1a5b82be18a1f8f8af8c86ad2dd71", kill_on_drop: false }`
[INFO] [stdout] 2505c5ce4be01185ff6e63da316f51fb27f1a5b82be18a1f8f8af8c86ad2dd71
[INFO] running `Command { std: "docker" "create" "-v" "/var/lib/crater-agent-workspace/builds/worker-6-tc2/target:/opt/rustwide/target:rw,Z" "-v" "/var/lib/crater-agent-workspace/builds/worker-6-tc2/source:/opt/rustwide/workdir:ro,Z" "-v" "/var/lib/crater-agent-workspace/cargo-home:/opt/rustwide/cargo-home:ro,Z" "-v" "/var/lib/crater-agent-workspace/rustup-home:/opt/rustwide/rustup-home:ro,Z" "-e" "SOURCE_DIR=/opt/rustwide/workdir" "-e" "CARGO_TARGET_DIR=/opt/rustwide/target" "-e" "CARGO_INCREMENTAL=0" "-e" "RUST_BACKTRACE=full" "-e" "RUSTFLAGS=--cap-lints=warn" "-e" "RUSTDOCFLAGS=--cap-lints=warn" "-e" "CARGO_HOME=/opt/rustwide/cargo-home" "-e" "RUSTUP_HOME=/opt/rustwide/rustup-home" "-w" "/opt/rustwide/workdir" "-m" "1610612736" "--user" "0:0" "--network" "none" "ghcr.io/rust-lang/crates-build-env/linux@sha256:2788e3201cd34a07e3172128adcd8b3090168a8e3bcc40d7c032b9dda1df7d1c" "/opt/rustwide/cargo-home/bin/cargo" "+beta-2023-12-22" "build" "--frozen" "--message-format=json", kill_on_drop: false }`
[INFO] [stdout] a8bd6ef92231a7ac57ca1419b906dfe60559463cdd25f117e1d5624f19746b43
[INFO] running `Command { std: "docker" "start" "-a" "a8bd6ef92231a7ac57ca1419b906dfe60559463cdd25f117e1d5624f19746b43", kill_on_drop: false }`
[INFO] [stderr]    Compiling tiny-native-scheduler v0.1.1 (/opt/rustwide/workdir)
[INFO] [stderr]     Finished dev [unoptimized + debuginfo] target(s) in 0.20s
[INFO] running `Command { std: "docker" "inspect" "a8bd6ef92231a7ac57ca1419b906dfe60559463cdd25f117e1d5624f19746b43", kill_on_drop: false }`
[INFO] running `Command { std: "docker" "rm" "-f" "a8bd6ef92231a7ac57ca1419b906dfe60559463cdd25f117e1d5624f19746b43", kill_on_drop: false }`
[INFO] [stdout] a8bd6ef92231a7ac57ca1419b906dfe60559463cdd25f117e1d5624f19746b43
[INFO] running `Command { std: "docker" "create" "-v" "/var/lib/crater-agent-workspace/builds/worker-6-tc2/target:/opt/rustwide/target:rw,Z" "-v" "/var/lib/crater-agent-workspace/builds/worker-6-tc2/source:/opt/rustwide/workdir:ro,Z" "-v" "/var/lib/crater-agent-workspace/cargo-home:/opt/rustwide/cargo-home:ro,Z" "-v" "/var/lib/crater-agent-workspace/rustup-home:/opt/rustwide/rustup-home:ro,Z" "-e" "SOURCE_DIR=/opt/rustwide/workdir" "-e" "CARGO_TARGET_DIR=/opt/rustwide/target" "-e" "CARGO_INCREMENTAL=0" "-e" "RUST_BACKTRACE=full" "-e" "RUSTFLAGS=--cap-lints=warn" "-e" "RUSTDOCFLAGS=--cap-lints=warn" "-e" "CARGO_HOME=/opt/rustwide/cargo-home" "-e" "RUSTUP_HOME=/opt/rustwide/rustup-home" "-w" "/opt/rustwide/workdir" "-m" "1610612736" "--user" "0:0" "--network" "none" "ghcr.io/rust-lang/crates-build-env/linux@sha256:2788e3201cd34a07e3172128adcd8b3090168a8e3bcc40d7c032b9dda1df7d1c" "/opt/rustwide/cargo-home/bin/cargo" "+beta-2023-12-22" "test" "--frozen" "--no-run" "--message-format=json", kill_on_drop: false }`
[INFO] [stdout] e1903b168fa6cb6edcfd157524b51ce069a8b8ee9d873cc905e8525b82e73ff4
[INFO] running `Command { std: "docker" "start" "-a" "e1903b168fa6cb6edcfd157524b51ce069a8b8ee9d873cc905e8525b82e73ff4", kill_on_drop: false }`
[INFO] [stderr]    Compiling tiny-native-scheduler v0.1.1 (/opt/rustwide/workdir)
[INFO] [stderr]     Finished test [unoptimized + debuginfo] target(s) in 0.24s
[INFO] running `Command { std: "docker" "inspect" "e1903b168fa6cb6edcfd157524b51ce069a8b8ee9d873cc905e8525b82e73ff4", kill_on_drop: false }`
[INFO] running `Command { std: "docker" "rm" "-f" "e1903b168fa6cb6edcfd157524b51ce069a8b8ee9d873cc905e8525b82e73ff4", kill_on_drop: false }`
[INFO] [stdout] e1903b168fa6cb6edcfd157524b51ce069a8b8ee9d873cc905e8525b82e73ff4
[INFO] running `Command { std: "docker" "create" "-v" "/var/lib/crater-agent-workspace/builds/worker-6-tc2/target:/opt/rustwide/target:rw,Z" "-v" "/var/lib/crater-agent-workspace/builds/worker-6-tc2/source:/opt/rustwide/workdir:ro,Z" "-v" "/var/lib/crater-agent-workspace/cargo-home:/opt/rustwide/cargo-home:ro,Z" "-v" "/var/lib/crater-agent-workspace/rustup-home:/opt/rustwide/rustup-home:ro,Z" "-e" "SOURCE_DIR=/opt/rustwide/workdir" "-e" "CARGO_TARGET_DIR=/opt/rustwide/target" "-e" "CARGO_INCREMENTAL=0" "-e" "RUST_BACKTRACE=full" "-e" "RUSTFLAGS=--cap-lints=warn" "-e" "RUSTDOCFLAGS=--cap-lints=warn" "-e" "CARGO_HOME=/opt/rustwide/cargo-home" "-e" "RUSTUP_HOME=/opt/rustwide/rustup-home" "-w" "/opt/rustwide/workdir" "-m" "1610612736" "--user" "0:0" "--network" "none" "ghcr.io/rust-lang/crates-build-env/linux@sha256:2788e3201cd34a07e3172128adcd8b3090168a8e3bcc40d7c032b9dda1df7d1c" "/opt/rustwide/cargo-home/bin/cargo" "+beta-2023-12-22" "test" "--frozen", kill_on_drop: false }`
[INFO] [stdout] 7b1b70ecc242a7868ccc7db79d105f1e926597c7545fcaffe518ed7e2bb145e9
[INFO] running `Command { std: "docker" "start" "-a" "7b1b70ecc242a7868ccc7db79d105f1e926597c7545fcaffe518ed7e2bb145e9", kill_on_drop: false }`
[INFO] [stderr]     Finished test [unoptimized + debuginfo] target(s) in 0.01s
[INFO] [stderr]      Running unittests src/lib.rs (/opt/rustwide/target/debug/deps/tiny_native_scheduler-6e10d3d9663e4606)
[INFO] [stdout] 
[INFO] [stdout] running 0 tests
[INFO] [stdout] 
[INFO] [stdout] test result: ok. 0 passed; 0 failed; 0 ignored; 0 measured; 0 filtered out; finished in 0.00s
[INFO] [stdout] 
[INFO] [stderr]    Doc-tests tiny-native-scheduler
[INFO] [stdout] 
[INFO] [stdout] running 1 test
[INFO] [stdout] test src/lib.rs - execute_command_in_x_minutes (line 17) - compile ... FAILED
[INFO] [stdout] 
[INFO] [stdout] failures:
[INFO] [stdout] 
[INFO] [stdout] ---- src/lib.rs - execute_command_in_x_minutes (line 17) stdout ----
[INFO] [stdout] error[E0432]: unresolved import `execute_command_in_x_minutes`
[INFO] [stdout]  --> src/lib.rs:18:5
[INFO] [stdout]   |
[INFO] [stdout] 3 | use execute_command_in_x_minutes::execute_command_in_x_minutes;
[INFO] [stdout]   |     ^^^^^^^^^^^^^^^^^^^^^^^^^^^^ use of undeclared crate or module `execute_command_in_x_minutes`
[INFO] [stdout] 
[INFO] [stdout] error: aborting due to 1 previous error
[INFO] [stdout] 
[INFO] [stdout] For more information about this error, try `rustc --explain E0432`.
[INFO] [stdout] Couldn't compile the test.
[INFO] [stdout] 
[INFO] [stdout] failures:
[INFO] [stdout]     src/lib.rs - execute_command_in_x_minutes (line 17)
[INFO] [stdout] 
[INFO] [stdout] test result: FAILED. 0 passed; 1 failed; 0 ignored; 0 measured; 0 filtered out; finished in 0.05s
[INFO] [stdout] 
[INFO] [stderr] error: doctest failed, to rerun pass `--doc`
[INFO] running `Command { std: "docker" "inspect" "7b1b70ecc242a7868ccc7db79d105f1e926597c7545fcaffe518ed7e2bb145e9", kill_on_drop: false }`
[INFO] running `Command { std: "docker" "rm" "-f" "7b1b70ecc242a7868ccc7db79d105f1e926597c7545fcaffe518ed7e2bb145e9", kill_on_drop: false }`
[INFO] [stdout] 7b1b70ecc242a7868ccc7db79d105f1e926597c7545fcaffe518ed7e2bb145e9
