[INFO] fetching crate timer-kit 0.1.1...
[INFO] testing timer-kit-0.1.1 against 1.75.0 for beta-1.76-1
[INFO] extracting crate timer-kit 0.1.1 into /workspace/builds/worker-7-tc1/source
[INFO] validating manifest of crates.io crate timer-kit 0.1.1 on toolchain 1.75.0
[INFO] running `Command { std: CARGO_HOME="/workspace/cargo-home" RUSTUP_HOME="/workspace/rustup-home" "/workspace/cargo-home/bin/cargo" "+1.75.0" "metadata" "--manifest-path" "Cargo.toml" "--no-deps", kill_on_drop: false }`
[INFO] started tweaking crates.io crate timer-kit 0.1.1
[INFO] finished tweaking crates.io crate timer-kit 0.1.1
[INFO] tweaked toml for crates.io crate timer-kit 0.1.1 written to /workspace/builds/worker-7-tc1/source/Cargo.toml
[INFO] running `Command { std: CARGO_HOME="/workspace/cargo-home" RUSTUP_HOME="/workspace/rustup-home" "/workspace/cargo-home/bin/cargo" "+1.75.0" "generate-lockfile" "--manifest-path" "Cargo.toml", kill_on_drop: false }`
[INFO] [stderr]     Updating crates.io index
[INFO] running `Command { std: CARGO_HOME="/workspace/cargo-home" RUSTUP_HOME="/workspace/rustup-home" "/workspace/cargo-home/bin/cargo" "+1.75.0" "fetch" "--manifest-path" "Cargo.toml", kill_on_drop: false }`
[INFO] [stderr]  Downloading crates ...
[INFO] [stderr]   Downloaded fluvio-wasm-timer v0.2.5
[INFO] running `Command { std: "docker" "create" "-v" "/var/lib/crater-agent-workspace/builds/worker-7-tc1/target:/opt/rustwide/target:rw,Z" "-v" "/var/lib/crater-agent-workspace/builds/worker-7-tc1/source:/opt/rustwide/workdir:ro,Z" "-v" "/var/lib/crater-agent-workspace/cargo-home:/opt/rustwide/cargo-home:ro,Z" "-v" "/var/lib/crater-agent-workspace/rustup-home:/opt/rustwide/rustup-home:ro,Z" "-e" "SOURCE_DIR=/opt/rustwide/workdir" "-e" "CARGO_TARGET_DIR=/opt/rustwide/target" "-e" "CARGO_HOME=/opt/rustwide/cargo-home" "-e" "RUSTUP_HOME=/opt/rustwide/rustup-home" "-w" "/opt/rustwide/workdir" "-m" "1610612736" "--user" "0:0" "--network" "none" "ghcr.io/rust-lang/crates-build-env/linux@sha256:2788e3201cd34a07e3172128adcd8b3090168a8e3bcc40d7c032b9dda1df7d1c" "/opt/rustwide/cargo-home/bin/cargo" "+1.75.0" "metadata" "--no-deps" "--format-version=1", kill_on_drop: false }`
[INFO] [stdout] 36ef7bfb5479dc793f3af672fea1e6a329443154eba3a748bfeeaf5fbfbb29e7
[INFO] running `Command { std: "docker" "start" "-a" "36ef7bfb5479dc793f3af672fea1e6a329443154eba3a748bfeeaf5fbfbb29e7", kill_on_drop: false }`
[INFO] running `Command { std: "docker" "inspect" "36ef7bfb5479dc793f3af672fea1e6a329443154eba3a748bfeeaf5fbfbb29e7", kill_on_drop: false }`
[INFO] running `Command { std: "docker" "rm" "-f" "36ef7bfb5479dc793f3af672fea1e6a329443154eba3a748bfeeaf5fbfbb29e7", kill_on_drop: false }`
[INFO] [stdout] 36ef7bfb5479dc793f3af672fea1e6a329443154eba3a748bfeeaf5fbfbb29e7
[INFO] running `Command { std: "docker" "create" "-v" "/var/lib/crater-agent-workspace/builds/worker-7-tc1/target:/opt/rustwide/target:rw,Z" "-v" "/var/lib/crater-agent-workspace/builds/worker-7-tc1/source:/opt/rustwide/workdir:ro,Z" "-v" "/var/lib/crater-agent-workspace/cargo-home:/opt/rustwide/cargo-home:ro,Z" "-v" "/var/lib/crater-agent-workspace/rustup-home:/opt/rustwide/rustup-home:ro,Z" "-e" "SOURCE_DIR=/opt/rustwide/workdir" "-e" "CARGO_TARGET_DIR=/opt/rustwide/target" "-e" "CARGO_INCREMENTAL=0" "-e" "RUST_BACKTRACE=full" "-e" "RUSTFLAGS=--cap-lints=warn" "-e" "RUSTDOCFLAGS=--cap-lints=warn" "-e" "CARGO_HOME=/opt/rustwide/cargo-home" "-e" "RUSTUP_HOME=/opt/rustwide/rustup-home" "-w" "/opt/rustwide/workdir" "-m" "1610612736" "--user" "0:0" "--network" "none" "ghcr.io/rust-lang/crates-build-env/linux@sha256:2788e3201cd34a07e3172128adcd8b3090168a8e3bcc40d7c032b9dda1df7d1c" "/opt/rustwide/cargo-home/bin/cargo" "+1.75.0" "build" "--frozen" "--message-format=json", kill_on_drop: false }`
[INFO] [stdout] 8ab7fe9723412dddc4405fc9be7d7e01a1e6b94d7feb423705e31230935bfe84
[INFO] running `Command { std: "docker" "start" "-a" "8ab7fe9723412dddc4405fc9be7d7e01a1e6b94d7feb423705e31230935bfe84", kill_on_drop: false }`
[INFO] [stderr]    Compiling thiserror v1.0.56
[INFO] [stderr]    Compiling futures-task v0.3.30
[INFO] [stderr]    Compiling futures-core v0.3.30
[INFO] [stderr]    Compiling thiserror-impl v1.0.56
[INFO] [stderr]    Compiling futures-macro v0.3.30
[INFO] [stderr]    Compiling futures-util v0.3.30
[INFO] [stderr]    Compiling timer-kit v0.1.1 (/opt/rustwide/workdir)
[INFO] [stderr]     Finished dev [unoptimized + debuginfo] target(s) in 2.45s
[INFO] running `Command { std: "docker" "inspect" "8ab7fe9723412dddc4405fc9be7d7e01a1e6b94d7feb423705e31230935bfe84", kill_on_drop: false }`
[INFO] running `Command { std: "docker" "rm" "-f" "8ab7fe9723412dddc4405fc9be7d7e01a1e6b94d7feb423705e31230935bfe84", kill_on_drop: false }`
[INFO] [stdout] 8ab7fe9723412dddc4405fc9be7d7e01a1e6b94d7feb423705e31230935bfe84
[INFO] running `Command { std: "docker" "create" "-v" "/var/lib/crater-agent-workspace/builds/worker-7-tc1/target:/opt/rustwide/target:rw,Z" "-v" "/var/lib/crater-agent-workspace/builds/worker-7-tc1/source:/opt/rustwide/workdir:ro,Z" "-v" "/var/lib/crater-agent-workspace/cargo-home:/opt/rustwide/cargo-home:ro,Z" "-v" "/var/lib/crater-agent-workspace/rustup-home:/opt/rustwide/rustup-home:ro,Z" "-e" "SOURCE_DIR=/opt/rustwide/workdir" "-e" "CARGO_TARGET_DIR=/opt/rustwide/target" "-e" "CARGO_INCREMENTAL=0" "-e" "RUST_BACKTRACE=full" "-e" "RUSTFLAGS=--cap-lints=warn" "-e" "RUSTDOCFLAGS=--cap-lints=warn" "-e" "CARGO_HOME=/opt/rustwide/cargo-home" "-e" "RUSTUP_HOME=/opt/rustwide/rustup-home" "-w" "/opt/rustwide/workdir" "-m" "1610612736" "--user" "0:0" "--network" "none" "ghcr.io/rust-lang/crates-build-env/linux@sha256:2788e3201cd34a07e3172128adcd8b3090168a8e3bcc40d7c032b9dda1df7d1c" "/opt/rustwide/cargo-home/bin/cargo" "+1.75.0" "test" "--frozen" "--no-run" "--message-format=json", kill_on_drop: false }`
[INFO] [stdout] b367db962a81c98e5748b9298c47429aa79aa88100cb846a1920af846a480251
[INFO] running `Command { std: "docker" "start" "-a" "b367db962a81c98e5748b9298c47429aa79aa88100cb846a1920af846a480251", kill_on_drop: false }`
[INFO] [stderr]    Compiling futures-core v0.3.30
[INFO] [stderr]    Compiling crossbeam-utils v0.8.18
[INFO] [stderr]    Compiling parking v2.2.0
[INFO] [stderr]    Compiling futures-io v0.3.30
[INFO] [stderr]    Compiling tracing-core v0.1.32
[INFO] [stderr]    Compiling io-lifetimes v1.0.11
[INFO] [stderr]    Compiling event-listener v2.5.3
[INFO] [stderr]    Compiling polling v2.8.0
[INFO] [stderr]    Compiling fastrand v1.9.0
[INFO] [stderr]    Compiling rustix v0.38.28
[INFO] [stderr]    Compiling waker-fn v1.1.1
[INFO] [stderr]    Compiling rustix v0.37.27
[INFO] [stderr]    Compiling async-io v1.13.0
[INFO] [stderr]    Compiling linux-raw-sys v0.4.12
[INFO] [stderr]    Compiling syn v2.0.48
[INFO] [stderr]    Compiling futures-sink v0.3.30
[INFO] [stderr]    Compiling linux-raw-sys v0.3.8
[INFO] [stderr]    Compiling futures-lite v2.1.0
[INFO] [stderr]    Compiling async-lock v2.8.0
[INFO] [stderr]    Compiling futures-channel v0.3.30
[INFO] [stderr]    Compiling socket2 v0.4.10
[INFO] [stderr]    Compiling futures-lite v1.13.0
[INFO] [stderr]    Compiling async-task v4.7.0
[INFO] [stderr]    Compiling atomic-waker v1.1.2
[INFO] [stderr]    Compiling signal-hook-registry v1.4.1
[INFO] [stderr]    Compiling tracing v0.1.40
[INFO] [stderr]    Compiling piper v0.2.1
[INFO] [stderr]    Compiling async-fs v1.6.0
[INFO] [stderr]    Compiling smol-potat-macro v0.6.0
[INFO] [stderr]    Compiling num_cpus v1.16.0
[INFO] [stderr]    Compiling bytes v1.5.0
[INFO] [stderr]    Compiling concurrent-queue v2.4.0
[INFO] [stderr]    Compiling event-listener v4.0.2
[INFO] [stderr]    Compiling event-listener v3.1.0
[INFO] [stderr]    Compiling async-channel v1.9.0
[INFO] [stderr]    Compiling event-listener-strategy v0.4.0
[INFO] [stderr]    Compiling async-lock v3.2.0
[INFO] [stderr]    Compiling async-channel v2.1.1
[INFO] [stderr]    Compiling blocking v1.5.1
[INFO] [stderr]    Compiling async-executor v1.8.0
[INFO] [stderr]    Compiling async-net v1.8.0
[INFO] [stderr]    Compiling smol-potat v1.1.2
[INFO] [stderr]    Compiling futures-macro v0.3.30
[INFO] [stderr]    Compiling thiserror-impl v1.0.56
[INFO] [stderr]    Compiling pin-project-internal v1.1.3
[INFO] [stderr]    Compiling tokio-macros v2.2.0
[INFO] [stderr]    Compiling tokio v1.35.1
[INFO] [stderr]    Compiling futures-util v0.3.30
[INFO] [stderr]    Compiling thiserror v1.0.56
[INFO] [stderr]    Compiling pin-project v1.1.3
[INFO] [stderr]    Compiling polling v3.3.1
[INFO] [stderr]    Compiling async-io v2.2.2
[INFO] [stderr]    Compiling async-signal v0.2.5
[INFO] [stderr]    Compiling async-process v1.8.1
[INFO] [stderr]    Compiling smol v1.3.0
[INFO] [stderr]    Compiling futures-executor v0.3.30
[INFO] [stderr]    Compiling timer-kit v0.1.1 (/opt/rustwide/workdir)
[INFO] [stderr]    Compiling futures v0.3.30
[INFO] [stderr]    Compiling futures-test v0.3.30
[INFO] [stderr]     Finished test [unoptimized + debuginfo] target(s) in 9.32s
[INFO] running `Command { std: "docker" "inspect" "b367db962a81c98e5748b9298c47429aa79aa88100cb846a1920af846a480251", kill_on_drop: false }`
[INFO] running `Command { std: "docker" "rm" "-f" "b367db962a81c98e5748b9298c47429aa79aa88100cb846a1920af846a480251", kill_on_drop: false }`
[INFO] [stdout] b367db962a81c98e5748b9298c47429aa79aa88100cb846a1920af846a480251
[INFO] running `Command { std: "docker" "create" "-v" "/var/lib/crater-agent-workspace/builds/worker-7-tc1/target:/opt/rustwide/target:rw,Z" "-v" "/var/lib/crater-agent-workspace/builds/worker-7-tc1/source:/opt/rustwide/workdir:ro,Z" "-v" "/var/lib/crater-agent-workspace/cargo-home:/opt/rustwide/cargo-home:ro,Z" "-v" "/var/lib/crater-agent-workspace/rustup-home:/opt/rustwide/rustup-home:ro,Z" "-e" "SOURCE_DIR=/opt/rustwide/workdir" "-e" "CARGO_TARGET_DIR=/opt/rustwide/target" "-e" "CARGO_INCREMENTAL=0" "-e" "RUST_BACKTRACE=full" "-e" "RUSTFLAGS=--cap-lints=warn" "-e" "RUSTDOCFLAGS=--cap-lints=warn" "-e" "CARGO_HOME=/opt/rustwide/cargo-home" "-e" "RUSTUP_HOME=/opt/rustwide/rustup-home" "-w" "/opt/rustwide/workdir" "-m" "1610612736" "--user" "0:0" "--network" "none" "ghcr.io/rust-lang/crates-build-env/linux@sha256:2788e3201cd34a07e3172128adcd8b3090168a8e3bcc40d7c032b9dda1df7d1c" "/opt/rustwide/cargo-home/bin/cargo" "+1.75.0" "test" "--frozen", kill_on_drop: false }`
[INFO] [stdout] 40e4178d9383f6de22a801f69a5c80033b8ea77dbf5a227e3080af67feec90fa
[INFO] running `Command { std: "docker" "start" "-a" "40e4178d9383f6de22a801f69a5c80033b8ea77dbf5a227e3080af67feec90fa", kill_on_drop: false }`
[INFO] [stderr]     Finished test [unoptimized + debuginfo] target(s) in 0.09s
[INFO] [stderr]      Running unittests src/lib.rs (/opt/rustwide/target/debug/deps/timer_kit-145f681870e52d55)
[INFO] [stdout] 
[INFO] [stdout] running 2 tests
[INFO] [stdout] test wheel::level::test::test_slot_for ... ok
[INFO] [stdout] test wheel::test::test_level_for ... ok
[INFO] [stdout] 
[INFO] [stdout] test result: ok. 2 passed; 0 failed; 0 ignored; 0 measured; 0 filtered out; finished in 0.00s
[INFO] [stdout] 
[INFO] [stderr]      Running tests/fluvio_wasm_timer_delay_queue.rs (/opt/rustwide/target/debug/deps/fluvio_wasm_timer_delay_queue-40efd14e4e6a6376)
[INFO] [stdout] 
[INFO] [stdout] running 0 tests
[INFO] [stdout] 
[INFO] [stdout] test result: ok. 0 passed; 0 failed; 0 ignored; 0 measured; 0 filtered out; finished in 0.00s
[INFO] [stdout] 
[INFO] [stderr]      Running tests/fluvio_wasm_timer_interval.rs (/opt/rustwide/target/debug/deps/fluvio_wasm_timer_interval-d71925c2f4f6e35c)
[INFO] [stdout] 
[INFO] [stdout] running 0 tests
[INFO] [stdout] 
[INFO] [stdout] test result: ok. 0 passed; 0 failed; 0 ignored; 0 measured; 0 filtered out; finished in 0.00s
[INFO] [stdout] 
[INFO] [stderr]      Running tests/fluvio_wasm_timer_sleep.rs (/opt/rustwide/target/debug/deps/fluvio_wasm_timer_sleep-5cb600ac3c1ed7f2)
[INFO] [stdout] 
[INFO] [stdout] running 0 tests
[INFO] [stdout] 
[INFO] [stdout] test result: ok. 0 passed; 0 failed; 0 ignored; 0 measured; 0 filtered out; finished in 0.00s
[INFO] [stdout] 
[INFO] [stderr]      Running tests/fluvio_wasm_timer_timeout.rs (/opt/rustwide/target/debug/deps/fluvio_wasm_timer_timeout-5434aad9ba968f4a)
[INFO] [stdout] 
[INFO] [stdout] running 0 tests
[INFO] [stdout] 
[INFO] [stdout] test result: ok. 0 passed; 0 failed; 0 ignored; 0 measured; 0 filtered out; finished in 0.00s
[INFO] [stdout] 
[INFO] [stderr]      Running tests/futures_timer_delay_queue.rs (/opt/rustwide/target/debug/deps/futures_timer_delay_queue-0434a953f8c3e4bd)
[INFO] [stdout] 
[INFO] [stdout] running 0 tests
[INFO] [stdout] 
[INFO] [stdout] test result: ok. 0 passed; 0 failed; 0 ignored; 0 measured; 0 filtered out; finished in 0.00s
[INFO] [stdout] 
[INFO] [stderr]      Running tests/futures_timer_interval.rs (/opt/rustwide/target/debug/deps/futures_timer_interval-f868873f5a9fafa3)
[INFO] [stdout] 
[INFO] [stdout] running 0 tests
[INFO] [stdout] 
[INFO] [stdout] test result: ok. 0 passed; 0 failed; 0 ignored; 0 measured; 0 filtered out; finished in 0.00s
[INFO] [stdout] 
[INFO] [stderr]      Running tests/futures_timer_sleep.rs (/opt/rustwide/target/debug/deps/futures_timer_sleep-011e7688718f90de)
[INFO] [stdout] 
[INFO] [stdout] running 0 tests
[INFO] [stdout] 
[INFO] [stdout] test result: ok. 0 passed; 0 failed; 0 ignored; 0 measured; 0 filtered out; finished in 0.00s
[INFO] [stdout] 
[INFO] [stderr]      Running tests/futures_timer_timeout.rs (/opt/rustwide/target/debug/deps/futures_timer_timeout-cd929289362a457c)
[INFO] [stdout] 
[INFO] [stdout] running 0 tests
[INFO] [stdout] 
[INFO] [stdout] test result: ok. 0 passed; 0 failed; 0 ignored; 0 measured; 0 filtered out; finished in 0.00s
[INFO] [stdout] 
[INFO] [stderr]      Running tests/macros.rs (/opt/rustwide/target/debug/deps/macros-d6cf9800566315af)
[INFO] [stdout] 
[INFO] [stdout] running 0 tests
[INFO] [stdout] 
[INFO] [stdout] test result: ok. 0 passed; 0 failed; 0 ignored; 0 measured; 0 filtered out; finished in 0.00s
[INFO] [stdout] 
[INFO] [stderr]      Running tests/smol_delay_queue.rs (/opt/rustwide/target/debug/deps/smol_delay_queue-c37814608d612e55)
[INFO] [stdout] 
[INFO] [stdout] running 0 tests
[INFO] [stdout] 
[INFO] [stdout] test result: ok. 0 passed; 0 failed; 0 ignored; 0 measured; 0 filtered out; finished in 0.00s
[INFO] [stdout] 
[INFO] [stderr]      Running tests/smol_interval.rs (/opt/rustwide/target/debug/deps/smol_interval-50fa6966dbbc091d)
[INFO] [stdout] 
[INFO] [stdout] running 0 tests
[INFO] [stdout] 
[INFO] [stdout] test result: ok. 0 passed; 0 failed; 0 ignored; 0 measured; 0 filtered out; finished in 0.00s
[INFO] [stdout] 
[INFO] [stderr]      Running tests/smol_sleep.rs (/opt/rustwide/target/debug/deps/smol_sleep-e2c4a3f14fcf8a8f)
[INFO] [stdout] 
[INFO] [stdout] running 0 tests
[INFO] [stdout] 
[INFO] [stdout] test result: ok. 0 passed; 0 failed; 0 ignored; 0 measured; 0 filtered out; finished in 0.00s
[INFO] [stdout] 
[INFO] [stderr]      Running tests/smol_timeout.rs (/opt/rustwide/target/debug/deps/smol_timeout-e93227bc6e51397c)
[INFO] [stdout] 
[INFO] [stdout] running 0 tests
[INFO] [stdout] 
[INFO] [stdout] test result: ok. 0 passed; 0 failed; 0 ignored; 0 measured; 0 filtered out; finished in 0.00s
[INFO] [stdout] 
[INFO] [stderr]      Running tests/tokio_delay_queue.rs (/opt/rustwide/target/debug/deps/tokio_delay_queue-01a20d85e3303998)
[INFO] [stdout] 
[INFO] [stdout] running 0 tests
[INFO] [stdout] 
[INFO] [stdout] test result: ok. 0 passed; 0 failed; 0 ignored; 0 measured; 0 filtered out; finished in 0.00s
[INFO] [stdout] 
[INFO] [stderr]      Running tests/tokio_interval.rs (/opt/rustwide/target/debug/deps/tokio_interval-ab7bcd0080f5bed7)
[INFO] [stdout] 
[INFO] [stdout] running 0 tests
[INFO] [stdout] 
[INFO] [stdout] test result: ok. 0 passed; 0 failed; 0 ignored; 0 measured; 0 filtered out; finished in 0.00s
[INFO] [stdout] 
[INFO] [stderr]      Running tests/tokio_sleep.rs (/opt/rustwide/target/debug/deps/tokio_sleep-1a4ef0be0a93cf7f)
[INFO] [stdout] 
[INFO] [stdout] running 0 tests
[INFO] [stdout] 
[INFO] [stdout] test result: ok. 0 passed; 0 failed; 0 ignored; 0 measured; 0 filtered out; finished in 0.00s
[INFO] [stdout] 
[INFO] [stderr]      Running tests/tokio_timeout.rs (/opt/rustwide/target/debug/deps/tokio_timeout-0b605907d0b03967)
[INFO] [stdout] 
[INFO] [stdout] running 0 tests
[INFO] [stdout] 
[INFO] [stdout] test result: ok. 0 passed; 0 failed; 0 ignored; 0 measured; 0 filtered out; finished in 0.00s
[INFO] [stdout] 
[INFO] [stderr]    Doc-tests timer-kit
[INFO] [stdout] 
[INFO] [stdout] running 39 tests
[INFO] [stdout] test src/delay_queue.rs - delay_queue::DelayQueue<D,T>::capacity (line 925) ... ignored
[INFO] [stdout] test src/delay_queue.rs - delay_queue::DelayQueue<D,T>::clear (line 897) ... ignored
[INFO] [stdout] test src/delay_queue.rs - delay_queue::DelayQueue<D,T>::compact (line 818) ... ignored
[INFO] [stdout] test src/delay_queue.rs - delay_queue::DelayQueue<D,T>::insert (line 596) ... ignored
[INFO] [stdout] test src/delay_queue.rs - delay_queue::DelayQueue<D,T>::insert_at (line 475) ... ignored
[INFO] [stdout] test src/delay_queue.rs - delay_queue::DelayQueue<D,T>::is_empty (line 1004) ... ignored
[INFO] [stdout] test src/delay_queue.rs - delay_queue::DelayQueue<D,T>::len (line 939) ... ignored
[INFO] [stdout] test src/delay_queue.rs - delay_queue::DelayQueue<D,T>::remove (line 669) ... ignored
[INFO] [stdout] test src/delay_queue.rs - delay_queue::DelayQueue<D,T>::reserve (line 974) ... ignored
[INFO] [stdout] test src/delay_queue.rs - delay_queue::DelayQueue<D,T>::reset (line 866) ... ignored
[INFO] [stdout] test src/delay_queue.rs - delay_queue::DelayQueue<D,T>::reset_at (line 761) ... ignored
[INFO] [stdout] test src/delay_queue.rs - delay_queue::DelayQueue<D,T>::try_remove (line 717) ... ignored
[INFO] [stdout] test src/delay_queue.rs - delay_queue::DelayQueue<D,T>::with_capacity (line 419) ... ignored
[INFO] [stdout] test src/delay_queue.rs - delay_queue::DelayQueue (line 74) - compile ... ok
[INFO] [stdout] test src/delay_queue.rs - delay_queue::DelayQueue<D,T>::new (line 403) ... FAILED
[INFO] [stdout] test src/sleep.rs - sleep::Sleep<D>::new (line 85) - compile ... FAILED
[INFO] [stdout] test src/interval.rs - interval::Interval<D>::new_at (line 238) - compile ... FAILED
[INFO] [stdout] test src/interval.rs - interval::interval (line 34) - compile ... FAILED
[INFO] [stdout] test src/interval.rs - interval::interval_at (line 77) - compile ... FAILED
[INFO] [stdout] test src/sleep.rs - sleep::sleep (line 20) - compile ... FAILED
[INFO] [stdout] test src/interval.rs - interval::Interval<D>::new_at (line 252) - compile ... FAILED
[INFO] [stdout] test src/sleep.rs - sleep::sleep (line 11) - compile ... FAILED
[INFO] [stdout] test src/sleep.rs - sleep::Sleep<D>::new_until (line 118) - compile ... FAILED
[INFO] [stdout] test src/sleep.rs - sleep::Sleep<D>::new (line 95) - compile ... FAILED
[INFO] [stdout] test src/interval.rs - interval::interval (line 21) - compile ... FAILED
[INFO] [stdout] test src/sleep.rs - sleep::Sleep<D>::new_until (line 128) - compile ... FAILED
[INFO] [stdout] test src/interval.rs - interval::Interval<D>::new (line 193) - compile ... FAILED
[INFO] [stdout] test src/interval.rs - interval::interval_at (line 64) - compile ... FAILED
[INFO] [stdout] test src/interval.rs - interval::Interval<D>::new (line 207) - compile ... FAILED
[INFO] [stdout] test src/sleep.rs - sleep::sleep_until (line 39) - compile ... FAILED
[INFO] [stdout] test src/timeout.rs - timeout::timeout (line 13) - compile ... FAILED
[INFO] [stdout] test src/sleep.rs - sleep::sleep_until (line 48) - compile ... FAILED
[INFO] [stdout] test src/timeout.rs - timeout::Timeout<D,Fut>::new_at (line 125) - compile ... FAILED
[INFO] [stdout] test src/timeout.rs - timeout::Timeout<D,Fut>::new_at (line 134) - compile ... FAILED
[INFO] [stdout] test src/timeout.rs - timeout::timeout (line 22) - compile ... FAILED
[INFO] [stdout] test src/timeout.rs - timeout::Timeout<D,Fut>::new (line 97) - compile ... FAILED
[INFO] [stdout] test src/timeout.rs - timeout::timeout_at (line 51) - compile ... FAILED
[INFO] [stdout] test src/timeout.rs - timeout::timeout_at (line 42) - compile ... FAILED
[INFO] [stdout] test src/timeout.rs - timeout::Timeout<D,Fut>::new (line 106) - compile ... FAILED
[INFO] [stdout] 
[INFO] [stdout] failures:
[INFO] [stdout] 
[INFO] [stdout] ---- src/delay_queue.rs - delay_queue::DelayQueue<D,T>::new (line 403) stdout ----
[INFO] [stdout] error[E0433]: failed to resolve: use of undeclared crate or module `tokio_util`
[INFO] [stdout]  --> src/delay_queue.rs:404:5
[INFO] [stdout]   |
[INFO] [stdout] 3 | use tokio_util::time::DelayQueue;
[INFO] [stdout]   |     ^^^^^^^^^^ use of undeclared crate or module `tokio_util`
[INFO] [stdout] 
[INFO] [stdout] error: aborting due to previous error
[INFO] [stdout] 
[INFO] [stdout] For more information about this error, try `rustc --explain E0433`.
[INFO] [stdout] Couldn't compile the test.
[INFO] [stdout] ---- src/sleep.rs - sleep::Sleep<D>::new (line 85) stdout ----
[INFO] [stdout] error[E0728]: `await` is only allowed inside `async` functions and blocks
[INFO] [stdout]  --> src/sleep.rs:91:7
[INFO] [stdout]   |
[INFO] [stdout] 4 | fn main() { #[allow(non_snake_case)] fn _doctest_main_src_sleep_rs_85_0() {
[INFO] [stdout]   |                                         ------------------------------- this is not `async`
[INFO] [stdout] ...
[INFO] [stdout] 9 | sleep.await;
[INFO] [stdout]   |       ^^^^^ only allowed inside `async` functions and blocks
[INFO] [stdout] 
[INFO] [stdout] error[E0599]: the function or associated item `new` exists for struct `Sleep<Timer>`, but its trait bounds were not satisfied
[INFO] [stdout]    --> src/sleep.rs:90:35
[INFO] [stdout]     |
[INFO] [stdout] 8   | let sleep = Sleep::<smol::Timer>::new(Duration::from_millis(100));
[INFO] [stdout]     |                                   ^^^ function or associated item cannot be called on `Sleep<Timer>` due to unsatisfied trait bounds
[INFO] [stdout]     |
[INFO] [stdout]    ::: /opt/rustwide/cargo-home/registry/src/index.crates.io-6f17d22bba15001f/async-io-1.13.0/src/lib.rs:142:1
[INFO] [stdout]     |
[INFO] [stdout] 142 | pub struct Timer {
[INFO] [stdout]     | ---------------- doesn't satisfy `Timer: timer_kit::Delay`
[INFO] [stdout]     |
[INFO] [stdout]     = note: the following trait bounds were not satisfied:
[INFO] [stdout]             `Timer: timer_kit::Delay`
[INFO] [stdout] 
[INFO] [stdout] error[E0277]: the trait bound `Timer: timer_kit::Delay` is not satisfied
[INFO] [stdout]   --> src/sleep.rs:90:13
[INFO] [stdout]    |
[INFO] [stdout] 8  | let sleep = Sleep::<smol::Timer>::new(Duration::from_millis(100));
[INFO] [stdout]    |             ^^^^^^^^^^^^^^^^^^^^ the trait `timer_kit::Delay` is not implemented for `Timer`
[INFO] [stdout]    |
[INFO] [stdout] note: required by a bound in `Sleep`
[INFO] [stdout]   --> /opt/rustwide/workdir/src/sleep.rs:70:21
[INFO] [stdout]    |
[INFO] [stdout] 70 | pub struct Sleep<D: Delay> {
[INFO] [stdout]    |                     ^^^^^ required by this bound in `Sleep`
[INFO] [stdout] 
[INFO] [stdout] error: aborting due to 3 previous errors
[INFO] [stdout] 
[INFO] [stdout] Some errors have detailed explanations: E0277, E0599, E0728.
[INFO] [stdout] For more information about an error, try `rustc --explain E0277`.
[INFO] [stdout] Couldn't compile the test.
[INFO] [stdout] ---- src/interval.rs - interval::Interval<D>::new_at (line 238) stdout ----
[INFO] [stdout] error[E0728]: `await` is only allowed inside `async` functions and blocks
[INFO] [stdout]   --> src/interval.rs:245:17
[INFO] [stdout]    |
[INFO] [stdout] 4  | fn main() { #[allow(non_snake_case)] fn _doctest_main_src_interval_rs_238_0() {
[INFO] [stdout]    |                                         ----------------------------------- this is not `async`
[INFO] [stdout] ...
[INFO] [stdout] 10 | interval.tick().await;
[INFO] [stdout]    |                 ^^^^^ only allowed inside `async` functions and blocks
[INFO] [stdout] 
[INFO] [stdout] error[E0728]: `await` is only allowed inside `async` functions and blocks
[INFO] [stdout]   --> src/interval.rs:246:17
[INFO] [stdout]    |
[INFO] [stdout] 4  | fn main() { #[allow(non_snake_case)] fn _doctest_main_src_interval_rs_238_0() {
[INFO] [stdout]    |                                         ----------------------------------- this is not `async`
[INFO] [stdout] ...
[INFO] [stdout] 11 | interval.tick().await;
[INFO] [stdout]    |                 ^^^^^ only allowed inside `async` functions and blocks
[INFO] [stdout] 
[INFO] [stdout] error[E0728]: `await` is only allowed inside `async` functions and blocks
[INFO] [stdout]   --> src/interval.rs:247:17
[INFO] [stdout]    |
[INFO] [stdout] 4  | fn main() { #[allow(non_snake_case)] fn _doctest_main_src_interval_rs_238_0() {
[INFO] [stdout]    |                                         ----------------------------------- this is not `async`
[INFO] [stdout] ...
[INFO] [stdout] 12 | interval.tick().await;
[INFO] [stdout]    |                 ^^^^^ only allowed inside `async` functions and blocks
[INFO] [stdout] 
[INFO] [stdout] error[E0599]: the function or associated item `new_at` exists for struct `Interval<Timer>`, but its trait bounds were not satisfied
[INFO] [stdout]    --> src/interval.rs:243:45
[INFO] [stdout]     |
[INFO] [stdout] 8   | let mut interval = Interval::<smol::Timer>::new_at(Instant::now(), Duration::from_millis(100));
[INFO] [stdout]     |                                             ^^^^^^ function or associated item cannot be called on `Interval<Timer>` due to unsatisfied trait bounds
[INFO] [stdout]     |
[INFO] [stdout]    ::: /opt/rustwide/cargo-home/registry/src/index.crates.io-6f17d22bba15001f/async-io-1.13.0/src/lib.rs:142:1
[INFO] [stdout]     |
[INFO] [stdout] 142 | pub struct Timer {
[INFO] [stdout]     | ---------------- doesn't satisfy `Timer: timer_kit::Delay`
[INFO] [stdout]     |
[INFO] [stdout]     = note: the following trait bounds were not satisfied:
[INFO] [stdout]             `Timer: timer_kit::Delay`
[INFO] [stdout] 
[INFO] [stdout] error[E0277]: the trait bound `Timer: timer_kit::Delay` is not satisfied
[INFO] [stdout]    --> src/interval.rs:243:20
[INFO] [stdout]     |
[INFO] [stdout] 8   | let mut interval = Interval::<smol::Timer>::new_at(Instant::now(), Duration::from_millis(100));
[INFO] [stdout]     |                    ^^^^^^^^^^^^^^^^^^^^^^^ the trait `timer_kit::Delay` is not implemented for `Timer`
[INFO] [stdout]     |
[INFO] [stdout] note: required by a bound in `Interval`
[INFO] [stdout]    --> /opt/rustwide/workdir/src/interval.rs:156:24
[INFO] [stdout]     |
[INFO] [stdout] 156 | pub struct Interval<D: Delay> {
[INFO] [stdout]     |                        ^^^^^ required by this bound in `Interval`
[INFO] [stdout] 
[INFO] [stdout] error: aborting due to 5 previous errors
[INFO] [stdout] 
[INFO] [stdout] Some errors have detailed explanations: E0277, E0599, E0728.
[INFO] [stdout] For more information about an error, try `rustc --explain E0277`.
[INFO] [stdout] Couldn't compile the test.
[INFO] [stdout] ---- src/interval.rs - interval::interval (line 34) stdout ----
[INFO] [stdout] error[E0728]: `await` is only allowed inside `async` functions and blocks
[INFO] [stdout]   --> src/interval.rs:41:17
[INFO] [stdout]    |
[INFO] [stdout] 4  | fn main() { #[allow(non_snake_case)] fn _doctest_main_src_interval_rs_34_0() {
[INFO] [stdout]    |                                         ---------------------------------- this is not `async`
[INFO] [stdout] ...
[INFO] [stdout] 10 | interval.tick().await;
[INFO] [stdout]    |                 ^^^^^ only allowed inside `async` functions and blocks
[INFO] [stdout] 
[INFO] [stdout] error[E0728]: `await` is only allowed inside `async` functions and blocks
[INFO] [stdout]   --> src/interval.rs:42:17
[INFO] [stdout]    |
[INFO] [stdout] 4  | fn main() { #[allow(non_snake_case)] fn _doctest_main_src_interval_rs_34_0() {
[INFO] [stdout]    |                                         ---------------------------------- this is not `async`
[INFO] [stdout] ...
[INFO] [stdout] 11 | interval.tick().await;
[INFO] [stdout]    |                 ^^^^^ only allowed inside `async` functions and blocks
[INFO] [stdout] 
[INFO] [stdout] error[E0728]: `await` is only allowed inside `async` functions and blocks
[INFO] [stdout]   --> src/interval.rs:43:17
[INFO] [stdout]    |
[INFO] [stdout] 4  | fn main() { #[allow(non_snake_case)] fn _doctest_main_src_interval_rs_34_0() {
[INFO] [stdout]    |                                         ---------------------------------- this is not `async`
[INFO] [stdout] ...
[INFO] [stdout] 12 | interval.tick().await;
[INFO] [stdout]    |                 ^^^^^ only allowed inside `async` functions and blocks
[INFO] [stdout] 
[INFO] [stdout] error[E0433]: failed to resolve: use of undeclared crate or module `fluvio_wasm_timer`
[INFO] [stdout]  --> src/interval.rs:39:31
[INFO] [stdout]   |
[INFO] [stdout] 8 | let mut interval = interval::<fluvio_wasm_timer::Delay>(Duration::from_millis(100));
[INFO] [stdout]   |                               ^^^^^^^^^^^^^^^^^ use of undeclared crate or module `fluvio_wasm_timer`
[INFO] [stdout] 
[INFO] [stdout] error: aborting due to 4 previous errors
[INFO] [stdout] 
[INFO] [stdout] Some errors have detailed explanations: E0433, E0728.
[INFO] [stdout] For more information about an error, try `rustc --explain E0433`.
[INFO] [stdout] Couldn't compile the test.
[INFO] [stdout] ---- src/interval.rs - interval::interval_at (line 77) stdout ----
[INFO] [stdout] error[E0432]: unresolved import `fluvio_wasm_timer`
[INFO] [stdout]  --> src/interval.rs:80:5
[INFO] [stdout]   |
[INFO] [stdout] 6 | use fluvio_wasm_timer::Instant;
[INFO] [stdout]   |     ^^^^^^^^^^^^^^^^^ use of undeclared crate or module `fluvio_wasm_timer`
[INFO] [stdout] 
[INFO] [stdout] error[E0728]: `await` is only allowed inside `async` functions and blocks
[INFO] [stdout]   --> src/interval.rs:85:17
[INFO] [stdout]    |
[INFO] [stdout] 4  | fn main() { #[allow(non_snake_case)] fn _doctest_main_src_interval_rs_77_0() {
[INFO] [stdout]    |                                         ---------------------------------- this is not `async`
[INFO] [stdout] ...
[INFO] [stdout] 11 | interval.tick().await;
[INFO] [stdout]    |                 ^^^^^ only allowed inside `async` functions and blocks
[INFO] [stdout] 
[INFO] [stdout] error[E0728]: `await` is only allowed inside `async` functions and blocks
[INFO] [stdout]   --> src/interval.rs:86:17
[INFO] [stdout]    |
[INFO] [stdout] 4  | fn main() { #[allow(non_snake_case)] fn _doctest_main_src_interval_rs_77_0() {
[INFO] [stdout]    |                                         ---------------------------------- this is not `async`
[INFO] [stdout] ...
[INFO] [stdout] 12 | interval.tick().await;
[INFO] [stdout]    |                 ^^^^^ only allowed inside `async` functions and blocks
[INFO] [stdout] 
[INFO] [stdout] error[E0728]: `await` is only allowed inside `async` functions and blocks
[INFO] [stdout]   --> src/interval.rs:87:17
[INFO] [stdout]    |
[INFO] [stdout] 4  | fn main() { #[allow(non_snake_case)] fn _doctest_main_src_interval_rs_77_0() {
[INFO] [stdout]    |                                         ---------------------------------- this is not `async`
[INFO] [stdout] ...
[INFO] [stdout] 13 | interval.tick().await;
[INFO] [stdout]    |                 ^^^^^ only allowed inside `async` functions and blocks
[INFO] [stdout] 
[INFO] [stdout] error[E0433]: failed to resolve: use of undeclared crate or module `fluvio_wasm_timer`
[INFO] [stdout]  --> src/interval.rs:83:34
[INFO] [stdout]   |
[INFO] [stdout] 9 | let mut interval = interval_at::<fluvio_wasm_timer::Delay>(Instant::now(), Duration::from_millis(100));
[INFO] [stdout]   |                                  ^^^^^^^^^^^^^^^^^ use of undeclared crate or module `fluvio_wasm_timer`
[INFO] [stdout] 
[INFO] [stdout] error: aborting due to 5 previous errors
[INFO] [stdout] 
[INFO] [stdout] Some errors have detailed explanations: E0432, E0433, E0728.
[INFO] [stdout] For more information about an error, try `rustc --explain E0432`.
[INFO] [stdout] Couldn't compile the test.
[INFO] [stdout] ---- src/sleep.rs - sleep::sleep (line 20) stdout ----
[INFO] [stdout] error[E0728]: `await` is only allowed inside `async` functions and blocks
[INFO] [stdout]  --> src/sleep.rs:25:63
[INFO] [stdout]   |
[INFO] [stdout] 4 | fn main() { #[allow(non_snake_case)] fn _doctest_main_src_sleep_rs_20_0() {
[INFO] [stdout]   |                                         ------------------------------- this is not `async`
[INFO] [stdout] ...
[INFO] [stdout] 8 | sleep::<fluvio_wasm_timer::Delay>(Duration::from_millis(100)).await;
[INFO] [stdout]   |                                                               ^^^^^ only allowed inside `async` functions and blocks
[INFO] [stdout] 
[INFO] [stdout] error[E0433]: failed to resolve: use of undeclared crate or module `fluvio_wasm_timer`
[INFO] [stdout]  --> src/sleep.rs:25:9
[INFO] [stdout]   |
[INFO] [stdout] 8 | sleep::<fluvio_wasm_timer::Delay>(Duration::from_millis(100)).await;
[INFO] [stdout]   |         ^^^^^^^^^^^^^^^^^ use of undeclared crate or module `fluvio_wasm_timer`
[INFO] [stdout] 
[INFO] [stdout] error: aborting due to 2 previous errors
[INFO] [stdout] 
[INFO] [stdout] Some errors have detailed explanations: E0433, E0728.
[INFO] [stdout] For more information about an error, try `rustc --explain E0433`.
[INFO] [stdout] Couldn't compile the test.
[INFO] [stdout] ---- src/interval.rs - interval::Interval<D>::new_at (line 252) stdout ----
[INFO] [stdout] error[E0432]: unresolved import `fluvio_wasm_timer`
[INFO] [stdout]  --> src/interval.rs:255:5
[INFO] [stdout]   |
[INFO] [stdout] 6 | use fluvio_wasm_timer::Instant;
[INFO] [stdout]   |     ^^^^^^^^^^^^^^^^^ use of undeclared crate or module `fluvio_wasm_timer`
[INFO] [stdout] 
[INFO] [stdout] error[E0728]: `await` is only allowed inside `async` functions and blocks
[INFO] [stdout]   --> src/interval.rs:260:17
[INFO] [stdout]    |
[INFO] [stdout] 4  | fn main() { #[allow(non_snake_case)] fn _doctest_main_src_interval_rs_252_0() {
[INFO] [stdout]    |                                         ----------------------------------- this is not `async`
[INFO] [stdout] ...
[INFO] [stdout] 11 | interval.tick().await;
[INFO] [stdout]    |                 ^^^^^ only allowed inside `async` functions and blocks
[INFO] [stdout] 
[INFO] [stdout] error[E0728]: `await` is only allowed inside `async` functions and blocks
[INFO] [stdout]   --> src/interval.rs:261:17
[INFO] [stdout]    |
[INFO] [stdout] 4  | fn main() { #[allow(non_snake_case)] fn _doctest_main_src_interval_rs_252_0() {
[INFO] [stdout]    |                                         ----------------------------------- this is not `async`
[INFO] [stdout] ...
[INFO] [stdout] 12 | interval.tick().await;
[INFO] [stdout]    |                 ^^^^^ only allowed inside `async` functions and blocks
[INFO] [stdout] 
[INFO] [stdout] error[E0728]: `await` is only allowed inside `async` functions and blocks
[INFO] [stdout]   --> src/interval.rs:262:17
[INFO] [stdout]    |
[INFO] [stdout] 4  | fn main() { #[allow(non_snake_case)] fn _doctest_main_src_interval_rs_252_0() {
[INFO] [stdout]    |                                         ----------------------------------- this is not `async`
[INFO] [stdout] ...
[INFO] [stdout] 13 | interval.tick().await;
[INFO] [stdout]    |                 ^^^^^ only allowed inside `async` functions and blocks
[INFO] [stdout] 
[INFO] [stdout] error[E0433]: failed to resolve: use of undeclared crate or module `fluvio_wasm_timer`
[INFO] [stdout]  --> src/interval.rs:258:31
[INFO] [stdout]   |
[INFO] [stdout] 9 | let mut interval = Interval::<fluvio_wasm_timer::Delay>::new_at(Instant::now(), Duration::from_millis(100));
[INFO] [stdout]   |                               ^^^^^^^^^^^^^^^^^ use of undeclared crate or module `fluvio_wasm_timer`
[INFO] [stdout] 
[INFO] [stdout] error: aborting due to 5 previous errors
[INFO] [stdout] 
[INFO] [stdout] Some errors have detailed explanations: E0432, E0433, E0728.
[INFO] [stdout] For more information about an error, try `rustc --explain E0432`.
[INFO] [stdout] Couldn't compile the test.
[INFO] [stdout] ---- src/sleep.rs - sleep::sleep (line 11) stdout ----
[INFO] [stdout] error[E0728]: `await` is only allowed inside `async` functions and blocks
[INFO] [stdout]  --> src/sleep.rs:16:50
[INFO] [stdout]   |
[INFO] [stdout] 4 | fn main() { #[allow(non_snake_case)] fn _doctest_main_src_sleep_rs_11_0() {
[INFO] [stdout]   |                                         ------------------------------- this is not `async`
[INFO] [stdout] ...
[INFO] [stdout] 8 | sleep::<smol::Timer>(Duration::from_millis(100)).await;
[INFO] [stdout]   |                                                  ^^^^^ only allowed inside `async` functions and blocks
[INFO] [stdout] 
[INFO] [stdout] error[E0277]: the trait bound `Timer: timer_kit::Delay` is not satisfied
[INFO] [stdout]   --> src/sleep.rs:16:9
[INFO] [stdout]    |
[INFO] [stdout] 8  | sleep::<smol::Timer>(Duration::from_millis(100)).await;
[INFO] [stdout]    |         ^^^^^^^^^^^ the trait `timer_kit::Delay` is not implemented for `Timer`
[INFO] [stdout]    |
[INFO] [stdout] note: required by a bound in `timer_kit::sleep`
[INFO] [stdout]   --> /opt/rustwide/workdir/src/sleep.rs:28:8
[INFO] [stdout]    |
[INFO] [stdout] 26 | pub fn sleep<D>(duration: Duration) -> Sleep<D> 
[INFO] [stdout]    |        ----- required by a bound in this function
[INFO] [stdout] 27 | where
[INFO] [stdout] 28 |     D: Delay,
[INFO] [stdout]    |        ^^^^^ required by this bound in `sleep`
[INFO] [stdout] 
[INFO] [stdout] error[E0277]: the trait bound `Timer: timer_kit::Delay` is not satisfied
[INFO] [stdout]   --> src/sleep.rs:16:1
[INFO] [stdout]    |
[INFO] [stdout] 8  | sleep::<smol::Timer>(Duration::from_millis(100)).await;
[INFO] [stdout]    | ^^^^^^^^^^^^^^^^^^^^^^^^^^^^^^^^^^^^^^^^^^^^^^^^ the trait `timer_kit::Delay` is not implemented for `Timer`
[INFO] [stdout]    |
[INFO] [stdout] note: required by a bound in `Sleep`
[INFO] [stdout]   --> /opt/rustwide/workdir/src/sleep.rs:70:21
[INFO] [stdout]    |
[INFO] [stdout] 70 | pub struct Sleep<D: Delay> {
[INFO] [stdout]    |                     ^^^^^ required by this bound in `Sleep`
[INFO] [stdout] 
[INFO] [stdout] error[E0277]: the trait bound `Timer: timer_kit::Delay` is not satisfied in `Sleep<Timer>`
[INFO] [stdout]   --> src/sleep.rs:16:50
[INFO] [stdout]    |
[INFO] [stdout] 8  | sleep::<smol::Timer>(Duration::from_millis(100)).await;
[INFO] [stdout]    |                                                  ^^^^^ within `Sleep<Timer>`, the trait `timer_kit::Delay` is not implemented for `Timer`
[INFO] [stdout]    |
[INFO] [stdout] note: required because it appears within the type `Sleep<Timer>`
[INFO] [stdout]   --> /opt/rustwide/workdir/src/sleep.rs:70:12
[INFO] [stdout]    |
[INFO] [stdout] 70 | pub struct Sleep<D: Delay> {
[INFO] [stdout]    |            ^^^^^
[INFO] [stdout]    = note: all local variables must have a statically known size
[INFO] [stdout]    = help: unsized locals are gated as an unstable feature
[INFO] [stdout] 
[INFO] [stdout] error[E0277]: the trait bound `Timer: timer_kit::Delay` is not satisfied in `Sleep<Timer>`
[INFO] [stdout]   --> src/sleep.rs:16:1
[INFO] [stdout]    |
[INFO] [stdout] 8  | sleep::<smol::Timer>(Duration::from_millis(100)).await;
[INFO] [stdout]    | ^^^^^^^^^^^^^^^^^^^^ within `Sleep<Timer>`, the trait `timer_kit::Delay` is not implemented for `Timer`
[INFO] [stdout]    |
[INFO] [stdout] note: required because it appears within the type `Sleep<Timer>`
[INFO] [stdout]   --> /opt/rustwide/workdir/src/sleep.rs:70:12
[INFO] [stdout]    |
[INFO] [stdout] 70 | pub struct Sleep<D: Delay> {
[INFO] [stdout]    |            ^^^^^
[INFO] [stdout]    = note: the return type of a function must have a statically known size
[INFO] [stdout] 
[INFO] [stdout] error: aborting due to 5 previous errors
[INFO] [stdout] 
[INFO] [stdout] Some errors have detailed explanations: E0277, E0728.
[INFO] [stdout] For more information about an error, try `rustc --explain E0277`.
[INFO] [stdout] Couldn't compile the test.
[INFO] [stdout] ---- src/sleep.rs - sleep::Sleep<D>::new_until (line 118) stdout ----
[INFO] [stdout] error[E0728]: `await` is only allowed inside `async` functions and blocks
[INFO] [stdout]  --> src/sleep.rs:124:7
[INFO] [stdout]   |
[INFO] [stdout] 4 | fn main() { #[allow(non_snake_case)] fn _doctest_main_src_sleep_rs_118_0() {
[INFO] [stdout]   |                                         -------------------------------- this is not `async`
[INFO] [stdout] ...
[INFO] [stdout] 9 | sleep.await;
[INFO] [stdout]   |       ^^^^^ only allowed inside `async` functions and blocks
[INFO] [stdout] 
[INFO] [stdout] error[E0599]: the function or associated item `new_until` exists for struct `Sleep<Timer>`, but its trait bounds were not satisfied
[INFO] [stdout]    --> src/sleep.rs:123:35
[INFO] [stdout]     |
[INFO] [stdout] 8   | let sleep = Sleep::<smol::Timer>::new_until(Instant::now() + Duration::from_millis(100));
[INFO] [stdout]     |                                   ^^^^^^^^^ function or associated item cannot be called on `Sleep<Timer>` due to unsatisfied trait bounds
[INFO] [stdout]     |
[INFO] [stdout]    ::: /opt/rustwide/cargo-home/registry/src/index.crates.io-6f17d22bba15001f/async-io-1.13.0/src/lib.rs:142:1
[INFO] [stdout]     |
[INFO] [stdout] 142 | pub struct Timer {
[INFO] [stdout]     | ---------------- doesn't satisfy `Timer: timer_kit::Delay`
[INFO] [stdout]     |
[INFO] [stdout]     = note: the following trait bounds were not satisfied:
[INFO] [stdout]             `Timer: timer_kit::Delay`
[INFO] [stdout] 
[INFO] [stdout] error[E0277]: the trait bound `Timer: timer_kit::Delay` is not satisfied
[INFO] [stdout]   --> src/sleep.rs:123:13
[INFO] [stdout]    |
[INFO] [stdout] 8  | let sleep = Sleep::<smol::Timer>::new_until(Instant::now() + Duration::from_millis(100));
[INFO] [stdout]    |             ^^^^^^^^^^^^^^^^^^^^ the trait `timer_kit::Delay` is not implemented for `Timer`
[INFO] [stdout]    |
[INFO] [stdout] note: required by a bound in `Sleep`
[INFO] [stdout]   --> /opt/rustwide/workdir/src/sleep.rs:70:21
[INFO] [stdout]    |
[INFO] [stdout] 70 | pub struct Sleep<D: Delay> {
[INFO] [stdout]    |                     ^^^^^ required by this bound in `Sleep`
[INFO] [stdout] 
[INFO] [stdout] error: aborting due to 3 previous errors
[INFO] [stdout] 
[INFO] [stdout] Some errors have detailed explanations: E0277, E0599, E0728.
[INFO] [stdout] For more information about an error, try `rustc --explain E0277`.
[INFO] [stdout] Couldn't compile the test.
[INFO] [stdout] ---- src/sleep.rs - sleep::Sleep<D>::new (line 95) stdout ----
[INFO] [stdout] error[E0728]: `await` is only allowed inside `async` functions and blocks
[INFO] [stdout]  --> src/sleep.rs:101:7
[INFO] [stdout]   |
[INFO] [stdout] 4 | fn main() { #[allow(non_snake_case)] fn _doctest_main_src_sleep_rs_95_0() {
[INFO] [stdout]   |                                         ------------------------------- this is not `async`
[INFO] [stdout] ...
[INFO] [stdout] 9 | sleep.await;
[INFO] [stdout]   |       ^^^^^ only allowed inside `async` functions and blocks
[INFO] [stdout] 
[INFO] [stdout] error[E0433]: failed to resolve: use of undeclared crate or module `fluvio_wasm_timer`
[INFO] [stdout]  --> src/sleep.rs:100:21
[INFO] [stdout]   |
[INFO] [stdout] 8 | let sleep = Sleep::<fluvio_wasm_timer::Delay>::new(Duration::from_millis(100));
[INFO] [stdout]   |                     ^^^^^^^^^^^^^^^^^ use of undeclared crate or module `fluvio_wasm_timer`
[INFO] [stdout] 
[INFO] [stdout] error: aborting due to 2 previous errors
[INFO] [stdout] 
[INFO] [stdout] Some errors have detailed explanations: E0433, E0728.
[INFO] [stdout] For more information about an error, try `rustc --explain E0433`.
[INFO] [stdout] Couldn't compile the test.
[INFO] [stdout] ---- src/interval.rs - interval::interval (line 21) stdout ----
[INFO] [stdout] error[E0728]: `await` is only allowed inside `async` functions and blocks
[INFO] [stdout]   --> src/interval.rs:28:17
[INFO] [stdout]    |
[INFO] [stdout] 4  | fn main() { #[allow(non_snake_case)] fn _doctest_main_src_interval_rs_21_0() {
[INFO] [stdout]    |                                         ---------------------------------- this is not `async`
[INFO] [stdout] ...
[INFO] [stdout] 10 | interval.tick().await;
[INFO] [stdout]    |                 ^^^^^ only allowed inside `async` functions and blocks
[INFO] [stdout] 
[INFO] [stdout] error[E0728]: `await` is only allowed inside `async` functions and blocks
[INFO] [stdout]   --> src/interval.rs:29:17
[INFO] [stdout]    |
[INFO] [stdout] 4  | fn main() { #[allow(non_snake_case)] fn _doctest_main_src_interval_rs_21_0() {
[INFO] [stdout]    |                                         ---------------------------------- this is not `async`
[INFO] [stdout] ...
[INFO] [stdout] 11 | interval.tick().await;
[INFO] [stdout]    |                 ^^^^^ only allowed inside `async` functions and blocks
[INFO] [stdout] 
[INFO] [stdout] error[E0728]: `await` is only allowed inside `async` functions and blocks
[INFO] [stdout]   --> src/interval.rs:30:17
[INFO] [stdout]    |
[INFO] [stdout] 4  | fn main() { #[allow(non_snake_case)] fn _doctest_main_src_interval_rs_21_0() {
[INFO] [stdout]    |                                         ---------------------------------- this is not `async`
[INFO] [stdout] ...
[INFO] [stdout] 12 | interval.tick().await;
[INFO] [stdout]    |                 ^^^^^ only allowed inside `async` functions and blocks
[INFO] [stdout] 
[INFO] [stdout] error[E0277]: the trait bound `Timer: timer_kit::Delay` is not satisfied
[INFO] [stdout]  --> src/interval.rs:26:20
[INFO] [stdout]   |
[INFO] [stdout] 8 | let mut interval = interval::<smol::Timer>(Duration::from_millis(100));
[INFO] [stdout]   |                    ^^^^^^^^^^^^^^^^^^^^^^^ the trait `timer_kit::Delay` is not implemented for `Timer`
[INFO] [stdout] 
[INFO] [stdout] error[E0277]: the trait bound `Timer: timer_kit::Delay` is not satisfied
[INFO] [stdout]    --> src/interval.rs:26:20
[INFO] [stdout]     |
[INFO] [stdout] 8   | let mut interval = interval::<smol::Timer>(Duration::from_millis(100));
[INFO] [stdout]     |                    ^^^^^^^^^^^^^^^^^^^^^^^^^^^^^^^^^^^^^^^^^^^^^^^^^^^ the trait `timer_kit::Delay` is not implemented for `Timer`
[INFO] [stdout]     |
[INFO] [stdout] note: required by a bound in `Interval`
[INFO] [stdout]    --> /opt/rustwide/workdir/src/interval.rs:156:24
[INFO] [stdout]     |
[INFO] [stdout] 156 | pub struct Interval<D: Delay> {
[INFO] [stdout]     |                        ^^^^^ required by this bound in `Interval`
[INFO] [stdout] 
[INFO] [stdout] error[E0599]: the method `tick` exists for struct `Interval<Timer>`, but its trait bounds were not satisfied
[INFO] [stdout]    --> src/interval.rs:28:10
[INFO] [stdout]     |
[INFO] [stdout] 10  | interval.tick().await;
[INFO] [stdout]     |          ^^^^ method cannot be called on `Interval<Timer>` due to unsatisfied trait bounds
[INFO] [stdout]     |
[INFO] [stdout]    ::: /opt/rustwide/cargo-home/registry/src/index.crates.io-6f17d22bba15001f/async-io-1.13.0/src/lib.rs:142:1
[INFO] [stdout]     |
[INFO] [stdout] 142 | pub struct Timer {
[INFO] [stdout]     | ---------------- doesn't satisfy `Timer: timer_kit::Delay`
[INFO] [stdout]     |
[INFO] [stdout]     = note: the following trait bounds were not satisfied:
[INFO] [stdout]             `Timer: timer_kit::Delay`
[INFO] [stdout] 
[INFO] [stdout] error[E0599]: the method `tick` exists for struct `Interval<Timer>`, but its trait bounds were not satisfied
[INFO] [stdout]    --> src/interval.rs:29:10
[INFO] [stdout]     |
[INFO] [stdout] 11  | interval.tick().await;
[INFO] [stdout]     |          ^^^^ method cannot be called on `Interval<Timer>` due to unsatisfied trait bounds
[INFO] [stdout]     |
[INFO] [stdout]    ::: /opt/rustwide/cargo-home/registry/src/index.crates.io-6f17d22bba15001f/async-io-1.13.0/src/lib.rs:142:1
[INFO] [stdout]     |
[INFO] [stdout] 142 | pub struct Timer {
[INFO] [stdout]     | ---------------- doesn't satisfy `Timer: timer_kit::Delay`
[INFO] [stdout]     |
[INFO] [stdout]     = note: the following trait bounds were not satisfied:
[INFO] [stdout]             `Timer: timer_kit::Delay`
[INFO] [stdout] 
[INFO] [stdout] error[E0599]: the method `tick` exists for struct `Interval<Timer>`, but its trait bounds were not satisfied
[INFO] [stdout]    --> src/interval.rs:30:10
[INFO] [stdout]     |
[INFO] [stdout] 12  | interval.tick().await;
[INFO] [stdout]     |          ^^^^ method cannot be called on `Interval<Timer>` due to unsatisfied trait bounds
[INFO] [stdout]     |
[INFO] [stdout]    ::: /opt/rustwide/cargo-home/registry/src/index.crates.io-6f17d22bba15001f/async-io-1.13.0/src/lib.rs:142:1
[INFO] [stdout]     |
[INFO] [stdout] 142 | pub struct Timer {
[INFO] [stdout]     | ---------------- doesn't satisfy `Timer: timer_kit::Delay`
[INFO] [stdout]     |
[INFO] [stdout]     = note: the following trait bounds were not satisfied:
[INFO] [stdout]             `Timer: timer_kit::Delay`
[INFO] [stdout] 
[INFO] [stdout] error: aborting due to 8 previous errors
[INFO] [stdout] 
[INFO] [stdout] Some errors have detailed explanations: E0277, E0599, E0728.
[INFO] [stdout] For more information about an error, try `rustc --explain E0277`.
[INFO] [stdout] Couldn't compile the test.
[INFO] [stdout] ---- src/sleep.rs - sleep::Sleep<D>::new_until (line 128) stdout ----
[INFO] [stdout] error[E0432]: unresolved import `fluent_wasm_timer`
[INFO] [stdout]  --> src/sleep.rs:131:5
[INFO] [stdout]   |
[INFO] [stdout] 6 | use fluent_wasm_timer::Instant;
[INFO] [stdout]   |     ^^^^^^^^^^^^^^^^^ use of undeclared crate or module `fluent_wasm_timer`
[INFO] [stdout] 
[INFO] [stdout] error[E0728]: `await` is only allowed inside `async` functions and blocks
[INFO] [stdout]   --> src/sleep.rs:135:7
[INFO] [stdout]    |
[INFO] [stdout] 4  | fn main() { #[allow(non_snake_case)] fn _doctest_main_src_sleep_rs_128_0() {
[INFO] [stdout]    |                                         -------------------------------- this is not `async`
[INFO] [stdout] ...
[INFO] [stdout] 10 | sleep.await;
[INFO] [stdout]    |       ^^^^^ only allowed inside `async` functions and blocks
[INFO] [stdout] 
[INFO] [stdout] error[E0433]: failed to resolve: use of undeclared crate or module `fluvio_wasm_timer`
[INFO] [stdout]  --> src/sleep.rs:134:21
[INFO] [stdout]   |
[INFO] [stdout] 9 | let sleep = Sleep::<fluvio_wasm_timer::Delay>::new_until(Instant::now() + Duration::from_millis(100));
[INFO] [stdout]   |                     ^^^^^^^^^^^^^^^^^ use of undeclared crate or module `fluvio_wasm_timer`
[INFO] [stdout] 
[INFO] [stdout] error: aborting due to 3 previous errors
[INFO] [stdout] 
[INFO] [stdout] Some errors have detailed explanations: E0432, E0433, E0728.
[INFO] [stdout] For more information about an error, try `rustc --explain E0432`.
[INFO] [stdout] Couldn't compile the test.
[INFO] [stdout] ---- src/interval.rs - interval::Interval<D>::new (line 193) stdout ----
[INFO] [stdout] error[E0728]: `await` is only allowed inside `async` functions and blocks
[INFO] [stdout]   --> src/interval.rs:200:17
[INFO] [stdout]    |
[INFO] [stdout] 4  | fn main() { #[allow(non_snake_case)] fn _doctest_main_src_interval_rs_193_0() {
[INFO] [stdout]    |                                         ----------------------------------- this is not `async`
[INFO] [stdout] ...
[INFO] [stdout] 10 | interval.tick().await;
[INFO] [stdout]    |                 ^^^^^ only allowed inside `async` functions and blocks
[INFO] [stdout] 
[INFO] [stdout] error[E0728]: `await` is only allowed inside `async` functions and blocks
[INFO] [stdout]   --> src/interval.rs:201:17
[INFO] [stdout]    |
[INFO] [stdout] 4  | fn main() { #[allow(non_snake_case)] fn _doctest_main_src_interval_rs_193_0() {
[INFO] [stdout]    |                                         ----------------------------------- this is not `async`
[INFO] [stdout] ...
[INFO] [stdout] 11 | interval.tick().await;
[INFO] [stdout]    |                 ^^^^^ only allowed inside `async` functions and blocks
[INFO] [stdout] 
[INFO] [stdout] error[E0728]: `await` is only allowed inside `async` functions and blocks
[INFO] [stdout]   --> src/interval.rs:202:17
[INFO] [stdout]    |
[INFO] [stdout] 4  | fn main() { #[allow(non_snake_case)] fn _doctest_main_src_interval_rs_193_0() {
[INFO] [stdout]    |                                         ----------------------------------- this is not `async`
[INFO] [stdout] ...
[INFO] [stdout] 12 | interval.tick().await;
[INFO] [stdout]    |                 ^^^^^ only allowed inside `async` functions and blocks
[INFO] [stdout] 
[INFO] [stdout] error[E0599]: the function or associated item `new` exists for struct `Interval<Timer>`, but its trait bounds were not satisfied
[INFO] [stdout]    --> src/interval.rs:198:45
[INFO] [stdout]     |
[INFO] [stdout] 8   | let mut interval = Interval::<smol::Timer>::new(Duration::from_millis(100));
[INFO] [stdout]     |                                             ^^^ function or associated item cannot be called on `Interval<Timer>` due to unsatisfied trait bounds
[INFO] [stdout]     |
[INFO] [stdout]    ::: /opt/rustwide/cargo-home/registry/src/index.crates.io-6f17d22bba15001f/async-io-1.13.0/src/lib.rs:142:1
[INFO] [stdout]     |
[INFO] [stdout] 142 | pub struct Timer {
[INFO] [stdout]     | ---------------- doesn't satisfy `Timer: timer_kit::Delay`
[INFO] [stdout]     |
[INFO] [stdout]     = note: the following trait bounds were not satisfied:
[INFO] [stdout]             `Timer: timer_kit::Delay`
[INFO] [stdout] 
[INFO] [stdout] error[E0277]: the trait bound `Timer: timer_kit::Delay` is not satisfied
[INFO] [stdout]    --> src/interval.rs:198:20
[INFO] [stdout]     |
[INFO] [stdout] 8   | let mut interval = Interval::<smol::Timer>::new(Duration::from_millis(100));
[INFO] [stdout]     |                    ^^^^^^^^^^^^^^^^^^^^^^^ the trait `timer_kit::Delay` is not implemented for `Timer`
[INFO] [stdout]     |
[INFO] [stdout] note: required by a bound in `Interval`
[INFO] [stdout]    --> /opt/rustwide/workdir/src/interval.rs:156:24
[INFO] [stdout]     |
[INFO] [stdout] 156 | pub struct Interval<D: Delay> {
[INFO] [stdout]     |                        ^^^^^ required by this bound in `Interval`
[INFO] [stdout] 
[INFO] [stdout] error: aborting due to 5 previous errors
[INFO] [stdout] 
[INFO] [stdout] Some errors have detailed explanations: E0277, E0599, E0728.
[INFO] [stdout] For more information about an error, try `rustc --explain E0277`.
[INFO] [stdout] Couldn't compile the test.
[INFO] [stdout] ---- src/interval.rs - interval::interval_at (line 64) stdout ----
[INFO] [stdout] error[E0728]: `await` is only allowed inside `async` functions and blocks
[INFO] [stdout]   --> src/interval.rs:71:17
[INFO] [stdout]    |
[INFO] [stdout] 4  | fn main() { #[allow(non_snake_case)] fn _doctest_main_src_interval_rs_64_0() {
[INFO] [stdout]    |                                         ---------------------------------- this is not `async`
[INFO] [stdout] ...
[INFO] [stdout] 10 | interval.tick().await;
[INFO] [stdout]    |                 ^^^^^ only allowed inside `async` functions and blocks
[INFO] [stdout] 
[INFO] [stdout] error[E0728]: `await` is only allowed inside `async` functions and blocks
[INFO] [stdout]   --> src/interval.rs:72:17
[INFO] [stdout]    |
[INFO] [stdout] 4  | fn main() { #[allow(non_snake_case)] fn _doctest_main_src_interval_rs_64_0() {
[INFO] [stdout]    |                                         ---------------------------------- this is not `async`
[INFO] [stdout] ...
[INFO] [stdout] 11 | interval.tick().await;
[INFO] [stdout]    |                 ^^^^^ only allowed inside `async` functions and blocks
[INFO] [stdout] 
[INFO] [stdout] error[E0728]: `await` is only allowed inside `async` functions and blocks
[INFO] [stdout]   --> src/interval.rs:73:17
[INFO] [stdout]    |
[INFO] [stdout] 4  | fn main() { #[allow(non_snake_case)] fn _doctest_main_src_interval_rs_64_0() {
[INFO] [stdout]    |                                         ---------------------------------- this is not `async`
[INFO] [stdout] ...
[INFO] [stdout] 12 | interval.tick().await;
[INFO] [stdout]    |                 ^^^^^ only allowed inside `async` functions and blocks
[INFO] [stdout] 
[INFO] [stdout] error[E0277]: the trait bound `Timer: timer_kit::Delay` is not satisfied
[INFO] [stdout]  --> src/interval.rs:69:20
[INFO] [stdout]   |
[INFO] [stdout] 8 | let mut interval = interval_at::<smol::Timer>(Instant::now(), Duration::from_millis(100));
[INFO] [stdout]   |                    ^^^^^^^^^^^^^^^^^^^^^^^^^^ the trait `timer_kit::Delay` is not implemented for `Timer`
[INFO] [stdout] 
[INFO] [stdout] error[E0277]: the trait bound `Timer: timer_kit::Delay` is not satisfied
[INFO] [stdout]    --> src/interval.rs:69:20
[INFO] [stdout]     |
[INFO] [stdout] 8   | let mut interval = interval_at::<smol::Timer>(Instant::now(), Duration::from_millis(100));
[INFO] [stdout]     |                    ^^^^^^^^^^^^^^^^^^^^^^^^^^^^^^^^^^^^^^^^^^^^^^^^^^^^^^^^^^^^^^^^^^^^^^ the trait `timer_kit::Delay` is not implemented for `Timer`
[INFO] [stdout]     |
[INFO] [stdout] note: required by a bound in `Interval`
[INFO] [stdout]    --> /opt/rustwide/workdir/src/interval.rs:156:24
[INFO] [stdout]     |
[INFO] [stdout] 156 | pub struct Interval<D: Delay> {
[INFO] [stdout]     |                        ^^^^^ required by this bound in `Interval`
[INFO] [stdout] 
[INFO] [stdout] error[E0599]: the method `tick` exists for struct `Interval<Timer>`, but its trait bounds were not satisfied
[INFO] [stdout]    --> src/interval.rs:71:10
[INFO] [stdout]     |
[INFO] [stdout] 10  | interval.tick().await;
[INFO] [stdout]     |          ^^^^ method cannot be called on `Interval<Timer>` due to unsatisfied trait bounds
[INFO] [stdout]     |
[INFO] [stdout]    ::: /opt/rustwide/cargo-home/registry/src/index.crates.io-6f17d22bba15001f/async-io-1.13.0/src/lib.rs:142:1
[INFO] [stdout]     |
[INFO] [stdout] 142 | pub struct Timer {
[INFO] [stdout]     | ---------------- doesn't satisfy `Timer: timer_kit::Delay`
[INFO] [stdout]     |
[INFO] [stdout]     = note: the following trait bounds were not satisfied:
[INFO] [stdout]             `Timer: timer_kit::Delay`
[INFO] [stdout] 
[INFO] [stdout] error[E0599]: the method `tick` exists for struct `Interval<Timer>`, but its trait bounds were not satisfied
[INFO] [stdout]    --> src/interval.rs:72:10
[INFO] [stdout]     |
[INFO] [stdout] 11  | interval.tick().await;
[INFO] [stdout]     |          ^^^^ method cannot be called on `Interval<Timer>` due to unsatisfied trait bounds
[INFO] [stdout]     |
[INFO] [stdout]    ::: /opt/rustwide/cargo-home/registry/src/index.crates.io-6f17d22bba15001f/async-io-1.13.0/src/lib.rs:142:1
[INFO] [stdout]     |
[INFO] [stdout] 142 | pub struct Timer {
[INFO] [stdout]     | ---------------- doesn't satisfy `Timer: timer_kit::Delay`
[INFO] [stdout]     |
[INFO] [stdout]     = note: the following trait bounds were not satisfied:
[INFO] [stdout]             `Timer: timer_kit::Delay`
[INFO] [stdout] 
[INFO] [stdout] error[E0599]: the method `tick` exists for struct `Interval<Timer>`, but its trait bounds were not satisfied
[INFO] [stdout]    --> src/interval.rs:73:10
[INFO] [stdout]     |
[INFO] [stdout] 12  | interval.tick().await;
[INFO] [stdout]     |          ^^^^ method cannot be called on `Interval<Timer>` due to unsatisfied trait bounds
[INFO] [stdout]     |
[INFO] [stdout]    ::: /opt/rustwide/cargo-home/registry/src/index.crates.io-6f17d22bba15001f/async-io-1.13.0/src/lib.rs:142:1
[INFO] [stdout]     |
[INFO] [stdout] 142 | pub struct Timer {
[INFO] [stdout]     | ---------------- doesn't satisfy `Timer: timer_kit::Delay`
[INFO] [stdout]     |
[INFO] [stdout]     = note: the following trait bounds were not satisfied:
[INFO] [stdout]             `Timer: timer_kit::Delay`
[INFO] [stdout] 
[INFO] [stdout] error[E0277]: the trait bound `Timer: timer_kit::Delay` is not satisfied
[INFO] [stdout]  --> src/interval.rs:69:47
[INFO] [stdout]   |
[INFO] [stdout] 8 | let mut interval = interval_at::<smol::Timer>(Instant::now(), Duration::from_millis(100));
[INFO] [stdout]   |                                               ^^^^^^^^^^^^^^ the trait `timer_kit::Delay` is not implemented for `Timer`
[INFO] [stdout] 
[INFO] [stdout] error: aborting due to 9 previous errors
[INFO] [stdout] 
[INFO] [stdout] Some errors have detailed explanations: E0277, E0599, E0728.
[INFO] [stdout] For more information about an error, try `rustc --explain E0277`.
[INFO] [stdout] Couldn't compile the test.
[INFO] [stdout] ---- src/interval.rs - interval::Interval<D>::new (line 207) stdout ----
[INFO] [stdout] error[E0728]: `await` is only allowed inside `async` functions and blocks
[INFO] [stdout]   --> src/interval.rs:214:17
[INFO] [stdout]    |
[INFO] [stdout] 4  | fn main() { #[allow(non_snake_case)] fn _doctest_main_src_interval_rs_207_0() {
[INFO] [stdout]    |                                         ----------------------------------- this is not `async`
[INFO] [stdout] ...
[INFO] [stdout] 10 | interval.tick().await;
[INFO] [stdout]    |                 ^^^^^ only allowed inside `async` functions and blocks
[INFO] [stdout] 
[INFO] [stdout] error[E0728]: `await` is only allowed inside `async` functions and blocks
[INFO] [stdout]   --> src/interval.rs:215:17
[INFO] [stdout]    |
[INFO] [stdout] 4  | fn main() { #[allow(non_snake_case)] fn _doctest_main_src_interval_rs_207_0() {
[INFO] [stdout]    |                                         ----------------------------------- this is not `async`
[INFO] [stdout] ...
[INFO] [stdout] 11 | interval.tick().await;
[INFO] [stdout]    |                 ^^^^^ only allowed inside `async` functions and blocks
[INFO] [stdout] 
[INFO] [stdout] error[E0728]: `await` is only allowed inside `async` functions and blocks
[INFO] [stdout]   --> src/interval.rs:216:17
[INFO] [stdout]    |
[INFO] [stdout] 4  | fn main() { #[allow(non_snake_case)] fn _doctest_main_src_interval_rs_207_0() {
[INFO] [stdout]    |                                         ----------------------------------- this is not `async`
[INFO] [stdout] ...
[INFO] [stdout] 12 | interval.tick().await;
[INFO] [stdout]    |                 ^^^^^ only allowed inside `async` functions and blocks
[INFO] [stdout] 
[INFO] [stdout] error[E0433]: failed to resolve: use of undeclared crate or module `fluvio_wasm_timer`
[INFO] [stdout]  --> src/interval.rs:212:31
[INFO] [stdout]   |
[INFO] [stdout] 8 | let mut interval = Interval::<fluvio_wasm_timer::Delay>::new(Duration::from_millis(100));
[INFO] [stdout]   |                               ^^^^^^^^^^^^^^^^^ use of undeclared crate or module `fluvio_wasm_timer`
[INFO] [stdout] 
[INFO] [stdout] error: aborting due to 4 previous errors
[INFO] [stdout] 
[INFO] [stdout] Some errors have detailed explanations: E0433, E0728.
[INFO] [stdout] For more information about an error, try `rustc --explain E0433`.
[INFO] [stdout] Couldn't compile the test.
[INFO] [stdout] ---- src/sleep.rs - sleep::sleep_until (line 39) stdout ----
[INFO] [stdout] error[E0728]: `await` is only allowed inside `async` functions and blocks
[INFO] [stdout]  --> src/sleep.rs:44:73
[INFO] [stdout]   |
[INFO] [stdout] 4 | fn main() { #[allow(non_snake_case)] fn _doctest_main_src_sleep_rs_39_0() {
[INFO] [stdout]   |                                         ------------------------------- this is not `async`
[INFO] [stdout] ...
[INFO] [stdout] 8 | sleep_until::<smol::Timer>(Instant::now() + Duration::from_millis(100)).await;
[INFO] [stdout]   |                                                                         ^^^^^ only allowed inside `async` functions and blocks
[INFO] [stdout] 
[INFO] [stdout] error[E0277]: the trait bound `Timer: timer_kit::Delay` is not satisfied
[INFO] [stdout]   --> src/sleep.rs:44:15
[INFO] [stdout]    |
[INFO] [stdout] 8  | sleep_until::<smol::Timer>(Instant::now() + Duration::from_millis(100)).await;
[INFO] [stdout]    |               ^^^^^^^^^^^ the trait `timer_kit::Delay` is not implemented for `Timer`
[INFO] [stdout]    |
[INFO] [stdout] note: required by a bound in `timer_kit::sleep_until`
[INFO] [stdout]   --> /opt/rustwide/workdir/src/sleep.rs:57:8
[INFO] [stdout]    |
[INFO] [stdout] 55 | pub fn sleep_until<D>(deadline: D::Instant) -> Sleep<D> 
[INFO] [stdout]    |        ----------- required by a bound in this function
[INFO] [stdout] 56 | where
[INFO] [stdout] 57 |     D: Delay,
[INFO] [stdout]    |        ^^^^^ required by this bound in `sleep_until`
[INFO] [stdout] 
[INFO] [stdout] error[E0277]: the trait bound `Timer: timer_kit::Delay` is not satisfied
[INFO] [stdout]   --> src/sleep.rs:44:1
[INFO] [stdout]    |
[INFO] [stdout] 8  | sleep_until::<smol::Timer>(Instant::now() + Duration::from_millis(100)).await;
[INFO] [stdout]    | ^^^^^^^^^^^^^^^^^^^^^^^^^^^^^^^^^^^^^^^^^^^^^^^^^^^^^^^^^^^^^^^^^^^^^^^ the trait `timer_kit::Delay` is not implemented for `Timer`
[INFO] [stdout]    |
[INFO] [stdout] note: required by a bound in `Sleep`
[INFO] [stdout]   --> /opt/rustwide/workdir/src/sleep.rs:70:21
[INFO] [stdout]    |
[INFO] [stdout] 70 | pub struct Sleep<D: Delay> {
[INFO] [stdout]    |                     ^^^^^ required by this bound in `Sleep`
[INFO] [stdout] 
[INFO] [stdout] error[E0277]: the trait bound `Timer: timer_kit::Delay` is not satisfied in `Sleep<Timer>`
[INFO] [stdout]   --> src/sleep.rs:44:73
[INFO] [stdout]    |
[INFO] [stdout] 8  | sleep_until::<smol::Timer>(Instant::now() + Duration::from_millis(100)).await;
[INFO] [stdout]    |                                                                         ^^^^^ within `Sleep<Timer>`, the trait `timer_kit::Delay` is not implemented for `Timer`
[INFO] [stdout]    |
[INFO] [stdout] note: required because it appears within the type `Sleep<Timer>`
[INFO] [stdout]   --> /opt/rustwide/workdir/src/sleep.rs:70:12
[INFO] [stdout]    |
[INFO] [stdout] 70 | pub struct Sleep<D: Delay> {
[INFO] [stdout]    |            ^^^^^
[INFO] [stdout]    = note: all local variables must have a statically known size
[INFO] [stdout]    = help: unsized locals are gated as an unstable feature
[INFO] [stdout] 
[INFO] [stdout] error[E0277]: the trait bound `Timer: timer_kit::Delay` is not satisfied
[INFO] [stdout]  --> src/sleep.rs:44:28
[INFO] [stdout]   |
[INFO] [stdout] 8 | sleep_until::<smol::Timer>(Instant::now() + Duration::from_millis(100)).await;
[INFO] [stdout]   |                            ^^^^^^^^^^^^^^^^^^^^^^^^^^^^^^^^^^^^^^^^^^^ the trait `timer_kit::Delay` is not implemented for `Timer`
[INFO] [stdout] 
[INFO] [stdout] error: aborting due to 5 previous errors
[INFO] [stdout] 
[INFO] [stdout] Some errors have detailed explanations: E0277, E0728.
[INFO] [stdout] For more information about an error, try `rustc --explain E0277`.
[INFO] [stdout] Couldn't compile the test.
[INFO] [stdout] ---- src/timeout.rs - timeout::timeout (line 13) stdout ----
[INFO] [stdout] error[E0728]: `await` is only allowed inside `async` functions and blocks
[INFO] [stdout]  --> src/timeout.rs:18:79
[INFO] [stdout]   |
[INFO] [stdout] 4 | fn main() { #[allow(non_snake_case)] fn _doctest_main_src_timeout_rs_13_0() {
[INFO] [stdout]   |                                         --------------------------------- this is not `async`
[INFO] [stdout] ...
[INFO] [stdout] 8 | let result = timeout::<smol::Timer, _>(Duration::from_millis(100), async { }).await;
[INFO] [stdout]   |                                                                               ^^^^^ only allowed inside `async` functions and blocks
[INFO] [stdout] 
[INFO] [stdout] error[E0277]: the trait bound `Timer: timer_kit::Delay` is not satisfied
[INFO] [stdout]   --> src/timeout.rs:18:24
[INFO] [stdout]    |
[INFO] [stdout] 8  | let result = timeout::<smol::Timer, _>(Duration::from_millis(100), async { }).await;
[INFO] [stdout]    |                        ^^^^^^^^^^^ the trait `timer_kit::Delay` is not implemented for `Timer`
[INFO] [stdout]    |
[INFO] [stdout] note: required by a bound in `timeout`
[INFO] [stdout]   --> /opt/rustwide/workdir/src/timeout.rs:30:8
[INFO] [stdout]    |
[INFO] [stdout] 28 | pub fn timeout<D, Fut>(duration: Duration, fut: Fut) -> Timeout<D, Fut>
[INFO] [stdout]    |        ------- required by a bound in this function
[INFO] [stdout] 29 | where
[INFO] [stdout] 30 |     D: Delay,
[INFO] [stdout]    |        ^^^^^ required by this bound in `timeout`
[INFO] [stdout] 
[INFO] [stdout] error[E0277]: the trait bound `Timer: timer_kit::Delay` is not satisfied
[INFO] [stdout]  --> src/timeout.rs:18:79
[INFO] [stdout]   |
[INFO] [stdout] 8 | let result = timeout::<smol::Timer, _>(Duration::from_millis(100), async { }).await;
[INFO] [stdout]   |              -----------------------------------------------------------------^^^^^
[INFO] [stdout]   |              |                                                               ||
[INFO] [stdout]   |              |                                                               |the trait `timer_kit::Delay` is not implemented for `Timer`
[INFO] [stdout]   |              |                                                               help: remove the `.await`
[INFO] [stdout]   |              this call returns `Timer`
[INFO] [stdout]   |
[INFO] [stdout]   = note: required for `timer_kit::Timeout<Timer, {async block@src/timeout.rs:8:68: 8:77}>` to implement `Future`
[INFO] [stdout]   = note: required for `timer_kit::Timeout<Timer, {async block@src/timeout.rs:8:68: 8:77}>` to implement `IntoFuture`
[INFO] [stdout] 
[INFO] [stdout] error: aborting due to 3 previous errors
[INFO] [stdout] 
[INFO] [stdout] Some errors have detailed explanations: E0277, E0728.
[INFO] [stdout] For more information about an error, try `rustc --explain E0277`.
[INFO] [stdout] Couldn't compile the test.
[INFO] [stdout] ---- src/sleep.rs - sleep::sleep_until (line 48) stdout ----
[INFO] [stdout] error[E0432]: unresolved import `fluent_wasm_timer`
[INFO] [stdout]  --> src/sleep.rs:51:5
[INFO] [stdout]   |
[INFO] [stdout] 6 | use fluent_wasm_timer::Instant;
[INFO] [stdout]   |     ^^^^^^^^^^^^^^^^^ use of undeclared crate or module `fluent_wasm_timer`
[INFO] [stdout] 
[INFO] [stdout] error[E0728]: `await` is only allowed inside `async` functions and blocks
[INFO] [stdout]  --> src/sleep.rs:54:86
[INFO] [stdout]   |
[INFO] [stdout] 4 | fn main() { #[allow(non_snake_case)] fn _doctest_main_src_sleep_rs_48_0() {
[INFO] [stdout]   |                                         ------------------------------- this is not `async`
[INFO] [stdout] ...
[INFO] [stdout] 9 | sleep_until::<fluvio_wasm_timer::Delay>(Instant::now() + Duration::from_millis(100)).await;
[INFO] [stdout]   |                                                                                      ^^^^^ only allowed inside `async` functions and blocks
[INFO] [stdout] 
[INFO] [stdout] error[E0433]: failed to resolve: use of undeclared crate or module `fluvio_wasm_timer`
[INFO] [stdout]  --> src/sleep.rs:54:15
[INFO] [stdout]   |
[INFO] [stdout] 9 | sleep_until::<fluvio_wasm_timer::Delay>(Instant::now() + Duration::from_millis(100)).await;
[INFO] [stdout]   |               ^^^^^^^^^^^^^^^^^ use of undeclared crate or module `fluvio_wasm_timer`
[INFO] [stdout] 
[INFO] [stdout] error: aborting due to 3 previous errors
[INFO] [stdout] 
[INFO] [stdout] Some errors have detailed explanations: E0432, E0433, E0728.
[INFO] [stdout] For more information about an error, try `rustc --explain E0432`.
[INFO] [stdout] Couldn't compile the test.
[INFO] [stdout] ---- src/timeout.rs - timeout::Timeout<D,Fut>::new_at (line 125) stdout ----
[INFO] [stdout] error[E0728]: `await` is only allowed inside `async` functions and blocks
[INFO] [stdout]  --> src/timeout.rs:130:103
[INFO] [stdout]   |
[INFO] [stdout] 4 | fn main() { #[allow(non_snake_case)] fn _doctest_main_src_timeout_rs_125_0() {
[INFO] [stdout]   |                                         ---------------------------------- this is not `async`
[INFO] [stdout] ...
[INFO] [stdout] 8 | let result = Timeout::<smol::Timer, _>::new_at(Instant::now() + Duration::from_millis(100), async {}).await;
[INFO] [stdout]   |                                                                                                       ^^^^^ only allowed inside `async` functions and blocks
[INFO] [stdout] 
[INFO] [stdout] error[E0599]: the function or associated item `new_at` exists for struct `Timeout<Timer, _>`, but its trait bounds were not satisfied
[INFO] [stdout]    --> src/timeout.rs:130:41
[INFO] [stdout]     |
[INFO] [stdout] 8   | let result = Timeout::<smol::Timer, _>::new_at(Instant::now() + Duration::from_millis(100), async {}).await;
[INFO] [stdout]     |                                         ^^^^^^ function or associated item cannot be called on `Timeout<Timer, _>` due to unsatisfied trait bounds
[INFO] [stdout]     |
[INFO] [stdout]    ::: /opt/rustwide/cargo-home/registry/src/index.crates.io-6f17d22bba15001f/async-io-1.13.0/src/lib.rs:142:1
[INFO] [stdout]     |
[INFO] [stdout] 142 | pub struct Timer {
[INFO] [stdout]     | ---------------- doesn't satisfy `Timer: timer_kit::Delay`
[INFO] [stdout]     |
[INFO] [stdout]     = note: the following trait bounds were not satisfied:
[INFO] [stdout]             `Timer: timer_kit::Delay`
[INFO] [stdout] 
[INFO] [stdout] error: aborting due to 2 previous errors
[INFO] [stdout] 
[INFO] [stdout] Some errors have detailed explanations: E0599, E0728.
[INFO] [stdout] For more information about an error, try `rustc --explain E0599`.
[INFO] [stdout] Couldn't compile the test.
[INFO] [stdout] ---- src/timeout.rs - timeout::Timeout<D,Fut>::new_at (line 134) stdout ----
[INFO] [stdout] error[E0432]: unresolved import `fluent_wasm_timer`
[INFO] [stdout]  --> src/timeout.rs:137:5
[INFO] [stdout]   |
[INFO] [stdout] 6 | use fluent_wasm_timer::Instant;
[INFO] [stdout]   |     ^^^^^^^^^^^^^^^^^ use of undeclared crate or module `fluent_wasm_timer`
[INFO] [stdout] 
[INFO] [stdout] error[E0728]: `await` is only allowed inside `async` functions and blocks
[INFO] [stdout]  --> src/timeout.rs:140:116
[INFO] [stdout]   |
[INFO] [stdout] 4 | fn main() { #[allow(non_snake_case)] fn _doctest_main_src_timeout_rs_134_0() {
[INFO] [stdout]   |                                         ---------------------------------- this is not `async`
[INFO] [stdout] ...
[INFO] [stdout] 9 | let result = Timeout::<fluvio_wasm_timer::Delay, _>::new_at(Instant::now() + Duration::from_millis(100), async {}).await;
[INFO] [stdout]   |                                                                                                                    ^^^^^ only allowed inside `async` functions and blocks
[INFO] [stdout] 
[INFO] [stdout] error[E0433]: failed to resolve: use of undeclared crate or module `fluvio_wasm_timer`
[INFO] [stdout]  --> src/timeout.rs:140:24
[INFO] [stdout]   |
[INFO] [stdout] 9 | let result = Timeout::<fluvio_wasm_timer::Delay, _>::new_at(Instant::now() + Duration::from_millis(100), async {}).await;
[INFO] [stdout]   |                        ^^^^^^^^^^^^^^^^^ use of undeclared crate or module `fluvio_wasm_timer`
[INFO] [stdout] 
[INFO] [stdout] error: aborting due to 3 previous errors
[INFO] [stdout] 
[INFO] [stdout] Some errors have detailed explanations: E0432, E0433, E0728.
[INFO] [stdout] For more information about an error, try `rustc --explain E0432`.
[INFO] [stdout] Couldn't compile the test.
[INFO] [stdout] ---- src/timeout.rs - timeout::timeout (line 22) stdout ----
[INFO] [stdout] error[E0728]: `await` is only allowed inside `async` functions and blocks
[INFO] [stdout]  --> src/timeout.rs:27:92
[INFO] [stdout]   |
[INFO] [stdout] 4 | fn main() { #[allow(non_snake_case)] fn _doctest_main_src_timeout_rs_22_0() {
[INFO] [stdout]   |                                         --------------------------------- this is not `async`
[INFO] [stdout] ...
[INFO] [stdout] 8 | let result = timeout::<fluvio_wasm_timer::Delay, _>(Duration::from_millis(100), async { }).await;
[INFO] [stdout]   |                                                                                            ^^^^^ only allowed inside `async` functions and blocks
[INFO] [stdout] 
[INFO] [stdout] error[E0433]: failed to resolve: use of undeclared crate or module `fluvio_wasm_timer`
[INFO] [stdout]  --> src/timeout.rs:27:24
[INFO] [stdout]   |
[INFO] [stdout] 8 | let result = timeout::<fluvio_wasm_timer::Delay, _>(Duration::from_millis(100), async { }).await;
[INFO] [stdout]   |                        ^^^^^^^^^^^^^^^^^ use of undeclared crate or module `fluvio_wasm_timer`
[INFO] [stdout] 
[INFO] [stdout] error: aborting due to 2 previous errors
[INFO] [stdout] 
[INFO] [stdout] Some errors have detailed explanations: E0433, E0728.
[INFO] [stdout] For more information about an error, try `rustc --explain E0433`.
[INFO] [stdout] Couldn't compile the test.
[INFO] [stdout] ---- src/timeout.rs - timeout::Timeout<D,Fut>::new (line 97) stdout ----
[INFO] [stdout] error[E0728]: `await` is only allowed inside `async` functions and blocks
[INFO] [stdout]  --> src/timeout.rs:102:83
[INFO] [stdout]   |
[INFO] [stdout] 4 | fn main() { #[allow(non_snake_case)] fn _doctest_main_src_timeout_rs_97_0() {
[INFO] [stdout]   |                                         --------------------------------- this is not `async`
[INFO] [stdout] ...
[INFO] [stdout] 8 | let result = Timeout::<smol::Timer, _>::new(Duration::from_millis(100), async {}).await;
[INFO] [stdout]   |                                                                                   ^^^^^ only allowed inside `async` functions and blocks
[INFO] [stdout] 
[INFO] [stdout] error[E0599]: the function or associated item `new` exists for struct `Timeout<Timer, _>`, but its trait bounds were not satisfied
[INFO] [stdout]    --> src/timeout.rs:102:41
[INFO] [stdout]     |
[INFO] [stdout] 8   | let result = Timeout::<smol::Timer, _>::new(Duration::from_millis(100), async {}).await;
[INFO] [stdout]     |                                         ^^^ function or associated item cannot be called on `Timeout<Timer, _>` due to unsatisfied trait bounds
[INFO] [stdout]     |
[INFO] [stdout]    ::: /opt/rustwide/cargo-home/registry/src/index.crates.io-6f17d22bba15001f/async-io-1.13.0/src/lib.rs:142:1
[INFO] [stdout]     |
[INFO] [stdout] 142 | pub struct Timer {
[INFO] [stdout]     | ---------------- doesn't satisfy `Timer: timer_kit::Delay`
[INFO] [stdout]     |
[INFO] [stdout]     = note: the following trait bounds were not satisfied:
[INFO] [stdout]             `Timer: timer_kit::Delay`
[INFO] [stdout] 
[INFO] [stdout] error: aborting due to 2 previous errors
[INFO] [stdout] 
[INFO] [stdout] Some errors have detailed explanations: E0599, E0728.
[INFO] [stdout] For more information about an error, try `rustc --explain E0599`.
[INFO] [stdout] Couldn't compile the test.
[INFO] [stdout] ---- src/timeout.rs - timeout::timeout_at (line 51) stdout ----
[INFO] [stdout] error[E0432]: unresolved import `fluent_wasm_timer`
[INFO] [stdout]  --> src/timeout.rs:54:5
[INFO] [stdout]   |
[INFO] [stdout] 6 | use fluent_wasm_timer::Instant;
[INFO] [stdout]   |     ^^^^^^^^^^^^^^^^^ use of undeclared crate or module `fluent_wasm_timer`
[INFO] [stdout] 
[INFO] [stdout] error[E0728]: `await` is only allowed inside `async` functions and blocks
[INFO] [stdout]  --> src/timeout.rs:57:112
[INFO] [stdout]   |
[INFO] [stdout] 4 | fn main() { #[allow(non_snake_case)] fn _doctest_main_src_timeout_rs_51_0() {
[INFO] [stdout]   |                                         --------------------------------- this is not `async`
[INFO] [stdout] ...
[INFO] [stdout] 9 | let result = timeout_at::<fluvio_wasm_timer::Delay, _>(Instant::now() + Duration::from_millis(100), async { }).await;
[INFO] [stdout]   |                                                                                                                ^^^^^ only allowed inside `async` functions and blocks
[INFO] [stdout] 
[INFO] [stdout] error[E0433]: failed to resolve: use of undeclared crate or module `fluvio_wasm_timer`
[INFO] [stdout]  --> src/timeout.rs:57:27
[INFO] [stdout]   |
[INFO] [stdout] 9 | let result = timeout_at::<fluvio_wasm_timer::Delay, _>(Instant::now() + Duration::from_millis(100), async { }).await;
[INFO] [stdout]   |                           ^^^^^^^^^^^^^^^^^ use of undeclared crate or module `fluvio_wasm_timer`
[INFO] [stdout] 
[INFO] [stdout] error: aborting due to 3 previous errors
[INFO] [stdout] 
[INFO] [stdout] Some errors have detailed explanations: E0432, E0433, E0728.
[INFO] [stdout] For more information about an error, try `rustc --explain E0432`.
[INFO] [stdout] Couldn't compile the test.
[INFO] [stdout] ---- src/timeout.rs - timeout::timeout_at (line 42) stdout ----
[INFO] [stdout] error[E0728]: `await` is only allowed inside `async` functions and blocks
[INFO] [stdout]  --> src/timeout.rs:47:99
[INFO] [stdout]   |
[INFO] [stdout] 4 | fn main() { #[allow(non_snake_case)] fn _doctest_main_src_timeout_rs_42_0() {
[INFO] [stdout]   |                                         --------------------------------- this is not `async`
[INFO] [stdout] ...
[INFO] [stdout] 8 | let result = timeout_at::<smol::Timer, _>(Instant::now() + Duration::from_millis(100), async { }).await;
[INFO] [stdout]   |                                                                                                   ^^^^^ only allowed inside `async` functions and blocks
[INFO] [stdout] 
[INFO] [stdout] error[E0277]: the trait bound `Timer: timer_kit::Delay` is not satisfied
[INFO] [stdout]   --> src/timeout.rs:47:27
[INFO] [stdout]    |
[INFO] [stdout] 8  | let result = timeout_at::<smol::Timer, _>(Instant::now() + Duration::from_millis(100), async { }).await;
[INFO] [stdout]    |                           ^^^^^^^^^^^ the trait `timer_kit::Delay` is not implemented for `Timer`
[INFO] [stdout]    |
[INFO] [stdout] note: required by a bound in `timeout_at`
[INFO] [stdout]   --> /opt/rustwide/workdir/src/timeout.rs:60:8
[INFO] [stdout]    |
[INFO] [stdout] 58 | pub fn timeout_at<D, Fut>(deadline: D::Instant, fut: Fut) -> Timeout<D, Fut>
[INFO] [stdout]    |        ---------- required by a bound in this function
[INFO] [stdout] 59 | where
[INFO] [stdout] 60 |     D: Delay,
[INFO] [stdout]    |        ^^^^^ required by this bound in `timeout_at`
[INFO] [stdout] 
[INFO] [stdout] error[E0277]: the trait bound `Timer: timer_kit::Delay` is not satisfied
[INFO] [stdout]  --> src/timeout.rs:47:14
[INFO] [stdout]   |
[INFO] [stdout] 8 | let result = timeout_at::<smol::Timer, _>(Instant::now() + Duration::from_millis(100), async { }).await;
[INFO] [stdout]   |              ^^^^^^^^^^^^^^^^^^^^^^^^^^^^^^^^^^^^^^^^^^^^^^^^^^^^^^^^^^^^^^^^^^^^^^^^^^^^^^^^^^^^ the trait `timer_kit::Delay` is not implemented for `Timer`
[INFO] [stdout] 
[INFO] [stdout] error[E0277]: the trait bound `Timer: timer_kit::Delay` is not satisfied
[INFO] [stdout]  --> src/timeout.rs:47:99
[INFO] [stdout]   |
[INFO] [stdout] 8 | let result = timeout_at::<smol::Timer, _>(Instant::now() + Duration::from_millis(100), async { }).await;
[INFO] [stdout]   |              -------------------------------------------------------------------------------------^^^^^
[INFO] [stdout]   |              |                                                                                   ||
[INFO] [stdout]   |              |                                                                                   |the trait `timer_kit::Delay` is not implemented for `Timer`
[INFO] [stdout]   |              |                                                                                   help: remove the `.await`
[INFO] [stdout]   |              this call returns `Timer`
[INFO] [stdout]   |
[INFO] [stdout]   = note: required for `timer_kit::Timeout<Timer, {async block@src/timeout.rs:8:88: 8:97}>` to implement `Future`
[INFO] [stdout]   = note: required for `timer_kit::Timeout<Timer, {async block@src/timeout.rs:8:88: 8:97}>` to implement `IntoFuture`
[INFO] [stdout] 
[INFO] [stdout] error[E0277]: the trait bound `Timer: timer_kit::Delay` is not satisfied
[INFO] [stdout]  --> src/timeout.rs:47:43
[INFO] [stdout]   |
[INFO] [stdout] 8 | let result = timeout_at::<smol::Timer, _>(Instant::now() + Duration::from_millis(100), async { }).await;
[INFO] [stdout]   |                                           ^^^^^^^^^^^^^^^^^^^^^^^^^^^^^^^^^^^^^^^^^^^ the trait `timer_kit::Delay` is not implemented for `Timer`
[INFO] [stdout] 
[INFO] [stdout] error: aborting due to 5 previous errors
[INFO] [stdout] 
[INFO] [stdout] Some errors have detailed explanations: E0277, E0728.
[INFO] [stdout] For more information about an error, try `rustc --explain E0277`.
[INFO] [stdout] Couldn't compile the test.
[INFO] [stdout] ---- src/timeout.rs - timeout::Timeout<D,Fut>::new (line 106) stdout ----
[INFO] [stdout] error[E0728]: `await` is only allowed inside `async` functions and blocks
[INFO] [stdout]  --> src/timeout.rs:111:96
[INFO] [stdout]   |
[INFO] [stdout] 4 | fn main() { #[allow(non_snake_case)] fn _doctest_main_src_timeout_rs_106_0() {
[INFO] [stdout]   |                                         ---------------------------------- this is not `async`
[INFO] [stdout] ...
[INFO] [stdout] 8 | let result = Timeout::<fluvio_wasm_timer::Delay, _>::new(Duration::from_millis(100), async {}).await;
[INFO] [stdout]   |                                                                                                ^^^^^ only allowed inside `async` functions and blocks
[INFO] [stdout] 
[INFO] [stdout] error[E0433]: failed to resolve: use of undeclared crate or module `fluvio_wasm_timer`
[INFO] [stdout]  --> src/timeout.rs:111:24
[INFO] [stdout]   |
[INFO] [stdout] 8 | let result = Timeout::<fluvio_wasm_timer::Delay, _>::new(Duration::from_millis(100), async {}).await;
[INFO] [stdout]   |                        ^^^^^^^^^^^^^^^^^ use of undeclared crate or module `fluvio_wasm_timer`
[INFO] [stdout] 
[INFO] [stdout] error: aborting due to 2 previous errors
[INFO] [stdout] 
[INFO] [stdout] Some errors have detailed explanations: E0433, E0728.
[INFO] [stdout] For more information about an error, try `rustc --explain E0433`.
[INFO] [stdout] Couldn't compile the test.
[INFO] [stdout] 
[INFO] [stdout] failures:
[INFO] [stdout]     src/delay_queue.rs - delay_queue::DelayQueue<D,T>::new (line 403)
[INFO] [stdout]     src/interval.rs - interval::Interval<D>::new (line 193)
[INFO] [stdout]     src/interval.rs - interval::Interval<D>::new (line 207)
[INFO] [stdout]     src/interval.rs - interval::Interval<D>::new_at (line 238)
[INFO] [stdout]     src/interval.rs - interval::Interval<D>::new_at (line 252)
[INFO] [stdout]     src/interval.rs - interval::interval (line 21)
[INFO] [stdout]     src/interval.rs - interval::interval (line 34)
[INFO] [stdout]     src/interval.rs - interval::interval_at (line 64)
[INFO] [stdout]     src/interval.rs - interval::interval_at (line 77)
[INFO] [stdout]     src/sleep.rs - sleep::Sleep<D>::new (line 85)
[INFO] [stdout]     src/sleep.rs - sleep::Sleep<D>::new (line 95)
[INFO] [stdout]     src/sleep.rs - sleep::Sleep<D>::new_until (line 118)
[INFO] [stdout]     src/sleep.rs - sleep::Sleep<D>::new_until (line 128)
[INFO] [stdout]     src/sleep.rs - sleep::sleep (line 11)
[INFO] [stdout]     src/sleep.rs - sleep::sleep (line 20)
[INFO] [stdout]     src/sleep.rs - sleep::sleep_until (line 39)
[INFO] [stdout]     src/sleep.rs - sleep::sleep_until (line 48)
[INFO] [stdout]     src/timeout.rs - timeout::Timeout<D,Fut>::new (line 106)
[INFO] [stdout]     src/timeout.rs - timeout::Timeout<D,Fut>::new (line 97)
[INFO] [stdout]     src/timeout.rs - timeout::Timeout<D,Fut>::new_at (line 125)
[INFO] [stdout]     src/timeout.rs - timeout::Timeout<D,Fut>::new_at (line 134)
[INFO] [stdout]     src/timeout.rs - timeout::timeout (line 13)
[INFO] [stdout]     src/timeout.rs - timeout::timeout (line 22)
[INFO] [stdout]     src/timeout.rs - timeout::timeout_at (line 42)
[INFO] [stdout]     src/timeout.rs - timeout::timeout_at (line 51)
[INFO] [stdout] 
[INFO] [stdout] test result: FAILED. 1 passed; 25 failed; 13 ignored; 0 measured; 0 filtered out; finished in 0.20s
[INFO] [stdout] 
[INFO] [stderr] error: doctest failed, to rerun pass `--doc`
[INFO] running `Command { std: "docker" "inspect" "40e4178d9383f6de22a801f69a5c80033b8ea77dbf5a227e3080af67feec90fa", kill_on_drop: false }`
[INFO] running `Command { std: "docker" "rm" "-f" "40e4178d9383f6de22a801f69a5c80033b8ea77dbf5a227e3080af67feec90fa", kill_on_drop: false }`
[INFO] [stdout] 40e4178d9383f6de22a801f69a5c80033b8ea77dbf5a227e3080af67feec90fa
[INFO] testing timer-kit-0.1.1 against beta-2023-12-22 for beta-1.76-1
[INFO] extracting crate timer-kit 0.1.1 into /workspace/builds/worker-7-tc2/source
[INFO] validating manifest of crates.io crate timer-kit 0.1.1 on toolchain beta-2023-12-22
[INFO] running `Command { std: CARGO_HOME="/workspace/cargo-home" RUSTUP_HOME="/workspace/rustup-home" "/workspace/cargo-home/bin/cargo" "+beta-2023-12-22" "metadata" "--manifest-path" "Cargo.toml" "--no-deps", kill_on_drop: false }`
[INFO] started tweaking crates.io crate timer-kit 0.1.1
[INFO] finished tweaking crates.io crate timer-kit 0.1.1
[INFO] tweaked toml for crates.io crate timer-kit 0.1.1 written to /workspace/builds/worker-7-tc2/source/Cargo.toml
[INFO] running `Command { std: CARGO_HOME="/workspace/cargo-home" RUSTUP_HOME="/workspace/rustup-home" "/workspace/cargo-home/bin/cargo" "+beta-2023-12-22" "generate-lockfile" "--manifest-path" "Cargo.toml", kill_on_drop: false }`
[INFO] [stderr]     Updating crates.io index
[INFO] running `Command { std: CARGO_HOME="/workspace/cargo-home" RUSTUP_HOME="/workspace/rustup-home" "/workspace/cargo-home/bin/cargo" "+beta-2023-12-22" "fetch" "--manifest-path" "Cargo.toml", kill_on_drop: false }`
[INFO] running `Command { std: "docker" "create" "-v" "/var/lib/crater-agent-workspace/builds/worker-7-tc2/target:/opt/rustwide/target:rw,Z" "-v" "/var/lib/crater-agent-workspace/builds/worker-7-tc2/source:/opt/rustwide/workdir:ro,Z" "-v" "/var/lib/crater-agent-workspace/cargo-home:/opt/rustwide/cargo-home:ro,Z" "-v" "/var/lib/crater-agent-workspace/rustup-home:/opt/rustwide/rustup-home:ro,Z" "-e" "SOURCE_DIR=/opt/rustwide/workdir" "-e" "CARGO_TARGET_DIR=/opt/rustwide/target" "-e" "CARGO_HOME=/opt/rustwide/cargo-home" "-e" "RUSTUP_HOME=/opt/rustwide/rustup-home" "-w" "/opt/rustwide/workdir" "-m" "1610612736" "--user" "0:0" "--network" "none" "ghcr.io/rust-lang/crates-build-env/linux@sha256:2788e3201cd34a07e3172128adcd8b3090168a8e3bcc40d7c032b9dda1df7d1c" "/opt/rustwide/cargo-home/bin/cargo" "+beta-2023-12-22" "metadata" "--no-deps" "--format-version=1", kill_on_drop: false }`
[INFO] [stdout] 8ccf03786ae223d5acde2d59b126d1bbcb5ac92e80ca72005f818193be649f45
[INFO] running `Command { std: "docker" "start" "-a" "8ccf03786ae223d5acde2d59b126d1bbcb5ac92e80ca72005f818193be649f45", kill_on_drop: false }`
[INFO] running `Command { std: "docker" "inspect" "8ccf03786ae223d5acde2d59b126d1bbcb5ac92e80ca72005f818193be649f45", kill_on_drop: false }`
[INFO] running `Command { std: "docker" "rm" "-f" "8ccf03786ae223d5acde2d59b126d1bbcb5ac92e80ca72005f818193be649f45", kill_on_drop: false }`
[INFO] [stdout] 8ccf03786ae223d5acde2d59b126d1bbcb5ac92e80ca72005f818193be649f45
[INFO] running `Command { std: "docker" "create" "-v" "/var/lib/crater-agent-workspace/builds/worker-7-tc2/target:/opt/rustwide/target:rw,Z" "-v" "/var/lib/crater-agent-workspace/builds/worker-7-tc2/source:/opt/rustwide/workdir:ro,Z" "-v" "/var/lib/crater-agent-workspace/cargo-home:/opt/rustwide/cargo-home:ro,Z" "-v" "/var/lib/crater-agent-workspace/rustup-home:/opt/rustwide/rustup-home:ro,Z" "-e" "SOURCE_DIR=/opt/rustwide/workdir" "-e" "CARGO_TARGET_DIR=/opt/rustwide/target" "-e" "CARGO_INCREMENTAL=0" "-e" "RUST_BACKTRACE=full" "-e" "RUSTFLAGS=--cap-lints=warn" "-e" "RUSTDOCFLAGS=--cap-lints=warn" "-e" "CARGO_HOME=/opt/rustwide/cargo-home" "-e" "RUSTUP_HOME=/opt/rustwide/rustup-home" "-w" "/opt/rustwide/workdir" "-m" "1610612736" "--user" "0:0" "--network" "none" "ghcr.io/rust-lang/crates-build-env/linux@sha256:2788e3201cd34a07e3172128adcd8b3090168a8e3bcc40d7c032b9dda1df7d1c" "/opt/rustwide/cargo-home/bin/cargo" "+beta-2023-12-22" "build" "--frozen" "--message-format=json", kill_on_drop: false }`
[INFO] [stdout] ecd5ca74debd8d05e7b595513b6d7932b0a392c1bd85efdc4379a19f79ea85c5
[INFO] running `Command { std: "docker" "start" "-a" "ecd5ca74debd8d05e7b595513b6d7932b0a392c1bd85efdc4379a19f79ea85c5", kill_on_drop: false }`
[INFO] [stderr]    Compiling thiserror v1.0.56
[INFO] [stderr]    Compiling futures-task v0.3.30
[INFO] [stderr]    Compiling futures-core v0.3.30
[INFO] [stderr]    Compiling thiserror-impl v1.0.56
[INFO] [stderr]    Compiling futures-macro v0.3.30
[INFO] [stderr]    Compiling futures-util v0.3.30
[INFO] [stderr]    Compiling timer-kit v0.1.1 (/opt/rustwide/workdir)
[INFO] [stderr]     Finished dev [unoptimized + debuginfo] target(s) in 2.32s
[INFO] running `Command { std: "docker" "inspect" "ecd5ca74debd8d05e7b595513b6d7932b0a392c1bd85efdc4379a19f79ea85c5", kill_on_drop: false }`
[INFO] running `Command { std: "docker" "rm" "-f" "ecd5ca74debd8d05e7b595513b6d7932b0a392c1bd85efdc4379a19f79ea85c5", kill_on_drop: false }`
[INFO] [stdout] ecd5ca74debd8d05e7b595513b6d7932b0a392c1bd85efdc4379a19f79ea85c5
[INFO] running `Command { std: "docker" "create" "-v" "/var/lib/crater-agent-workspace/builds/worker-7-tc2/target:/opt/rustwide/target:rw,Z" "-v" "/var/lib/crater-agent-workspace/builds/worker-7-tc2/source:/opt/rustwide/workdir:ro,Z" "-v" "/var/lib/crater-agent-workspace/cargo-home:/opt/rustwide/cargo-home:ro,Z" "-v" "/var/lib/crater-agent-workspace/rustup-home:/opt/rustwide/rustup-home:ro,Z" "-e" "SOURCE_DIR=/opt/rustwide/workdir" "-e" "CARGO_TARGET_DIR=/opt/rustwide/target" "-e" "CARGO_INCREMENTAL=0" "-e" "RUST_BACKTRACE=full" "-e" "RUSTFLAGS=--cap-lints=warn" "-e" "RUSTDOCFLAGS=--cap-lints=warn" "-e" "CARGO_HOME=/opt/rustwide/cargo-home" "-e" "RUSTUP_HOME=/opt/rustwide/rustup-home" "-w" "/opt/rustwide/workdir" "-m" "1610612736" "--user" "0:0" "--network" "none" "ghcr.io/rust-lang/crates-build-env/linux@sha256:2788e3201cd34a07e3172128adcd8b3090168a8e3bcc40d7c032b9dda1df7d1c" "/opt/rustwide/cargo-home/bin/cargo" "+beta-2023-12-22" "test" "--frozen" "--no-run" "--message-format=json", kill_on_drop: false }`
[INFO] [stdout] fee6036f8d3fee78a33e13ebe08b9ae66ce9d2c230751f3ebc4eb1ccc4482eb8
[INFO] running `Command { std: "docker" "start" "-a" "fee6036f8d3fee78a33e13ebe08b9ae66ce9d2c230751f3ebc4eb1ccc4482eb8", kill_on_drop: false }`
[INFO] [stderr]    Compiling futures-core v0.3.30
[INFO] [stderr]    Compiling crossbeam-utils v0.8.18
[INFO] [stderr]    Compiling futures-io v0.3.30
[INFO] [stderr]    Compiling parking v2.2.0
[INFO] [stderr]    Compiling tracing-core v0.1.32
[INFO] [stderr]    Compiling io-lifetimes v1.0.11
[INFO] [stderr]    Compiling event-listener v2.5.3
[INFO] [stderr]    Compiling polling v2.8.0
[INFO] [stderr]    Compiling fastrand v1.9.0
[INFO] [stderr]    Compiling rustix v0.38.28
[INFO] [stderr]    Compiling waker-fn v1.1.1
[INFO] [stderr]    Compiling rustix v0.37.27
[INFO] [stderr]    Compiling async-io v1.13.0
[INFO] [stderr]    Compiling linux-raw-sys v0.4.12
[INFO] [stderr]    Compiling syn v2.0.48
[INFO] [stderr]    Compiling futures-sink v0.3.30
[INFO] [stderr]    Compiling linux-raw-sys v0.3.8
[INFO] [stderr]    Compiling futures-lite v2.1.0
[INFO] [stderr]    Compiling async-lock v2.8.0
[INFO] [stderr]    Compiling futures-channel v0.3.30
[INFO] [stderr]    Compiling socket2 v0.4.10
[INFO] [stderr]    Compiling futures-lite v1.13.0
[INFO] [stderr]    Compiling async-task v4.7.0
[INFO] [stderr]    Compiling atomic-waker v1.1.2
[INFO] [stderr]    Compiling tracing v0.1.40
[INFO] [stderr]    Compiling piper v0.2.1
[INFO] [stderr]    Compiling signal-hook-registry v1.4.1
[INFO] [stderr]    Compiling async-fs v1.6.0
[INFO] [stderr]    Compiling smol-potat-macro v0.6.0
[INFO] [stderr]    Compiling num_cpus v1.16.0
[INFO] [stderr]    Compiling bytes v1.5.0
[INFO] [stderr]    Compiling concurrent-queue v2.4.0
[INFO] [stderr]    Compiling event-listener v4.0.2
[INFO] [stderr]    Compiling event-listener v3.1.0
[INFO] [stderr]    Compiling async-channel v1.9.0
[INFO] [stderr]    Compiling event-listener-strategy v0.4.0
[INFO] [stderr]    Compiling async-lock v3.2.0
[INFO] [stderr]    Compiling async-channel v2.1.1
[INFO] [stderr]    Compiling blocking v1.5.1
[INFO] [stderr]    Compiling async-executor v1.8.0
[INFO] [stderr]    Compiling async-net v1.8.0
[INFO] [stderr]    Compiling smol-potat v1.1.2
[INFO] [stderr]    Compiling futures-macro v0.3.30
[INFO] [stderr]    Compiling thiserror-impl v1.0.56
[INFO] [stderr]    Compiling pin-project-internal v1.1.3
[INFO] [stderr]    Compiling tokio-macros v2.2.0
[INFO] [stderr]    Compiling tokio v1.35.1
[INFO] [stderr]    Compiling futures-util v0.3.30
[INFO] [stderr]    Compiling polling v3.3.1
[INFO] [stderr]    Compiling pin-project v1.1.3
[INFO] [stderr]    Compiling thiserror v1.0.56
[INFO] [stderr]    Compiling async-io v2.2.2
[INFO] [stderr]    Compiling async-signal v0.2.5
[INFO] [stderr]    Compiling async-process v1.8.1
[INFO] [stderr]    Compiling smol v1.3.0
[INFO] [stderr]    Compiling futures-executor v0.3.30
[INFO] [stderr]    Compiling timer-kit v0.1.1 (/opt/rustwide/workdir)
[INFO] [stderr]    Compiling futures v0.3.30
[INFO] [stderr]    Compiling futures-test v0.3.30
[INFO] [stderr]     Finished test [unoptimized + debuginfo] target(s) in 7.17s
[INFO] running `Command { std: "docker" "inspect" "fee6036f8d3fee78a33e13ebe08b9ae66ce9d2c230751f3ebc4eb1ccc4482eb8", kill_on_drop: false }`
[INFO] running `Command { std: "docker" "rm" "-f" "fee6036f8d3fee78a33e13ebe08b9ae66ce9d2c230751f3ebc4eb1ccc4482eb8", kill_on_drop: false }`
[INFO] [stdout] fee6036f8d3fee78a33e13ebe08b9ae66ce9d2c230751f3ebc4eb1ccc4482eb8
[INFO] running `Command { std: "docker" "create" "-v" "/var/lib/crater-agent-workspace/builds/worker-7-tc2/target:/opt/rustwide/target:rw,Z" "-v" "/var/lib/crater-agent-workspace/builds/worker-7-tc2/source:/opt/rustwide/workdir:ro,Z" "-v" "/var/lib/crater-agent-workspace/cargo-home:/opt/rustwide/cargo-home:ro,Z" "-v" "/var/lib/crater-agent-workspace/rustup-home:/opt/rustwide/rustup-home:ro,Z" "-e" "SOURCE_DIR=/opt/rustwide/workdir" "-e" "CARGO_TARGET_DIR=/opt/rustwide/target" "-e" "CARGO_INCREMENTAL=0" "-e" "RUST_BACKTRACE=full" "-e" "RUSTFLAGS=--cap-lints=warn" "-e" "RUSTDOCFLAGS=--cap-lints=warn" "-e" "CARGO_HOME=/opt/rustwide/cargo-home" "-e" "RUSTUP_HOME=/opt/rustwide/rustup-home" "-w" "/opt/rustwide/workdir" "-m" "1610612736" "--user" "0:0" "--network" "none" "ghcr.io/rust-lang/crates-build-env/linux@sha256:2788e3201cd34a07e3172128adcd8b3090168a8e3bcc40d7c032b9dda1df7d1c" "/opt/rustwide/cargo-home/bin/cargo" "+beta-2023-12-22" "test" "--frozen", kill_on_drop: false }`
[INFO] [stdout] 2af258fa5ccf04787cf2392e559f9188cbc73e01e3e7e318991dfe3313d577e3
[INFO] running `Command { std: "docker" "start" "-a" "2af258fa5ccf04787cf2392e559f9188cbc73e01e3e7e318991dfe3313d577e3", kill_on_drop: false }`
[INFO] [stderr]     Finished test [unoptimized + debuginfo] target(s) in 0.07s
[INFO] [stderr]      Running unittests src/lib.rs (/opt/rustwide/target/debug/deps/timer_kit-d52f062ca6dbb84e)
[INFO] [stdout] 
[INFO] [stdout] running 2 tests
[INFO] [stdout] test wheel::test::test_level_for ... ok
[INFO] [stdout] test wheel::level::test::test_slot_for ... ok
[INFO] [stdout] 
[INFO] [stdout] test result: ok. 2 passed; 0 failed; 0 ignored; 0 measured; 0 filtered out; finished in 0.00s
[INFO] [stdout] 
[INFO] [stderr]      Running tests/fluvio_wasm_timer_delay_queue.rs (/opt/rustwide/target/debug/deps/fluvio_wasm_timer_delay_queue-7918b2cbd1b279bc)
[INFO] [stdout] 
[INFO] [stdout] running 0 tests
[INFO] [stdout] 
[INFO] [stdout] test result: ok. 0 passed; 0 failed; 0 ignored; 0 measured; 0 filtered out; finished in 0.00s
[INFO] [stdout] 
[INFO] [stderr]      Running tests/fluvio_wasm_timer_interval.rs (/opt/rustwide/target/debug/deps/fluvio_wasm_timer_interval-cd0e8f3d0791e892)
[INFO] [stdout] 
[INFO] [stdout] running 0 tests
[INFO] [stdout] 
[INFO] [stdout] test result: ok. 0 passed; 0 failed; 0 ignored; 0 measured; 0 filtered out; finished in 0.00s
[INFO] [stdout] 
[INFO] [stderr]      Running tests/fluvio_wasm_timer_sleep.rs (/opt/rustwide/target/debug/deps/fluvio_wasm_timer_sleep-66587dee1c2c8200)
[INFO] [stdout] 
[INFO] [stdout] running 0 tests
[INFO] [stdout] 
[INFO] [stdout] test result: ok. 0 passed; 0 failed; 0 ignored; 0 measured; 0 filtered out; finished in 0.00s
[INFO] [stdout] 
[INFO] [stderr]      Running tests/fluvio_wasm_timer_timeout.rs (/opt/rustwide/target/debug/deps/fluvio_wasm_timer_timeout-5845c7ea1c025521)
[INFO] [stdout] 
[INFO] [stdout] running 0 tests
[INFO] [stdout] 
[INFO] [stdout] test result: ok. 0 passed; 0 failed; 0 ignored; 0 measured; 0 filtered out; finished in 0.00s
[INFO] [stdout] 
[INFO] [stderr]      Running tests/futures_timer_delay_queue.rs (/opt/rustwide/target/debug/deps/futures_timer_delay_queue-73ee6e336b2e657c)
[INFO] [stdout] 
[INFO] [stdout] running 0 tests
[INFO] [stdout] 
[INFO] [stdout] test result: ok. 0 passed; 0 failed; 0 ignored; 0 measured; 0 filtered out; finished in 0.00s
[INFO] [stdout] 
[INFO] [stderr]      Running tests/futures_timer_interval.rs (/opt/rustwide/target/debug/deps/futures_timer_interval-07351731c279a8f5)
[INFO] [stdout] 
[INFO] [stdout] running 0 tests
[INFO] [stdout] 
[INFO] [stdout] test result: ok. 0 passed; 0 failed; 0 ignored; 0 measured; 0 filtered out; finished in 0.00s
[INFO] [stdout] 
[INFO] [stderr]      Running tests/futures_timer_sleep.rs (/opt/rustwide/target/debug/deps/futures_timer_sleep-f75c5bd7b6a98be2)
[INFO] [stdout] 
[INFO] [stdout] running 0 tests
[INFO] [stdout] 
[INFO] [stdout] test result: ok. 0 passed; 0 failed; 0 ignored; 0 measured; 0 filtered out; finished in 0.00s
[INFO] [stdout] 
[INFO] [stderr]      Running tests/futures_timer_timeout.rs (/opt/rustwide/target/debug/deps/futures_timer_timeout-429b1dbffa594e8e)
[INFO] [stdout] 
[INFO] [stdout] running 0 tests
[INFO] [stdout] 
[INFO] [stdout] test result: ok. 0 passed; 0 failed; 0 ignored; 0 measured; 0 filtered out; finished in 0.00s
[INFO] [stdout] 
[INFO] [stderr]      Running tests/macros.rs (/opt/rustwide/target/debug/deps/macros-79da733de75aba2e)
[INFO] [stdout] 
[INFO] [stdout] running 0 tests
[INFO] [stdout] 
[INFO] [stdout] test result: ok. 0 passed; 0 failed; 0 ignored; 0 measured; 0 filtered out; finished in 0.00s
[INFO] [stdout] 
[INFO] [stderr]      Running tests/smol_delay_queue.rs (/opt/rustwide/target/debug/deps/smol_delay_queue-ccea8e67896f757a)
[INFO] [stdout] 
[INFO] [stdout] running 0 tests
[INFO] [stdout] 
[INFO] [stdout] test result: ok. 0 passed; 0 failed; 0 ignored; 0 measured; 0 filtered out; finished in 0.00s
[INFO] [stdout] 
[INFO] [stderr]      Running tests/smol_interval.rs (/opt/rustwide/target/debug/deps/smol_interval-b705affc33aead27)
[INFO] [stdout] 
[INFO] [stdout] running 0 tests
[INFO] [stdout] 
[INFO] [stdout] test result: ok. 0 passed; 0 failed; 0 ignored; 0 measured; 0 filtered out; finished in 0.00s
[INFO] [stdout] 
[INFO] [stderr]      Running tests/smol_sleep.rs (/opt/rustwide/target/debug/deps/smol_sleep-02fb526d312544d2)
[INFO] [stdout] 
[INFO] [stdout] running 0 tests
[INFO] [stdout] 
[INFO] [stdout] test result: ok. 0 passed; 0 failed; 0 ignored; 0 measured; 0 filtered out; finished in 0.00s
[INFO] [stdout] 
[INFO] [stderr]      Running tests/smol_timeout.rs (/opt/rustwide/target/debug/deps/smol_timeout-ee39534fdcee4059)
[INFO] [stdout] 
[INFO] [stdout] running 0 tests
[INFO] [stdout] 
[INFO] [stdout] test result: ok. 0 passed; 0 failed; 0 ignored; 0 measured; 0 filtered out; finished in 0.00s
[INFO] [stdout] 
[INFO] [stderr]      Running tests/tokio_delay_queue.rs (/opt/rustwide/target/debug/deps/tokio_delay_queue-e3dad346efa27b7e)
[INFO] [stdout] 
[INFO] [stdout] running 0 tests
[INFO] [stdout] 
[INFO] [stdout] test result: ok. 0 passed; 0 failed; 0 ignored; 0 measured; 0 filtered out; finished in 0.00s
[INFO] [stdout] 
[INFO] [stderr]      Running tests/tokio_interval.rs (/opt/rustwide/target/debug/deps/tokio_interval-93382486f7077887)
[INFO] [stdout] 
[INFO] [stdout] running 0 tests
[INFO] [stdout] 
[INFO] [stdout] test result: ok. 0 passed; 0 failed; 0 ignored; 0 measured; 0 filtered out; finished in 0.00s
[INFO] [stdout] 
[INFO] [stderr]      Running tests/tokio_sleep.rs (/opt/rustwide/target/debug/deps/tokio_sleep-0c61d96e8d7cd521)
[INFO] [stdout] 
[INFO] [stdout] running 0 tests
[INFO] [stdout] 
[INFO] [stdout] test result: ok. 0 passed; 0 failed; 0 ignored; 0 measured; 0 filtered out; finished in 0.00s
[INFO] [stdout] 
[INFO] [stderr]      Running tests/tokio_timeout.rs (/opt/rustwide/target/debug/deps/tokio_timeout-84b91a7494b422bf)
[INFO] [stdout] 
[INFO] [stdout] running 0 tests
[INFO] [stdout] 
[INFO] [stdout] test result: ok. 0 passed; 0 failed; 0 ignored; 0 measured; 0 filtered out; finished in 0.00s
[INFO] [stdout] 
[INFO] [stderr]    Doc-tests timer-kit
[INFO] [stdout] 
[INFO] [stdout] running 39 tests
[INFO] [stdout] test src/delay_queue.rs - delay_queue::DelayQueue<D,T>::capacity (line 925) ... ignored
[INFO] [stdout] test src/delay_queue.rs - delay_queue::DelayQueue<D,T>::clear (line 897) ... ignored
[INFO] [stdout] test src/delay_queue.rs - delay_queue::DelayQueue<D,T>::compact (line 818) ... ignored
[INFO] [stdout] test src/delay_queue.rs - delay_queue::DelayQueue<D,T>::insert (line 596) ... ignored
[INFO] [stdout] test src/delay_queue.rs - delay_queue::DelayQueue<D,T>::insert_at (line 475) ... ignored
[INFO] [stdout] test src/delay_queue.rs - delay_queue::DelayQueue<D,T>::is_empty (line 1004) ... ignored
[INFO] [stdout] test src/delay_queue.rs - delay_queue::DelayQueue<D,T>::len (line 939) ... ignored
[INFO] [stdout] test src/delay_queue.rs - delay_queue::DelayQueue<D,T>::remove (line 669) ... ignored
[INFO] [stdout] test src/delay_queue.rs - delay_queue::DelayQueue<D,T>::reserve (line 974) ... ignored
[INFO] [stdout] test src/delay_queue.rs - delay_queue::DelayQueue<D,T>::reset (line 866) ... ignored
[INFO] [stdout] test src/delay_queue.rs - delay_queue::DelayQueue<D,T>::reset_at (line 761) ... ignored
[INFO] [stdout] test src/delay_queue.rs - delay_queue::DelayQueue<D,T>::try_remove (line 717) ... ignored
[INFO] [stdout] test src/delay_queue.rs - delay_queue::DelayQueue<D,T>::with_capacity (line 419) ... ignored
[INFO] [stdout] test src/delay_queue.rs - delay_queue::DelayQueue (line 74) - compile ... ok
[INFO] [stdout] test src/delay_queue.rs - delay_queue::DelayQueue<D,T>::new (line 403) ... FAILED
[INFO] [stdout] test src/interval.rs - interval::interval (line 21) - compile ... FAILED
[INFO] [stdout] test src/sleep.rs - sleep::sleep (line 11) - compile ... FAILED
[INFO] [stdout] test src/interval.rs - interval::interval_at (line 64) - compile ... FAILED
[INFO] [stdout] test src/interval.rs - interval::interval_at (line 77) - compile ... FAILED
[INFO] [stdout] test src/sleep.rs - sleep::Sleep<D>::new_until (line 118) - compile ... FAILED
[INFO] [stdout] test src/interval.rs - interval::interval (line 34) - compile ... FAILED
[INFO] [stdout] test src/sleep.rs - sleep::Sleep<D>::new (line 85) - compile ... FAILED
[INFO] [stdout] test src/interval.rs - interval::Interval<D>::new_at (line 238) - compile ... FAILED
[INFO] [stdout] test src/sleep.rs - sleep::sleep_until (line 39) - compile ... FAILED
[INFO] [stdout] test src/interval.rs - interval::Interval<D>::new (line 207) - compile ... FAILED
[INFO] [stdout] test src/interval.rs - interval::Interval<D>::new_at (line 252) - compile ... FAILED
[INFO] [stdout] test src/interval.rs - interval::Interval<D>::new (line 193) - compile ... FAILED
[INFO] [stdout] test src/sleep.rs - sleep::Sleep<D>::new_until (line 128) - compile ... FAILED
[INFO] [stdout] test src/sleep.rs - sleep::Sleep<D>::new (line 95) - compile ... FAILED
[INFO] [stdout] test src/sleep.rs - sleep::sleep (line 20) - compile ... FAILED
[INFO] [stdout] test src/sleep.rs - sleep::sleep_until (line 48) - compile ... FAILED
[INFO] [stdout] test src/timeout.rs - timeout::Timeout<D,Fut>::new (line 97) - compile ... FAILED
[INFO] [stdout] test src/timeout.rs - timeout::Timeout<D,Fut>::new_at (line 125) - compile ... FAILED
[INFO] [stdout] test src/timeout.rs - timeout::timeout_at (line 42) - compile ... FAILED
[INFO] [stdout] test src/timeout.rs - timeout::timeout (line 13) - compile ... FAILED
[INFO] [stdout] test src/timeout.rs - timeout::Timeout<D,Fut>::new_at (line 134) - compile ... FAILED
[INFO] [stdout] test src/timeout.rs - timeout::timeout (line 22) - compile ... FAILED
[INFO] [stdout] test src/timeout.rs - timeout::Timeout<D,Fut>::new (line 106) - compile ... FAILED
[INFO] [stdout] test src/timeout.rs - timeout::timeout_at (line 51) - compile ... FAILED
[INFO] [stdout] 
[INFO] [stdout] failures:
[INFO] [stdout] 
[INFO] [stdout] ---- src/delay_queue.rs - delay_queue::DelayQueue<D,T>::new (line 403) stdout ----
[INFO] [stdout] error[E0433]: failed to resolve: use of undeclared crate or module `tokio_util`
[INFO] [stdout]  --> src/delay_queue.rs:404:5
[INFO] [stdout]   |
[INFO] [stdout] 3 | use tokio_util::time::DelayQueue;
[INFO] [stdout]   |     ^^^^^^^^^^ use of undeclared crate or module `tokio_util`
[INFO] [stdout] 
[INFO] [stdout] error: aborting due to 1 previous error
[INFO] [stdout] 
[INFO] [stdout] For more information about this error, try `rustc --explain E0433`.
[INFO] [stdout] Couldn't compile the test.
[INFO] [stdout] ---- src/interval.rs - interval::interval (line 21) stdout ----
[INFO] [stdout] error[E0728]: `await` is only allowed inside `async` functions and blocks
[INFO] [stdout]   --> src/interval.rs:28:17
[INFO] [stdout]    |
[INFO] [stdout] 4  | fn main() { #[allow(non_snake_case)] fn _doctest_main_src_interval_rs_21_0() {
[INFO] [stdout]    |                                         ---------------------------------- this is not `async`
[INFO] [stdout] ...
[INFO] [stdout] 10 | interval.tick().await;
[INFO] [stdout]    |                 ^^^^^ only allowed inside `async` functions and blocks
[INFO] [stdout] 
[INFO] [stdout] error[E0728]: `await` is only allowed inside `async` functions and blocks
[INFO] [stdout]   --> src/interval.rs:29:17
[INFO] [stdout]    |
[INFO] [stdout] 4  | fn main() { #[allow(non_snake_case)] fn _doctest_main_src_interval_rs_21_0() {
[INFO] [stdout]    |                                         ---------------------------------- this is not `async`
[INFO] [stdout] ...
[INFO] [stdout] 11 | interval.tick().await;
[INFO] [stdout]    |                 ^^^^^ only allowed inside `async` functions and blocks
[INFO] [stdout] 
[INFO] [stdout] error[E0728]: `await` is only allowed inside `async` functions and blocks
[INFO] [stdout]   --> src/interval.rs:30:17
[INFO] [stdout]    |
[INFO] [stdout] 4  | fn main() { #[allow(non_snake_case)] fn _doctest_main_src_interval_rs_21_0() {
[INFO] [stdout]    |                                         ---------------------------------- this is not `async`
[INFO] [stdout] ...
[INFO] [stdout] 12 | interval.tick().await;
[INFO] [stdout]    |                 ^^^^^ only allowed inside `async` functions and blocks
[INFO] [stdout] 
[INFO] [stdout] error[E0277]: the trait bound `Timer: timer_kit::Delay` is not satisfied
[INFO] [stdout]  --> src/interval.rs:26:20
[INFO] [stdout]   |
[INFO] [stdout] 8 | let mut interval = interval::<smol::Timer>(Duration::from_millis(100));
[INFO] [stdout]   |                    ^^^^^^^^^^^^^^^^^^^^^^^ the trait `timer_kit::Delay` is not implemented for `Timer`
[INFO] [stdout] 
[INFO] [stdout] error[E0277]: the trait bound `Timer: timer_kit::Delay` is not satisfied
[INFO] [stdout]    --> src/interval.rs:26:20
[INFO] [stdout]     |
[INFO] [stdout] 8   | let mut interval = interval::<smol::Timer>(Duration::from_millis(100));
[INFO] [stdout]     |                    ^^^^^^^^^^^^^^^^^^^^^^^^^^^^^^^^^^^^^^^^^^^^^^^^^^^ the trait `timer_kit::Delay` is not implemented for `Timer`
[INFO] [stdout]     |
[INFO] [stdout] note: required by a bound in `Interval`
[INFO] [stdout]    --> /opt/rustwide/workdir/src/interval.rs:156:24
[INFO] [stdout]     |
[INFO] [stdout] 156 | pub struct Interval<D: Delay> {
[INFO] [stdout]     |                        ^^^^^ required by this bound in `Interval`
[INFO] [stdout] 
[INFO] [stdout] error: aborting due to 5 previous errors
[INFO] [stdout] 
[INFO] [stdout] Some errors have detailed explanations: E0277, E0728.
[INFO] [stdout] For more information about an error, try `rustc --explain E0277`.
[INFO] [stdout] Couldn't compile the test.
[INFO] [stdout] ---- src/sleep.rs - sleep::sleep (line 11) stdout ----
[INFO] [stdout] error[E0728]: `await` is only allowed inside `async` functions and blocks
[INFO] [stdout]  --> src/sleep.rs:16:50
[INFO] [stdout]   |
[INFO] [stdout] 4 | fn main() { #[allow(non_snake_case)] fn _doctest_main_src_sleep_rs_11_0() {
[INFO] [stdout]   |                                         ------------------------------- this is not `async`
[INFO] [stdout] ...
[INFO] [stdout] 8 | sleep::<smol::Timer>(Duration::from_millis(100)).await;
[INFO] [stdout]   |                                                  ^^^^^ only allowed inside `async` functions and blocks
[INFO] [stdout] 
[INFO] [stdout] error: aborting due to 1 previous error
[INFO] [stdout] 
[INFO] [stdout] For more information about this error, try `rustc --explain E0728`.
[INFO] [stdout] Couldn't compile the test.
[INFO] [stdout] ---- src/interval.rs - interval::interval_at (line 64) stdout ----
[INFO] [stdout] error[E0728]: `await` is only allowed inside `async` functions and blocks
[INFO] [stdout]   --> src/interval.rs:71:17
[INFO] [stdout]    |
[INFO] [stdout] 4  | fn main() { #[allow(non_snake_case)] fn _doctest_main_src_interval_rs_64_0() {
[INFO] [stdout]    |                                         ---------------------------------- this is not `async`
[INFO] [stdout] ...
[INFO] [stdout] 10 | interval.tick().await;
[INFO] [stdout]    |                 ^^^^^ only allowed inside `async` functions and blocks
[INFO] [stdout] 
[INFO] [stdout] error[E0728]: `await` is only allowed inside `async` functions and blocks
[INFO] [stdout]   --> src/interval.rs:72:17
[INFO] [stdout]    |
[INFO] [stdout] 4  | fn main() { #[allow(non_snake_case)] fn _doctest_main_src_interval_rs_64_0() {
[INFO] [stdout]    |                                         ---------------------------------- this is not `async`
[INFO] [stdout] ...
[INFO] [stdout] 11 | interval.tick().await;
[INFO] [stdout]    |                 ^^^^^ only allowed inside `async` functions and blocks
[INFO] [stdout] 
[INFO] [stdout] error[E0728]: `await` is only allowed inside `async` functions and blocks
[INFO] [stdout]   --> src/interval.rs:73:17
[INFO] [stdout]    |
[INFO] [stdout] 4  | fn main() { #[allow(non_snake_case)] fn _doctest_main_src_interval_rs_64_0() {
[INFO] [stdout]    |                                         ---------------------------------- this is not `async`
[INFO] [stdout] ...
[INFO] [stdout] 12 | interval.tick().await;
[INFO] [stdout]    |                 ^^^^^ only allowed inside `async` functions and blocks
[INFO] [stdout] 
[INFO] [stdout] error[E0277]: the trait bound `Timer: timer_kit::Delay` is not satisfied
[INFO] [stdout]  --> src/interval.rs:69:20
[INFO] [stdout]   |
[INFO] [stdout] 8 | let mut interval = interval_at::<smol::Timer>(Instant::now(), Duration::from_millis(100));
[INFO] [stdout]   |                    ^^^^^^^^^^^^^^^^^^^^^^^^^^ the trait `timer_kit::Delay` is not implemented for `Timer`
[INFO] [stdout] 
[INFO] [stdout] error[E0277]: the trait bound `Timer: timer_kit::Delay` is not satisfied
[INFO] [stdout]    --> src/interval.rs:69:20
[INFO] [stdout]     |
[INFO] [stdout] 8   | let mut interval = interval_at::<smol::Timer>(Instant::now(), Duration::from_millis(100));
[INFO] [stdout]     |                    ^^^^^^^^^^^^^^^^^^^^^^^^^^^^^^^^^^^^^^^^^^^^^^^^^^^^^^^^^^^^^^^^^^^^^^ the trait `timer_kit::Delay` is not implemented for `Timer`
[INFO] [stdout]     |
[INFO] [stdout] note: required by a bound in `Interval`
[INFO] [stdout]    --> /opt/rustwide/workdir/src/interval.rs:156:24
[INFO] [stdout]     |
[INFO] [stdout] 156 | pub struct Interval<D: Delay> {
[INFO] [stdout]     |                        ^^^^^ required by this bound in `Interval`
[INFO] [stdout] 
[INFO] [stdout] error[E0277]: the trait bound `Timer: timer_kit::Delay` is not satisfied
[INFO] [stdout]  --> src/interval.rs:69:47
[INFO] [stdout]   |
[INFO] [stdout] 8 | let mut interval = interval_at::<smol::Timer>(Instant::now(), Duration::from_millis(100));
[INFO] [stdout]   |                                               ^^^^^^^^^^^^^^ the trait `timer_kit::Delay` is not implemented for `Timer`
[INFO] [stdout] 
[INFO] [stdout] error: aborting due to 6 previous errors
[INFO] [stdout] 
[INFO] [stdout] Some errors have detailed explanations: E0277, E0728.
[INFO] [stdout] For more information about an error, try `rustc --explain E0277`.
[INFO] [stdout] Couldn't compile the test.
[INFO] [stdout] ---- src/interval.rs - interval::interval_at (line 77) stdout ----
[INFO] [stdout] error[E0432]: unresolved import `fluvio_wasm_timer`
[INFO] [stdout]  --> src/interval.rs:80:5
[INFO] [stdout]   |
[INFO] [stdout] 6 | use fluvio_wasm_timer::Instant;
[INFO] [stdout]   |     ^^^^^^^^^^^^^^^^^ use of undeclared crate or module `fluvio_wasm_timer`
[INFO] [stdout] 
[INFO] [stdout] error[E0728]: `await` is only allowed inside `async` functions and blocks
[INFO] [stdout]   --> src/interval.rs:85:17
[INFO] [stdout]    |
[INFO] [stdout] 4  | fn main() { #[allow(non_snake_case)] fn _doctest_main_src_interval_rs_77_0() {
[INFO] [stdout]    |                                         ---------------------------------- this is not `async`
[INFO] [stdout] ...
[INFO] [stdout] 11 | interval.tick().await;
[INFO] [stdout]    |                 ^^^^^ only allowed inside `async` functions and blocks
[INFO] [stdout] 
[INFO] [stdout] error[E0728]: `await` is only allowed inside `async` functions and blocks
[INFO] [stdout]   --> src/interval.rs:86:17
[INFO] [stdout]    |
[INFO] [stdout] 4  | fn main() { #[allow(non_snake_case)] fn _doctest_main_src_interval_rs_77_0() {
[INFO] [stdout]    |                                         ---------------------------------- this is not `async`
[INFO] [stdout] ...
[INFO] [stdout] 12 | interval.tick().await;
[INFO] [stdout]    |                 ^^^^^ only allowed inside `async` functions and blocks
[INFO] [stdout] 
[INFO] [stdout] error[E0728]: `await` is only allowed inside `async` functions and blocks
[INFO] [stdout]   --> src/interval.rs:87:17
[INFO] [stdout]    |
[INFO] [stdout] 4  | fn main() { #[allow(non_snake_case)] fn _doctest_main_src_interval_rs_77_0() {
[INFO] [stdout]    |                                         ---------------------------------- this is not `async`
[INFO] [stdout] ...
[INFO] [stdout] 13 | interval.tick().await;
[INFO] [stdout]    |                 ^^^^^ only allowed inside `async` functions and blocks
[INFO] [stdout] 
[INFO] [stdout] error[E0433]: failed to resolve: use of undeclared crate or module `fluvio_wasm_timer`
[INFO] [stdout]  --> src/interval.rs:83:34
[INFO] [stdout]   |
[INFO] [stdout] 9 | let mut interval = interval_at::<fluvio_wasm_timer::Delay>(Instant::now(), Duration::from_millis(100));
[INFO] [stdout]   |                                  ^^^^^^^^^^^^^^^^^ use of undeclared crate or module `fluvio_wasm_timer`
[INFO] [stdout] 
[INFO] [stdout] error: aborting due to 5 previous errors
[INFO] [stdout] 
[INFO] [stdout] Some errors have detailed explanations: E0432, E0433, E0728.
[INFO] [stdout] For more information about an error, try `rustc --explain E0432`.
[INFO] [stdout] Couldn't compile the test.
[INFO] [stdout] ---- src/sleep.rs - sleep::Sleep<D>::new_until (line 118) stdout ----
[INFO] [stdout] error[E0728]: `await` is only allowed inside `async` functions and blocks
[INFO] [stdout]  --> src/sleep.rs:124:7
[INFO] [stdout]   |
[INFO] [stdout] 4 | fn main() { #[allow(non_snake_case)] fn _doctest_main_src_sleep_rs_118_0() {
[INFO] [stdout]   |                                         -------------------------------- this is not `async`
[INFO] [stdout] ...
[INFO] [stdout] 9 | sleep.await;
[INFO] [stdout]   |       ^^^^^ only allowed inside `async` functions and blocks
[INFO] [stdout] 
[INFO] [stdout] error[E0599]: the function or associated item `new_until` exists for struct `Sleep<Timer>`, but its trait bounds were not satisfied
[INFO] [stdout]    --> src/sleep.rs:123:35
[INFO] [stdout]     |
[INFO] [stdout] 8   | let sleep = Sleep::<smol::Timer>::new_until(Instant::now() + Duration::from_millis(100));
[INFO] [stdout]     |                                   ^^^^^^^^^ function or associated item cannot be called on `Sleep<Timer>` due to unsatisfied trait bounds
[INFO] [stdout]     |
[INFO] [stdout]    ::: /opt/rustwide/cargo-home/registry/src/index.crates.io-6f17d22bba15001f/async-io-1.13.0/src/lib.rs:142:1
[INFO] [stdout]     |
[INFO] [stdout] 142 | pub struct Timer {
[INFO] [stdout]     | ---------------- doesn't satisfy `Timer: timer_kit::Delay`
[INFO] [stdout]     |
[INFO] [stdout]     = note: the following trait bounds were not satisfied:
[INFO] [stdout]             `Timer: timer_kit::Delay`
[INFO] [stdout] 
[INFO] [stdout] error[E0277]: the trait bound `Timer: timer_kit::Delay` is not satisfied
[INFO] [stdout]   --> src/sleep.rs:123:13
[INFO] [stdout]    |
[INFO] [stdout] 8  | let sleep = Sleep::<smol::Timer>::new_until(Instant::now() + Duration::from_millis(100));
[INFO] [stdout]    |             ^^^^^^^^^^^^^^^^^^^^ the trait `timer_kit::Delay` is not implemented for `Timer`
[INFO] [stdout]    |
[INFO] [stdout] note: required by a bound in `Sleep`
[INFO] [stdout]   --> /opt/rustwide/workdir/src/sleep.rs:70:21
[INFO] [stdout]    |
[INFO] [stdout] 70 | pub struct Sleep<D: Delay> {
[INFO] [stdout]    |                     ^^^^^ required by this bound in `Sleep`
[INFO] [stdout] 
[INFO] [stdout] error: aborting due to 3 previous errors
[INFO] [stdout] 
[INFO] [stdout] Some errors have detailed explanations: E0277, E0599, E0728.
[INFO] [stdout] For more information about an error, try `rustc --explain E0277`.
[INFO] [stdout] Couldn't compile the test.
[INFO] [stdout] ---- src/interval.rs - interval::interval (line 34) stdout ----
[INFO] [stdout] error[E0728]: `await` is only allowed inside `async` functions and blocks
[INFO] [stdout]   --> src/interval.rs:41:17
[INFO] [stdout]    |
[INFO] [stdout] 4  | fn main() { #[allow(non_snake_case)] fn _doctest_main_src_interval_rs_34_0() {
[INFO] [stdout]    |                                         ---------------------------------- this is not `async`
[INFO] [stdout] ...
[INFO] [stdout] 10 | interval.tick().await;
[INFO] [stdout]    |                 ^^^^^ only allowed inside `async` functions and blocks
[INFO] [stdout] 
[INFO] [stdout] error[E0728]: `await` is only allowed inside `async` functions and blocks
[INFO] [stdout]   --> src/interval.rs:42:17
[INFO] [stdout]    |
[INFO] [stdout] 4  | fn main() { #[allow(non_snake_case)] fn _doctest_main_src_interval_rs_34_0() {
[INFO] [stdout]    |                                         ---------------------------------- this is not `async`
[INFO] [stdout] ...
[INFO] [stdout] 11 | interval.tick().await;
[INFO] [stdout]    |                 ^^^^^ only allowed inside `async` functions and blocks
[INFO] [stdout] 
[INFO] [stdout] error[E0728]: `await` is only allowed inside `async` functions and blocks
[INFO] [stdout]   --> src/interval.rs:43:17
[INFO] [stdout]    |
[INFO] [stdout] 4  | fn main() { #[allow(non_snake_case)] fn _doctest_main_src_interval_rs_34_0() {
[INFO] [stdout]    |                                         ---------------------------------- this is not `async`
[INFO] [stdout] ...
[INFO] [stdout] 12 | interval.tick().await;
[INFO] [stdout]    |                 ^^^^^ only allowed inside `async` functions and blocks
[INFO] [stdout] 
[INFO] [stdout] error[E0433]: failed to resolve: use of undeclared crate or module `fluvio_wasm_timer`
[INFO] [stdout]  --> src/interval.rs:39:31
[INFO] [stdout]   |
[INFO] [stdout] 8 | let mut interval = interval::<fluvio_wasm_timer::Delay>(Duration::from_millis(100));
[INFO] [stdout]   |                               ^^^^^^^^^^^^^^^^^ use of undeclared crate or module `fluvio_wasm_timer`
[INFO] [stdout] 
[INFO] [stdout] error: aborting due to 4 previous errors
[INFO] [stdout] 
[INFO] [stdout] Some errors have detailed explanations: E0433, E0728.
[INFO] [stdout] For more information about an error, try `rustc --explain E0433`.
[INFO] [stdout] Couldn't compile the test.
[INFO] [stdout] ---- src/sleep.rs - sleep::Sleep<D>::new (line 85) stdout ----
[INFO] [stdout] error[E0728]: `await` is only allowed inside `async` functions and blocks
[INFO] [stdout]  --> src/sleep.rs:91:7
[INFO] [stdout]   |
[INFO] [stdout] 4 | fn main() { #[allow(non_snake_case)] fn _doctest_main_src_sleep_rs_85_0() {
[INFO] [stdout]   |                                         ------------------------------- this is not `async`
[INFO] [stdout] ...
[INFO] [stdout] 9 | sleep.await;
[INFO] [stdout]   |       ^^^^^ only allowed inside `async` functions and blocks
[INFO] [stdout] 
[INFO] [stdout] error[E0599]: the function or associated item `new` exists for struct `Sleep<Timer>`, but its trait bounds were not satisfied
[INFO] [stdout]    --> src/sleep.rs:90:35
[INFO] [stdout]     |
[INFO] [stdout] 8   | let sleep = Sleep::<smol::Timer>::new(Duration::from_millis(100));
[INFO] [stdout]     |                                   ^^^ function or associated item cannot be called on `Sleep<Timer>` due to unsatisfied trait bounds
[INFO] [stdout]     |
[INFO] [stdout]    ::: /opt/rustwide/cargo-home/registry/src/index.crates.io-6f17d22bba15001f/async-io-1.13.0/src/lib.rs:142:1
[INFO] [stdout]     |
[INFO] [stdout] 142 | pub struct Timer {
[INFO] [stdout]     | ---------------- doesn't satisfy `Timer: timer_kit::Delay`
[INFO] [stdout]     |
[INFO] [stdout]     = note: the following trait bounds were not satisfied:
[INFO] [stdout]             `Timer: timer_kit::Delay`
[INFO] [stdout] 
[INFO] [stdout] error[E0277]: the trait bound `Timer: timer_kit::Delay` is not satisfied
[INFO] [stdout]   --> src/sleep.rs:90:13
[INFO] [stdout]    |
[INFO] [stdout] 8  | let sleep = Sleep::<smol::Timer>::new(Duration::from_millis(100));
[INFO] [stdout]    |             ^^^^^^^^^^^^^^^^^^^^ the trait `timer_kit::Delay` is not implemented for `Timer`
[INFO] [stdout]    |
[INFO] [stdout] note: required by a bound in `Sleep`
[INFO] [stdout]   --> /opt/rustwide/workdir/src/sleep.rs:70:21
[INFO] [stdout]    |
[INFO] [stdout] 70 | pub struct Sleep<D: Delay> {
[INFO] [stdout]    |                     ^^^^^ required by this bound in `Sleep`
[INFO] [stdout] 
[INFO] [stdout] error: aborting due to 3 previous errors
[INFO] [stdout] 
[INFO] [stdout] Some errors have detailed explanations: E0277, E0599, E0728.
[INFO] [stdout] For more information about an error, try `rustc --explain E0277`.
[INFO] [stdout] Couldn't compile the test.
[INFO] [stdout] ---- src/interval.rs - interval::Interval<D>::new_at (line 238) stdout ----
[INFO] [stdout] error[E0728]: `await` is only allowed inside `async` functions and blocks
[INFO] [stdout]   --> src/interval.rs:245:17
[INFO] [stdout]    |
[INFO] [stdout] 4  | fn main() { #[allow(non_snake_case)] fn _doctest_main_src_interval_rs_238_0() {
[INFO] [stdout]    |                                         ----------------------------------- this is not `async`
[INFO] [stdout] ...
[INFO] [stdout] 10 | interval.tick().await;
[INFO] [stdout]    |                 ^^^^^ only allowed inside `async` functions and blocks
[INFO] [stdout] 
[INFO] [stdout] error[E0728]: `await` is only allowed inside `async` functions and blocks
[INFO] [stdout]   --> src/interval.rs:246:17
[INFO] [stdout]    |
[INFO] [stdout] 4  | fn main() { #[allow(non_snake_case)] fn _doctest_main_src_interval_rs_238_0() {
[INFO] [stdout]    |                                         ----------------------------------- this is not `async`
[INFO] [stdout] ...
[INFO] [stdout] 11 | interval.tick().await;
[INFO] [stdout]    |                 ^^^^^ only allowed inside `async` functions and blocks
[INFO] [stdout] 
[INFO] [stdout] error[E0728]: `await` is only allowed inside `async` functions and blocks
[INFO] [stdout]   --> src/interval.rs:247:17
[INFO] [stdout]    |
[INFO] [stdout] 4  | fn main() { #[allow(non_snake_case)] fn _doctest_main_src_interval_rs_238_0() {
[INFO] [stdout]    |                                         ----------------------------------- this is not `async`
[INFO] [stdout] ...
[INFO] [stdout] 12 | interval.tick().await;
[INFO] [stdout]    |                 ^^^^^ only allowed inside `async` functions and blocks
[INFO] [stdout] 
[INFO] [stdout] error[E0599]: the function or associated item `new_at` exists for struct `Interval<Timer>`, but its trait bounds were not satisfied
[INFO] [stdout]    --> src/interval.rs:243:45
[INFO] [stdout]     |
[INFO] [stdout] 8   | let mut interval = Interval::<smol::Timer>::new_at(Instant::now(), Duration::from_millis(100));
[INFO] [stdout]     |                                             ^^^^^^ function or associated item cannot be called on `Interval<Timer>` due to unsatisfied trait bounds
[INFO] [stdout]     |
[INFO] [stdout]    ::: /opt/rustwide/cargo-home/registry/src/index.crates.io-6f17d22bba15001f/async-io-1.13.0/src/lib.rs:142:1
[INFO] [stdout]     |
[INFO] [stdout] 142 | pub struct Timer {
[INFO] [stdout]     | ---------------- doesn't satisfy `Timer: timer_kit::Delay`
[INFO] [stdout]     |
[INFO] [stdout]     = note: the following trait bounds were not satisfied:
[INFO] [stdout]             `Timer: timer_kit::Delay`
[INFO] [stdout] 
[INFO] [stdout] error[E0277]: the trait bound `Timer: timer_kit::Delay` is not satisfied
[INFO] [stdout]    --> src/interval.rs:243:20
[INFO] [stdout]     |
[INFO] [stdout] 8   | let mut interval = Interval::<smol::Timer>::new_at(Instant::now(), Duration::from_millis(100));
[INFO] [stdout]     |                    ^^^^^^^^^^^^^^^^^^^^^^^ the trait `timer_kit::Delay` is not implemented for `Timer`
[INFO] [stdout]     |
[INFO] [stdout] note: required by a bound in `Interval`
[INFO] [stdout]    --> /opt/rustwide/workdir/src/interval.rs:156:24
[INFO] [stdout]     |
[INFO] [stdout] 156 | pub struct Interval<D: Delay> {
[INFO] [stdout]     |                        ^^^^^ required by this bound in `Interval`
[INFO] [stdout] 
[INFO] [stdout] error: aborting due to 5 previous errors
[INFO] [stdout] 
[INFO] [stdout] Some errors have detailed explanations: E0277, E0599, E0728.
[INFO] [stdout] For more information about an error, try `rustc --explain E0277`.
[INFO] [stdout] Couldn't compile the test.
[INFO] [stdout] ---- src/sleep.rs - sleep::sleep_until (line 39) stdout ----
[INFO] [stdout] error[E0728]: `await` is only allowed inside `async` functions and blocks
[INFO] [stdout]  --> src/sleep.rs:44:73
[INFO] [stdout]   |
[INFO] [stdout] 4 | fn main() { #[allow(non_snake_case)] fn _doctest_main_src_sleep_rs_39_0() {
[INFO] [stdout]   |                                         ------------------------------- this is not `async`
[INFO] [stdout] ...
[INFO] [stdout] 8 | sleep_until::<smol::Timer>(Instant::now() + Duration::from_millis(100)).await;
[INFO] [stdout]   |                                                                         ^^^^^ only allowed inside `async` functions and blocks
[INFO] [stdout] 
[INFO] [stdout] error: aborting due to 1 previous error
[INFO] [stdout] 
[INFO] [stdout] For more information about this error, try `rustc --explain E0728`.
[INFO] [stdout] Couldn't compile the test.
[INFO] [stdout] ---- src/interval.rs - interval::Interval<D>::new (line 207) stdout ----
[INFO] [stdout] error[E0728]: `await` is only allowed inside `async` functions and blocks
[INFO] [stdout]   --> src/interval.rs:214:17
[INFO] [stdout]    |
[INFO] [stdout] 4  | fn main() { #[allow(non_snake_case)] fn _doctest_main_src_interval_rs_207_0() {
[INFO] [stdout]    |                                         ----------------------------------- this is not `async`
[INFO] [stdout] ...
[INFO] [stdout] 10 | interval.tick().await;
[INFO] [stdout]    |                 ^^^^^ only allowed inside `async` functions and blocks
[INFO] [stdout] 
[INFO] [stdout] error[E0728]: `await` is only allowed inside `async` functions and blocks
[INFO] [stdout]   --> src/interval.rs:215:17
[INFO] [stdout]    |
[INFO] [stdout] 4  | fn main() { #[allow(non_snake_case)] fn _doctest_main_src_interval_rs_207_0() {
[INFO] [stdout]    |                                         ----------------------------------- this is not `async`
[INFO] [stdout] ...
[INFO] [stdout] 11 | interval.tick().await;
[INFO] [stdout]    |                 ^^^^^ only allowed inside `async` functions and blocks
[INFO] [stdout] 
[INFO] [stdout] error[E0728]: `await` is only allowed inside `async` functions and blocks
[INFO] [stdout]   --> src/interval.rs:216:17
[INFO] [stdout]    |
[INFO] [stdout] 4  | fn main() { #[allow(non_snake_case)] fn _doctest_main_src_interval_rs_207_0() {
[INFO] [stdout]    |                                         ----------------------------------- this is not `async`
[INFO] [stdout] ...
[INFO] [stdout] 12 | interval.tick().await;
[INFO] [stdout]    |                 ^^^^^ only allowed inside `async` functions and blocks
[INFO] [stdout] 
[INFO] [stdout] error[E0433]: failed to resolve: use of undeclared crate or module `fluvio_wasm_timer`
[INFO] [stdout]  --> src/interval.rs:212:31
[INFO] [stdout]   |
[INFO] [stdout] 8 | let mut interval = Interval::<fluvio_wasm_timer::Delay>::new(Duration::from_millis(100));
[INFO] [stdout]   |                               ^^^^^^^^^^^^^^^^^ use of undeclared crate or module `fluvio_wasm_timer`
[INFO] [stdout] 
[INFO] [stdout] error: aborting due to 4 previous errors
[INFO] [stdout] 
[INFO] [stdout] Some errors have detailed explanations: E0433, E0728.
[INFO] [stdout] For more information about an error, try `rustc --explain E0433`.
[INFO] [stdout] Couldn't compile the test.
[INFO] [stdout] ---- src/interval.rs - interval::Interval<D>::new_at (line 252) stdout ----
[INFO] [stdout] error[E0432]: unresolved import `fluvio_wasm_timer`
[INFO] [stdout]  --> src/interval.rs:255:5
[INFO] [stdout]   |
[INFO] [stdout] 6 | use fluvio_wasm_timer::Instant;
[INFO] [stdout]   |     ^^^^^^^^^^^^^^^^^ use of undeclared crate or module `fluvio_wasm_timer`
[INFO] [stdout] 
[INFO] [stdout] error[E0728]: `await` is only allowed inside `async` functions and blocks
[INFO] [stdout]   --> src/interval.rs:260:17
[INFO] [stdout]    |
[INFO] [stdout] 4  | fn main() { #[allow(non_snake_case)] fn _doctest_main_src_interval_rs_252_0() {
[INFO] [stdout]    |                                         ----------------------------------- this is not `async`
[INFO] [stdout] ...
[INFO] [stdout] 11 | interval.tick().await;
[INFO] [stdout]    |                 ^^^^^ only allowed inside `async` functions and blocks
[INFO] [stdout] 
[INFO] [stdout] error[E0728]: `await` is only allowed inside `async` functions and blocks
[INFO] [stdout]   --> src/interval.rs:261:17
[INFO] [stdout]    |
[INFO] [stdout] 4  | fn main() { #[allow(non_snake_case)] fn _doctest_main_src_interval_rs_252_0() {
[INFO] [stdout]    |                                         ----------------------------------- this is not `async`
[INFO] [stdout] ...
[INFO] [stdout] 12 | interval.tick().await;
[INFO] [stdout]    |                 ^^^^^ only allowed inside `async` functions and blocks
[INFO] [stdout] 
[INFO] [stdout] error[E0728]: `await` is only allowed inside `async` functions and blocks
[INFO] [stdout]   --> src/interval.rs:262:17
[INFO] [stdout]    |
[INFO] [stdout] 4  | fn main() { #[allow(non_snake_case)] fn _doctest_main_src_interval_rs_252_0() {
[INFO] [stdout]    |                                         ----------------------------------- this is not `async`
[INFO] [stdout] ...
[INFO] [stdout] 13 | interval.tick().await;
[INFO] [stdout]    |                 ^^^^^ only allowed inside `async` functions and blocks
[INFO] [stdout] 
[INFO] [stdout] error[E0433]: failed to resolve: use of undeclared crate or module `fluvio_wasm_timer`
[INFO] [stdout]  --> src/interval.rs:258:31
[INFO] [stdout]   |
[INFO] [stdout] 9 | let mut interval = Interval::<fluvio_wasm_timer::Delay>::new_at(Instant::now(), Duration::from_millis(100));
[INFO] [stdout]   |                               ^^^^^^^^^^^^^^^^^ use of undeclared crate or module `fluvio_wasm_timer`
[INFO] [stdout] 
[INFO] [stdout] error: aborting due to 5 previous errors
[INFO] [stdout] 
[INFO] [stdout] Some errors have detailed explanations: E0432, E0433, E0728.
[INFO] [stdout] For more information about an error, try `rustc --explain E0432`.
[INFO] [stdout] Couldn't compile the test.
[INFO] [stdout] ---- src/interval.rs - interval::Interval<D>::new (line 193) stdout ----
[INFO] [stdout] error[E0728]: `await` is only allowed inside `async` functions and blocks
[INFO] [stdout]   --> src/interval.rs:200:17
[INFO] [stdout]    |
[INFO] [stdout] 4  | fn main() { #[allow(non_snake_case)] fn _doctest_main_src_interval_rs_193_0() {
[INFO] [stdout]    |                                         ----------------------------------- this is not `async`
[INFO] [stdout] ...
[INFO] [stdout] 10 | interval.tick().await;
[INFO] [stdout]    |                 ^^^^^ only allowed inside `async` functions and blocks
[INFO] [stdout] 
[INFO] [stdout] error[E0728]: `await` is only allowed inside `async` functions and blocks
[INFO] [stdout]   --> src/interval.rs:201:17
[INFO] [stdout]    |
[INFO] [stdout] 4  | fn main() { #[allow(non_snake_case)] fn _doctest_main_src_interval_rs_193_0() {
[INFO] [stdout]    |                                         ----------------------------------- this is not `async`
[INFO] [stdout] ...
[INFO] [stdout] 11 | interval.tick().await;
[INFO] [stdout]    |                 ^^^^^ only allowed inside `async` functions and blocks
[INFO] [stdout] 
[INFO] [stdout] error[E0728]: `await` is only allowed inside `async` functions and blocks
[INFO] [stdout]   --> src/interval.rs:202:17
[INFO] [stdout]    |
[INFO] [stdout] 4  | fn main() { #[allow(non_snake_case)] fn _doctest_main_src_interval_rs_193_0() {
[INFO] [stdout]    |                                         ----------------------------------- this is not `async`
[INFO] [stdout] ...
[INFO] [stdout] 12 | interval.tick().await;
[INFO] [stdout]    |                 ^^^^^ only allowed inside `async` functions and blocks
[INFO] [stdout] 
[INFO] [stdout] error[E0599]: the function or associated item `new` exists for struct `Interval<Timer>`, but its trait bounds were not satisfied
[INFO] [stdout]    --> src/interval.rs:198:45
[INFO] [stdout]     |
[INFO] [stdout] 8   | let mut interval = Interval::<smol::Timer>::new(Duration::from_millis(100));
[INFO] [stdout]     |                                             ^^^ function or associated item cannot be called on `Interval<Timer>` due to unsatisfied trait bounds
[INFO] [stdout]     |
[INFO] [stdout]    ::: /opt/rustwide/cargo-home/registry/src/index.crates.io-6f17d22bba15001f/async-io-1.13.0/src/lib.rs:142:1
[INFO] [stdout]     |
[INFO] [stdout] 142 | pub struct Timer {
[INFO] [stdout]     | ---------------- doesn't satisfy `Timer: timer_kit::Delay`
[INFO] [stdout]     |
[INFO] [stdout]     = note: the following trait bounds were not satisfied:
[INFO] [stdout]             `Timer: timer_kit::Delay`
[INFO] [stdout] 
[INFO] [stdout] error[E0277]: the trait bound `Timer: timer_kit::Delay` is not satisfied
[INFO] [stdout]    --> src/interval.rs:198:20
[INFO] [stdout]     |
[INFO] [stdout] 8   | let mut interval = Interval::<smol::Timer>::new(Duration::from_millis(100));
[INFO] [stdout]     |                    ^^^^^^^^^^^^^^^^^^^^^^^ the trait `timer_kit::Delay` is not implemented for `Timer`
[INFO] [stdout]     |
[INFO] [stdout] note: required by a bound in `Interval`
[INFO] [stdout]    --> /opt/rustwide/workdir/src/interval.rs:156:24
[INFO] [stdout]     |
[INFO] [stdout] 156 | pub struct Interval<D: Delay> {
[INFO] [stdout]     |                        ^^^^^ required by this bound in `Interval`
[INFO] [stdout] 
[INFO] [stdout] error: aborting due to 5 previous errors
[INFO] [stdout] 
[INFO] [stdout] Some errors have detailed explanations: E0277, E0599, E0728.
[INFO] [stdout] For more information about an error, try `rustc --explain E0277`.
[INFO] [stdout] Couldn't compile the test.
[INFO] [stdout] ---- src/sleep.rs - sleep::Sleep<D>::new_until (line 128) stdout ----
[INFO] [stdout] error[E0432]: unresolved import `fluent_wasm_timer`
[INFO] [stdout]  --> src/sleep.rs:131:5
[INFO] [stdout]   |
[INFO] [stdout] 6 | use fluent_wasm_timer::Instant;
[INFO] [stdout]   |     ^^^^^^^^^^^^^^^^^ use of undeclared crate or module `fluent_wasm_timer`
[INFO] [stdout] 
[INFO] [stdout] error[E0728]: `await` is only allowed inside `async` functions and blocks
[INFO] [stdout]   --> src/sleep.rs:135:7
[INFO] [stdout]    |
[INFO] [stdout] 4  | fn main() { #[allow(non_snake_case)] fn _doctest_main_src_sleep_rs_128_0() {
[INFO] [stdout]    |                                         -------------------------------- this is not `async`
[INFO] [stdout] ...
[INFO] [stdout] 10 | sleep.await;
[INFO] [stdout]    |       ^^^^^ only allowed inside `async` functions and blocks
[INFO] [stdout] 
[INFO] [stdout] error[E0433]: failed to resolve: use of undeclared crate or module `fluvio_wasm_timer`
[INFO] [stdout]  --> src/sleep.rs:134:21
[INFO] [stdout]   |
[INFO] [stdout] 9 | let sleep = Sleep::<fluvio_wasm_timer::Delay>::new_until(Instant::now() + Duration::from_millis(100));
[INFO] [stdout]   |                     ^^^^^^^^^^^^^^^^^ use of undeclared crate or module `fluvio_wasm_timer`
[INFO] [stdout] 
[INFO] [stdout] error: aborting due to 3 previous errors
[INFO] [stdout] 
[INFO] [stdout] Some errors have detailed explanations: E0432, E0433, E0728.
[INFO] [stdout] For more information about an error, try `rustc --explain E0432`.
[INFO] [stdout] Couldn't compile the test.
[INFO] [stdout] ---- src/sleep.rs - sleep::Sleep<D>::new (line 95) stdout ----
[INFO] [stdout] error[E0728]: `await` is only allowed inside `async` functions and blocks
[INFO] [stdout]  --> src/sleep.rs:101:7
[INFO] [stdout]   |
[INFO] [stdout] 4 | fn main() { #[allow(non_snake_case)] fn _doctest_main_src_sleep_rs_95_0() {
[INFO] [stdout]   |                                         ------------------------------- this is not `async`
[INFO] [stdout] ...
[INFO] [stdout] 9 | sleep.await;
[INFO] [stdout]   |       ^^^^^ only allowed inside `async` functions and blocks
[INFO] [stdout] 
[INFO] [stdout] error[E0433]: failed to resolve: use of undeclared crate or module `fluvio_wasm_timer`
[INFO] [stdout]  --> src/sleep.rs:100:21
[INFO] [stdout]   |
[INFO] [stdout] 8 | let sleep = Sleep::<fluvio_wasm_timer::Delay>::new(Duration::from_millis(100));
[INFO] [stdout]   |                     ^^^^^^^^^^^^^^^^^ use of undeclared crate or module `fluvio_wasm_timer`
[INFO] [stdout] 
[INFO] [stdout] error: aborting due to 2 previous errors
[INFO] [stdout] 
[INFO] [stdout] Some errors have detailed explanations: E0433, E0728.
[INFO] [stdout] For more information about an error, try `rustc --explain E0433`.
[INFO] [stdout] Couldn't compile the test.
[INFO] [stdout] ---- src/sleep.rs - sleep::sleep (line 20) stdout ----
[INFO] [stdout] error[E0728]: `await` is only allowed inside `async` functions and blocks
[INFO] [stdout]  --> src/sleep.rs:25:63
[INFO] [stdout]   |
[INFO] [stdout] 4 | fn main() { #[allow(non_snake_case)] fn _doctest_main_src_sleep_rs_20_0() {
[INFO] [stdout]   |                                         ------------------------------- this is not `async`
[INFO] [stdout] ...
[INFO] [stdout] 8 | sleep::<fluvio_wasm_timer::Delay>(Duration::from_millis(100)).await;
[INFO] [stdout]   |                                                               ^^^^^ only allowed inside `async` functions and blocks
[INFO] [stdout] 
[INFO] [stdout] error[E0433]: failed to resolve: use of undeclared crate or module `fluvio_wasm_timer`
[INFO] [stdout]  --> src/sleep.rs:25:9
[INFO] [stdout]   |
[INFO] [stdout] 8 | sleep::<fluvio_wasm_timer::Delay>(Duration::from_millis(100)).await;
[INFO] [stdout]   |         ^^^^^^^^^^^^^^^^^ use of undeclared crate or module `fluvio_wasm_timer`
[INFO] [stdout] 
[INFO] [stdout] error: aborting due to 2 previous errors
[INFO] [stdout] 
[INFO] [stdout] Some errors have detailed explanations: E0433, E0728.
[INFO] [stdout] For more information about an error, try `rustc --explain E0433`.
[INFO] [stdout] Couldn't compile the test.
[INFO] [stdout] ---- src/sleep.rs - sleep::sleep_until (line 48) stdout ----
[INFO] [stdout] error[E0432]: unresolved import `fluent_wasm_timer`
[INFO] [stdout]  --> src/sleep.rs:51:5
[INFO] [stdout]   |
[INFO] [stdout] 6 | use fluent_wasm_timer::Instant;
[INFO] [stdout]   |     ^^^^^^^^^^^^^^^^^ use of undeclared crate or module `fluent_wasm_timer`
[INFO] [stdout] 
[INFO] [stdout] error[E0728]: `await` is only allowed inside `async` functions and blocks
[INFO] [stdout]  --> src/sleep.rs:54:86
[INFO] [stdout]   |
[INFO] [stdout] 4 | fn main() { #[allow(non_snake_case)] fn _doctest_main_src_sleep_rs_48_0() {
[INFO] [stdout]   |                                         ------------------------------- this is not `async`
[INFO] [stdout] ...
[INFO] [stdout] 9 | sleep_until::<fluvio_wasm_timer::Delay>(Instant::now() + Duration::from_millis(100)).await;
[INFO] [stdout]   |                                                                                      ^^^^^ only allowed inside `async` functions and blocks
[INFO] [stdout] 
[INFO] [stdout] error[E0433]: failed to resolve: use of undeclared crate or module `fluvio_wasm_timer`
[INFO] [stdout]  --> src/sleep.rs:54:15
[INFO] [stdout]   |
[INFO] [stdout] 9 | sleep_until::<fluvio_wasm_timer::Delay>(Instant::now() + Duration::from_millis(100)).await;
[INFO] [stdout]   |               ^^^^^^^^^^^^^^^^^ use of undeclared crate or module `fluvio_wasm_timer`
[INFO] [stdout] 
[INFO] [stdout] error: aborting due to 3 previous errors
[INFO] [stdout] 
[INFO] [stdout] Some errors have detailed explanations: E0432, E0433, E0728.
[INFO] [stdout] For more information about an error, try `rustc --explain E0432`.
[INFO] [stdout] Couldn't compile the test.
[INFO] [stdout] ---- src/timeout.rs - timeout::Timeout<D,Fut>::new (line 97) stdout ----
[INFO] [stdout] error[E0728]: `await` is only allowed inside `async` functions and blocks
[INFO] [stdout]  --> src/timeout.rs:102:83
[INFO] [stdout]   |
[INFO] [stdout] 4 | fn main() { #[allow(non_snake_case)] fn _doctest_main_src_timeout_rs_97_0() {
[INFO] [stdout]   |                                         --------------------------------- this is not `async`
[INFO] [stdout] ...
[INFO] [stdout] 8 | let result = Timeout::<smol::Timer, _>::new(Duration::from_millis(100), async {}).await;
[INFO] [stdout]   |                                                                                   ^^^^^ only allowed inside `async` functions and blocks
[INFO] [stdout] 
[INFO] [stdout] error: aborting due to 1 previous error
[INFO] [stdout] 
[INFO] [stdout] For more information about this error, try `rustc --explain E0728`.
[INFO] [stdout] Couldn't compile the test.
[INFO] [stdout] ---- src/timeout.rs - timeout::Timeout<D,Fut>::new_at (line 125) stdout ----
[INFO] [stdout] error[E0728]: `await` is only allowed inside `async` functions and blocks
[INFO] [stdout]  --> src/timeout.rs:130:103
[INFO] [stdout]   |
[INFO] [stdout] 4 | fn main() { #[allow(non_snake_case)] fn _doctest_main_src_timeout_rs_125_0() {
[INFO] [stdout]   |                                         ---------------------------------- this is not `async`
[INFO] [stdout] ...
[INFO] [stdout] 8 | let result = Timeout::<smol::Timer, _>::new_at(Instant::now() + Duration::from_millis(100), async {}).await;
[INFO] [stdout]   |                                                                                                       ^^^^^ only allowed inside `async` functions and blocks
[INFO] [stdout] 
[INFO] [stdout] error: aborting due to 1 previous error
[INFO] [stdout] 
[INFO] [stdout] For more information about this error, try `rustc --explain E0728`.
[INFO] [stdout] Couldn't compile the test.
[INFO] [stdout] ---- src/timeout.rs - timeout::timeout_at (line 42) stdout ----
[INFO] [stdout] error[E0728]: `await` is only allowed inside `async` functions and blocks
[INFO] [stdout]  --> src/timeout.rs:47:99
[INFO] [stdout]   |
[INFO] [stdout] 4 | fn main() { #[allow(non_snake_case)] fn _doctest_main_src_timeout_rs_42_0() {
[INFO] [stdout]   |                                         --------------------------------- this is not `async`
[INFO] [stdout] ...
[INFO] [stdout] 8 | let result = timeout_at::<smol::Timer, _>(Instant::now() + Duration::from_millis(100), async { }).await;
[INFO] [stdout]   |                                                                                                   ^^^^^ only allowed inside `async` functions and blocks
[INFO] [stdout] 
[INFO] [stdout] error: aborting due to 1 previous error
[INFO] [stdout] 
[INFO] [stdout] For more information about this error, try `rustc --explain E0728`.
[INFO] [stdout] Couldn't compile the test.
[INFO] [stdout] ---- src/timeout.rs - timeout::timeout (line 13) stdout ----
[INFO] [stdout] error[E0728]: `await` is only allowed inside `async` functions and blocks
[INFO] [stdout]  --> src/timeout.rs:18:79
[INFO] [stdout]   |
[INFO] [stdout] 4 | fn main() { #[allow(non_snake_case)] fn _doctest_main_src_timeout_rs_13_0() {
[INFO] [stdout]   |                                         --------------------------------- this is not `async`
[INFO] [stdout] ...
[INFO] [stdout] 8 | let result = timeout::<smol::Timer, _>(Duration::from_millis(100), async { }).await;
[INFO] [stdout]   |                                                                               ^^^^^ only allowed inside `async` functions and blocks
[INFO] [stdout] 
[INFO] [stdout] error: aborting due to 1 previous error
[INFO] [stdout] 
[INFO] [stdout] For more information about this error, try `rustc --explain E0728`.
[INFO] [stdout] Couldn't compile the test.
[INFO] [stdout] ---- src/timeout.rs - timeout::Timeout<D,Fut>::new_at (line 134) stdout ----
[INFO] [stdout] error[E0432]: unresolved import `fluent_wasm_timer`
[INFO] [stdout]  --> src/timeout.rs:137:5
[INFO] [stdout]   |
[INFO] [stdout] 6 | use fluent_wasm_timer::Instant;
[INFO] [stdout]   |     ^^^^^^^^^^^^^^^^^ use of undeclared crate or module `fluent_wasm_timer`
[INFO] [stdout] 
[INFO] [stdout] error[E0728]: `await` is only allowed inside `async` functions and blocks
[INFO] [stdout]  --> src/timeout.rs:140:116
[INFO] [stdout]   |
[INFO] [stdout] 4 | fn main() { #[allow(non_snake_case)] fn _doctest_main_src_timeout_rs_134_0() {
[INFO] [stdout]   |                                         ---------------------------------- this is not `async`
[INFO] [stdout] ...
[INFO] [stdout] 9 | let result = Timeout::<fluvio_wasm_timer::Delay, _>::new_at(Instant::now() + Duration::from_millis(100), async {}).await;
[INFO] [stdout]   |                                                                                                                    ^^^^^ only allowed inside `async` functions and blocks
[INFO] [stdout] 
[INFO] [stdout] error[E0433]: failed to resolve: use of undeclared crate or module `fluvio_wasm_timer`
[INFO] [stdout]  --> src/timeout.rs:140:24
[INFO] [stdout]   |
[INFO] [stdout] 9 | let result = Timeout::<fluvio_wasm_timer::Delay, _>::new_at(Instant::now() + Duration::from_millis(100), async {}).await;
[INFO] [stdout]   |                        ^^^^^^^^^^^^^^^^^ use of undeclared crate or module `fluvio_wasm_timer`
[INFO] [stdout] 
[INFO] [stdout] error: aborting due to 3 previous errors
[INFO] [stdout] 
[INFO] [stdout] Some errors have detailed explanations: E0432, E0433, E0728.
[INFO] [stdout] For more information about an error, try `rustc --explain E0432`.
[INFO] [stdout] Couldn't compile the test.
[INFO] [stdout] ---- src/timeout.rs - timeout::timeout (line 22) stdout ----
[INFO] [stdout] error[E0728]: `await` is only allowed inside `async` functions and blocks
[INFO] [stdout]  --> src/timeout.rs:27:92
[INFO] [stdout]   |
[INFO] [stdout] 4 | fn main() { #[allow(non_snake_case)] fn _doctest_main_src_timeout_rs_22_0() {
[INFO] [stdout]   |                                         --------------------------------- this is not `async`
[INFO] [stdout] ...
[INFO] [stdout] 8 | let result = timeout::<fluvio_wasm_timer::Delay, _>(Duration::from_millis(100), async { }).await;
[INFO] [stdout]   |                                                                                            ^^^^^ only allowed inside `async` functions and blocks
[INFO] [stdout] 
[INFO] [stdout] error[E0433]: failed to resolve: use of undeclared crate or module `fluvio_wasm_timer`
[INFO] [stdout]  --> src/timeout.rs:27:24
[INFO] [stdout]   |
[INFO] [stdout] 8 | let result = timeout::<fluvio_wasm_timer::Delay, _>(Duration::from_millis(100), async { }).await;
[INFO] [stdout]   |                        ^^^^^^^^^^^^^^^^^ use of undeclared crate or module `fluvio_wasm_timer`
[INFO] [stdout] 
[INFO] [stdout] error: aborting due to 2 previous errors
[INFO] [stdout] 
[INFO] [stdout] Some errors have detailed explanations: E0433, E0728.
[INFO] [stdout] For more information about an error, try `rustc --explain E0433`.
[INFO] [stdout] Couldn't compile the test.
[INFO] [stdout] ---- src/timeout.rs - timeout::Timeout<D,Fut>::new (line 106) stdout ----
[INFO] [stdout] error[E0728]: `await` is only allowed inside `async` functions and blocks
[INFO] [stdout]  --> src/timeout.rs:111:96
[INFO] [stdout]   |
[INFO] [stdout] 4 | fn main() { #[allow(non_snake_case)] fn _doctest_main_src_timeout_rs_106_0() {
[INFO] [stdout]   |                                         ---------------------------------- this is not `async`
[INFO] [stdout] ...
[INFO] [stdout] 8 | let result = Timeout::<fluvio_wasm_timer::Delay, _>::new(Duration::from_millis(100), async {}).await;
[INFO] [stdout]   |                                                                                                ^^^^^ only allowed inside `async` functions and blocks
[INFO] [stdout] 
[INFO] [stdout] error[E0433]: failed to resolve: use of undeclared crate or module `fluvio_wasm_timer`
[INFO] [stdout]  --> src/timeout.rs:111:24
[INFO] [stdout]   |
[INFO] [stdout] 8 | let result = Timeout::<fluvio_wasm_timer::Delay, _>::new(Duration::from_millis(100), async {}).await;
[INFO] [stdout]   |                        ^^^^^^^^^^^^^^^^^ use of undeclared crate or module `fluvio_wasm_timer`
[INFO] [stdout] 
[INFO] [stdout] error: aborting due to 2 previous errors
[INFO] [stdout] 
[INFO] [stdout] Some errors have detailed explanations: E0433, E0728.
[INFO] [stdout] For more information about an error, try `rustc --explain E0433`.
[INFO] [stdout] Couldn't compile the test.
[INFO] [stdout] ---- src/timeout.rs - timeout::timeout_at (line 51) stdout ----
[INFO] [stdout] error[E0432]: unresolved import `fluent_wasm_timer`
[INFO] [stdout]  --> src/timeout.rs:54:5
[INFO] [stdout]   |
[INFO] [stdout] 6 | use fluent_wasm_timer::Instant;
[INFO] [stdout]   |     ^^^^^^^^^^^^^^^^^ use of undeclared crate or module `fluent_wasm_timer`
[INFO] [stdout] 
[INFO] [stdout] error[E0728]: `await` is only allowed inside `async` functions and blocks
[INFO] [stdout]  --> src/timeout.rs:57:112
[INFO] [stdout]   |
[INFO] [stdout] 4 | fn main() { #[allow(non_snake_case)] fn _doctest_main_src_timeout_rs_51_0() {
[INFO] [stdout]   |                                         --------------------------------- this is not `async`
[INFO] [stdout] ...
[INFO] [stdout] 9 | let result = timeout_at::<fluvio_wasm_timer::Delay, _>(Instant::now() + Duration::from_millis(100), async { }).await;
[INFO] [stdout]   |                                                                                                                ^^^^^ only allowed inside `async` functions and blocks
[INFO] [stdout] 
[INFO] [stdout] error[E0433]: failed to resolve: use of undeclared crate or module `fluvio_wasm_timer`
[INFO] [stdout]  --> src/timeout.rs:57:27
[INFO] [stdout]   |
[INFO] [stdout] 9 | let result = timeout_at::<fluvio_wasm_timer::Delay, _>(Instant::now() + Duration::from_millis(100), async { }).await;
[INFO] [stdout]   |                           ^^^^^^^^^^^^^^^^^ use of undeclared crate or module `fluvio_wasm_timer`
[INFO] [stdout] 
[INFO] [stdout] error: aborting due to 3 previous errors
[INFO] [stdout] 
[INFO] [stdout] Some errors have detailed explanations: E0432, E0433, E0728.
[INFO] [stdout] For more information about an error, try `rustc --explain E0432`.
[INFO] [stdout] Couldn't compile the test.
[INFO] [stdout] 
[INFO] [stdout] failures:
[INFO] [stdout]     src/delay_queue.rs - delay_queue::DelayQueue<D,T>::new (line 403)
[INFO] [stdout]     src/interval.rs - interval::Interval<D>::new (line 193)
[INFO] [stdout]     src/interval.rs - interval::Interval<D>::new (line 207)
[INFO] [stdout]     src/interval.rs - interval::Interval<D>::new_at (line 238)
[INFO] [stdout]     src/interval.rs - interval::Interval<D>::new_at (line 252)
[INFO] [stdout]     src/interval.rs - interval::interval (line 21)
[INFO] [stdout]     src/interval.rs - interval::interval (line 34)
[INFO] [stdout]     src/interval.rs - interval::interval_at (line 64)
[INFO] [stdout]     src/interval.rs - interval::interval_at (line 77)
[INFO] [stdout]     src/sleep.rs - sleep::Sleep<D>::new (line 85)
[INFO] [stdout]     src/sleep.rs - sleep::Sleep<D>::new (line 95)
[INFO] [stdout]     src/sleep.rs - sleep::Sleep<D>::new_until (line 118)
[INFO] [stdout]     src/sleep.rs - sleep::Sleep<D>::new_until (line 128)
[INFO] [stdout]     src/sleep.rs - sleep::sleep (line 11)
[INFO] [stdout]     src/sleep.rs - sleep::sleep (line 20)
[INFO] [stdout]     src/sleep.rs - sleep::sleep_until (line 39)
[INFO] [stdout]     src/sleep.rs - sleep::sleep_until (line 48)
[INFO] [stdout]     src/timeout.rs - timeout::Timeout<D,Fut>::new (line 106)
[INFO] [stdout]     src/timeout.rs - timeout::Timeout<D,Fut>::new (line 97)
[INFO] [stdout]     src/timeout.rs - timeout::Timeout<D,Fut>::new_at (line 125)
[INFO] [stdout]     src/timeout.rs - timeout::Timeout<D,Fut>::new_at (line 134)
[INFO] [stdout]     src/timeout.rs - timeout::timeout (line 13)
[INFO] [stdout]     src/timeout.rs - timeout::timeout (line 22)
[INFO] [stdout]     src/timeout.rs - timeout::timeout_at (line 42)
[INFO] [stdout]     src/timeout.rs - timeout::timeout_at (line 51)
[INFO] [stdout] 
[INFO] [stdout] test result: FAILED. 1 passed; 25 failed; 13 ignored; 0 measured; 0 filtered out; finished in 0.15s
[INFO] [stdout] 
[INFO] [stderr] error: doctest failed, to rerun pass `--doc`
[INFO] running `Command { std: "docker" "inspect" "2af258fa5ccf04787cf2392e559f9188cbc73e01e3e7e318991dfe3313d577e3", kill_on_drop: false }`
[INFO] running `Command { std: "docker" "rm" "-f" "2af258fa5ccf04787cf2392e559f9188cbc73e01e3e7e318991dfe3313d577e3", kill_on_drop: false }`
[INFO] [stdout] 2af258fa5ccf04787cf2392e559f9188cbc73e01e3e7e318991dfe3313d577e3
