[INFO] fetching crate threadpool-simple 0.1.12...
[INFO] testing threadpool-simple-0.1.12 against 1.75.0 for beta-1.76-1
[INFO] extracting crate threadpool-simple 0.1.12 into /workspace/builds/worker-7-tc1/source
[INFO] validating manifest of crates.io crate threadpool-simple 0.1.12 on toolchain 1.75.0
[INFO] running `Command { std: CARGO_HOME="/workspace/cargo-home" RUSTUP_HOME="/workspace/rustup-home" "/workspace/cargo-home/bin/cargo" "+1.75.0" "metadata" "--manifest-path" "Cargo.toml" "--no-deps", kill_on_drop: false }`
[INFO] started tweaking crates.io crate threadpool-simple 0.1.12
[INFO] finished tweaking crates.io crate threadpool-simple 0.1.12
[INFO] tweaked toml for crates.io crate threadpool-simple 0.1.12 written to /workspace/builds/worker-7-tc1/source/Cargo.toml
[INFO] running `Command { std: CARGO_HOME="/workspace/cargo-home" RUSTUP_HOME="/workspace/rustup-home" "/workspace/cargo-home/bin/cargo" "+1.75.0" "generate-lockfile" "--manifest-path" "Cargo.toml", kill_on_drop: false }`
[INFO] running `Command { std: CARGO_HOME="/workspace/cargo-home" RUSTUP_HOME="/workspace/rustup-home" "/workspace/cargo-home/bin/cargo" "+1.75.0" "fetch" "--manifest-path" "Cargo.toml", kill_on_drop: false }`
[INFO] running `Command { std: "docker" "create" "-v" "/var/lib/crater-agent-workspace/builds/worker-7-tc1/target:/opt/rustwide/target:rw,Z" "-v" "/var/lib/crater-agent-workspace/builds/worker-7-tc1/source:/opt/rustwide/workdir:ro,Z" "-v" "/var/lib/crater-agent-workspace/cargo-home:/opt/rustwide/cargo-home:ro,Z" "-v" "/var/lib/crater-agent-workspace/rustup-home:/opt/rustwide/rustup-home:ro,Z" "-e" "SOURCE_DIR=/opt/rustwide/workdir" "-e" "CARGO_TARGET_DIR=/opt/rustwide/target" "-e" "CARGO_HOME=/opt/rustwide/cargo-home" "-e" "RUSTUP_HOME=/opt/rustwide/rustup-home" "-w" "/opt/rustwide/workdir" "-m" "1610612736" "--user" "0:0" "--network" "none" "ghcr.io/rust-lang/crates-build-env/linux@sha256:2788e3201cd34a07e3172128adcd8b3090168a8e3bcc40d7c032b9dda1df7d1c" "/opt/rustwide/cargo-home/bin/cargo" "+1.75.0" "metadata" "--no-deps" "--format-version=1", kill_on_drop: false }`
[INFO] [stdout] 91f0c5fc2419cd92bc21f964100423ea020fce1da454b67600a032dc645d9de5
[INFO] running `Command { std: "docker" "start" "-a" "91f0c5fc2419cd92bc21f964100423ea020fce1da454b67600a032dc645d9de5", kill_on_drop: false }`
[INFO] running `Command { std: "docker" "inspect" "91f0c5fc2419cd92bc21f964100423ea020fce1da454b67600a032dc645d9de5", kill_on_drop: false }`
[INFO] running `Command { std: "docker" "rm" "-f" "91f0c5fc2419cd92bc21f964100423ea020fce1da454b67600a032dc645d9de5", kill_on_drop: false }`
[INFO] [stdout] 91f0c5fc2419cd92bc21f964100423ea020fce1da454b67600a032dc645d9de5
[INFO] running `Command { std: "docker" "create" "-v" "/var/lib/crater-agent-workspace/builds/worker-7-tc1/target:/opt/rustwide/target:rw,Z" "-v" "/var/lib/crater-agent-workspace/builds/worker-7-tc1/source:/opt/rustwide/workdir:ro,Z" "-v" "/var/lib/crater-agent-workspace/cargo-home:/opt/rustwide/cargo-home:ro,Z" "-v" "/var/lib/crater-agent-workspace/rustup-home:/opt/rustwide/rustup-home:ro,Z" "-e" "SOURCE_DIR=/opt/rustwide/workdir" "-e" "CARGO_TARGET_DIR=/opt/rustwide/target" "-e" "CARGO_INCREMENTAL=0" "-e" "RUST_BACKTRACE=full" "-e" "RUSTFLAGS=--cap-lints=warn" "-e" "RUSTDOCFLAGS=--cap-lints=warn" "-e" "CARGO_HOME=/opt/rustwide/cargo-home" "-e" "RUSTUP_HOME=/opt/rustwide/rustup-home" "-w" "/opt/rustwide/workdir" "-m" "1610612736" "--user" "0:0" "--network" "none" "ghcr.io/rust-lang/crates-build-env/linux@sha256:2788e3201cd34a07e3172128adcd8b3090168a8e3bcc40d7c032b9dda1df7d1c" "/opt/rustwide/cargo-home/bin/cargo" "+1.75.0" "build" "--frozen" "--message-format=json", kill_on_drop: false }`
[INFO] [stdout] b42a2f6c68672890609dfbba86af3a498519fd6eb68f9c1805018bc3d8508eb0
[INFO] running `Command { std: "docker" "start" "-a" "b42a2f6c68672890609dfbba86af3a498519fd6eb68f9c1805018bc3d8508eb0", kill_on_drop: false }`
[INFO] [stderr]    Compiling threadpool-simple v0.1.12 (/opt/rustwide/workdir)
[INFO] [stdout] warning: unused import: `std::time::Duration`
[INFO] [stdout]   --> src/lib.rs:13:5
[INFO] [stdout]    |
[INFO] [stdout] 13 | use std::time::Duration;
[INFO] [stdout]    |     ^^^^^^^^^^^^^^^^^^^
[INFO] [stdout]    |
[INFO] [stdout]    = note: `#[warn(unused_imports)]` on by default
[INFO] [stdout] 
[INFO] [stdout] 
[INFO] [stdout] warning: fields `id` and `thread` are never read
[INFO] [stdout]    --> src/lib.rs:105:5
[INFO] [stdout]     |
[INFO] [stdout] 104 | pub struct Worker {
[INFO] [stdout]     |            ------ fields in this struct
[INFO] [stdout] 105 |     id: usize,
[INFO] [stdout]     |     ^^
[INFO] [stdout] 106 |     thread: thread::JoinHandle<()>,
[INFO] [stdout]     |     ^^^^^^
[INFO] [stdout]     |
[INFO] [stdout]     = note: `#[warn(dead_code)]` on by default
[INFO] [stdout] 
[INFO] [stdout] 
[INFO] [stdout] warning: 2 warnings emitted
[INFO] [stdout] 
[INFO] [stdout] 
[INFO] [stderr]     Finished dev [unoptimized + debuginfo] target(s) in 0.17s
[INFO] running `Command { std: "docker" "inspect" "b42a2f6c68672890609dfbba86af3a498519fd6eb68f9c1805018bc3d8508eb0", kill_on_drop: false }`
[INFO] running `Command { std: "docker" "rm" "-f" "b42a2f6c68672890609dfbba86af3a498519fd6eb68f9c1805018bc3d8508eb0", kill_on_drop: false }`
[INFO] [stdout] b42a2f6c68672890609dfbba86af3a498519fd6eb68f9c1805018bc3d8508eb0
[INFO] running `Command { std: "docker" "create" "-v" "/var/lib/crater-agent-workspace/builds/worker-7-tc1/target:/opt/rustwide/target:rw,Z" "-v" "/var/lib/crater-agent-workspace/builds/worker-7-tc1/source:/opt/rustwide/workdir:ro,Z" "-v" "/var/lib/crater-agent-workspace/cargo-home:/opt/rustwide/cargo-home:ro,Z" "-v" "/var/lib/crater-agent-workspace/rustup-home:/opt/rustwide/rustup-home:ro,Z" "-e" "SOURCE_DIR=/opt/rustwide/workdir" "-e" "CARGO_TARGET_DIR=/opt/rustwide/target" "-e" "CARGO_INCREMENTAL=0" "-e" "RUST_BACKTRACE=full" "-e" "RUSTFLAGS=--cap-lints=warn" "-e" "RUSTDOCFLAGS=--cap-lints=warn" "-e" "CARGO_HOME=/opt/rustwide/cargo-home" "-e" "RUSTUP_HOME=/opt/rustwide/rustup-home" "-w" "/opt/rustwide/workdir" "-m" "1610612736" "--user" "0:0" "--network" "none" "ghcr.io/rust-lang/crates-build-env/linux@sha256:2788e3201cd34a07e3172128adcd8b3090168a8e3bcc40d7c032b9dda1df7d1c" "/opt/rustwide/cargo-home/bin/cargo" "+1.75.0" "test" "--frozen" "--no-run" "--message-format=json", kill_on_drop: false }`
[INFO] [stdout] dd4331d2cb07f6e8d5ff40017b36ecb737faee0943606b0cd38e1bc5a6ff571b
[INFO] running `Command { std: "docker" "start" "-a" "dd4331d2cb07f6e8d5ff40017b36ecb737faee0943606b0cd38e1bc5a6ff571b", kill_on_drop: false }`
[INFO] [stderr]    Compiling threadpool-simple v0.1.12 (/opt/rustwide/workdir)
[INFO] [stdout] warning: unused import: `std::time::Duration`
[INFO] [stdout]   --> src/lib.rs:13:5
[INFO] [stdout]    |
[INFO] [stdout] 13 | use std::time::Duration;
[INFO] [stdout]    |     ^^^^^^^^^^^^^^^^^^^
[INFO] [stdout]    |
[INFO] [stdout]    = note: `#[warn(unused_imports)]` on by default
[INFO] [stdout] 
[INFO] [stdout] 
[INFO] [stdout] warning: fields `id` and `thread` are never read
[INFO] [stdout]    --> src/lib.rs:105:5
[INFO] [stdout]     |
[INFO] [stdout] 104 | pub struct Worker {
[INFO] [stdout]     |            ------ fields in this struct
[INFO] [stdout] 105 |     id: usize,
[INFO] [stdout]     |     ^^
[INFO] [stdout] 106 |     thread: thread::JoinHandle<()>,
[INFO] [stdout]     |     ^^^^^^
[INFO] [stdout]     |
[INFO] [stdout]     = note: `#[warn(dead_code)]` on by default
[INFO] [stdout] 
[INFO] [stdout] 
[INFO] [stdout] warning: 2 warnings emitted
[INFO] [stdout] 
[INFO] [stdout] 
[INFO] [stdout] warning: unused import: `std::time::Duration`
[INFO] [stdout]   --> src/lib.rs:13:5
[INFO] [stdout]    |
[INFO] [stdout] 13 | use std::time::Duration;
[INFO] [stdout]    |     ^^^^^^^^^^^^^^^^^^^
[INFO] [stdout]    |
[INFO] [stdout]    = note: `#[warn(unused_imports)]` on by default
[INFO] [stdout] 
[INFO] [stdout] 
[INFO] [stdout] warning: fields `id` and `thread` are never read
[INFO] [stdout]    --> src/lib.rs:105:5
[INFO] [stdout]     |
[INFO] [stdout] 104 | pub struct Worker {
[INFO] [stdout]     |            ------ fields in this struct
[INFO] [stdout] 105 |     id: usize,
[INFO] [stdout]     |     ^^
[INFO] [stdout] 106 |     thread: thread::JoinHandle<()>,
[INFO] [stdout]     |     ^^^^^^
[INFO] [stdout]     |
[INFO] [stdout]     = note: `#[warn(dead_code)]` on by default
[INFO] [stdout] 
[INFO] [stdout] 
[INFO] [stdout] warning: 2 warnings emitted
[INFO] [stdout] 
[INFO] [stdout] 
[INFO] [stderr]     Finished test [unoptimized + debuginfo] target(s) in 0.20s
[INFO] running `Command { std: "docker" "inspect" "dd4331d2cb07f6e8d5ff40017b36ecb737faee0943606b0cd38e1bc5a6ff571b", kill_on_drop: false }`
[INFO] running `Command { std: "docker" "rm" "-f" "dd4331d2cb07f6e8d5ff40017b36ecb737faee0943606b0cd38e1bc5a6ff571b", kill_on_drop: false }`
[INFO] [stdout] dd4331d2cb07f6e8d5ff40017b36ecb737faee0943606b0cd38e1bc5a6ff571b
[INFO] running `Command { std: "docker" "create" "-v" "/var/lib/crater-agent-workspace/builds/worker-7-tc1/target:/opt/rustwide/target:rw,Z" "-v" "/var/lib/crater-agent-workspace/builds/worker-7-tc1/source:/opt/rustwide/workdir:ro,Z" "-v" "/var/lib/crater-agent-workspace/cargo-home:/opt/rustwide/cargo-home:ro,Z" "-v" "/var/lib/crater-agent-workspace/rustup-home:/opt/rustwide/rustup-home:ro,Z" "-e" "SOURCE_DIR=/opt/rustwide/workdir" "-e" "CARGO_TARGET_DIR=/opt/rustwide/target" "-e" "CARGO_INCREMENTAL=0" "-e" "RUST_BACKTRACE=full" "-e" "RUSTFLAGS=--cap-lints=warn" "-e" "RUSTDOCFLAGS=--cap-lints=warn" "-e" "CARGO_HOME=/opt/rustwide/cargo-home" "-e" "RUSTUP_HOME=/opt/rustwide/rustup-home" "-w" "/opt/rustwide/workdir" "-m" "1610612736" "--user" "0:0" "--network" "none" "ghcr.io/rust-lang/crates-build-env/linux@sha256:2788e3201cd34a07e3172128adcd8b3090168a8e3bcc40d7c032b9dda1df7d1c" "/opt/rustwide/cargo-home/bin/cargo" "+1.75.0" "test" "--frozen", kill_on_drop: false }`
[INFO] [stdout] bb0c0f02942fda4505b28503d1fc16cbbf2dcae9e456e4d1db809fb63a6199ef
[INFO] running `Command { std: "docker" "start" "-a" "bb0c0f02942fda4505b28503d1fc16cbbf2dcae9e456e4d1db809fb63a6199ef", kill_on_drop: false }`
[INFO] [stderr] warning: unused import: `std::time::Duration`
[INFO] [stderr]   --> src/lib.rs:13:5
[INFO] [stderr]    |
[INFO] [stderr] 13 | use std::time::Duration;
[INFO] [stderr]    |     ^^^^^^^^^^^^^^^^^^^
[INFO] [stderr]    |
[INFO] [stderr]    = note: `#[warn(unused_imports)]` on by default
[INFO] [stderr] 
[INFO] [stderr] warning: fields `id` and `thread` are never read
[INFO] [stderr]    --> src/lib.rs:105:5
[INFO] [stderr]     |
[INFO] [stderr] 104 | pub struct Worker {
[INFO] [stderr]     |            ------ fields in this struct
[INFO] [stderr] 105 |     id: usize,
[INFO] [stderr]     |     ^^
[INFO] [stderr] 106 |     thread: thread::JoinHandle<()>,
[INFO] [stderr]     |     ^^^^^^
[INFO] [stderr]     |
[INFO] [stderr]     = note: `#[warn(dead_code)]` on by default
[INFO] [stderr] 
[INFO] [stderr] warning: `threadpool-simple` (lib) generated 2 warnings (run `cargo fix --lib -p threadpool-simple` to apply 1 suggestion)
[INFO] [stderr] warning: `threadpool-simple` (lib test) generated 2 warnings (2 duplicates)
[INFO] [stderr]     Finished test [unoptimized + debuginfo] target(s) in 0.00s
[INFO] [stderr]      Running unittests src/lib.rs (/opt/rustwide/target/debug/deps/threadpool_simple-7a6f344901dfb911)
[INFO] [stdout] 
[INFO] [stdout] running 0 tests
[INFO] [stdout] 
[INFO] [stdout] test result: ok. 0 passed; 0 failed; 0 ignored; 0 measured; 0 filtered out; finished in 0.00s
[INFO] [stdout] 
[INFO] [stderr]    Doc-tests threadpool-simple
[INFO] [stdout] 
[INFO] [stdout] running 4 tests
[INFO] [stdout] test src/lib.rs - ThreadPool (line 39) ... FAILED
[INFO] [stdout] test src/lib.rs - ThreadPool (line 32) ... FAILED
[INFO] [stdout] test src/lib.rs - ThreadPool (line 21) ... FAILED
[INFO] [stdout] test src/lib.rs - ThreadPool::execute (line 85) ... FAILED
[INFO] [stdout] 
[INFO] [stdout] failures:
[INFO] [stdout] 
[INFO] [stdout] ---- src/lib.rs - ThreadPool (line 39) stdout ----
[INFO] [stdout] error[E0425]: cannot find value `pool` in this scope
[INFO] [stdout]  --> src/lib.rs:40:1
[INFO] [stdout]   |
[INFO] [stdout] 3 | pool.execute(some_function);
[INFO] [stdout]   | ^^^^ not found in this scope
[INFO] [stdout] 
[INFO] [stdout] error[E0425]: cannot find value `some_function` in this scope
[INFO] [stdout]  --> src/lib.rs:40:14
[INFO] [stdout]   |
[INFO] [stdout] 3 | pool.execute(some_function);
[INFO] [stdout]   |              ^^^^^^^^^^^^^ not found in this scope
[INFO] [stdout] 
[INFO] [stdout] error: aborting due to 2 previous errors
[INFO] [stdout] 
[INFO] [stdout] For more information about this error, try `rustc --explain E0425`.
[INFO] [stdout] Couldn't compile the test.
[INFO] [stdout] ---- src/lib.rs - ThreadPool (line 32) stdout ----
[INFO] [stdout] error[E0425]: cannot find value `pool` in this scope
[INFO] [stdout]  --> src/lib.rs:33:1
[INFO] [stdout]   |
[INFO] [stdout] 3 | pool.execute(|| { 
[INFO] [stdout]   | ^^^^ not found in this scope
[INFO] [stdout] 
[INFO] [stdout] error: aborting due to previous error
[INFO] [stdout] 
[INFO] [stdout] For more information about this error, try `rustc --explain E0425`.
[INFO] [stdout] Couldn't compile the test.
[INFO] [stdout] ---- src/lib.rs - ThreadPool (line 21) stdout ----
[INFO] [stdout] error[E0433]: failed to resolve: use of undeclared type `ThreadPool`
[INFO] [stdout]  --> src/lib.rs:23:12
[INFO] [stdout]   |
[INFO] [stdout] 4 | let pool = ThreadPool::new(10);
[INFO] [stdout]   |            ^^^^^^^^^^ use of undeclared type `ThreadPool`
[INFO] [stdout]   |
[INFO] [stdout] help: consider importing this struct
[INFO] [stdout]   |
[INFO] [stdout] 3 + use threadpool_simple::ThreadPool;
[INFO] [stdout]   |
[INFO] [stdout] 
[INFO] [stdout] error: aborting due to previous error
[INFO] [stdout] 
[INFO] [stdout] For more information about this error, try `rustc --explain E0433`.
[INFO] [stdout] Couldn't compile the test.
[INFO] [stdout] ---- src/lib.rs - ThreadPool::execute (line 85) stdout ----
[INFO] [stdout] error[E0433]: failed to resolve: use of undeclared type `ThreadPool`
[INFO] [stdout]  --> src/lib.rs:86:12
[INFO] [stdout]   |
[INFO] [stdout] 3 | let pool = ThreadPool::new(4);
[INFO] [stdout]   |            ^^^^^^^^^^ use of undeclared type `ThreadPool`
[INFO] [stdout]   |
[INFO] [stdout] help: consider importing this struct
[INFO] [stdout]   |
[INFO] [stdout] 2 + use threadpool_simple::ThreadPool;
[INFO] [stdout]   |
[INFO] [stdout] 
[INFO] [stdout] error: aborting due to previous error
[INFO] [stdout] 
[INFO] [stdout] For more information about this error, try `rustc --explain E0433`.
[INFO] [stdout] Couldn't compile the test.
[INFO] [stdout] 
[INFO] [stdout] failures:
[INFO] [stdout]     src/lib.rs - ThreadPool (line 21)
[INFO] [stdout]     src/lib.rs - ThreadPool (line 32)
[INFO] [stdout]     src/lib.rs - ThreadPool (line 39)
[INFO] [stdout]     src/lib.rs - ThreadPool::execute (line 85)
[INFO] [stdout] 
[INFO] [stdout] test result: FAILED. 0 passed; 4 failed; 0 ignored; 0 measured; 0 filtered out; finished in 0.04s
[INFO] [stdout] 
[INFO] [stderr] error: doctest failed, to rerun pass `--doc`
[INFO] running `Command { std: "docker" "inspect" "bb0c0f02942fda4505b28503d1fc16cbbf2dcae9e456e4d1db809fb63a6199ef", kill_on_drop: false }`
[INFO] running `Command { std: "docker" "rm" "-f" "bb0c0f02942fda4505b28503d1fc16cbbf2dcae9e456e4d1db809fb63a6199ef", kill_on_drop: false }`
[INFO] [stdout] bb0c0f02942fda4505b28503d1fc16cbbf2dcae9e456e4d1db809fb63a6199ef
