[INFO] fetching crate threadpool-crossbeam-channel 1.8.0...
[INFO] testing threadpool-crossbeam-channel-1.8.0 against 1.75.0 for beta-1.76-1
[INFO] extracting crate threadpool-crossbeam-channel 1.8.0 into /workspace/builds/worker-1-tc1/source
[INFO] validating manifest of crates.io crate threadpool-crossbeam-channel 1.8.0 on toolchain 1.75.0
[INFO] running `Command { std: CARGO_HOME="/workspace/cargo-home" RUSTUP_HOME="/workspace/rustup-home" "/workspace/cargo-home/bin/cargo" "+1.75.0" "metadata" "--manifest-path" "Cargo.toml" "--no-deps", kill_on_drop: false }`
[INFO] started tweaking crates.io crate threadpool-crossbeam-channel 1.8.0
[INFO] finished tweaking crates.io crate threadpool-crossbeam-channel 1.8.0
[INFO] tweaked toml for crates.io crate threadpool-crossbeam-channel 1.8.0 written to /workspace/builds/worker-1-tc1/source/Cargo.toml
[INFO] running `Command { std: CARGO_HOME="/workspace/cargo-home" RUSTUP_HOME="/workspace/rustup-home" "/workspace/cargo-home/bin/cargo" "+1.75.0" "generate-lockfile" "--manifest-path" "Cargo.toml", kill_on_drop: false }`
[INFO] [stderr]     Updating crates.io index
[INFO] running `Command { std: CARGO_HOME="/workspace/cargo-home" RUSTUP_HOME="/workspace/rustup-home" "/workspace/cargo-home/bin/cargo" "+1.75.0" "fetch" "--manifest-path" "Cargo.toml", kill_on_drop: false }`
[INFO] running `Command { std: "docker" "create" "-v" "/var/lib/crater-agent-workspace/builds/worker-1-tc1/target:/opt/rustwide/target:rw,Z" "-v" "/var/lib/crater-agent-workspace/builds/worker-1-tc1/source:/opt/rustwide/workdir:ro,Z" "-v" "/var/lib/crater-agent-workspace/cargo-home:/opt/rustwide/cargo-home:ro,Z" "-v" "/var/lib/crater-agent-workspace/rustup-home:/opt/rustwide/rustup-home:ro,Z" "-e" "SOURCE_DIR=/opt/rustwide/workdir" "-e" "CARGO_TARGET_DIR=/opt/rustwide/target" "-e" "CARGO_HOME=/opt/rustwide/cargo-home" "-e" "RUSTUP_HOME=/opt/rustwide/rustup-home" "-w" "/opt/rustwide/workdir" "-m" "1610612736" "--user" "0:0" "--network" "none" "ghcr.io/rust-lang/crates-build-env/linux@sha256:2788e3201cd34a07e3172128adcd8b3090168a8e3bcc40d7c032b9dda1df7d1c" "/opt/rustwide/cargo-home/bin/cargo" "+1.75.0" "metadata" "--no-deps" "--format-version=1", kill_on_drop: false }`
[INFO] [stdout] eb03d952751bf09e8c81775ad529b6610744179e125211620048653e7c37058c
[INFO] running `Command { std: "docker" "start" "-a" "eb03d952751bf09e8c81775ad529b6610744179e125211620048653e7c37058c", kill_on_drop: false }`
[INFO] running `Command { std: "docker" "inspect" "eb03d952751bf09e8c81775ad529b6610744179e125211620048653e7c37058c", kill_on_drop: false }`
[INFO] running `Command { std: "docker" "rm" "-f" "eb03d952751bf09e8c81775ad529b6610744179e125211620048653e7c37058c", kill_on_drop: false }`
[INFO] [stdout] eb03d952751bf09e8c81775ad529b6610744179e125211620048653e7c37058c
[INFO] running `Command { std: "docker" "create" "-v" "/var/lib/crater-agent-workspace/builds/worker-1-tc1/target:/opt/rustwide/target:rw,Z" "-v" "/var/lib/crater-agent-workspace/builds/worker-1-tc1/source:/opt/rustwide/workdir:ro,Z" "-v" "/var/lib/crater-agent-workspace/cargo-home:/opt/rustwide/cargo-home:ro,Z" "-v" "/var/lib/crater-agent-workspace/rustup-home:/opt/rustwide/rustup-home:ro,Z" "-e" "SOURCE_DIR=/opt/rustwide/workdir" "-e" "CARGO_TARGET_DIR=/opt/rustwide/target" "-e" "CARGO_INCREMENTAL=0" "-e" "RUST_BACKTRACE=full" "-e" "RUSTFLAGS=--cap-lints=warn" "-e" "RUSTDOCFLAGS=--cap-lints=warn" "-e" "CARGO_HOME=/opt/rustwide/cargo-home" "-e" "RUSTUP_HOME=/opt/rustwide/rustup-home" "-w" "/opt/rustwide/workdir" "-m" "1610612736" "--user" "0:0" "--network" "none" "ghcr.io/rust-lang/crates-build-env/linux@sha256:2788e3201cd34a07e3172128adcd8b3090168a8e3bcc40d7c032b9dda1df7d1c" "/opt/rustwide/cargo-home/bin/cargo" "+1.75.0" "build" "--frozen" "--message-format=json", kill_on_drop: false }`
[INFO] [stdout] d0111122ebc6776cbf4113839d73a0c787d7ce286927952839f1e9b1e737f281
[INFO] running `Command { std: "docker" "start" "-a" "d0111122ebc6776cbf4113839d73a0c787d7ce286927952839f1e9b1e737f281", kill_on_drop: false }`
[INFO] [stderr]    Compiling crossbeam-utils v0.7.2
[INFO] [stderr]    Compiling maybe-uninit v2.0.0
[INFO] [stderr]    Compiling libc v0.2.151
[INFO] [stderr]    Compiling cfg-if v0.1.10
[INFO] [stderr]    Compiling crossbeam-channel v0.4.4
[INFO] [stderr]    Compiling num_cpus v1.16.0
[INFO] [stderr]    Compiling threadpool-crossbeam-channel v1.8.0 (/opt/rustwide/workdir)
[INFO] [stdout] warning: trait objects without an explicit `dyn` are deprecated
[INFO] [stdout]    --> src/lib.rs:101:22
[INFO] [stdout]     |
[INFO] [stdout] 101 | type Thunk<'a> = Box<FnBox + Send + 'a>;
[INFO] [stdout]     |                      ^^^^^^^^^^^^^^^^^
[INFO] [stdout]     |
[INFO] [stdout]     = warning: this is accepted in the current edition (Rust 2015) but is a hard error in Rust 2021!
[INFO] [stdout]     = note: for more information, see <https://doc.rust-lang.org/nightly/edition-guide/rust-2021/warnings-promoted-to-error.html>
[INFO] [stdout]     = note: `#[warn(bare_trait_objects)]` on by default
[INFO] [stdout] help: use `dyn`
[INFO] [stdout]     |
[INFO] [stdout] 101 | type Thunk<'a> = Box<dyn FnBox + Send + 'a>;
[INFO] [stdout]     |                      +++
[INFO] [stdout] 
[INFO] [stdout] 
[INFO] [stdout] warning: use of deprecated method `std::sync::atomic::AtomicUsize::compare_and_swap`: Use `compare_exchange` or `compare_exchange_weak` instead
[INFO] [stdout]    --> src/lib.rs:631:42
[INFO] [stdout]     |
[INFO] [stdout] 631 |         self.shared_data.join_generation.compare_and_swap(
[INFO] [stdout]     |                                          ^^^^^^^^^^^^^^^^
[INFO] [stdout]     |
[INFO] [stdout]     = note: `#[warn(deprecated)]` on by default
[INFO] [stdout] 
[INFO] [stdout] 
[INFO] [stdout] warning: 2 warnings emitted
[INFO] [stdout] 
[INFO] [stdout] 
[INFO] [stderr]     Finished dev [unoptimized + debuginfo] target(s) in 0.96s
[INFO] running `Command { std: "docker" "inspect" "d0111122ebc6776cbf4113839d73a0c787d7ce286927952839f1e9b1e737f281", kill_on_drop: false }`
[INFO] running `Command { std: "docker" "rm" "-f" "d0111122ebc6776cbf4113839d73a0c787d7ce286927952839f1e9b1e737f281", kill_on_drop: false }`
[INFO] [stdout] d0111122ebc6776cbf4113839d73a0c787d7ce286927952839f1e9b1e737f281
[INFO] running `Command { std: "docker" "create" "-v" "/var/lib/crater-agent-workspace/builds/worker-1-tc1/target:/opt/rustwide/target:rw,Z" "-v" "/var/lib/crater-agent-workspace/builds/worker-1-tc1/source:/opt/rustwide/workdir:ro,Z" "-v" "/var/lib/crater-agent-workspace/cargo-home:/opt/rustwide/cargo-home:ro,Z" "-v" "/var/lib/crater-agent-workspace/rustup-home:/opt/rustwide/rustup-home:ro,Z" "-e" "SOURCE_DIR=/opt/rustwide/workdir" "-e" "CARGO_TARGET_DIR=/opt/rustwide/target" "-e" "CARGO_INCREMENTAL=0" "-e" "RUST_BACKTRACE=full" "-e" "RUSTFLAGS=--cap-lints=warn" "-e" "RUSTDOCFLAGS=--cap-lints=warn" "-e" "CARGO_HOME=/opt/rustwide/cargo-home" "-e" "RUSTUP_HOME=/opt/rustwide/rustup-home" "-w" "/opt/rustwide/workdir" "-m" "1610612736" "--user" "0:0" "--network" "none" "ghcr.io/rust-lang/crates-build-env/linux@sha256:2788e3201cd34a07e3172128adcd8b3090168a8e3bcc40d7c032b9dda1df7d1c" "/opt/rustwide/cargo-home/bin/cargo" "+1.75.0" "test" "--frozen" "--no-run" "--message-format=json", kill_on_drop: false }`
[INFO] [stdout] 9743c6b383f3e1c71029c9690c3a030f8109f27ff6c41581a6c59865d940c58e
[INFO] running `Command { std: "docker" "start" "-a" "9743c6b383f3e1c71029c9690c3a030f8109f27ff6c41581a6c59865d940c58e", kill_on_drop: false }`
[INFO] [stdout] warning: trait objects without an explicit `dyn` are deprecated
[INFO] [stdout]    --> src/lib.rs:101:22
[INFO] [stdout]     |
[INFO] [stdout] 101 | type Thunk<'a> = Box<FnBox + Send + 'a>;
[INFO] [stdout]     |                      ^^^^^^^^^^^^^^^^^
[INFO] [stdout]     |
[INFO] [stdout]     = warning: this is accepted in the current edition (Rust 2015) but is a hard error in Rust 2021!
[INFO] [stdout]     = note: for more information, see <https://doc.rust-lang.org/nightly/edition-guide/rust-2021/warnings-promoted-to-error.html>
[INFO] [stdout]     = note: `#[warn(bare_trait_objects)]` on by default
[INFO] [stdout] help: use `dyn`
[INFO] [stdout]     |
[INFO] [stdout] 101 | type Thunk<'a> = Box<dyn FnBox + Send + 'a>;
[INFO] [stdout]     |                      +++
[INFO] [stdout] 
[INFO] [stdout] 
[INFO] [stderr]    Compiling threadpool-crossbeam-channel v1.8.0 (/opt/rustwide/workdir)
[INFO] [stdout] warning: use of deprecated method `std::sync::atomic::AtomicUsize::compare_and_swap`: Use `compare_exchange` or `compare_exchange_weak` instead
[INFO] [stdout]    --> src/lib.rs:631:42
[INFO] [stdout]     |
[INFO] [stdout] 631 |         self.shared_data.join_generation.compare_and_swap(
[INFO] [stdout]     |                                          ^^^^^^^^^^^^^^^^
[INFO] [stdout]     |
[INFO] [stdout]     = note: `#[warn(deprecated)]` on by default
[INFO] [stdout] 
[INFO] [stdout] 
[INFO] [stdout] warning: 2 warnings emitted
[INFO] [stdout] 
[INFO] [stdout] 
[INFO] [stdout] warning: trait objects without an explicit `dyn` are deprecated
[INFO] [stdout]    --> src/lib.rs:101:22
[INFO] [stdout]     |
[INFO] [stdout] 101 | type Thunk<'a> = Box<FnBox + Send + 'a>;
[INFO] [stdout]     |                      ^^^^^^^^^^^^^^^^^
[INFO] [stdout]     |
[INFO] [stdout]     = warning: this is accepted in the current edition (Rust 2015) but is a hard error in Rust 2021!
[INFO] [stdout]     = note: for more information, see <https://doc.rust-lang.org/nightly/edition-guide/rust-2021/warnings-promoted-to-error.html>
[INFO] [stdout]     = note: `#[warn(bare_trait_objects)]` on by default
[INFO] [stdout] help: use `dyn`
[INFO] [stdout]     |
[INFO] [stdout] 101 | type Thunk<'a> = Box<dyn FnBox + Send + 'a>;
[INFO] [stdout]     |                      +++
[INFO] [stdout] 
[INFO] [stdout] 
[INFO] [stdout] warning: use of deprecated method `std::sync::atomic::AtomicUsize::compare_and_swap`: Use `compare_exchange` or `compare_exchange_weak` instead
[INFO] [stdout]    --> src/lib.rs:631:42
[INFO] [stdout]     |
[INFO] [stdout] 631 |         self.shared_data.join_generation.compare_and_swap(
[INFO] [stdout]     |                                          ^^^^^^^^^^^^^^^^
[INFO] [stdout]     |
[INFO] [stdout]     = note: `#[warn(deprecated)]` on by default
[INFO] [stdout] 
[INFO] [stdout] 
[INFO] [stdout] warning: 2 warnings emitted
[INFO] [stdout] 
[INFO] [stdout] 
[INFO] [stderr]     Finished test [unoptimized + debuginfo] target(s) in 0.72s
[INFO] running `Command { std: "docker" "inspect" "9743c6b383f3e1c71029c9690c3a030f8109f27ff6c41581a6c59865d940c58e", kill_on_drop: false }`
[INFO] running `Command { std: "docker" "rm" "-f" "9743c6b383f3e1c71029c9690c3a030f8109f27ff6c41581a6c59865d940c58e", kill_on_drop: false }`
[INFO] [stdout] 9743c6b383f3e1c71029c9690c3a030f8109f27ff6c41581a6c59865d940c58e
[INFO] running `Command { std: "docker" "create" "-v" "/var/lib/crater-agent-workspace/builds/worker-1-tc1/target:/opt/rustwide/target:rw,Z" "-v" "/var/lib/crater-agent-workspace/builds/worker-1-tc1/source:/opt/rustwide/workdir:ro,Z" "-v" "/var/lib/crater-agent-workspace/cargo-home:/opt/rustwide/cargo-home:ro,Z" "-v" "/var/lib/crater-agent-workspace/rustup-home:/opt/rustwide/rustup-home:ro,Z" "-e" "SOURCE_DIR=/opt/rustwide/workdir" "-e" "CARGO_TARGET_DIR=/opt/rustwide/target" "-e" "CARGO_INCREMENTAL=0" "-e" "RUST_BACKTRACE=full" "-e" "RUSTFLAGS=--cap-lints=warn" "-e" "RUSTDOCFLAGS=--cap-lints=warn" "-e" "CARGO_HOME=/opt/rustwide/cargo-home" "-e" "RUSTUP_HOME=/opt/rustwide/rustup-home" "-w" "/opt/rustwide/workdir" "-m" "1610612736" "--user" "0:0" "--network" "none" "ghcr.io/rust-lang/crates-build-env/linux@sha256:2788e3201cd34a07e3172128adcd8b3090168a8e3bcc40d7c032b9dda1df7d1c" "/opt/rustwide/cargo-home/bin/cargo" "+1.75.0" "test" "--frozen", kill_on_drop: false }`
[INFO] [stdout] cfb8d7b5a41b42a695a3fe9f060fce981177cdadc1931d50601b8fa18c2c0e54
[INFO] running `Command { std: "docker" "start" "-a" "cfb8d7b5a41b42a695a3fe9f060fce981177cdadc1931d50601b8fa18c2c0e54", kill_on_drop: false }`
[INFO] [stderr] warning: trait objects without an explicit `dyn` are deprecated
[INFO] [stderr]    --> src/lib.rs:101:22
[INFO] [stderr]     |
[INFO] [stderr] 101 | type Thunk<'a> = Box<FnBox + Send + 'a>;
[INFO] [stderr]     |                      ^^^^^^^^^^^^^^^^^
[INFO] [stderr]     |
[INFO] [stderr]     = warning: this is accepted in the current edition (Rust 2015) but is a hard error in Rust 2021!
[INFO] [stderr]     = note: for more information, see <https://doc.rust-lang.org/nightly/edition-guide/rust-2021/warnings-promoted-to-error.html>
[INFO] [stderr]     = note: `#[warn(bare_trait_objects)]` on by default
[INFO] [stderr] help: use `dyn`
[INFO] [stderr]     |
[INFO] [stderr] 101 | type Thunk<'a> = Box<dyn FnBox + Send + 'a>;
[INFO] [stderr]     |                      +++
[INFO] [stderr] 
[INFO] [stderr] warning: use of deprecated method `std::sync::atomic::AtomicUsize::compare_and_swap`: Use `compare_exchange` or `compare_exchange_weak` instead
[INFO] [stderr]    --> src/lib.rs:631:42
[INFO] [stderr]     |
[INFO] [stderr] 631 |         self.shared_data.join_generation.compare_and_swap(
[INFO] [stderr]     |                                          ^^^^^^^^^^^^^^^^
[INFO] [stderr]     |
[INFO] [stderr]     = note: `#[warn(deprecated)]` on by default
[INFO] [stderr] 
[INFO] [stderr] warning: `threadpool-crossbeam-channel` (lib) generated 2 warnings (run `cargo fix --lib -p threadpool-crossbeam-channel` to apply 1 suggestion)
[INFO] [stderr] warning: `threadpool-crossbeam-channel` (lib test) generated 2 warnings (2 duplicates)
[INFO] [stderr]     Finished test [unoptimized + debuginfo] target(s) in 0.01s
[INFO] [stderr]      Running unittests src/lib.rs (/opt/rustwide/target/debug/deps/threadpool_crossbeam_channel-79b061ae47578bb8)
[INFO] [stdout] 
[INFO] [stdout] running 21 tests
[INFO] [stdout] test test::test_cloned_eq ... ok
[INFO] [stdout] test test::test_empty_pool ... ok
[INFO] [stdout] test test::test_send_shared_data ... ok
[INFO] [stdout] test test::test_send ... ok
[INFO] [stdout] test test::test_multi_join ... ok
[INFO] [stdout] test test::test_sync_shared_data ... ok
[INFO] [stdout] test test::test_works ... ok
[INFO] [stdout] test test::test_shrink ... ok
[INFO] [stdout] test test::test_name ... ok
[INFO] [stdout] test test::test_zero_tasks_panic - should panic ... ok
[INFO] [stdout] test test::test_should_not_panic_on_drop_if_subtasks_panic_after_drop ... ok
[INFO] [stdout] test test::test_recovery_from_subtask_panic ... ok
[INFO] [stdout] test test::test_active_count ... ok
[INFO] [stdout] test test::test_debug ... ok
[INFO] [stdout] test test::test_join_wavesurfer ... ok
[INFO] [stdout] test test::test_clone ... ok
[INFO] [stdout] test test::test_massive_task_creation ... ok
[INFO] [stdout] test test::test_no_fun_or_joy ... ok
[INFO] [stdout] test test::test_set_num_threads_decreasing ... ok
[INFO] [stdout] test test::test_set_num_threads_increasing ... ok
[INFO] [stdout] test test::test_repeate_join ... ok
[INFO] [stdout] 
[INFO] [stdout] test result: ok. 21 passed; 0 failed; 0 ignored; 0 measured; 0 filtered out; finished in 24.01s
[INFO] [stdout] 
[INFO] [stderr]    Doc-tests threadpool-crossbeam-channel
[INFO] [stdout] 
[INFO] [stdout] running 19 tests
[INFO] [stdout] test src/lib.rs - ThreadPool::execute (line 418) ... FAILED
[INFO] [stdout] test src/lib.rs - (line 48) ... FAILED
[INFO] [stdout] test src/lib.rs - Builder::thread_stack_size (line 254) ... FAILED
[INFO] [stdout] test src/lib.rs - Builder::build (line 277) ... FAILED
[INFO] [stdout] test src/lib.rs - Builder::new (line 173) ... FAILED
[INFO] [stdout] test src/lib.rs - Builder::thread_name (line 225) ... FAILED
[INFO] [stdout] test src/lib.rs - ThreadPool::max_count (line 488) ... FAILED
[INFO] [stdout] test src/lib.rs - Builder (line 153) ... FAILED
[INFO] [stdout] test src/lib.rs - (line 22) ... FAILED
[INFO] [stdout] test src/lib.rs - ThreadPool::join (line 597) ... FAILED
[INFO] [stdout] test src/lib.rs - ThreadPool::new (line 363) ... FAILED
[INFO] [stdout] test src/lib.rs - Builder::num_threads (line 197) ... FAILED
[INFO] [stdout] test src/lib.rs - ThreadPool::panic_count (line 505) ... FAILED
[INFO] [stdout] test src/lib.rs - ThreadPool::active_count (line 465) ... FAILED
[INFO] [stdout] test src/lib.rs - ThreadPool::eq (line 707) ... FAILED
[INFO] [stdout] test src/lib.rs - ThreadPool::clone (line 645) ... FAILED
[INFO] [stdout] test src/lib.rs - ThreadPool::queued_count (line 442) ... FAILED
[INFO] [stdout] test src/lib.rs - ThreadPool::with_name (line 381) ... FAILED
[INFO] [stdout] test src/lib.rs - ThreadPool::set_num_threads (line 541) ... FAILED
[INFO] [stdout] 
[INFO] [stdout] failures:
[INFO] [stdout] 
[INFO] [stdout] ---- src/lib.rs - ThreadPool::execute (line 418) stdout ----
[INFO] [stdout] error[E0432]: unresolved import `threadpool`
[INFO] [stdout]  --> src/lib.rs:419:5
[INFO] [stdout]   |
[INFO] [stdout] 3 | use threadpool::ThreadPool;
[INFO] [stdout]   |     ^^^^^^^^^^ maybe a missing crate `threadpool`?
[INFO] [stdout]   |
[INFO] [stdout]   = help: consider adding `extern crate threadpool` to use the `threadpool` crate
[INFO] [stdout] 
[INFO] [stdout] error: aborting due to previous error
[INFO] [stdout] 
[INFO] [stdout] For more information about this error, try `rustc --explain E0432`.
[INFO] [stdout] Couldn't compile the test.
[INFO] [stdout] ---- src/lib.rs - (line 48) stdout ----
[INFO] [stdout] error[E0432]: unresolved import `threadpool`
[INFO] [stdout]  --> src/lib.rs:49:5
[INFO] [stdout]   |
[INFO] [stdout] 3 | use threadpool::ThreadPool;
[INFO] [stdout]   |     ^^^^^^^^^^ maybe a missing crate `threadpool`?
[INFO] [stdout]   |
[INFO] [stdout]   = help: consider adding `extern crate threadpool` to use the `threadpool` crate
[INFO] [stdout] 
[INFO] [stdout] error: aborting due to previous error
[INFO] [stdout] 
[INFO] [stdout] For more information about this error, try `rustc --explain E0432`.
[INFO] [stdout] Couldn't compile the test.
[INFO] [stdout] ---- src/lib.rs - Builder::thread_stack_size (line 254) stdout ----
[INFO] [stdout] error[E0433]: failed to resolve: use of undeclared crate or module `threadpool`
[INFO] [stdout]  --> src/lib.rs:255:12
[INFO] [stdout]   |
[INFO] [stdout] 3 | let pool = threadpool::Builder::new()
[INFO] [stdout]   |            ^^^^^^^^^^ use of undeclared crate or module `threadpool`
[INFO] [stdout]   |
[INFO] [stdout] help: consider importing this struct
[INFO] [stdout]   |
[INFO] [stdout] 2 + use std::thread::Builder;
[INFO] [stdout]   |
[INFO] [stdout] help: if you import `Builder`, refer to it directly
[INFO] [stdout]   |
[INFO] [stdout] 3 - let pool = threadpool::Builder::new()
[INFO] [stdout] 3 + let pool = Builder::new()
[INFO] [stdout]   |
[INFO] [stdout] 
[INFO] [stdout] error: aborting due to previous error
[INFO] [stdout] 
[INFO] [stdout] For more information about this error, try `rustc --explain E0433`.
[INFO] [stdout] Couldn't compile the test.
[INFO] [stdout] ---- src/lib.rs - Builder::build (line 277) stdout ----
[INFO] [stdout] error[E0433]: failed to resolve: use of undeclared crate or module `threadpool`
[INFO] [stdout]  --> src/lib.rs:278:12
[INFO] [stdout]   |
[INFO] [stdout] 3 | let pool = threadpool::Builder::new()
[INFO] [stdout]   |            ^^^^^^^^^^ use of undeclared crate or module `threadpool`
[INFO] [stdout]   |
[INFO] [stdout] help: consider importing this struct
[INFO] [stdout]   |
[INFO] [stdout] 2 + use std::thread::Builder;
[INFO] [stdout]   |
[INFO] [stdout] help: if you import `Builder`, refer to it directly
[INFO] [stdout]   |
[INFO] [stdout] 3 - let pool = threadpool::Builder::new()
[INFO] [stdout] 3 + let pool = Builder::new()
[INFO] [stdout]   |
[INFO] [stdout] 
[INFO] [stdout] error: aborting due to previous error
[INFO] [stdout] 
[INFO] [stdout] For more information about this error, try `rustc --explain E0433`.
[INFO] [stdout] Couldn't compile the test.
[INFO] [stdout] ---- src/lib.rs - Builder::new (line 173) stdout ----
[INFO] [stdout] error[E0433]: failed to resolve: use of undeclared crate or module `threadpool`
[INFO] [stdout]  --> src/lib.rs:174:15
[INFO] [stdout]   |
[INFO] [stdout] 3 | let builder = threadpool::Builder::new();
[INFO] [stdout]   |               ^^^^^^^^^^ use of undeclared crate or module `threadpool`
[INFO] [stdout]   |
[INFO] [stdout] help: consider importing this struct
[INFO] [stdout]   |
[INFO] [stdout] 2 + use std::thread::Builder;
[INFO] [stdout]   |
[INFO] [stdout] help: if you import `Builder`, refer to it directly
[INFO] [stdout]   |
[INFO] [stdout] 3 - let builder = threadpool::Builder::new();
[INFO] [stdout] 3 + let builder = Builder::new();
[INFO] [stdout]   |
[INFO] [stdout] 
[INFO] [stdout] error: aborting due to previous error
[INFO] [stdout] 
[INFO] [stdout] For more information about this error, try `rustc --explain E0433`.
[INFO] [stdout] Couldn't compile the test.
[INFO] [stdout] ---- src/lib.rs - Builder::thread_name (line 225) stdout ----
[INFO] [stdout] error[E0433]: failed to resolve: use of undeclared crate or module `threadpool`
[INFO] [stdout]  --> src/lib.rs:228:12
[INFO] [stdout]   |
[INFO] [stdout] 5 | let pool = threadpool::Builder::new()
[INFO] [stdout]   |            ^^^^^^^^^^ use of undeclared crate or module `threadpool`
[INFO] [stdout]   |
[INFO] [stdout] help: consider importing this struct
[INFO] [stdout]   |
[INFO] [stdout] 2 + use std::thread::Builder;
[INFO] [stdout]   |
[INFO] [stdout] help: if you import `Builder`, refer to it directly
[INFO] [stdout]   |
[INFO] [stdout] 5 - let pool = threadpool::Builder::new()
[INFO] [stdout] 5 + let pool = Builder::new()
[INFO] [stdout]   |
[INFO] [stdout] 
[INFO] [stdout] error: aborting due to previous error
[INFO] [stdout] 
[INFO] [stdout] For more information about this error, try `rustc --explain E0433`.
[INFO] [stdout] Couldn't compile the test.
[INFO] [stdout] ---- src/lib.rs - ThreadPool::max_count (line 488) stdout ----
[INFO] [stdout] error[E0432]: unresolved import `threadpool`
[INFO] [stdout]  --> src/lib.rs:489:5
[INFO] [stdout]   |
[INFO] [stdout] 3 | use threadpool::ThreadPool;
[INFO] [stdout]   |     ^^^^^^^^^^ maybe a missing crate `threadpool`?
[INFO] [stdout]   |
[INFO] [stdout]   = help: consider adding `extern crate threadpool` to use the `threadpool` crate
[INFO] [stdout] 
[INFO] [stdout] error: aborting due to previous error
[INFO] [stdout] 
[INFO] [stdout] For more information about this error, try `rustc --explain E0432`.
[INFO] [stdout] Couldn't compile the test.
[INFO] [stdout] ---- src/lib.rs - Builder (line 153) stdout ----
[INFO] [stdout] error[E0433]: failed to resolve: use of undeclared crate or module `threadpool`
[INFO] [stdout]  --> src/lib.rs:154:12
[INFO] [stdout]   |
[INFO] [stdout] 3 | let pool = threadpool::Builder::new()
[INFO] [stdout]   |            ^^^^^^^^^^ use of undeclared crate or module `threadpool`
[INFO] [stdout]   |
[INFO] [stdout] help: consider importing this struct
[INFO] [stdout]   |
[INFO] [stdout] 2 + use std::thread::Builder;
[INFO] [stdout]   |
[INFO] [stdout] help: if you import `Builder`, refer to it directly
[INFO] [stdout]   |
[INFO] [stdout] 3 - let pool = threadpool::Builder::new()
[INFO] [stdout] 3 + let pool = Builder::new()
[INFO] [stdout]   |
[INFO] [stdout] 
[INFO] [stdout] error: aborting due to previous error
[INFO] [stdout] 
[INFO] [stdout] For more information about this error, try `rustc --explain E0433`.
[INFO] [stdout] Couldn't compile the test.
[INFO] [stdout] ---- src/lib.rs - (line 22) stdout ----
[INFO] [stdout] error[E0432]: unresolved import `threadpool`
[INFO] [stdout]  --> src/lib.rs:23:5
[INFO] [stdout]   |
[INFO] [stdout] 3 | use threadpool::ThreadPool;
[INFO] [stdout]   |     ^^^^^^^^^^ maybe a missing crate `threadpool`?
[INFO] [stdout]   |
[INFO] [stdout]   = help: consider adding `extern crate threadpool` to use the `threadpool` crate
[INFO] [stdout] 
[INFO] [stdout] error: aborting due to previous error
[INFO] [stdout] 
[INFO] [stdout] For more information about this error, try `rustc --explain E0432`.
[INFO] [stdout] Couldn't compile the test.
[INFO] [stdout] ---- src/lib.rs - ThreadPool::join (line 597) stdout ----
[INFO] [stdout] error[E0432]: unresolved import `threadpool`
[INFO] [stdout]  --> src/lib.rs:598:5
[INFO] [stdout]   |
[INFO] [stdout] 3 | use threadpool::ThreadPool;
[INFO] [stdout]   |     ^^^^^^^^^^ maybe a missing crate `threadpool`?
[INFO] [stdout]   |
[INFO] [stdout]   = help: consider adding `extern crate threadpool` to use the `threadpool` crate
[INFO] [stdout] 
[INFO] [stdout] error: aborting due to previous error
[INFO] [stdout] 
[INFO] [stdout] For more information about this error, try `rustc --explain E0432`.
[INFO] [stdout] Couldn't compile the test.
[INFO] [stdout] ---- src/lib.rs - ThreadPool::new (line 363) stdout ----
[INFO] [stdout] error[E0432]: unresolved import `threadpool`
[INFO] [stdout]  --> src/lib.rs:364:5
[INFO] [stdout]   |
[INFO] [stdout] 3 | use threadpool::ThreadPool;
[INFO] [stdout]   |     ^^^^^^^^^^ maybe a missing crate `threadpool`?
[INFO] [stdout]   |
[INFO] [stdout]   = help: consider adding `extern crate threadpool` to use the `threadpool` crate
[INFO] [stdout] 
[INFO] [stdout] error: aborting due to previous error
[INFO] [stdout] 
[INFO] [stdout] For more information about this error, try `rustc --explain E0432`.
[INFO] [stdout] Couldn't compile the test.
[INFO] [stdout] ---- src/lib.rs - Builder::num_threads (line 197) stdout ----
[INFO] [stdout] error[E0433]: failed to resolve: use of undeclared crate or module `threadpool`
[INFO] [stdout]  --> src/lib.rs:200:12
[INFO] [stdout]   |
[INFO] [stdout] 5 | let pool = threadpool::Builder::new()
[INFO] [stdout]   |            ^^^^^^^^^^ use of undeclared crate or module `threadpool`
[INFO] [stdout]   |
[INFO] [stdout] help: consider importing this struct
[INFO] [stdout]   |
[INFO] [stdout] 2 + use std::thread::Builder;
[INFO] [stdout]   |
[INFO] [stdout] help: if you import `Builder`, refer to it directly
[INFO] [stdout]   |
[INFO] [stdout] 5 - let pool = threadpool::Builder::new()
[INFO] [stdout] 5 + let pool = Builder::new()
[INFO] [stdout]   |
[INFO] [stdout] 
[INFO] [stdout] error: aborting due to previous error
[INFO] [stdout] 
[INFO] [stdout] For more information about this error, try `rustc --explain E0433`.
[INFO] [stdout] Couldn't compile the test.
[INFO] [stdout] ---- src/lib.rs - ThreadPool::panic_count (line 505) stdout ----
[INFO] [stdout] error[E0432]: unresolved import `threadpool`
[INFO] [stdout]  --> src/lib.rs:506:5
[INFO] [stdout]   |
[INFO] [stdout] 3 | use threadpool::ThreadPool;
[INFO] [stdout]   |     ^^^^^^^^^^ maybe a missing crate `threadpool`?
[INFO] [stdout]   |
[INFO] [stdout]   = help: consider adding `extern crate threadpool` to use the `threadpool` crate
[INFO] [stdout] 
[INFO] [stdout] error: aborting due to previous error
[INFO] [stdout] 
[INFO] [stdout] For more information about this error, try `rustc --explain E0432`.
[INFO] [stdout] Couldn't compile the test.
[INFO] [stdout] ---- src/lib.rs - ThreadPool::active_count (line 465) stdout ----
[INFO] [stdout] error[E0432]: unresolved import `threadpool`
[INFO] [stdout]  --> src/lib.rs:466:5
[INFO] [stdout]   |
[INFO] [stdout] 3 | use threadpool::ThreadPool;
[INFO] [stdout]   |     ^^^^^^^^^^ maybe a missing crate `threadpool`?
[INFO] [stdout]   |
[INFO] [stdout]   = help: consider adding `extern crate threadpool` to use the `threadpool` crate
[INFO] [stdout] 
[INFO] [stdout] error: aborting due to previous error
[INFO] [stdout] 
[INFO] [stdout] For more information about this error, try `rustc --explain E0432`.
[INFO] [stdout] Couldn't compile the test.
[INFO] [stdout] ---- src/lib.rs - ThreadPool::eq (line 707) stdout ----
[INFO] [stdout] error[E0432]: unresolved import `threadpool`
[INFO] [stdout]  --> src/lib.rs:708:5
[INFO] [stdout]   |
[INFO] [stdout] 3 | use threadpool::ThreadPool;
[INFO] [stdout]   |     ^^^^^^^^^^ maybe a missing crate `threadpool`?
[INFO] [stdout]   |
[INFO] [stdout]   = help: consider adding `extern crate threadpool` to use the `threadpool` crate
[INFO] [stdout] 
[INFO] [stdout] error: aborting due to previous error
[INFO] [stdout] 
[INFO] [stdout] For more information about this error, try `rustc --explain E0432`.
[INFO] [stdout] Couldn't compile the test.
[INFO] [stdout] ---- src/lib.rs - ThreadPool::clone (line 645) stdout ----
[INFO] [stdout] error[E0432]: unresolved import `threadpool`
[INFO] [stdout]  --> src/lib.rs:646:5
[INFO] [stdout]   |
[INFO] [stdout] 3 | use threadpool::ThreadPool;
[INFO] [stdout]   |     ^^^^^^^^^^ maybe a missing crate `threadpool`?
[INFO] [stdout]   |
[INFO] [stdout]   = help: consider adding `extern crate threadpool` to use the `threadpool` crate
[INFO] [stdout] 
[INFO] [stdout] error: aborting due to previous error
[INFO] [stdout] 
[INFO] [stdout] For more information about this error, try `rustc --explain E0432`.
[INFO] [stdout] Couldn't compile the test.
[INFO] [stdout] ---- src/lib.rs - ThreadPool::queued_count (line 442) stdout ----
[INFO] [stdout] error[E0432]: unresolved import `threadpool`
[INFO] [stdout]  --> src/lib.rs:443:5
[INFO] [stdout]   |
[INFO] [stdout] 3 | use threadpool::ThreadPool;
[INFO] [stdout]   |     ^^^^^^^^^^ maybe a missing crate `threadpool`?
[INFO] [stdout]   |
[INFO] [stdout]   = help: consider adding `extern crate threadpool` to use the `threadpool` crate
[INFO] [stdout] 
[INFO] [stdout] error: aborting due to previous error
[INFO] [stdout] 
[INFO] [stdout] For more information about this error, try `rustc --explain E0432`.
[INFO] [stdout] Couldn't compile the test.
[INFO] [stdout] ---- src/lib.rs - ThreadPool::with_name (line 381) stdout ----
[INFO] [stdout] error[E0432]: unresolved import `threadpool`
[INFO] [stdout]  --> src/lib.rs:383:5
[INFO] [stdout]   |
[INFO] [stdout] 4 | use threadpool::ThreadPool;
[INFO] [stdout]   |     ^^^^^^^^^^ maybe a missing crate `threadpool`?
[INFO] [stdout]   |
[INFO] [stdout]   = help: consider adding `extern crate threadpool` to use the `threadpool` crate
[INFO] [stdout] 
[INFO] [stdout] error: aborting due to previous error
[INFO] [stdout] 
[INFO] [stdout] For more information about this error, try `rustc --explain E0432`.
[INFO] [stdout] Couldn't compile the test.
[INFO] [stdout] ---- src/lib.rs - ThreadPool::set_num_threads (line 541) stdout ----
[INFO] [stdout] error[E0432]: unresolved import `threadpool`
[INFO] [stdout]  --> src/lib.rs:542:5
[INFO] [stdout]   |
[INFO] [stdout] 3 | use threadpool::ThreadPool;
[INFO] [stdout]   |     ^^^^^^^^^^ maybe a missing crate `threadpool`?
[INFO] [stdout]   |
[INFO] [stdout]   = help: consider adding `extern crate threadpool` to use the `threadpool` crate
[INFO] [stdout] 
[INFO] [stdout] error: aborting due to previous error
[INFO] [stdout] 
[INFO] [stdout] For more information about this error, try `rustc --explain E0432`.
[INFO] [stdout] Couldn't compile the test.
[INFO] [stdout] 
[INFO] [stdout] failures:
[INFO] [stdout]     src/lib.rs - (line 22)
[INFO] [stdout]     src/lib.rs - (line 48)
[INFO] [stdout]     src/lib.rs - Builder (line 153)
[INFO] [stdout]     src/lib.rs - Builder::build (line 277)
[INFO] [stdout]     src/lib.rs - Builder::new (line 173)
[INFO] [stdout]     src/lib.rs - Builder::num_threads (line 197)
[INFO] [stdout]     src/lib.rs - Builder::thread_name (line 225)
[INFO] [stdout]     src/lib.rs - Builder::thread_stack_size (line 254)
[INFO] [stdout]     src/lib.rs - ThreadPool::active_count (line 465)
[INFO] [stdout]     src/lib.rs - ThreadPool::clone (line 645)
[INFO] [stdout]     src/lib.rs - ThreadPool::eq (line 707)
[INFO] [stdout]     src/lib.rs - ThreadPool::execute (line 418)
[INFO] [stdout]     src/lib.rs - ThreadPool::join (line 597)
[INFO] [stdout]     src/lib.rs - ThreadPool::max_count (line 488)
[INFO] [stdout]     src/lib.rs - ThreadPool::new (line 363)
[INFO] [stdout]     src/lib.rs - ThreadPool::panic_count (line 505)
[INFO] [stdout]     src/lib.rs - ThreadPool::queued_count (line 442)
[INFO] [stdout]     src/lib.rs - ThreadPool::set_num_threads (line 541)
[INFO] [stdout]     src/lib.rs - ThreadPool::with_name (line 381)
[INFO] [stdout] 
[INFO] [stdout] test result: FAILED. 0 passed; 19 failed; 0 ignored; 0 measured; 0 filtered out; finished in 0.10s
[INFO] [stdout] 
[INFO] [stderr] error: doctest failed, to rerun pass `--doc`
[INFO] running `Command { std: "docker" "inspect" "cfb8d7b5a41b42a695a3fe9f060fce981177cdadc1931d50601b8fa18c2c0e54", kill_on_drop: false }`
[INFO] running `Command { std: "docker" "rm" "-f" "cfb8d7b5a41b42a695a3fe9f060fce981177cdadc1931d50601b8fa18c2c0e54", kill_on_drop: false }`
[INFO] [stdout] cfb8d7b5a41b42a695a3fe9f060fce981177cdadc1931d50601b8fa18c2c0e54
[INFO] testing threadpool-crossbeam-channel-1.8.0 against beta-2023-12-22 for beta-1.76-1
[INFO] extracting crate threadpool-crossbeam-channel 1.8.0 into /workspace/builds/worker-1-tc2/source
[INFO] validating manifest of crates.io crate threadpool-crossbeam-channel 1.8.0 on toolchain beta-2023-12-22
[INFO] running `Command { std: CARGO_HOME="/workspace/cargo-home" RUSTUP_HOME="/workspace/rustup-home" "/workspace/cargo-home/bin/cargo" "+beta-2023-12-22" "metadata" "--manifest-path" "Cargo.toml" "--no-deps", kill_on_drop: false }`
[INFO] started tweaking crates.io crate threadpool-crossbeam-channel 1.8.0
[INFO] finished tweaking crates.io crate threadpool-crossbeam-channel 1.8.0
[INFO] tweaked toml for crates.io crate threadpool-crossbeam-channel 1.8.0 written to /workspace/builds/worker-1-tc2/source/Cargo.toml
[INFO] running `Command { std: CARGO_HOME="/workspace/cargo-home" RUSTUP_HOME="/workspace/rustup-home" "/workspace/cargo-home/bin/cargo" "+beta-2023-12-22" "generate-lockfile" "--manifest-path" "Cargo.toml", kill_on_drop: false }`
[INFO] [stderr]     Updating crates.io index
[INFO] running `Command { std: CARGO_HOME="/workspace/cargo-home" RUSTUP_HOME="/workspace/rustup-home" "/workspace/cargo-home/bin/cargo" "+beta-2023-12-22" "fetch" "--manifest-path" "Cargo.toml", kill_on_drop: false }`
[INFO] running `Command { std: "docker" "create" "-v" "/var/lib/crater-agent-workspace/builds/worker-1-tc2/target:/opt/rustwide/target:rw,Z" "-v" "/var/lib/crater-agent-workspace/builds/worker-1-tc2/source:/opt/rustwide/workdir:ro,Z" "-v" "/var/lib/crater-agent-workspace/cargo-home:/opt/rustwide/cargo-home:ro,Z" "-v" "/var/lib/crater-agent-workspace/rustup-home:/opt/rustwide/rustup-home:ro,Z" "-e" "SOURCE_DIR=/opt/rustwide/workdir" "-e" "CARGO_TARGET_DIR=/opt/rustwide/target" "-e" "CARGO_HOME=/opt/rustwide/cargo-home" "-e" "RUSTUP_HOME=/opt/rustwide/rustup-home" "-w" "/opt/rustwide/workdir" "-m" "1610612736" "--user" "0:0" "--network" "none" "ghcr.io/rust-lang/crates-build-env/linux@sha256:2788e3201cd34a07e3172128adcd8b3090168a8e3bcc40d7c032b9dda1df7d1c" "/opt/rustwide/cargo-home/bin/cargo" "+beta-2023-12-22" "metadata" "--no-deps" "--format-version=1", kill_on_drop: false }`
[INFO] [stdout] caecfd09aa7820ed062baac20f3386c975771d35a0c08008e1321363463df8f1
[INFO] running `Command { std: "docker" "start" "-a" "caecfd09aa7820ed062baac20f3386c975771d35a0c08008e1321363463df8f1", kill_on_drop: false }`
[INFO] running `Command { std: "docker" "inspect" "caecfd09aa7820ed062baac20f3386c975771d35a0c08008e1321363463df8f1", kill_on_drop: false }`
[INFO] running `Command { std: "docker" "rm" "-f" "caecfd09aa7820ed062baac20f3386c975771d35a0c08008e1321363463df8f1", kill_on_drop: false }`
[INFO] [stdout] caecfd09aa7820ed062baac20f3386c975771d35a0c08008e1321363463df8f1
[INFO] running `Command { std: "docker" "create" "-v" "/var/lib/crater-agent-workspace/builds/worker-1-tc2/target:/opt/rustwide/target:rw,Z" "-v" "/var/lib/crater-agent-workspace/builds/worker-1-tc2/source:/opt/rustwide/workdir:ro,Z" "-v" "/var/lib/crater-agent-workspace/cargo-home:/opt/rustwide/cargo-home:ro,Z" "-v" "/var/lib/crater-agent-workspace/rustup-home:/opt/rustwide/rustup-home:ro,Z" "-e" "SOURCE_DIR=/opt/rustwide/workdir" "-e" "CARGO_TARGET_DIR=/opt/rustwide/target" "-e" "CARGO_INCREMENTAL=0" "-e" "RUST_BACKTRACE=full" "-e" "RUSTFLAGS=--cap-lints=warn" "-e" "RUSTDOCFLAGS=--cap-lints=warn" "-e" "CARGO_HOME=/opt/rustwide/cargo-home" "-e" "RUSTUP_HOME=/opt/rustwide/rustup-home" "-w" "/opt/rustwide/workdir" "-m" "1610612736" "--user" "0:0" "--network" "none" "ghcr.io/rust-lang/crates-build-env/linux@sha256:2788e3201cd34a07e3172128adcd8b3090168a8e3bcc40d7c032b9dda1df7d1c" "/opt/rustwide/cargo-home/bin/cargo" "+beta-2023-12-22" "build" "--frozen" "--message-format=json", kill_on_drop: false }`
[INFO] [stdout] 84908a393af367f5c4366f0262608a8e4b46306afe0ca81a4c3163505aa77754
[INFO] running `Command { std: "docker" "start" "-a" "84908a393af367f5c4366f0262608a8e4b46306afe0ca81a4c3163505aa77754", kill_on_drop: false }`
[INFO] [stderr]    Compiling crossbeam-utils v0.7.2
[INFO] [stderr]    Compiling maybe-uninit v2.0.0
[INFO] [stderr]    Compiling libc v0.2.151
[INFO] [stderr]    Compiling cfg-if v0.1.10
[INFO] [stderr]    Compiling crossbeam-channel v0.4.4
[INFO] [stderr]    Compiling num_cpus v1.16.0
[INFO] [stderr]    Compiling threadpool-crossbeam-channel v1.8.0 (/opt/rustwide/workdir)
[INFO] [stdout] warning: trait objects without an explicit `dyn` are deprecated
[INFO] [stdout]    --> src/lib.rs:101:22
[INFO] [stdout]     |
[INFO] [stdout] 101 | type Thunk<'a> = Box<FnBox + Send + 'a>;
[INFO] [stdout]     |                      ^^^^^^^^^^^^^^^^^
[INFO] [stdout]     |
[INFO] [stdout]     = warning: this is accepted in the current edition (Rust 2015) but is a hard error in Rust 2021!
[INFO] [stdout]     = note: for more information, see <https://doc.rust-lang.org/nightly/edition-guide/rust-2021/warnings-promoted-to-error.html>
[INFO] [stdout]     = note: `#[warn(bare_trait_objects)]` on by default
[INFO] [stdout] help: use `dyn`
[INFO] [stdout]     |
[INFO] [stdout] 101 | type Thunk<'a> = Box<dyn FnBox + Send + 'a>;
[INFO] [stdout]     |                      +++
[INFO] [stdout] 
[INFO] [stdout] 
[INFO] [stdout] warning: use of deprecated method `std::sync::atomic::AtomicUsize::compare_and_swap`: Use `compare_exchange` or `compare_exchange_weak` instead
[INFO] [stdout]    --> src/lib.rs:631:42
[INFO] [stdout]     |
[INFO] [stdout] 631 |         self.shared_data.join_generation.compare_and_swap(
[INFO] [stdout]     |                                          ^^^^^^^^^^^^^^^^
[INFO] [stdout]     |
[INFO] [stdout]     = note: `#[warn(deprecated)]` on by default
[INFO] [stdout] 
[INFO] [stdout] 
[INFO] [stdout] warning: 2 warnings emitted
[INFO] [stdout] 
[INFO] [stdout] 
[INFO] [stderr]     Finished dev [unoptimized + debuginfo] target(s) in 0.94s
[INFO] running `Command { std: "docker" "inspect" "84908a393af367f5c4366f0262608a8e4b46306afe0ca81a4c3163505aa77754", kill_on_drop: false }`
[INFO] running `Command { std: "docker" "rm" "-f" "84908a393af367f5c4366f0262608a8e4b46306afe0ca81a4c3163505aa77754", kill_on_drop: false }`
[INFO] [stdout] 84908a393af367f5c4366f0262608a8e4b46306afe0ca81a4c3163505aa77754
[INFO] running `Command { std: "docker" "create" "-v" "/var/lib/crater-agent-workspace/builds/worker-1-tc2/target:/opt/rustwide/target:rw,Z" "-v" "/var/lib/crater-agent-workspace/builds/worker-1-tc2/source:/opt/rustwide/workdir:ro,Z" "-v" "/var/lib/crater-agent-workspace/cargo-home:/opt/rustwide/cargo-home:ro,Z" "-v" "/var/lib/crater-agent-workspace/rustup-home:/opt/rustwide/rustup-home:ro,Z" "-e" "SOURCE_DIR=/opt/rustwide/workdir" "-e" "CARGO_TARGET_DIR=/opt/rustwide/target" "-e" "CARGO_INCREMENTAL=0" "-e" "RUST_BACKTRACE=full" "-e" "RUSTFLAGS=--cap-lints=warn" "-e" "RUSTDOCFLAGS=--cap-lints=warn" "-e" "CARGO_HOME=/opt/rustwide/cargo-home" "-e" "RUSTUP_HOME=/opt/rustwide/rustup-home" "-w" "/opt/rustwide/workdir" "-m" "1610612736" "--user" "0:0" "--network" "none" "ghcr.io/rust-lang/crates-build-env/linux@sha256:2788e3201cd34a07e3172128adcd8b3090168a8e3bcc40d7c032b9dda1df7d1c" "/opt/rustwide/cargo-home/bin/cargo" "+beta-2023-12-22" "test" "--frozen" "--no-run" "--message-format=json", kill_on_drop: false }`
[INFO] [stdout] d15e93e2d8423deda8f02fa0c878731fb5173aa18ae424f26a5f775e8d5ac2ee
[INFO] running `Command { std: "docker" "start" "-a" "d15e93e2d8423deda8f02fa0c878731fb5173aa18ae424f26a5f775e8d5ac2ee", kill_on_drop: false }`
[INFO] [stderr]    Compiling threadpool-crossbeam-channel v1.8.0 (/opt/rustwide/workdir)
[INFO] [stdout] warning: trait objects without an explicit `dyn` are deprecated
[INFO] [stdout]    --> src/lib.rs:101:22
[INFO] [stdout]     |
[INFO] [stdout] 101 | type Thunk<'a> = Box<FnBox + Send + 'a>;
[INFO] [stdout]     |                      ^^^^^^^^^^^^^^^^^
[INFO] [stdout]     |
[INFO] [stdout]     = warning: this is accepted in the current edition (Rust 2015) but is a hard error in Rust 2021!
[INFO] [stdout]     = note: for more information, see <https://doc.rust-lang.org/nightly/edition-guide/rust-2021/warnings-promoted-to-error.html>
[INFO] [stdout]     = note: `#[warn(bare_trait_objects)]` on by default
[INFO] [stdout] help: use `dyn`
[INFO] [stdout]     |
[INFO] [stdout] 101 | type Thunk<'a> = Box<dyn FnBox + Send + 'a>;
[INFO] [stdout]     |                      +++
[INFO] [stdout] 
[INFO] [stdout] 
[INFO] [stdout] warning: use of deprecated method `std::sync::atomic::AtomicUsize::compare_and_swap`: Use `compare_exchange` or `compare_exchange_weak` instead
[INFO] [stdout]    --> src/lib.rs:631:42
[INFO] [stdout]     |
[INFO] [stdout] 631 |         self.shared_data.join_generation.compare_and_swap(
[INFO] [stdout]     |                                          ^^^^^^^^^^^^^^^^
[INFO] [stdout]     |
[INFO] [stdout]     = note: `#[warn(deprecated)]` on by default
[INFO] [stdout] 
[INFO] [stdout] 
[INFO] [stdout] warning: 2 warnings emitted
[INFO] [stdout] 
[INFO] [stdout] 
[INFO] [stdout] warning: trait objects without an explicit `dyn` are deprecated
[INFO] [stdout]    --> src/lib.rs:101:22
[INFO] [stdout]     |
[INFO] [stdout] 101 | type Thunk<'a> = Box<FnBox + Send + 'a>;
[INFO] [stdout]     |                      ^^^^^^^^^^^^^^^^^
[INFO] [stdout]     |
[INFO] [stdout]     = warning: this is accepted in the current edition (Rust 2015) but is a hard error in Rust 2021!
[INFO] [stdout]     = note: for more information, see <https://doc.rust-lang.org/nightly/edition-guide/rust-2021/warnings-promoted-to-error.html>
[INFO] [stdout]     = note: `#[warn(bare_trait_objects)]` on by default
[INFO] [stdout] help: use `dyn`
[INFO] [stdout]     |
[INFO] [stdout] 101 | type Thunk<'a> = Box<dyn FnBox + Send + 'a>;
[INFO] [stdout]     |                      +++
[INFO] [stdout] 
[INFO] [stdout] 
[INFO] [stdout] warning: use of deprecated method `std::sync::atomic::AtomicUsize::compare_and_swap`: Use `compare_exchange` or `compare_exchange_weak` instead
[INFO] [stdout]    --> src/lib.rs:631:42
[INFO] [stdout]     |
[INFO] [stdout] 631 |         self.shared_data.join_generation.compare_and_swap(
[INFO] [stdout]     |                                          ^^^^^^^^^^^^^^^^
[INFO] [stdout]     |
[INFO] [stdout]     = note: `#[warn(deprecated)]` on by default
[INFO] [stdout] 
[INFO] [stdout] 
[INFO] [stdout] warning: 2 warnings emitted
[INFO] [stdout] 
[INFO] [stdout] 
[INFO] [stderr]     Finished test [unoptimized + debuginfo] target(s) in 0.73s
[INFO] running `Command { std: "docker" "inspect" "d15e93e2d8423deda8f02fa0c878731fb5173aa18ae424f26a5f775e8d5ac2ee", kill_on_drop: false }`
[INFO] running `Command { std: "docker" "rm" "-f" "d15e93e2d8423deda8f02fa0c878731fb5173aa18ae424f26a5f775e8d5ac2ee", kill_on_drop: false }`
[INFO] [stdout] d15e93e2d8423deda8f02fa0c878731fb5173aa18ae424f26a5f775e8d5ac2ee
[INFO] running `Command { std: "docker" "create" "-v" "/var/lib/crater-agent-workspace/builds/worker-1-tc2/target:/opt/rustwide/target:rw,Z" "-v" "/var/lib/crater-agent-workspace/builds/worker-1-tc2/source:/opt/rustwide/workdir:ro,Z" "-v" "/var/lib/crater-agent-workspace/cargo-home:/opt/rustwide/cargo-home:ro,Z" "-v" "/var/lib/crater-agent-workspace/rustup-home:/opt/rustwide/rustup-home:ro,Z" "-e" "SOURCE_DIR=/opt/rustwide/workdir" "-e" "CARGO_TARGET_DIR=/opt/rustwide/target" "-e" "CARGO_INCREMENTAL=0" "-e" "RUST_BACKTRACE=full" "-e" "RUSTFLAGS=--cap-lints=warn" "-e" "RUSTDOCFLAGS=--cap-lints=warn" "-e" "CARGO_HOME=/opt/rustwide/cargo-home" "-e" "RUSTUP_HOME=/opt/rustwide/rustup-home" "-w" "/opt/rustwide/workdir" "-m" "1610612736" "--user" "0:0" "--network" "none" "ghcr.io/rust-lang/crates-build-env/linux@sha256:2788e3201cd34a07e3172128adcd8b3090168a8e3bcc40d7c032b9dda1df7d1c" "/opt/rustwide/cargo-home/bin/cargo" "+beta-2023-12-22" "test" "--frozen", kill_on_drop: false }`
[INFO] [stdout] ddfa43e2865a06dba47d06246225df78bb9b9a82c4eb3ef90d3766ccaab7c9aa
[INFO] running `Command { std: "docker" "start" "-a" "ddfa43e2865a06dba47d06246225df78bb9b9a82c4eb3ef90d3766ccaab7c9aa", kill_on_drop: false }`
[INFO] [stderr] warning: trait objects without an explicit `dyn` are deprecated
[INFO] [stderr]    --> src/lib.rs:101:22
[INFO] [stderr]     |
[INFO] [stderr] 101 | type Thunk<'a> = Box<FnBox + Send + 'a>;
[INFO] [stderr]     |                      ^^^^^^^^^^^^^^^^^
[INFO] [stderr]     |
[INFO] [stderr]     = warning: this is accepted in the current edition (Rust 2015) but is a hard error in Rust 2021!
[INFO] [stderr]     = note: for more information, see <https://doc.rust-lang.org/nightly/edition-guide/rust-2021/warnings-promoted-to-error.html>
[INFO] [stderr]     = note: `#[warn(bare_trait_objects)]` on by default
[INFO] [stderr] help: use `dyn`
[INFO] [stderr]     |
[INFO] [stderr] 101 | type Thunk<'a> = Box<dyn FnBox + Send + 'a>;
[INFO] [stderr]     |                      +++
[INFO] [stderr] 
[INFO] [stderr] warning: use of deprecated method `std::sync::atomic::AtomicUsize::compare_and_swap`: Use `compare_exchange` or `compare_exchange_weak` instead
[INFO] [stderr]    --> src/lib.rs:631:42
[INFO] [stderr]     |
[INFO] [stderr] 631 |         self.shared_data.join_generation.compare_and_swap(
[INFO] [stderr]     |                                          ^^^^^^^^^^^^^^^^
[INFO] [stderr]     |
[INFO] [stderr]     = note: `#[warn(deprecated)]` on by default
[INFO] [stderr] 
[INFO] [stderr] warning: `threadpool-crossbeam-channel` (lib) generated 2 warnings (run `cargo fix --lib -p threadpool-crossbeam-channel` to apply 1 suggestion)
[INFO] [stderr] warning: `threadpool-crossbeam-channel` (lib test) generated 2 warnings (2 duplicates)
[INFO] [stderr]     Finished test [unoptimized + debuginfo] target(s) in 0.01s
[INFO] [stderr]      Running unittests src/lib.rs (/opt/rustwide/target/debug/deps/threadpool_crossbeam_channel-416d3ca82d34dc97)
[INFO] [stdout] 
[INFO] [stdout] running 21 tests
[INFO] [stdout] test test::test_cloned_eq ... ok
[INFO] [stdout] test test::test_empty_pool ... ok
[INFO] [stdout] test test::test_send ... ok
[INFO] [stdout] test test::test_send_shared_data ... ok
[INFO] [stdout] test test::test_sync_shared_data ... ok
[INFO] [stdout] test test::test_works ... ok
[INFO] [stdout] test test::test_multi_join ... ok
[INFO] [stdout] test test::test_shrink ... ok
[INFO] [stdout] test test::test_name ... ok
[INFO] [stdout] test test::test_zero_tasks_panic - should panic ... ok
[INFO] [stdout] test test::test_should_not_panic_on_drop_if_subtasks_panic_after_drop ... ok
[INFO] [stdout] test test::test_recovery_from_subtask_panic ... ok
[INFO] [stdout] test test::test_active_count ... ok
[INFO] [stdout] test test::test_debug ... ok
[INFO] [stdout] test test::test_join_wavesurfer ... ok
[INFO] [stdout] test test::test_massive_task_creation ... ok
[INFO] [stdout] test test::test_clone ... ok
[INFO] [stdout] test test::test_no_fun_or_joy ... ok
[INFO] [stdout] test test::test_set_num_threads_decreasing ... ok
[INFO] [stdout] test test::test_set_num_threads_increasing ... ok
[INFO] [stdout] test test::test_repeate_join ... ok
[INFO] [stdout] 
[INFO] [stdout] test result: ok. 21 passed; 0 failed; 0 ignored; 0 measured; 0 filtered out; finished in 24.01s
[INFO] [stdout] 
[INFO] [stderr]    Doc-tests threadpool-crossbeam-channel
[INFO] [stdout] 
[INFO] [stdout] running 19 tests
[INFO] [stdout] test src/lib.rs - ThreadPool::execute (line 418) ... FAILED
[INFO] [stdout] test src/lib.rs - Builder::build (line 277) ... FAILED
[INFO] [stdout] test src/lib.rs - Builder (line 153) ... FAILED
[INFO] [stdout] test src/lib.rs - Builder::new (line 173) ... FAILED
[INFO] [stdout] test src/lib.rs - ThreadPool::active_count (line 465) ... FAILED
[INFO] [stdout] test src/lib.rs - ThreadPool::eq (line 707) ... FAILED
[INFO] [stdout] test src/lib.rs - ThreadPool::max_count (line 488) ... FAILED
[INFO] [stdout] test src/lib.rs - ThreadPool::new (line 363) ... FAILED
[INFO] [stdout] test src/lib.rs - Builder::num_threads (line 197) ... FAILED
[INFO] [stdout] test src/lib.rs - Builder::thread_name (line 225) ... FAILED
[INFO] [stdout] test src/lib.rs - ThreadPool::panic_count (line 505) ... FAILED
[INFO] [stdout] test src/lib.rs - (line 22) ... FAILED
[INFO] [stdout] test src/lib.rs - (line 48) ... FAILED
[INFO] [stdout] test src/lib.rs - ThreadPool::clone (line 645) ... FAILED
[INFO] [stdout] test src/lib.rs - Builder::thread_stack_size (line 254) ... FAILED
[INFO] [stdout] test src/lib.rs - ThreadPool::join (line 597) ... FAILED
[INFO] [stdout] test src/lib.rs - ThreadPool::with_name (line 381) ... FAILED
[INFO] [stdout] test src/lib.rs - ThreadPool::queued_count (line 442) ... FAILED
[INFO] [stdout] test src/lib.rs - ThreadPool::set_num_threads (line 541) ... FAILED
[INFO] [stdout] 
[INFO] [stdout] failures:
[INFO] [stdout] 
[INFO] [stdout] ---- src/lib.rs - ThreadPool::execute (line 418) stdout ----
[INFO] [stdout] error[E0432]: unresolved import `threadpool`
[INFO] [stdout]  --> src/lib.rs:419:5
[INFO] [stdout]   |
[INFO] [stdout] 3 | use threadpool::ThreadPool;
[INFO] [stdout]   |     ^^^^^^^^^^ maybe a missing crate `threadpool`?
[INFO] [stdout]   |
[INFO] [stdout]   = help: consider adding `extern crate threadpool` to use the `threadpool` crate
[INFO] [stdout] 
[INFO] [stdout] error: aborting due to 1 previous error
[INFO] [stdout] 
[INFO] [stdout] For more information about this error, try `rustc --explain E0432`.
[INFO] [stdout] Couldn't compile the test.
[INFO] [stdout] ---- src/lib.rs - Builder::build (line 277) stdout ----
[INFO] [stdout] error[E0433]: failed to resolve: use of undeclared crate or module `threadpool`
[INFO] [stdout]  --> src/lib.rs:278:12
[INFO] [stdout]   |
[INFO] [stdout] 3 | let pool = threadpool::Builder::new()
[INFO] [stdout]   |            ^^^^^^^^^^ use of undeclared crate or module `threadpool`
[INFO] [stdout]   |
[INFO] [stdout] help: consider importing this struct
[INFO] [stdout]   |
[INFO] [stdout] 2 + use std::thread::Builder;
[INFO] [stdout]   |
[INFO] [stdout] help: if you import `Builder`, refer to it directly
[INFO] [stdout]   |
[INFO] [stdout] 3 - let pool = threadpool::Builder::new()
[INFO] [stdout] 3 + let pool = Builder::new()
[INFO] [stdout]   |
[INFO] [stdout] 
[INFO] [stdout] error: aborting due to 1 previous error
[INFO] [stdout] 
[INFO] [stdout] For more information about this error, try `rustc --explain E0433`.
[INFO] [stdout] Couldn't compile the test.
[INFO] [stdout] ---- src/lib.rs - Builder (line 153) stdout ----
[INFO] [stdout] error[E0433]: failed to resolve: use of undeclared crate or module `threadpool`
[INFO] [stdout]  --> src/lib.rs:154:12
[INFO] [stdout]   |
[INFO] [stdout] 3 | let pool = threadpool::Builder::new()
[INFO] [stdout]   |            ^^^^^^^^^^ use of undeclared crate or module `threadpool`
[INFO] [stdout]   |
[INFO] [stdout] help: consider importing this struct
[INFO] [stdout]   |
[INFO] [stdout] 2 + use std::thread::Builder;
[INFO] [stdout]   |
[INFO] [stdout] help: if you import `Builder`, refer to it directly
[INFO] [stdout]   |
[INFO] [stdout] 3 - let pool = threadpool::Builder::new()
[INFO] [stdout] 3 + let pool = Builder::new()
[INFO] [stdout]   |
[INFO] [stdout] 
[INFO] [stdout] error: aborting due to 1 previous error
[INFO] [stdout] 
[INFO] [stdout] For more information about this error, try `rustc --explain E0433`.
[INFO] [stdout] Couldn't compile the test.
[INFO] [stdout] ---- src/lib.rs - Builder::new (line 173) stdout ----
[INFO] [stdout] error[E0433]: failed to resolve: use of undeclared crate or module `threadpool`
[INFO] [stdout]  --> src/lib.rs:174:15
[INFO] [stdout]   |
[INFO] [stdout] 3 | let builder = threadpool::Builder::new();
[INFO] [stdout]   |               ^^^^^^^^^^ use of undeclared crate or module `threadpool`
[INFO] [stdout]   |
[INFO] [stdout] help: consider importing this struct
[INFO] [stdout]   |
[INFO] [stdout] 2 + use std::thread::Builder;
[INFO] [stdout]   |
[INFO] [stdout] help: if you import `Builder`, refer to it directly
[INFO] [stdout]   |
[INFO] [stdout] 3 - let builder = threadpool::Builder::new();
[INFO] [stdout] 3 + let builder = Builder::new();
[INFO] [stdout]   |
[INFO] [stdout] 
[INFO] [stdout] error: aborting due to 1 previous error
[INFO] [stdout] 
[INFO] [stdout] For more information about this error, try `rustc --explain E0433`.
[INFO] [stdout] Couldn't compile the test.
[INFO] [stdout] ---- src/lib.rs - ThreadPool::active_count (line 465) stdout ----
[INFO] [stdout] error[E0432]: unresolved import `threadpool`
[INFO] [stdout]  --> src/lib.rs:466:5
[INFO] [stdout]   |
[INFO] [stdout] 3 | use threadpool::ThreadPool;
[INFO] [stdout]   |     ^^^^^^^^^^ maybe a missing crate `threadpool`?
[INFO] [stdout]   |
[INFO] [stdout]   = help: consider adding `extern crate threadpool` to use the `threadpool` crate
[INFO] [stdout] 
[INFO] [stdout] error: aborting due to 1 previous error
[INFO] [stdout] 
[INFO] [stdout] For more information about this error, try `rustc --explain E0432`.
[INFO] [stdout] Couldn't compile the test.
[INFO] [stdout] ---- src/lib.rs - ThreadPool::eq (line 707) stdout ----
[INFO] [stdout] error[E0432]: unresolved import `threadpool`
[INFO] [stdout]  --> src/lib.rs:708:5
[INFO] [stdout]   |
[INFO] [stdout] 3 | use threadpool::ThreadPool;
[INFO] [stdout]   |     ^^^^^^^^^^ maybe a missing crate `threadpool`?
[INFO] [stdout]   |
[INFO] [stdout]   = help: consider adding `extern crate threadpool` to use the `threadpool` crate
[INFO] [stdout] 
[INFO] [stdout] error: aborting due to 1 previous error
[INFO] [stdout] 
[INFO] [stdout] For more information about this error, try `rustc --explain E0432`.
[INFO] [stdout] Couldn't compile the test.
[INFO] [stdout] ---- src/lib.rs - ThreadPool::max_count (line 488) stdout ----
[INFO] [stdout] error[E0432]: unresolved import `threadpool`
[INFO] [stdout]  --> src/lib.rs:489:5
[INFO] [stdout]   |
[INFO] [stdout] 3 | use threadpool::ThreadPool;
[INFO] [stdout]   |     ^^^^^^^^^^ maybe a missing crate `threadpool`?
[INFO] [stdout]   |
[INFO] [stdout]   = help: consider adding `extern crate threadpool` to use the `threadpool` crate
[INFO] [stdout] 
[INFO] [stdout] error: aborting due to 1 previous error
[INFO] [stdout] 
[INFO] [stdout] For more information about this error, try `rustc --explain E0432`.
[INFO] [stdout] Couldn't compile the test.
[INFO] [stdout] ---- src/lib.rs - ThreadPool::new (line 363) stdout ----
[INFO] [stdout] error[E0432]: unresolved import `threadpool`
[INFO] [stdout]  --> src/lib.rs:364:5
[INFO] [stdout]   |
[INFO] [stdout] 3 | use threadpool::ThreadPool;
[INFO] [stdout]   |     ^^^^^^^^^^ maybe a missing crate `threadpool`?
[INFO] [stdout]   |
[INFO] [stdout]   = help: consider adding `extern crate threadpool` to use the `threadpool` crate
[INFO] [stdout] 
[INFO] [stdout] error: aborting due to 1 previous error
[INFO] [stdout] 
[INFO] [stdout] For more information about this error, try `rustc --explain E0432`.
[INFO] [stdout] Couldn't compile the test.
[INFO] [stdout] ---- src/lib.rs - Builder::num_threads (line 197) stdout ----
[INFO] [stdout] error[E0433]: failed to resolve: use of undeclared crate or module `threadpool`
[INFO] [stdout]  --> src/lib.rs:200:12
[INFO] [stdout]   |
[INFO] [stdout] 5 | let pool = threadpool::Builder::new()
[INFO] [stdout]   |            ^^^^^^^^^^ use of undeclared crate or module `threadpool`
[INFO] [stdout]   |
[INFO] [stdout] help: consider importing this struct
[INFO] [stdout]   |
[INFO] [stdout] 2 + use std::thread::Builder;
[INFO] [stdout]   |
[INFO] [stdout] help: if you import `Builder`, refer to it directly
[INFO] [stdout]   |
[INFO] [stdout] 5 - let pool = threadpool::Builder::new()
[INFO] [stdout] 5 + let pool = Builder::new()
[INFO] [stdout]   |
[INFO] [stdout] 
[INFO] [stdout] error: aborting due to 1 previous error
[INFO] [stdout] 
[INFO] [stdout] For more information about this error, try `rustc --explain E0433`.
[INFO] [stdout] Couldn't compile the test.
[INFO] [stdout] ---- src/lib.rs - Builder::thread_name (line 225) stdout ----
[INFO] [stdout] error[E0433]: failed to resolve: use of undeclared crate or module `threadpool`
[INFO] [stdout]  --> src/lib.rs:228:12
[INFO] [stdout]   |
[INFO] [stdout] 5 | let pool = threadpool::Builder::new()
[INFO] [stdout]   |            ^^^^^^^^^^ use of undeclared crate or module `threadpool`
[INFO] [stdout]   |
[INFO] [stdout] help: consider importing this struct
[INFO] [stdout]   |
[INFO] [stdout] 2 + use std::thread::Builder;
[INFO] [stdout]   |
[INFO] [stdout] help: if you import `Builder`, refer to it directly
[INFO] [stdout]   |
[INFO] [stdout] 5 - let pool = threadpool::Builder::new()
[INFO] [stdout] 5 + let pool = Builder::new()
[INFO] [stdout]   |
[INFO] [stdout] 
[INFO] [stdout] error: aborting due to 1 previous error
[INFO] [stdout] 
[INFO] [stdout] For more information about this error, try `rustc --explain E0433`.
[INFO] [stdout] Couldn't compile the test.
[INFO] [stdout] ---- src/lib.rs - ThreadPool::panic_count (line 505) stdout ----
[INFO] [stdout] error[E0432]: unresolved import `threadpool`
[INFO] [stdout]  --> src/lib.rs:506:5
[INFO] [stdout]   |
[INFO] [stdout] 3 | use threadpool::ThreadPool;
[INFO] [stdout]   |     ^^^^^^^^^^ maybe a missing crate `threadpool`?
[INFO] [stdout]   |
[INFO] [stdout]   = help: consider adding `extern crate threadpool` to use the `threadpool` crate
[INFO] [stdout] 
[INFO] [stdout] error: aborting due to 1 previous error
[INFO] [stdout] 
[INFO] [stdout] For more information about this error, try `rustc --explain E0432`.
[INFO] [stdout] Couldn't compile the test.
[INFO] [stdout] ---- src/lib.rs - (line 22) stdout ----
[INFO] [stdout] error[E0432]: unresolved import `threadpool`
[INFO] [stdout]  --> src/lib.rs:23:5
[INFO] [stdout]   |
[INFO] [stdout] 3 | use threadpool::ThreadPool;
[INFO] [stdout]   |     ^^^^^^^^^^ maybe a missing crate `threadpool`?
[INFO] [stdout]   |
[INFO] [stdout]   = help: consider adding `extern crate threadpool` to use the `threadpool` crate
[INFO] [stdout] 
[INFO] [stdout] error: aborting due to 1 previous error
[INFO] [stdout] 
[INFO] [stdout] For more information about this error, try `rustc --explain E0432`.
[INFO] [stdout] Couldn't compile the test.
[INFO] [stdout] ---- src/lib.rs - (line 48) stdout ----
[INFO] [stdout] error[E0432]: unresolved import `threadpool`
[INFO] [stdout]  --> src/lib.rs:49:5
[INFO] [stdout]   |
[INFO] [stdout] 3 | use threadpool::ThreadPool;
[INFO] [stdout]   |     ^^^^^^^^^^ maybe a missing crate `threadpool`?
[INFO] [stdout]   |
[INFO] [stdout]   = help: consider adding `extern crate threadpool` to use the `threadpool` crate
[INFO] [stdout] 
[INFO] [stdout] error: aborting due to 1 previous error
[INFO] [stdout] 
[INFO] [stdout] For more information about this error, try `rustc --explain E0432`.
[INFO] [stdout] Couldn't compile the test.
[INFO] [stdout] ---- src/lib.rs - ThreadPool::clone (line 645) stdout ----
[INFO] [stdout] error[E0432]: unresolved import `threadpool`
[INFO] [stdout]  --> src/lib.rs:646:5
[INFO] [stdout]   |
[INFO] [stdout] 3 | use threadpool::ThreadPool;
[INFO] [stdout]   |     ^^^^^^^^^^ maybe a missing crate `threadpool`?
[INFO] [stdout]   |
[INFO] [stdout]   = help: consider adding `extern crate threadpool` to use the `threadpool` crate
[INFO] [stdout] 
[INFO] [stdout] error: aborting due to 1 previous error
[INFO] [stdout] 
[INFO] [stdout] For more information about this error, try `rustc --explain E0432`.
[INFO] [stdout] Couldn't compile the test.
[INFO] [stdout] ---- src/lib.rs - Builder::thread_stack_size (line 254) stdout ----
[INFO] [stdout] error[E0433]: failed to resolve: use of undeclared crate or module `threadpool`
[INFO] [stdout]  --> src/lib.rs:255:12
[INFO] [stdout]   |
[INFO] [stdout] 3 | let pool = threadpool::Builder::new()
[INFO] [stdout]   |            ^^^^^^^^^^ use of undeclared crate or module `threadpool`
[INFO] [stdout]   |
[INFO] [stdout] help: consider importing this struct
[INFO] [stdout]   |
[INFO] [stdout] 2 + use std::thread::Builder;
[INFO] [stdout]   |
[INFO] [stdout] help: if you import `Builder`, refer to it directly
[INFO] [stdout]   |
[INFO] [stdout] 3 - let pool = threadpool::Builder::new()
[INFO] [stdout] 3 + let pool = Builder::new()
[INFO] [stdout]   |
[INFO] [stdout] 
[INFO] [stdout] error: aborting due to 1 previous error
[INFO] [stdout] 
[INFO] [stdout] For more information about this error, try `rustc --explain E0433`.
[INFO] [stdout] Couldn't compile the test.
[INFO] [stdout] ---- src/lib.rs - ThreadPool::join (line 597) stdout ----
[INFO] [stdout] error[E0432]: unresolved import `threadpool`
[INFO] [stdout]  --> src/lib.rs:598:5
[INFO] [stdout]   |
[INFO] [stdout] 3 | use threadpool::ThreadPool;
[INFO] [stdout]   |     ^^^^^^^^^^ maybe a missing crate `threadpool`?
[INFO] [stdout]   |
[INFO] [stdout]   = help: consider adding `extern crate threadpool` to use the `threadpool` crate
[INFO] [stdout] 
[INFO] [stdout] error: aborting due to 1 previous error
[INFO] [stdout] 
[INFO] [stdout] For more information about this error, try `rustc --explain E0432`.
[INFO] [stdout] Couldn't compile the test.
[INFO] [stdout] ---- src/lib.rs - ThreadPool::with_name (line 381) stdout ----
[INFO] [stdout] error[E0432]: unresolved import `threadpool`
[INFO] [stdout]  --> src/lib.rs:383:5
[INFO] [stdout]   |
[INFO] [stdout] 4 | use threadpool::ThreadPool;
[INFO] [stdout]   |     ^^^^^^^^^^ maybe a missing crate `threadpool`?
[INFO] [stdout]   |
[INFO] [stdout]   = help: consider adding `extern crate threadpool` to use the `threadpool` crate
[INFO] [stdout] 
[INFO] [stdout] error: aborting due to 1 previous error
[INFO] [stdout] 
[INFO] [stdout] For more information about this error, try `rustc --explain E0432`.
[INFO] [stdout] Couldn't compile the test.
[INFO] [stdout] ---- src/lib.rs - ThreadPool::queued_count (line 442) stdout ----
[INFO] [stdout] error[E0432]: unresolved import `threadpool`
[INFO] [stdout]  --> src/lib.rs:443:5
[INFO] [stdout]   |
[INFO] [stdout] 3 | use threadpool::ThreadPool;
[INFO] [stdout]   |     ^^^^^^^^^^ maybe a missing crate `threadpool`?
[INFO] [stdout]   |
[INFO] [stdout]   = help: consider adding `extern crate threadpool` to use the `threadpool` crate
[INFO] [stdout] 
[INFO] [stdout] error: aborting due to 1 previous error
[INFO] [stdout] 
[INFO] [stdout] For more information about this error, try `rustc --explain E0432`.
[INFO] [stdout] Couldn't compile the test.
[INFO] [stdout] ---- src/lib.rs - ThreadPool::set_num_threads (line 541) stdout ----
[INFO] [stdout] error[E0432]: unresolved import `threadpool`
[INFO] [stdout]  --> src/lib.rs:542:5
[INFO] [stdout]   |
[INFO] [stdout] 3 | use threadpool::ThreadPool;
[INFO] [stdout]   |     ^^^^^^^^^^ maybe a missing crate `threadpool`?
[INFO] [stdout]   |
[INFO] [stdout]   = help: consider adding `extern crate threadpool` to use the `threadpool` crate
[INFO] [stdout] 
[INFO] [stdout] error: aborting due to 1 previous error
[INFO] [stdout] 
[INFO] [stdout] For more information about this error, try `rustc --explain E0432`.
[INFO] [stdout] Couldn't compile the test.
[INFO] [stdout] 
[INFO] [stdout] failures:
[INFO] [stdout]     src/lib.rs - (line 22)
[INFO] [stdout]     src/lib.rs - (line 48)
[INFO] [stdout]     src/lib.rs - Builder (line 153)
[INFO] [stdout]     src/lib.rs - Builder::build (line 277)
[INFO] [stdout]     src/lib.rs - Builder::new (line 173)
[INFO] [stdout]     src/lib.rs - Builder::num_threads (line 197)
[INFO] [stdout]     src/lib.rs - Builder::thread_name (line 225)
[INFO] [stdout]     src/lib.rs - Builder::thread_stack_size (line 254)
[INFO] [stdout]     src/lib.rs - ThreadPool::active_count (line 465)
[INFO] [stdout]     src/lib.rs - ThreadPool::clone (line 645)
[INFO] [stdout]     src/lib.rs - ThreadPool::eq (line 707)
[INFO] [stdout]     src/lib.rs - ThreadPool::execute (line 418)
[INFO] [stdout]     src/lib.rs - ThreadPool::join (line 597)
[INFO] [stdout]     src/lib.rs - ThreadPool::max_count (line 488)
[INFO] [stdout]     src/lib.rs - ThreadPool::new (line 363)
[INFO] [stdout]     src/lib.rs - ThreadPool::panic_count (line 505)
[INFO] [stdout]     src/lib.rs - ThreadPool::queued_count (line 442)
[INFO] [stdout]     src/lib.rs - ThreadPool::set_num_threads (line 541)
[INFO] [stdout]     src/lib.rs - ThreadPool::with_name (line 381)
[INFO] [stdout] 
[INFO] [stdout] test result: FAILED. 0 passed; 19 failed; 0 ignored; 0 measured; 0 filtered out; finished in 0.09s
[INFO] [stdout] 
[INFO] [stderr] error: doctest failed, to rerun pass `--doc`
[INFO] running `Command { std: "docker" "inspect" "ddfa43e2865a06dba47d06246225df78bb9b9a82c4eb3ef90d3766ccaab7c9aa", kill_on_drop: false }`
[INFO] running `Command { std: "docker" "rm" "-f" "ddfa43e2865a06dba47d06246225df78bb9b9a82c4eb3ef90d3766ccaab7c9aa", kill_on_drop: false }`
[INFO] [stdout] ddfa43e2865a06dba47d06246225df78bb9b9a82c4eb3ef90d3766ccaab7c9aa
