[INFO] fetching crate thalo-macros 0.5.0...
[INFO] testing thalo-macros-0.5.0 against 1.75.0 for beta-1.76-1
[INFO] extracting crate thalo-macros 0.5.0 into /workspace/builds/worker-4-tc1/source
[INFO] validating manifest of crates.io crate thalo-macros 0.5.0 on toolchain 1.75.0
[INFO] running `Command { std: CARGO_HOME="/workspace/cargo-home" RUSTUP_HOME="/workspace/rustup-home" "/workspace/cargo-home/bin/cargo" "+1.75.0" "metadata" "--manifest-path" "Cargo.toml" "--no-deps", kill_on_drop: false }`
[INFO] started tweaking crates.io crate thalo-macros 0.5.0
[INFO] finished tweaking crates.io crate thalo-macros 0.5.0
[INFO] tweaked toml for crates.io crate thalo-macros 0.5.0 written to /workspace/builds/worker-4-tc1/source/Cargo.toml
[INFO] running `Command { std: CARGO_HOME="/workspace/cargo-home" RUSTUP_HOME="/workspace/rustup-home" "/workspace/cargo-home/bin/cargo" "+1.75.0" "generate-lockfile" "--manifest-path" "Cargo.toml", kill_on_drop: false }`
[INFO] [stderr]     Updating crates.io index
[INFO] running `Command { std: CARGO_HOME="/workspace/cargo-home" RUSTUP_HOME="/workspace/rustup-home" "/workspace/cargo-home/bin/cargo" "+1.75.0" "fetch" "--manifest-path" "Cargo.toml", kill_on_drop: false }`
[INFO] [stderr]  Downloading crates ...
[INFO] [stderr]   Downloaded better-bae v0.1.9
[INFO] [stderr]   Downloaded better-bae-macros v0.1.9
[INFO] running `Command { std: "docker" "create" "-v" "/var/lib/crater-agent-workspace/builds/worker-4-tc1/target:/opt/rustwide/target:rw,Z" "-v" "/var/lib/crater-agent-workspace/builds/worker-4-tc1/source:/opt/rustwide/workdir:ro,Z" "-v" "/var/lib/crater-agent-workspace/cargo-home:/opt/rustwide/cargo-home:ro,Z" "-v" "/var/lib/crater-agent-workspace/rustup-home:/opt/rustwide/rustup-home:ro,Z" "-e" "SOURCE_DIR=/opt/rustwide/workdir" "-e" "CARGO_TARGET_DIR=/opt/rustwide/target" "-e" "CARGO_HOME=/opt/rustwide/cargo-home" "-e" "RUSTUP_HOME=/opt/rustwide/rustup-home" "-w" "/opt/rustwide/workdir" "-m" "1610612736" "--user" "0:0" "--network" "none" "ghcr.io/rust-lang/crates-build-env/linux@sha256:2788e3201cd34a07e3172128adcd8b3090168a8e3bcc40d7c032b9dda1df7d1c" "/opt/rustwide/cargo-home/bin/cargo" "+1.75.0" "metadata" "--no-deps" "--format-version=1", kill_on_drop: false }`
[INFO] [stdout] ba66afe5d27bddfd75830667e826d2c9751e980dde9294cecfbfcb0e53dc245f
[INFO] running `Command { std: "docker" "start" "-a" "ba66afe5d27bddfd75830667e826d2c9751e980dde9294cecfbfcb0e53dc245f", kill_on_drop: false }`
[INFO] running `Command { std: "docker" "inspect" "ba66afe5d27bddfd75830667e826d2c9751e980dde9294cecfbfcb0e53dc245f", kill_on_drop: false }`
[INFO] running `Command { std: "docker" "rm" "-f" "ba66afe5d27bddfd75830667e826d2c9751e980dde9294cecfbfcb0e53dc245f", kill_on_drop: false }`
[INFO] [stdout] ba66afe5d27bddfd75830667e826d2c9751e980dde9294cecfbfcb0e53dc245f
[INFO] running `Command { std: "docker" "create" "-v" "/var/lib/crater-agent-workspace/builds/worker-4-tc1/target:/opt/rustwide/target:rw,Z" "-v" "/var/lib/crater-agent-workspace/builds/worker-4-tc1/source:/opt/rustwide/workdir:ro,Z" "-v" "/var/lib/crater-agent-workspace/cargo-home:/opt/rustwide/cargo-home:ro,Z" "-v" "/var/lib/crater-agent-workspace/rustup-home:/opt/rustwide/rustup-home:ro,Z" "-e" "SOURCE_DIR=/opt/rustwide/workdir" "-e" "CARGO_TARGET_DIR=/opt/rustwide/target" "-e" "CARGO_INCREMENTAL=0" "-e" "RUST_BACKTRACE=full" "-e" "RUSTFLAGS=--cap-lints=warn" "-e" "RUSTDOCFLAGS=--cap-lints=warn" "-e" "CARGO_HOME=/opt/rustwide/cargo-home" "-e" "RUSTUP_HOME=/opt/rustwide/rustup-home" "-w" "/opt/rustwide/workdir" "-m" "1610612736" "--user" "0:0" "--network" "none" "ghcr.io/rust-lang/crates-build-env/linux@sha256:2788e3201cd34a07e3172128adcd8b3090168a8e3bcc40d7c032b9dda1df7d1c" "/opt/rustwide/cargo-home/bin/cargo" "+1.75.0" "build" "--frozen" "--message-format=json", kill_on_drop: false }`
[INFO] [stdout] 9addc90b1b0cd3c39909fa8ddd41fdccab5245844df7394fa76733c71b49a137
[INFO] running `Command { std: "docker" "start" "-a" "9addc90b1b0cd3c39909fa8ddd41fdccab5245844df7394fa76733c71b49a137", kill_on_drop: false }`
[INFO] [stderr]    Compiling proc-macro2 v1.0.75
[INFO] [stderr]    Compiling version_check v0.9.4
[INFO] [stderr]    Compiling unicode-ident v1.0.12
[INFO] [stderr]    Compiling syn v1.0.109
[INFO] [stderr]    Compiling heck v0.4.1
[INFO] [stderr]    Compiling proc-macro-error-attr v1.0.4
[INFO] [stderr]    Compiling proc-macro-error v1.0.4
[INFO] [stderr]    Compiling quote v1.0.35
[INFO] [stderr]    Compiling better-bae-macros v0.1.9
[INFO] [stderr]    Compiling better-bae v0.1.9
[INFO] [stderr]    Compiling thalo-macros v0.5.0 (/opt/rustwide/workdir)
[INFO] [stderr]     Finished dev [unoptimized + debuginfo] target(s) in 5.53s
[INFO] running `Command { std: "docker" "inspect" "9addc90b1b0cd3c39909fa8ddd41fdccab5245844df7394fa76733c71b49a137", kill_on_drop: false }`
[INFO] running `Command { std: "docker" "rm" "-f" "9addc90b1b0cd3c39909fa8ddd41fdccab5245844df7394fa76733c71b49a137", kill_on_drop: false }`
[INFO] [stdout] 9addc90b1b0cd3c39909fa8ddd41fdccab5245844df7394fa76733c71b49a137
[INFO] running `Command { std: "docker" "create" "-v" "/var/lib/crater-agent-workspace/builds/worker-4-tc1/target:/opt/rustwide/target:rw,Z" "-v" "/var/lib/crater-agent-workspace/builds/worker-4-tc1/source:/opt/rustwide/workdir:ro,Z" "-v" "/var/lib/crater-agent-workspace/cargo-home:/opt/rustwide/cargo-home:ro,Z" "-v" "/var/lib/crater-agent-workspace/rustup-home:/opt/rustwide/rustup-home:ro,Z" "-e" "SOURCE_DIR=/opt/rustwide/workdir" "-e" "CARGO_TARGET_DIR=/opt/rustwide/target" "-e" "CARGO_INCREMENTAL=0" "-e" "RUST_BACKTRACE=full" "-e" "RUSTFLAGS=--cap-lints=warn" "-e" "RUSTDOCFLAGS=--cap-lints=warn" "-e" "CARGO_HOME=/opt/rustwide/cargo-home" "-e" "RUSTUP_HOME=/opt/rustwide/rustup-home" "-w" "/opt/rustwide/workdir" "-m" "1610612736" "--user" "0:0" "--network" "none" "ghcr.io/rust-lang/crates-build-env/linux@sha256:2788e3201cd34a07e3172128adcd8b3090168a8e3bcc40d7c032b9dda1df7d1c" "/opt/rustwide/cargo-home/bin/cargo" "+1.75.0" "test" "--frozen" "--no-run" "--message-format=json", kill_on_drop: false }`
[INFO] [stdout] a05da235342a7f630a6519acd07534a14c0744396a9755e5a2a484ed7b2363f9
[INFO] running `Command { std: "docker" "start" "-a" "a05da235342a7f630a6519acd07534a14c0744396a9755e5a2a484ed7b2363f9", kill_on_drop: false }`
[INFO] [stderr]    Compiling thalo-macros v0.5.0 (/opt/rustwide/workdir)
[INFO] [stderr]     Finished test [unoptimized + debuginfo] target(s) in 0.91s
[INFO] running `Command { std: "docker" "inspect" "a05da235342a7f630a6519acd07534a14c0744396a9755e5a2a484ed7b2363f9", kill_on_drop: false }`
[INFO] running `Command { std: "docker" "rm" "-f" "a05da235342a7f630a6519acd07534a14c0744396a9755e5a2a484ed7b2363f9", kill_on_drop: false }`
[INFO] [stdout] a05da235342a7f630a6519acd07534a14c0744396a9755e5a2a484ed7b2363f9
[INFO] running `Command { std: "docker" "create" "-v" "/var/lib/crater-agent-workspace/builds/worker-4-tc1/target:/opt/rustwide/target:rw,Z" "-v" "/var/lib/crater-agent-workspace/builds/worker-4-tc1/source:/opt/rustwide/workdir:ro,Z" "-v" "/var/lib/crater-agent-workspace/cargo-home:/opt/rustwide/cargo-home:ro,Z" "-v" "/var/lib/crater-agent-workspace/rustup-home:/opt/rustwide/rustup-home:ro,Z" "-e" "SOURCE_DIR=/opt/rustwide/workdir" "-e" "CARGO_TARGET_DIR=/opt/rustwide/target" "-e" "CARGO_INCREMENTAL=0" "-e" "RUST_BACKTRACE=full" "-e" "RUSTFLAGS=--cap-lints=warn" "-e" "RUSTDOCFLAGS=--cap-lints=warn" "-e" "CARGO_HOME=/opt/rustwide/cargo-home" "-e" "RUSTUP_HOME=/opt/rustwide/rustup-home" "-w" "/opt/rustwide/workdir" "-m" "1610612736" "--user" "0:0" "--network" "none" "ghcr.io/rust-lang/crates-build-env/linux@sha256:2788e3201cd34a07e3172128adcd8b3090168a8e3bcc40d7c032b9dda1df7d1c" "/opt/rustwide/cargo-home/bin/cargo" "+1.75.0" "test" "--frozen", kill_on_drop: false }`
[INFO] [stdout] 201d646964db2c1256770f975ea573abf8d2858c241f751ac0137e4893022ada
[INFO] running `Command { std: "docker" "start" "-a" "201d646964db2c1256770f975ea573abf8d2858c241f751ac0137e4893022ada", kill_on_drop: false }`
[INFO] [stderr]     Finished test [unoptimized + debuginfo] target(s) in 0.01s
[INFO] [stderr]      Running unittests src/lib.rs (/opt/rustwide/target/debug/deps/thalo_macros-815446d7e0c8fb2f)
[INFO] [stdout] 
[INFO] [stdout] running 0 tests
[INFO] [stdout] 
[INFO] [stdout] test result: ok. 0 passed; 0 failed; 0 ignored; 0 measured; 0 filtered out; finished in 0.00s
[INFO] [stdout] 
[INFO] [stderr]    Doc-tests thalo-macros
[INFO] [stdout] 
[INFO] [stdout] running 7 tests
[INFO] [stdout] test src/lib.rs - aggregate (line 28) ... ignored
[INFO] [stdout] test src/lib.rs - event (line 124) ... FAILED
[INFO] [stdout] test src/lib.rs - aggregate (line 53) ... FAILED
[INFO] [stdout] test src/lib.rs - type_id (line 220) ... FAILED
[INFO] [stdout] test src/lib.rs - aggregate (line 79) ... FAILED
[INFO] [stdout] test src/lib.rs - event_type (line 180) ... FAILED
[INFO] [stdout] test src/lib.rs - event_type (line 193) ... FAILED
[INFO] [stdout] 
[INFO] [stdout] failures:
[INFO] [stdout] 
[INFO] [stdout] ---- src/lib.rs - event (line 124) stdout ----
[INFO] [stdout] error[E0433]: failed to resolve: use of undeclared crate or module `thalo`
[INFO] [stdout]  --> src/lib.rs:125:5
[INFO] [stdout]   |
[INFO] [stdout] 3 | use thalo::event::Event;
[INFO] [stdout]   |     ^^^^^ use of undeclared crate or module `thalo`
[INFO] [stdout] 
[INFO] [stdout] error: cannot determine resolution for the derive macro `Event`
[INFO] [stdout]   --> src/lib.rs:139:10
[INFO] [stdout]    |
[INFO] [stdout] 17 | #[derive(Event)]
[INFO] [stdout]    |          ^^^^^
[INFO] [stdout]    |
[INFO] [stdout]    = note: import resolution is stuck, try simplifying macro imports
[INFO] [stdout] 
[INFO] [stdout] error: cannot find attribute `thalo` in this scope
[INFO] [stdout]   --> src/lib.rs:140:3
[INFO] [stdout]    |
[INFO] [stdout] 18 | #[thalo(parent = "AuthEvent", variant = "Registered")]
[INFO] [stdout]    |   ^^^^^
[INFO] [stdout] 
[INFO] [stdout] error: cannot determine resolution for the derive macro `Event`
[INFO] [stdout]   --> src/lib.rs:132:10
[INFO] [stdout]    |
[INFO] [stdout] 10 | #[derive(Event)]
[INFO] [stdout]    |          ^^^^^
[INFO] [stdout]    |
[INFO] [stdout]    = note: import resolution is stuck, try simplifying macro imports
[INFO] [stdout] 
[INFO] [stdout] error: cannot find attribute `thalo` in this scope
[INFO] [stdout]   --> src/lib.rs:133:3
[INFO] [stdout]    |
[INFO] [stdout] 11 | #[thalo(parent = "AuthEvent", variant = "LoggedIn")]
[INFO] [stdout]    |   ^^^^^
[INFO] [stdout] 
[INFO] [stdout] error[E0412]: cannot find type `DateTime` in this scope
[INFO] [stdout]   --> src/lib.rs:136:21
[INFO] [stdout]    |
[INFO] [stdout] 14 |     pub expires_at: DateTime<Utc>,
[INFO] [stdout]    |                     ^^^^^^^^ not found in this scope
[INFO] [stdout] 
[INFO] [stdout] error[E0412]: cannot find type `Utc` in this scope
[INFO] [stdout]   --> src/lib.rs:136:30
[INFO] [stdout]    |
[INFO] [stdout] 14 |     pub expires_at: DateTime<Utc>,
[INFO] [stdout]    |                              ^^^ not found in this scope
[INFO] [stdout]    |
[INFO] [stdout] help: you might be missing a type parameter
[INFO] [stdout]    |
[INFO] [stdout] 12 | pub struct LoggedInEvent<Utc> {
[INFO] [stdout]    |                         +++++
[INFO] [stdout] 
[INFO] [stdout] error: aborting due to 7 previous errors
[INFO] [stdout] 
[INFO] [stdout] Some errors have detailed explanations: E0412, E0433.
[INFO] [stdout] For more information about an error, try `rustc --explain E0412`.
[INFO] [stdout] Couldn't compile the test.
[INFO] [stdout] ---- src/lib.rs - aggregate (line 53) stdout ----
[INFO] [stdout] error[E0432]: unresolved import `BankAccountEvent`
[INFO] [stdout]   --> src/lib.rs:61:9
[INFO] [stdout]    |
[INFO] [stdout] 10 |     use BankAccountEvent::*;
[INFO] [stdout]    |         ^^^^^^^^^^^^^^^^ use of undeclared type `BankAccountEvent`
[INFO] [stdout] 
[INFO] [stdout] error: cannot find derive macro `Aggregate` in this scope
[INFO] [stdout]  --> src/lib.rs:54:19
[INFO] [stdout]   |
[INFO] [stdout] 3 | #[derive(Default, Aggregate, TypeId)]
[INFO] [stdout]   |                   ^^^^^^^^^
[INFO] [stdout]   |
[INFO] [stdout] help: consider importing this derive macro
[INFO] [stdout]   |
[INFO] [stdout] 2 + use thalo_macros::Aggregate;
[INFO] [stdout]   |
[INFO] [stdout] 
[INFO] [stdout] error: cannot find derive macro `TypeId` in this scope
[INFO] [stdout]  --> src/lib.rs:54:30
[INFO] [stdout]   |
[INFO] [stdout] 3 | #[derive(Default, Aggregate, TypeId)]
[INFO] [stdout]   |                              ^^^^^^
[INFO] [stdout]   |
[INFO] [stdout] help: consider importing this derive macro
[INFO] [stdout]   |
[INFO] [stdout] 2 + use thalo_macros::TypeId;
[INFO] [stdout]   |
[INFO] [stdout] 
[INFO] [stdout] error[E0412]: cannot find type `BankAccountEvent` in this scope
[INFO] [stdout]  --> src/lib.rs:60:49
[INFO] [stdout]   |
[INFO] [stdout] 4 | struct BankAccount {
[INFO] [stdout]   | ------------------ similarly named struct `BankAccount` defined here
[INFO] [stdout] ...
[INFO] [stdout] 9 | fn apply(bank_account: &mut BankAccount, event: BankAccountEvent) {
[INFO] [stdout]   |                                                 ^^^^^^^^^^^^^^^^ help: a struct with a similar name exists: `BankAccount`
[INFO] [stdout] 
[INFO] [stdout] error[E0422]: cannot find struct, variant or union type `OpenedAccount` in this scope
[INFO] [stdout]   --> src/lib.rs:64:9
[INFO] [stdout]    |
[INFO] [stdout] 13 |         OpenedAccount { balance } => {
[INFO] [stdout]    |         ^^^^^^^^^^^^^ not found in this scope
[INFO] [stdout] 
[INFO] [stdout] error[E0422]: cannot find struct, variant or union type `DepositedFunds` in this scope
[INFO] [stdout]   --> src/lib.rs:67:9
[INFO] [stdout]    |
[INFO] [stdout] 16 |         DepositedFunds { amount } => {
[INFO] [stdout]    |         ^^^^^^^^^^^^^^ not found in this scope
[INFO] [stdout] 
[INFO] [stdout] error[E0422]: cannot find struct, variant or union type `WithdrewFunds` in this scope
[INFO] [stdout]   --> src/lib.rs:70:9
[INFO] [stdout]    |
[INFO] [stdout] 19 |         WithdrewFunds { amount } => {
[INFO] [stdout]    |         ^^^^^^^^^^^^^ not found in this scope
[INFO] [stdout] 
[INFO] [stdout] error: aborting due to 7 previous errors
[INFO] [stdout] 
[INFO] [stdout] Some errors have detailed explanations: E0412, E0422, E0432.
[INFO] [stdout] For more information about an error, try `rustc --explain E0412`.
[INFO] [stdout] Couldn't compile the test.
[INFO] [stdout] ---- src/lib.rs - type_id (line 220) stdout ----
[INFO] [stdout] error[E0433]: failed to resolve: use of undeclared crate or module `thalo`
[INFO] [stdout]  --> src/lib.rs:221:5
[INFO] [stdout]   |
[INFO] [stdout] 3 | use thalo::aggregate::TypeId;
[INFO] [stdout]   |     ^^^^^ use of undeclared crate or module `thalo`
[INFO] [stdout] 
[INFO] [stdout] error: cannot determine resolution for the derive macro `TypeId`
[INFO] [stdout]  --> src/lib.rs:223:10
[INFO] [stdout]   |
[INFO] [stdout] 5 | #[derive(TypeId)]
[INFO] [stdout]   |          ^^^^^^
[INFO] [stdout]   |
[INFO] [stdout]   = note: import resolution is stuck, try simplifying macro imports
[INFO] [stdout] 
[INFO] [stdout] error: cannot find attribute `thalo` in this scope
[INFO] [stdout]  --> src/lib.rs:224:3
[INFO] [stdout]   |
[INFO] [stdout] 6 | #[thalo(type_id = "bank_account_aggregate")]
[INFO] [stdout]   |   ^^^^^
[INFO] [stdout] 
[INFO] [stdout] error: aborting due to 3 previous errors
[INFO] [stdout] 
[INFO] [stdout] For more information about this error, try `rustc --explain E0433`.
[INFO] [stdout] Couldn't compile the test.
[INFO] [stdout] ---- src/lib.rs - aggregate (line 79) stdout ----
[INFO] [stdout] error[E0432]: unresolved import `BankEvent`
[INFO] [stdout]   --> src/lib.rs:89:9
[INFO] [stdout]    |
[INFO] [stdout] 12 |     use BankEvent::*;
[INFO] [stdout]    |         ^^^^^^^^^ use of undeclared type `BankEvent`
[INFO] [stdout] 
[INFO] [stdout] error: cannot find derive macro `Aggregate` in this scope
[INFO] [stdout]  --> src/lib.rs:80:19
[INFO] [stdout]   |
[INFO] [stdout] 3 | #[derive(Default, Aggregate, TypeId)]
[INFO] [stdout]   |                   ^^^^^^^^^
[INFO] [stdout]   |
[INFO] [stdout] help: consider importing this derive macro
[INFO] [stdout]   |
[INFO] [stdout] 2 + use thalo_macros::Aggregate;
[INFO] [stdout]   |
[INFO] [stdout] 
[INFO] [stdout] error: cannot find derive macro `TypeId` in this scope
[INFO] [stdout]  --> src/lib.rs:80:30
[INFO] [stdout]   |
[INFO] [stdout] 3 | #[derive(Default, Aggregate, TypeId)]
[INFO] [stdout]   |                              ^^^^^^
[INFO] [stdout]   |
[INFO] [stdout] help: consider importing this derive macro
[INFO] [stdout]   |
[INFO] [stdout] 2 + use thalo_macros::TypeId;
[INFO] [stdout]   |
[INFO] [stdout] 
[INFO] [stdout] error: cannot find attribute `thalo` in this scope
[INFO] [stdout]  --> src/lib.rs:81:3
[INFO] [stdout]   |
[INFO] [stdout] 4 | #[thalo(event = "BankEvent", apply = "apply_event")]
[INFO] [stdout]   |   ^^^^^
[INFO] [stdout] 
[INFO] [stdout] error: cannot find attribute `thalo` in this scope
[INFO] [stdout]  --> src/lib.rs:83:7
[INFO] [stdout]   |
[INFO] [stdout] 6 |     #[thalo(id)]
[INFO] [stdout]   |       ^^^^^
[INFO] [stdout] 
[INFO] [stdout] error[E0412]: cannot find type `BankEvent` in this scope
[INFO] [stdout]   --> src/lib.rs:88:55
[INFO] [stdout]    |
[INFO] [stdout] 11 | fn apply_event(bank_account: &mut BankAccount, event: BankEvent) {
[INFO] [stdout]    |                                                       ^^^^^^^^^ not found in this scope
[INFO] [stdout] 
[INFO] [stdout] error[E0422]: cannot find struct, variant or union type `OpenedAccount` in this scope
[INFO] [stdout]   --> src/lib.rs:92:9
[INFO] [stdout]    |
[INFO] [stdout] 15 |         OpenedAccount { balance } => {
[INFO] [stdout]    |         ^^^^^^^^^^^^^ not found in this scope
[INFO] [stdout] 
[INFO] [stdout] error[E0422]: cannot find struct, variant or union type `DepositedFunds` in this scope
[INFO] [stdout]   --> src/lib.rs:95:9
[INFO] [stdout]    |
[INFO] [stdout] 18 |         DepositedFunds { amount } => {
[INFO] [stdout]    |         ^^^^^^^^^^^^^^ not found in this scope
[INFO] [stdout] 
[INFO] [stdout] error[E0422]: cannot find struct, variant or union type `WithdrewFunds` in this scope
[INFO] [stdout]   --> src/lib.rs:98:9
[INFO] [stdout]    |
[INFO] [stdout] 21 |         WithdrewFunds { amount } => {
[INFO] [stdout]    |         ^^^^^^^^^^^^^ not found in this scope
[INFO] [stdout] 
[INFO] [stdout] error: aborting due to 9 previous errors
[INFO] [stdout] 
[INFO] [stdout] Some errors have detailed explanations: E0412, E0422, E0432.
[INFO] [stdout] For more information about an error, try `rustc --explain E0412`.
[INFO] [stdout] Couldn't compile the test.
[INFO] [stdout] ---- src/lib.rs - event_type (line 180) stdout ----
[INFO] [stdout] error: cannot find derive macro `EventType` in this scope
[INFO] [stdout]  --> src/lib.rs:181:10
[INFO] [stdout]   |
[INFO] [stdout] 3 | #[derive(EventType)]
[INFO] [stdout]   |          ^^^^^^^^^
[INFO] [stdout]   |
[INFO] [stdout] help: consider importing this derive macro
[INFO] [stdout]   |
[INFO] [stdout] 2 + use thalo_macros::EventType;
[INFO] [stdout]   |
[INFO] [stdout] 
[INFO] [stdout] error[E0599]: no method named `event_name` found for enum `BankAccountEvent` in the current scope
[INFO] [stdout]   --> src/lib.rs:188:61
[INFO] [stdout]    |
[INFO] [stdout] 4  | pub enum BankAccountEvent {
[INFO] [stdout]    | ------------------------- method `event_name` not found for this enum
[INFO] [stdout] ...
[INFO] [stdout] 10 | assert_eq!(BankAccountEvent::OpenedAccount { balance: 0.0 }.event_name(), "OpenedAccount");
[INFO] [stdout]    |                                                             ^^^^^^^^^^ method not found in `BankAccountEvent`
[INFO] [stdout] 
[INFO] [stdout] error: aborting due to 2 previous errors
[INFO] [stdout] 
[INFO] [stdout] For more information about this error, try `rustc --explain E0599`.
[INFO] [stdout] Couldn't compile the test.
[INFO] [stdout] ---- src/lib.rs - event_type (line 193) stdout ----
[INFO] [stdout] error: cannot find derive macro `EventType` in this scope
[INFO] [stdout]  --> src/lib.rs:194:10
[INFO] [stdout]   |
[INFO] [stdout] 3 | #[derive(EventType)]
[INFO] [stdout]   |          ^^^^^^^^^
[INFO] [stdout]   |
[INFO] [stdout] help: consider importing this derive macro
[INFO] [stdout]   |
[INFO] [stdout] 2 + use thalo_macros::EventType;
[INFO] [stdout]   |
[INFO] [stdout] 
[INFO] [stdout] error: cannot find attribute `thalo` in this scope
[INFO] [stdout]  --> src/lib.rs:195:3
[INFO] [stdout]   |
[INFO] [stdout] 4 | #[thalo(rename_all = "SCREAMING_SNAKE_CASE")]
[INFO] [stdout]   |   ^^^^^
[INFO] [stdout] 
[INFO] [stdout] error: cannot find attribute `thalo` in this scope
[INFO] [stdout]  --> src/lib.rs:199:7
[INFO] [stdout]   |
[INFO] [stdout] 8 |     #[thalo(rename = "FUNDS_WITHDRAWN")]
[INFO] [stdout]   |       ^^^^^
[INFO] [stdout] 
[INFO] [stdout] error[E0599]: no method named `event_name` found for enum `BankAccountEvent` in the current scope
[INFO] [stdout]   --> src/lib.rs:203:61
[INFO] [stdout]    |
[INFO] [stdout] 5  | pub enum BankAccountEvent {
[INFO] [stdout]    | ------------------------- method `event_name` not found for this enum
[INFO] [stdout] ...
[INFO] [stdout] 12 | assert_eq!(BankAccountEvent::OpenedAccount { balance: 0.0 }.event_name(), "OPENED_ACCOUNT");
[INFO] [stdout]    |                                                             ^^^^^^^^^^ method not found in `BankAccountEvent`
[INFO] [stdout] 
[INFO] [stdout] error: aborting due to 4 previous errors
[INFO] [stdout] 
[INFO] [stdout] For more information about this error, try `rustc --explain E0599`.
[INFO] [stdout] Couldn't compile the test.
[INFO] [stdout] 
[INFO] [stdout] failures:
[INFO] [stdout]     src/lib.rs - aggregate (line 53)
[INFO] [stdout]     src/lib.rs - aggregate (line 79)
[INFO] [stdout]     src/lib.rs - event (line 124)
[INFO] [stdout]     src/lib.rs - event_type (line 180)
[INFO] [stdout]     src/lib.rs - event_type (line 193)
[INFO] [stdout]     src/lib.rs - type_id (line 220)
[INFO] [stdout] 
[INFO] [stdout] test result: FAILED. 0 passed; 6 failed; 1 ignored; 0 measured; 0 filtered out; finished in 0.17s
[INFO] [stdout] 
[INFO] [stderr] error: doctest failed, to rerun pass `--doc`
[INFO] running `Command { std: "docker" "inspect" "201d646964db2c1256770f975ea573abf8d2858c241f751ac0137e4893022ada", kill_on_drop: false }`
[INFO] running `Command { std: "docker" "rm" "-f" "201d646964db2c1256770f975ea573abf8d2858c241f751ac0137e4893022ada", kill_on_drop: false }`
[INFO] [stdout] 201d646964db2c1256770f975ea573abf8d2858c241f751ac0137e4893022ada
[INFO] testing thalo-macros-0.5.0 against beta-2023-12-22 for beta-1.76-1
[INFO] extracting crate thalo-macros 0.5.0 into /workspace/builds/worker-4-tc2/source
[INFO] validating manifest of crates.io crate thalo-macros 0.5.0 on toolchain beta-2023-12-22
[INFO] running `Command { std: CARGO_HOME="/workspace/cargo-home" RUSTUP_HOME="/workspace/rustup-home" "/workspace/cargo-home/bin/cargo" "+beta-2023-12-22" "metadata" "--manifest-path" "Cargo.toml" "--no-deps", kill_on_drop: false }`
[INFO] started tweaking crates.io crate thalo-macros 0.5.0
[INFO] finished tweaking crates.io crate thalo-macros 0.5.0
[INFO] tweaked toml for crates.io crate thalo-macros 0.5.0 written to /workspace/builds/worker-4-tc2/source/Cargo.toml
[INFO] running `Command { std: CARGO_HOME="/workspace/cargo-home" RUSTUP_HOME="/workspace/rustup-home" "/workspace/cargo-home/bin/cargo" "+beta-2023-12-22" "generate-lockfile" "--manifest-path" "Cargo.toml", kill_on_drop: false }`
[INFO] [stderr]     Updating crates.io index
[INFO] running `Command { std: CARGO_HOME="/workspace/cargo-home" RUSTUP_HOME="/workspace/rustup-home" "/workspace/cargo-home/bin/cargo" "+beta-2023-12-22" "fetch" "--manifest-path" "Cargo.toml", kill_on_drop: false }`
[INFO] running `Command { std: "docker" "create" "-v" "/var/lib/crater-agent-workspace/builds/worker-4-tc2/target:/opt/rustwide/target:rw,Z" "-v" "/var/lib/crater-agent-workspace/builds/worker-4-tc2/source:/opt/rustwide/workdir:ro,Z" "-v" "/var/lib/crater-agent-workspace/cargo-home:/opt/rustwide/cargo-home:ro,Z" "-v" "/var/lib/crater-agent-workspace/rustup-home:/opt/rustwide/rustup-home:ro,Z" "-e" "SOURCE_DIR=/opt/rustwide/workdir" "-e" "CARGO_TARGET_DIR=/opt/rustwide/target" "-e" "CARGO_HOME=/opt/rustwide/cargo-home" "-e" "RUSTUP_HOME=/opt/rustwide/rustup-home" "-w" "/opt/rustwide/workdir" "-m" "1610612736" "--user" "0:0" "--network" "none" "ghcr.io/rust-lang/crates-build-env/linux@sha256:2788e3201cd34a07e3172128adcd8b3090168a8e3bcc40d7c032b9dda1df7d1c" "/opt/rustwide/cargo-home/bin/cargo" "+beta-2023-12-22" "metadata" "--no-deps" "--format-version=1", kill_on_drop: false }`
[INFO] [stdout] fcc2b1733485347a7c41f4018e8922502ebe868c3ec1a05c86102b8375c7135f
[INFO] running `Command { std: "docker" "start" "-a" "fcc2b1733485347a7c41f4018e8922502ebe868c3ec1a05c86102b8375c7135f", kill_on_drop: false }`
[INFO] running `Command { std: "docker" "inspect" "fcc2b1733485347a7c41f4018e8922502ebe868c3ec1a05c86102b8375c7135f", kill_on_drop: false }`
[INFO] running `Command { std: "docker" "rm" "-f" "fcc2b1733485347a7c41f4018e8922502ebe868c3ec1a05c86102b8375c7135f", kill_on_drop: false }`
[INFO] [stdout] fcc2b1733485347a7c41f4018e8922502ebe868c3ec1a05c86102b8375c7135f
[INFO] running `Command { std: "docker" "create" "-v" "/var/lib/crater-agent-workspace/builds/worker-4-tc2/target:/opt/rustwide/target:rw,Z" "-v" "/var/lib/crater-agent-workspace/builds/worker-4-tc2/source:/opt/rustwide/workdir:ro,Z" "-v" "/var/lib/crater-agent-workspace/cargo-home:/opt/rustwide/cargo-home:ro,Z" "-v" "/var/lib/crater-agent-workspace/rustup-home:/opt/rustwide/rustup-home:ro,Z" "-e" "SOURCE_DIR=/opt/rustwide/workdir" "-e" "CARGO_TARGET_DIR=/opt/rustwide/target" "-e" "CARGO_INCREMENTAL=0" "-e" "RUST_BACKTRACE=full" "-e" "RUSTFLAGS=--cap-lints=warn" "-e" "RUSTDOCFLAGS=--cap-lints=warn" "-e" "CARGO_HOME=/opt/rustwide/cargo-home" "-e" "RUSTUP_HOME=/opt/rustwide/rustup-home" "-w" "/opt/rustwide/workdir" "-m" "1610612736" "--user" "0:0" "--network" "none" "ghcr.io/rust-lang/crates-build-env/linux@sha256:2788e3201cd34a07e3172128adcd8b3090168a8e3bcc40d7c032b9dda1df7d1c" "/opt/rustwide/cargo-home/bin/cargo" "+beta-2023-12-22" "build" "--frozen" "--message-format=json", kill_on_drop: false }`
[INFO] [stdout] 3584ac638c0323c4865943f6975919e8e5c0ddfbc3cd6f64cad164d433c17eed
[INFO] running `Command { std: "docker" "start" "-a" "3584ac638c0323c4865943f6975919e8e5c0ddfbc3cd6f64cad164d433c17eed", kill_on_drop: false }`
[INFO] [stderr]    Compiling proc-macro2 v1.0.75
[INFO] [stderr]    Compiling version_check v0.9.4
[INFO] [stderr]    Compiling unicode-ident v1.0.12
[INFO] [stderr]    Compiling syn v1.0.109
[INFO] [stderr]    Compiling heck v0.4.1
[INFO] [stderr]    Compiling proc-macro-error-attr v1.0.4
[INFO] [stderr]    Compiling proc-macro-error v1.0.4
[INFO] [stderr]    Compiling quote v1.0.35
[INFO] [stderr]    Compiling better-bae-macros v0.1.9
[INFO] [stderr]    Compiling better-bae v0.1.9
[INFO] [stderr]    Compiling thalo-macros v0.5.0 (/opt/rustwide/workdir)
[INFO] [stderr]     Finished dev [unoptimized + debuginfo] target(s) in 6.40s
[INFO] running `Command { std: "docker" "inspect" "3584ac638c0323c4865943f6975919e8e5c0ddfbc3cd6f64cad164d433c17eed", kill_on_drop: false }`
[INFO] running `Command { std: "docker" "rm" "-f" "3584ac638c0323c4865943f6975919e8e5c0ddfbc3cd6f64cad164d433c17eed", kill_on_drop: false }`
[INFO] [stdout] 3584ac638c0323c4865943f6975919e8e5c0ddfbc3cd6f64cad164d433c17eed
[INFO] running `Command { std: "docker" "create" "-v" "/var/lib/crater-agent-workspace/builds/worker-4-tc2/target:/opt/rustwide/target:rw,Z" "-v" "/var/lib/crater-agent-workspace/builds/worker-4-tc2/source:/opt/rustwide/workdir:ro,Z" "-v" "/var/lib/crater-agent-workspace/cargo-home:/opt/rustwide/cargo-home:ro,Z" "-v" "/var/lib/crater-agent-workspace/rustup-home:/opt/rustwide/rustup-home:ro,Z" "-e" "SOURCE_DIR=/opt/rustwide/workdir" "-e" "CARGO_TARGET_DIR=/opt/rustwide/target" "-e" "CARGO_INCREMENTAL=0" "-e" "RUST_BACKTRACE=full" "-e" "RUSTFLAGS=--cap-lints=warn" "-e" "RUSTDOCFLAGS=--cap-lints=warn" "-e" "CARGO_HOME=/opt/rustwide/cargo-home" "-e" "RUSTUP_HOME=/opt/rustwide/rustup-home" "-w" "/opt/rustwide/workdir" "-m" "1610612736" "--user" "0:0" "--network" "none" "ghcr.io/rust-lang/crates-build-env/linux@sha256:2788e3201cd34a07e3172128adcd8b3090168a8e3bcc40d7c032b9dda1df7d1c" "/opt/rustwide/cargo-home/bin/cargo" "+beta-2023-12-22" "test" "--frozen" "--no-run" "--message-format=json", kill_on_drop: false }`
[INFO] [stdout] a3c1f7f4d16757c23ad483b22831b09841d9e5e76e91ffe2256b1731d08e5e83
[INFO] running `Command { std: "docker" "start" "-a" "a3c1f7f4d16757c23ad483b22831b09841d9e5e76e91ffe2256b1731d08e5e83", kill_on_drop: false }`
[INFO] [stderr]    Compiling thalo-macros v0.5.0 (/opt/rustwide/workdir)
[INFO] [stderr]     Finished test [unoptimized + debuginfo] target(s) in 0.87s
[INFO] running `Command { std: "docker" "inspect" "a3c1f7f4d16757c23ad483b22831b09841d9e5e76e91ffe2256b1731d08e5e83", kill_on_drop: false }`
[INFO] running `Command { std: "docker" "rm" "-f" "a3c1f7f4d16757c23ad483b22831b09841d9e5e76e91ffe2256b1731d08e5e83", kill_on_drop: false }`
[INFO] [stdout] a3c1f7f4d16757c23ad483b22831b09841d9e5e76e91ffe2256b1731d08e5e83
[INFO] running `Command { std: "docker" "create" "-v" "/var/lib/crater-agent-workspace/builds/worker-4-tc2/target:/opt/rustwide/target:rw,Z" "-v" "/var/lib/crater-agent-workspace/builds/worker-4-tc2/source:/opt/rustwide/workdir:ro,Z" "-v" "/var/lib/crater-agent-workspace/cargo-home:/opt/rustwide/cargo-home:ro,Z" "-v" "/var/lib/crater-agent-workspace/rustup-home:/opt/rustwide/rustup-home:ro,Z" "-e" "SOURCE_DIR=/opt/rustwide/workdir" "-e" "CARGO_TARGET_DIR=/opt/rustwide/target" "-e" "CARGO_INCREMENTAL=0" "-e" "RUST_BACKTRACE=full" "-e" "RUSTFLAGS=--cap-lints=warn" "-e" "RUSTDOCFLAGS=--cap-lints=warn" "-e" "CARGO_HOME=/opt/rustwide/cargo-home" "-e" "RUSTUP_HOME=/opt/rustwide/rustup-home" "-w" "/opt/rustwide/workdir" "-m" "1610612736" "--user" "0:0" "--network" "none" "ghcr.io/rust-lang/crates-build-env/linux@sha256:2788e3201cd34a07e3172128adcd8b3090168a8e3bcc40d7c032b9dda1df7d1c" "/opt/rustwide/cargo-home/bin/cargo" "+beta-2023-12-22" "test" "--frozen", kill_on_drop: false }`
[INFO] [stdout] e92f2634e73b03e8ff325f3b4a69474b07a602ad330ecfc8d391e34011a0cb44
[INFO] running `Command { std: "docker" "start" "-a" "e92f2634e73b03e8ff325f3b4a69474b07a602ad330ecfc8d391e34011a0cb44", kill_on_drop: false }`
[INFO] [stderr]     Finished test [unoptimized + debuginfo] target(s) in 0.02s
[INFO] [stderr]      Running unittests src/lib.rs (/opt/rustwide/target/debug/deps/thalo_macros-d4d0e6368c593ae6)
[INFO] [stdout] 
[INFO] [stdout] running 0 tests
[INFO] [stdout] 
[INFO] [stdout] test result: ok. 0 passed; 0 failed; 0 ignored; 0 measured; 0 filtered out; finished in 0.00s
[INFO] [stdout] 
[INFO] [stderr]    Doc-tests thalo-macros
[INFO] [stdout] 
[INFO] [stdout] running 7 tests
[INFO] [stdout] test src/lib.rs - aggregate (line 28) ... ignored
[INFO] [stdout] test src/lib.rs - event (line 124) ... FAILED
[INFO] [stdout] test src/lib.rs - aggregate (line 79) ... FAILED
[INFO] [stdout] test src/lib.rs - type_id (line 220) ... FAILED
[INFO] [stdout] test src/lib.rs - aggregate (line 53) ... FAILED
[INFO] [stdout] test src/lib.rs - event_type (line 193) ... FAILED
[INFO] [stdout] test src/lib.rs - event_type (line 180) ... FAILED
[INFO] [stdout] 
[INFO] [stdout] failures:
[INFO] [stdout] 
[INFO] [stdout] ---- src/lib.rs - event (line 124) stdout ----
[INFO] [stdout] error[E0433]: failed to resolve: use of undeclared crate or module `thalo`
[INFO] [stdout]  --> src/lib.rs:125:5
[INFO] [stdout]   |
[INFO] [stdout] 3 | use thalo::event::Event;
[INFO] [stdout]   |     ^^^^^ use of undeclared crate or module `thalo`
[INFO] [stdout] 
[INFO] [stdout] error: cannot determine resolution for the derive macro `Event`
[INFO] [stdout]   --> src/lib.rs:139:10
[INFO] [stdout]    |
[INFO] [stdout] 17 | #[derive(Event)]
[INFO] [stdout]    |          ^^^^^
[INFO] [stdout]    |
[INFO] [stdout]    = note: import resolution is stuck, try simplifying macro imports
[INFO] [stdout] 
[INFO] [stdout] error: cannot find attribute `thalo` in this scope
[INFO] [stdout]   --> src/lib.rs:140:3
[INFO] [stdout]    |
[INFO] [stdout] 18 | #[thalo(parent = "AuthEvent", variant = "Registered")]
[INFO] [stdout]    |   ^^^^^
[INFO] [stdout] 
[INFO] [stdout] error: cannot determine resolution for the derive macro `Event`
[INFO] [stdout]   --> src/lib.rs:132:10
[INFO] [stdout]    |
[INFO] [stdout] 10 | #[derive(Event)]
[INFO] [stdout]    |          ^^^^^
[INFO] [stdout]    |
[INFO] [stdout]    = note: import resolution is stuck, try simplifying macro imports
[INFO] [stdout] 
[INFO] [stdout] error: cannot find attribute `thalo` in this scope
[INFO] [stdout]   --> src/lib.rs:133:3
[INFO] [stdout]    |
[INFO] [stdout] 11 | #[thalo(parent = "AuthEvent", variant = "LoggedIn")]
[INFO] [stdout]    |   ^^^^^
[INFO] [stdout] 
[INFO] [stdout] error[E0412]: cannot find type `DateTime` in this scope
[INFO] [stdout]   --> src/lib.rs:136:21
[INFO] [stdout]    |
[INFO] [stdout] 14 |     pub expires_at: DateTime<Utc>,
[INFO] [stdout]    |                     ^^^^^^^^ not found in this scope
[INFO] [stdout] 
[INFO] [stdout] error[E0412]: cannot find type `Utc` in this scope
[INFO] [stdout]   --> src/lib.rs:136:30
[INFO] [stdout]    |
[INFO] [stdout] 14 |     pub expires_at: DateTime<Utc>,
[INFO] [stdout]    |                              ^^^ not found in this scope
[INFO] [stdout]    |
[INFO] [stdout] help: you might be missing a type parameter
[INFO] [stdout]    |
[INFO] [stdout] 12 | pub struct LoggedInEvent<Utc> {
[INFO] [stdout]    |                         +++++
[INFO] [stdout] 
[INFO] [stdout] error: aborting due to 7 previous errors
[INFO] [stdout] 
[INFO] [stdout] Some errors have detailed explanations: E0412, E0433.
[INFO] [stdout] For more information about an error, try `rustc --explain E0412`.
[INFO] [stdout] Couldn't compile the test.
[INFO] [stdout] ---- src/lib.rs - aggregate (line 79) stdout ----
[INFO] [stdout] error[E0432]: unresolved import `BankEvent`
[INFO] [stdout]   --> src/lib.rs:89:9
[INFO] [stdout]    |
[INFO] [stdout] 12 |     use BankEvent::*;
[INFO] [stdout]    |         ^^^^^^^^^ use of undeclared type `BankEvent`
[INFO] [stdout] 
[INFO] [stdout] error: cannot find derive macro `Aggregate` in this scope
[INFO] [stdout]  --> src/lib.rs:80:19
[INFO] [stdout]   |
[INFO] [stdout] 3 | #[derive(Default, Aggregate, TypeId)]
[INFO] [stdout]   |                   ^^^^^^^^^
[INFO] [stdout]   |
[INFO] [stdout] help: consider importing this derive macro
[INFO] [stdout]   |
[INFO] [stdout] 2 + use thalo_macros::Aggregate;
[INFO] [stdout]   |
[INFO] [stdout] 
[INFO] [stdout] error: cannot find derive macro `TypeId` in this scope
[INFO] [stdout]  --> src/lib.rs:80:30
[INFO] [stdout]   |
[INFO] [stdout] 3 | #[derive(Default, Aggregate, TypeId)]
[INFO] [stdout]   |                              ^^^^^^
[INFO] [stdout]   |
[INFO] [stdout] help: consider importing this derive macro
[INFO] [stdout]   |
[INFO] [stdout] 2 + use thalo_macros::TypeId;
[INFO] [stdout]   |
[INFO] [stdout] 
[INFO] [stdout] error: cannot find attribute `thalo` in this scope
[INFO] [stdout]  --> src/lib.rs:81:3
[INFO] [stdout]   |
[INFO] [stdout] 4 | #[thalo(event = "BankEvent", apply = "apply_event")]
[INFO] [stdout]   |   ^^^^^
[INFO] [stdout] 
[INFO] [stdout] error: cannot find attribute `thalo` in this scope
[INFO] [stdout]  --> src/lib.rs:83:7
[INFO] [stdout]   |
[INFO] [stdout] 6 |     #[thalo(id)]
[INFO] [stdout]   |       ^^^^^
[INFO] [stdout] 
[INFO] [stdout] error[E0412]: cannot find type `BankEvent` in this scope
[INFO] [stdout]   --> src/lib.rs:88:55
[INFO] [stdout]    |
[INFO] [stdout] 11 | fn apply_event(bank_account: &mut BankAccount, event: BankEvent) {
[INFO] [stdout]    |                                                       ^^^^^^^^^ not found in this scope
[INFO] [stdout] 
[INFO] [stdout] error[E0422]: cannot find struct, variant or union type `OpenedAccount` in this scope
[INFO] [stdout]   --> src/lib.rs:92:9
[INFO] [stdout]    |
[INFO] [stdout] 15 |         OpenedAccount { balance } => {
[INFO] [stdout]    |         ^^^^^^^^^^^^^ not found in this scope
[INFO] [stdout] 
[INFO] [stdout] error[E0422]: cannot find struct, variant or union type `DepositedFunds` in this scope
[INFO] [stdout]   --> src/lib.rs:95:9
[INFO] [stdout]    |
[INFO] [stdout] 18 |         DepositedFunds { amount } => {
[INFO] [stdout]    |         ^^^^^^^^^^^^^^ not found in this scope
[INFO] [stdout] 
[INFO] [stdout] error[E0422]: cannot find struct, variant or union type `WithdrewFunds` in this scope
[INFO] [stdout]   --> src/lib.rs:98:9
[INFO] [stdout]    |
[INFO] [stdout] 21 |         WithdrewFunds { amount } => {
[INFO] [stdout]    |         ^^^^^^^^^^^^^ not found in this scope
[INFO] [stdout] 
[INFO] [stdout] error: aborting due to 9 previous errors
[INFO] [stdout] 
[INFO] [stdout] Some errors have detailed explanations: E0412, E0422, E0432.
[INFO] [stdout] For more information about an error, try `rustc --explain E0412`.
[INFO] [stdout] Couldn't compile the test.
[INFO] [stdout] ---- src/lib.rs - type_id (line 220) stdout ----
[INFO] [stdout] error[E0433]: failed to resolve: use of undeclared crate or module `thalo`
[INFO] [stdout]  --> src/lib.rs:221:5
[INFO] [stdout]   |
[INFO] [stdout] 3 | use thalo::aggregate::TypeId;
[INFO] [stdout]   |     ^^^^^ use of undeclared crate or module `thalo`
[INFO] [stdout] 
[INFO] [stdout] error: cannot determine resolution for the derive macro `TypeId`
[INFO] [stdout]  --> src/lib.rs:223:10
[INFO] [stdout]   |
[INFO] [stdout] 5 | #[derive(TypeId)]
[INFO] [stdout]   |          ^^^^^^
[INFO] [stdout]   |
[INFO] [stdout]   = note: import resolution is stuck, try simplifying macro imports
[INFO] [stdout] 
[INFO] [stdout] error: cannot find attribute `thalo` in this scope
[INFO] [stdout]  --> src/lib.rs:224:3
[INFO] [stdout]   |
[INFO] [stdout] 6 | #[thalo(type_id = "bank_account_aggregate")]
[INFO] [stdout]   |   ^^^^^
[INFO] [stdout] 
[INFO] [stdout] error: aborting due to 3 previous errors
[INFO] [stdout] 
[INFO] [stdout] For more information about this error, try `rustc --explain E0433`.
[INFO] [stdout] Couldn't compile the test.
[INFO] [stdout] ---- src/lib.rs - aggregate (line 53) stdout ----
[INFO] [stdout] error[E0432]: unresolved import `BankAccountEvent`
[INFO] [stdout]   --> src/lib.rs:61:9
[INFO] [stdout]    |
[INFO] [stdout] 10 |     use BankAccountEvent::*;
[INFO] [stdout]    |         ^^^^^^^^^^^^^^^^ use of undeclared type `BankAccountEvent`
[INFO] [stdout] 
[INFO] [stdout] error: cannot find derive macro `Aggregate` in this scope
[INFO] [stdout]  --> src/lib.rs:54:19
[INFO] [stdout]   |
[INFO] [stdout] 3 | #[derive(Default, Aggregate, TypeId)]
[INFO] [stdout]   |                   ^^^^^^^^^
[INFO] [stdout]   |
[INFO] [stdout] help: consider importing this derive macro
[INFO] [stdout]   |
[INFO] [stdout] 2 + use thalo_macros::Aggregate;
[INFO] [stdout]   |
[INFO] [stdout] 
[INFO] [stdout] error: cannot find derive macro `TypeId` in this scope
[INFO] [stdout]  --> src/lib.rs:54:30
[INFO] [stdout]   |
[INFO] [stdout] 3 | #[derive(Default, Aggregate, TypeId)]
[INFO] [stdout]   |                              ^^^^^^
[INFO] [stdout]   |
[INFO] [stdout] help: consider importing this derive macro
[INFO] [stdout]   |
[INFO] [stdout] 2 + use thalo_macros::TypeId;
[INFO] [stdout]   |
[INFO] [stdout] 
[INFO] [stdout] error[E0412]: cannot find type `BankAccountEvent` in this scope
[INFO] [stdout]  --> src/lib.rs:60:49
[INFO] [stdout]   |
[INFO] [stdout] 4 | struct BankAccount {
[INFO] [stdout]   | ------------------ similarly named struct `BankAccount` defined here
[INFO] [stdout] ...
[INFO] [stdout] 9 | fn apply(bank_account: &mut BankAccount, event: BankAccountEvent) {
[INFO] [stdout]   |                                                 ^^^^^^^^^^^^^^^^ help: a struct with a similar name exists: `BankAccount`
[INFO] [stdout] 
[INFO] [stdout] error[E0422]: cannot find struct, variant or union type `OpenedAccount` in this scope
[INFO] [stdout]   --> src/lib.rs:64:9
[INFO] [stdout]    |
[INFO] [stdout] 13 |         OpenedAccount { balance } => {
[INFO] [stdout]    |         ^^^^^^^^^^^^^ not found in this scope
[INFO] [stdout] 
[INFO] [stdout] error[E0422]: cannot find struct, variant or union type `DepositedFunds` in this scope
[INFO] [stdout]   --> src/lib.rs:67:9
[INFO] [stdout]    |
[INFO] [stdout] 16 |         DepositedFunds { amount } => {
[INFO] [stdout]    |         ^^^^^^^^^^^^^^ not found in this scope
[INFO] [stdout] 
[INFO] [stdout] error[E0422]: cannot find struct, variant or union type `WithdrewFunds` in this scope
[INFO] [stdout]   --> src/lib.rs:70:9
[INFO] [stdout]    |
[INFO] [stdout] 19 |         WithdrewFunds { amount } => {
[INFO] [stdout]    |         ^^^^^^^^^^^^^ not found in this scope
[INFO] [stdout] 
[INFO] [stdout] error: aborting due to 7 previous errors
[INFO] [stdout] 
[INFO] [stdout] Some errors have detailed explanations: E0412, E0422, E0432.
[INFO] [stdout] For more information about an error, try `rustc --explain E0412`.
[INFO] [stdout] Couldn't compile the test.
[INFO] [stdout] ---- src/lib.rs - event_type (line 193) stdout ----
[INFO] [stdout] error: cannot find derive macro `EventType` in this scope
[INFO] [stdout]  --> src/lib.rs:194:10
[INFO] [stdout]   |
[INFO] [stdout] 3 | #[derive(EventType)]
[INFO] [stdout]   |          ^^^^^^^^^
[INFO] [stdout]   |
[INFO] [stdout] help: consider importing this derive macro
[INFO] [stdout]   |
[INFO] [stdout] 2 + use thalo_macros::EventType;
[INFO] [stdout]   |
[INFO] [stdout] 
[INFO] [stdout] error: cannot find attribute `thalo` in this scope
[INFO] [stdout]  --> src/lib.rs:195:3
[INFO] [stdout]   |
[INFO] [stdout] 4 | #[thalo(rename_all = "SCREAMING_SNAKE_CASE")]
[INFO] [stdout]   |   ^^^^^
[INFO] [stdout] 
[INFO] [stdout] error: cannot find attribute `thalo` in this scope
[INFO] [stdout]  --> src/lib.rs:199:7
[INFO] [stdout]   |
[INFO] [stdout] 8 |     #[thalo(rename = "FUNDS_WITHDRAWN")]
[INFO] [stdout]   |       ^^^^^
[INFO] [stdout] 
[INFO] [stdout] error[E0599]: no method named `event_name` found for enum `BankAccountEvent` in the current scope
[INFO] [stdout]   --> src/lib.rs:203:61
[INFO] [stdout]    |
[INFO] [stdout] 5  | pub enum BankAccountEvent {
[INFO] [stdout]    | ------------------------- method `event_name` not found for this enum
[INFO] [stdout] ...
[INFO] [stdout] 12 | assert_eq!(BankAccountEvent::OpenedAccount { balance: 0.0 }.event_name(), "OPENED_ACCOUNT");
[INFO] [stdout]    |                                                             ^^^^^^^^^^ method not found in `BankAccountEvent`
[INFO] [stdout] 
[INFO] [stdout] error: aborting due to 4 previous errors
[INFO] [stdout] 
[INFO] [stdout] For more information about this error, try `rustc --explain E0599`.
[INFO] [stdout] Couldn't compile the test.
[INFO] [stdout] ---- src/lib.rs - event_type (line 180) stdout ----
[INFO] [stdout] error: cannot find derive macro `EventType` in this scope
[INFO] [stdout]  --> src/lib.rs:181:10
[INFO] [stdout]   |
[INFO] [stdout] 3 | #[derive(EventType)]
[INFO] [stdout]   |          ^^^^^^^^^
[INFO] [stdout]   |
[INFO] [stdout] help: consider importing this derive macro
[INFO] [stdout]   |
[INFO] [stdout] 2 + use thalo_macros::EventType;
[INFO] [stdout]   |
[INFO] [stdout] 
[INFO] [stdout] error[E0599]: no method named `event_name` found for enum `BankAccountEvent` in the current scope
[INFO] [stdout]   --> src/lib.rs:188:61
[INFO] [stdout]    |
[INFO] [stdout] 4  | pub enum BankAccountEvent {
[INFO] [stdout]    | ------------------------- method `event_name` not found for this enum
[INFO] [stdout] ...
[INFO] [stdout] 10 | assert_eq!(BankAccountEvent::OpenedAccount { balance: 0.0 }.event_name(), "OpenedAccount");
[INFO] [stdout]    |                                                             ^^^^^^^^^^ method not found in `BankAccountEvent`
[INFO] [stdout] 
[INFO] [stdout] error: aborting due to 2 previous errors
[INFO] [stdout] 
[INFO] [stdout] For more information about this error, try `rustc --explain E0599`.
[INFO] [stdout] Couldn't compile the test.
[INFO] [stdout] 
[INFO] [stdout] failures:
[INFO] [stdout]     src/lib.rs - aggregate (line 53)
[INFO] [stdout]     src/lib.rs - aggregate (line 79)
[INFO] [stdout]     src/lib.rs - event (line 124)
[INFO] [stdout]     src/lib.rs - event_type (line 180)
[INFO] [stdout]     src/lib.rs - event_type (line 193)
[INFO] [stdout]     src/lib.rs - type_id (line 220)
[INFO] [stdout] 
[INFO] [stdout] test result: FAILED. 0 passed; 6 failed; 1 ignored; 0 measured; 0 filtered out; finished in 0.13s
[INFO] [stdout] 
[INFO] [stderr] error: doctest failed, to rerun pass `--doc`
[INFO] running `Command { std: "docker" "inspect" "e92f2634e73b03e8ff325f3b4a69474b07a602ad330ecfc8d391e34011a0cb44", kill_on_drop: false }`
[INFO] running `Command { std: "docker" "rm" "-f" "e92f2634e73b03e8ff325f3b4a69474b07a602ad330ecfc8d391e34011a0cb44", kill_on_drop: false }`
[INFO] [stdout] e92f2634e73b03e8ff325f3b4a69474b07a602ad330ecfc8d391e34011a0cb44
