[INFO] fetching crate textflow 0.2.0...
[INFO] testing textflow-0.2.0 against 1.75.0 for beta-1.76-1
[INFO] extracting crate textflow 0.2.0 into /workspace/builds/worker-3-tc1/source
[INFO] validating manifest of crates.io crate textflow 0.2.0 on toolchain 1.75.0
[INFO] running `Command { std: CARGO_HOME="/workspace/cargo-home" RUSTUP_HOME="/workspace/rustup-home" "/workspace/cargo-home/bin/cargo" "+1.75.0" "metadata" "--manifest-path" "Cargo.toml" "--no-deps", kill_on_drop: false }`
[INFO] started tweaking crates.io crate textflow 0.2.0
[INFO] finished tweaking crates.io crate textflow 0.2.0
[INFO] tweaked toml for crates.io crate textflow 0.2.0 written to /workspace/builds/worker-3-tc1/source/Cargo.toml
[INFO] crate crates.io crate textflow 0.2.0 already has a lockfile, it will not be regenerated
[INFO] running `Command { std: CARGO_HOME="/workspace/cargo-home" RUSTUP_HOME="/workspace/rustup-home" "/workspace/cargo-home/bin/cargo" "+1.75.0" "fetch" "--manifest-path" "Cargo.toml", kill_on_drop: false }`
[INFO] running `Command { std: "docker" "create" "-v" "/var/lib/crater-agent-workspace/builds/worker-3-tc1/target:/opt/rustwide/target:rw,Z" "-v" "/var/lib/crater-agent-workspace/builds/worker-3-tc1/source:/opt/rustwide/workdir:ro,Z" "-v" "/var/lib/crater-agent-workspace/cargo-home:/opt/rustwide/cargo-home:ro,Z" "-v" "/var/lib/crater-agent-workspace/rustup-home:/opt/rustwide/rustup-home:ro,Z" "-e" "SOURCE_DIR=/opt/rustwide/workdir" "-e" "CARGO_TARGET_DIR=/opt/rustwide/target" "-e" "CARGO_HOME=/opt/rustwide/cargo-home" "-e" "RUSTUP_HOME=/opt/rustwide/rustup-home" "-w" "/opt/rustwide/workdir" "-m" "1610612736" "--user" "0:0" "--network" "none" "ghcr.io/rust-lang/crates-build-env/linux@sha256:2788e3201cd34a07e3172128adcd8b3090168a8e3bcc40d7c032b9dda1df7d1c" "/opt/rustwide/cargo-home/bin/cargo" "+1.75.0" "metadata" "--no-deps" "--format-version=1", kill_on_drop: false }`
[INFO] [stdout] 64c947d8cbb45c8a9e88c4a02cfa8a207822bb941d93456f761fefa54effd357
[INFO] running `Command { std: "docker" "start" "-a" "64c947d8cbb45c8a9e88c4a02cfa8a207822bb941d93456f761fefa54effd357", kill_on_drop: false }`
[INFO] running `Command { std: "docker" "inspect" "64c947d8cbb45c8a9e88c4a02cfa8a207822bb941d93456f761fefa54effd357", kill_on_drop: false }`
[INFO] running `Command { std: "docker" "rm" "-f" "64c947d8cbb45c8a9e88c4a02cfa8a207822bb941d93456f761fefa54effd357", kill_on_drop: false }`
[INFO] [stdout] 64c947d8cbb45c8a9e88c4a02cfa8a207822bb941d93456f761fefa54effd357
[INFO] running `Command { std: "docker" "create" "-v" "/var/lib/crater-agent-workspace/builds/worker-3-tc1/target:/opt/rustwide/target:rw,Z" "-v" "/var/lib/crater-agent-workspace/builds/worker-3-tc1/source:/opt/rustwide/workdir:ro,Z" "-v" "/var/lib/crater-agent-workspace/cargo-home:/opt/rustwide/cargo-home:ro,Z" "-v" "/var/lib/crater-agent-workspace/rustup-home:/opt/rustwide/rustup-home:ro,Z" "-e" "SOURCE_DIR=/opt/rustwide/workdir" "-e" "CARGO_TARGET_DIR=/opt/rustwide/target" "-e" "CARGO_INCREMENTAL=0" "-e" "RUST_BACKTRACE=full" "-e" "RUSTFLAGS=--cap-lints=warn" "-e" "RUSTDOCFLAGS=--cap-lints=warn" "-e" "CARGO_HOME=/opt/rustwide/cargo-home" "-e" "RUSTUP_HOME=/opt/rustwide/rustup-home" "-w" "/opt/rustwide/workdir" "-m" "1610612736" "--user" "0:0" "--network" "none" "ghcr.io/rust-lang/crates-build-env/linux@sha256:2788e3201cd34a07e3172128adcd8b3090168a8e3bcc40d7c032b9dda1df7d1c" "/opt/rustwide/cargo-home/bin/cargo" "+1.75.0" "build" "--frozen" "--message-format=json", kill_on_drop: false }`
[INFO] [stdout] e3220e06379d16d32fbc278b900accafe59d5b1df161949ea6df6d4d31f796db
[INFO] running `Command { std: "docker" "start" "-a" "e3220e06379d16d32fbc278b900accafe59d5b1df161949ea6df6d4d31f796db", kill_on_drop: false }`
[INFO] [stderr]    Compiling memchr v2.4.1
[INFO] [stderr]    Compiling regex-syntax v0.6.25
[INFO] [stderr]    Compiling smawk v0.3.1
[INFO] [stderr]    Compiling unicode-width v0.1.9
[INFO] [stderr]    Compiling aho-corasick v0.7.18
[INFO] [stderr]    Compiling regex v1.5.4
[INFO] [stderr]    Compiling unicode-linebreak v0.1.2
[INFO] [stderr]    Compiling textwrap v0.14.2
[INFO] [stderr]    Compiling textflow v0.2.0 (/opt/rustwide/workdir)
[INFO] [stderr]     Finished dev [unoptimized + debuginfo] target(s) in 3.98s
[INFO] running `Command { std: "docker" "inspect" "e3220e06379d16d32fbc278b900accafe59d5b1df161949ea6df6d4d31f796db", kill_on_drop: false }`
[INFO] running `Command { std: "docker" "rm" "-f" "e3220e06379d16d32fbc278b900accafe59d5b1df161949ea6df6d4d31f796db", kill_on_drop: false }`
[INFO] [stdout] e3220e06379d16d32fbc278b900accafe59d5b1df161949ea6df6d4d31f796db
[INFO] running `Command { std: "docker" "create" "-v" "/var/lib/crater-agent-workspace/builds/worker-3-tc1/target:/opt/rustwide/target:rw,Z" "-v" "/var/lib/crater-agent-workspace/builds/worker-3-tc1/source:/opt/rustwide/workdir:ro,Z" "-v" "/var/lib/crater-agent-workspace/cargo-home:/opt/rustwide/cargo-home:ro,Z" "-v" "/var/lib/crater-agent-workspace/rustup-home:/opt/rustwide/rustup-home:ro,Z" "-e" "SOURCE_DIR=/opt/rustwide/workdir" "-e" "CARGO_TARGET_DIR=/opt/rustwide/target" "-e" "CARGO_INCREMENTAL=0" "-e" "RUST_BACKTRACE=full" "-e" "RUSTFLAGS=--cap-lints=warn" "-e" "RUSTDOCFLAGS=--cap-lints=warn" "-e" "CARGO_HOME=/opt/rustwide/cargo-home" "-e" "RUSTUP_HOME=/opt/rustwide/rustup-home" "-w" "/opt/rustwide/workdir" "-m" "1610612736" "--user" "0:0" "--network" "none" "ghcr.io/rust-lang/crates-build-env/linux@sha256:2788e3201cd34a07e3172128adcd8b3090168a8e3bcc40d7c032b9dda1df7d1c" "/opt/rustwide/cargo-home/bin/cargo" "+1.75.0" "test" "--frozen" "--no-run" "--message-format=json", kill_on_drop: false }`
[INFO] [stdout] f0a5a93134c3b0e7c818f0a6d8228461886910b33ecc164eb7dceeffd3787b56
[INFO] running `Command { std: "docker" "start" "-a" "f0a5a93134c3b0e7c818f0a6d8228461886910b33ecc164eb7dceeffd3787b56", kill_on_drop: false }`
[INFO] [stderr]    Compiling textflow v0.2.0 (/opt/rustwide/workdir)
[INFO] [stderr]     Finished test [unoptimized + debuginfo] target(s) in 0.56s
[INFO] running `Command { std: "docker" "inspect" "f0a5a93134c3b0e7c818f0a6d8228461886910b33ecc164eb7dceeffd3787b56", kill_on_drop: false }`
[INFO] running `Command { std: "docker" "rm" "-f" "f0a5a93134c3b0e7c818f0a6d8228461886910b33ecc164eb7dceeffd3787b56", kill_on_drop: false }`
[INFO] [stdout] f0a5a93134c3b0e7c818f0a6d8228461886910b33ecc164eb7dceeffd3787b56
[INFO] running `Command { std: "docker" "create" "-v" "/var/lib/crater-agent-workspace/builds/worker-3-tc1/target:/opt/rustwide/target:rw,Z" "-v" "/var/lib/crater-agent-workspace/builds/worker-3-tc1/source:/opt/rustwide/workdir:ro,Z" "-v" "/var/lib/crater-agent-workspace/cargo-home:/opt/rustwide/cargo-home:ro,Z" "-v" "/var/lib/crater-agent-workspace/rustup-home:/opt/rustwide/rustup-home:ro,Z" "-e" "SOURCE_DIR=/opt/rustwide/workdir" "-e" "CARGO_TARGET_DIR=/opt/rustwide/target" "-e" "CARGO_INCREMENTAL=0" "-e" "RUST_BACKTRACE=full" "-e" "RUSTFLAGS=--cap-lints=warn" "-e" "RUSTDOCFLAGS=--cap-lints=warn" "-e" "CARGO_HOME=/opt/rustwide/cargo-home" "-e" "RUSTUP_HOME=/opt/rustwide/rustup-home" "-w" "/opt/rustwide/workdir" "-m" "1610612736" "--user" "0:0" "--network" "none" "ghcr.io/rust-lang/crates-build-env/linux@sha256:2788e3201cd34a07e3172128adcd8b3090168a8e3bcc40d7c032b9dda1df7d1c" "/opt/rustwide/cargo-home/bin/cargo" "+1.75.0" "test" "--frozen", kill_on_drop: false }`
[INFO] [stdout] 06607c326a2dd541813ca1fae10d8788384d982022f322c2c7787af7c309c937
[INFO] running `Command { std: "docker" "start" "-a" "06607c326a2dd541813ca1fae10d8788384d982022f322c2c7787af7c309c937", kill_on_drop: false }`
[INFO] [stderr]     Finished test [unoptimized + debuginfo] target(s) in 0.01s
[INFO] [stderr]      Running unittests src/lib.rs (/opt/rustwide/target/debug/deps/textflow-32211770aff6e77d)
[INFO] [stdout] 
[INFO] [stdout] running 0 tests
[INFO] [stdout] 
[INFO] [stdout] test result: ok. 0 passed; 0 failed; 0 ignored; 0 measured; 0 filtered out; finished in 0.00s
[INFO] [stdout] 
[INFO] [stderr]    Doc-tests textflow
[INFO] [stdout] 
[INFO] [stdout] running 6 tests
[INFO] [stdout] test src/columns.rs - columns::columns (line 39) ... FAILED
[INFO] [stdout] test src/layout.rs - layout::Layout::from_pattern (line 86) ... FAILED
[INFO] [stdout] test src/layout.rs - layout::Layout::from_pattern (line 92) ... FAILED
[INFO] [stdout] test src/layout.rs - layout::Layout::new (line 32) ... FAILED
[INFO] [stdout] test src/align.rs - align::align (line 22) ... ok
[INFO] [stdout] test src/columns.rs - columns::columns (line 24) ... ok
[INFO] [stdout] 
[INFO] [stdout] failures:
[INFO] [stdout] 
[INFO] [stdout] ---- src/columns.rs - columns::columns (line 39) stdout ----
[INFO] [stdout] error: expected one of `!`, `.`, `::`, `;`, `?`, `{`, `}`, or an operator, found `am`
[INFO] [stdout]  --> src/columns.rs:40:3
[INFO] [stdout]   |
[INFO] [stdout] 3 | I am        I am aligned to the
[INFO] [stdout]   |   ^^ expected one of 8 possible tokens
[INFO] [stdout] 
[INFO] [stdout] error: aborting due to previous error
[INFO] [stdout] 
[INFO] [stdout] Couldn't compile the test.
[INFO] [stdout] ---- src/layout.rs - layout::Layout::from_pattern (line 86) stdout ----
[INFO] [stdout] error[E0433]: failed to resolve: use of undeclared type `Layout`
[INFO] [stdout]  --> src/layout.rs:87:1
[INFO] [stdout]   |
[INFO] [stdout] 3 | Layout::from_pattern("^5 <-*").unwrap()
[INFO] [stdout]   | ^^^^^^ use of undeclared type `Layout`
[INFO] [stdout]   |
[INFO] [stdout] help: consider importing one of these items
[INFO] [stdout]   |
[INFO] [stdout] 2 + use core::alloc::Layout;
[INFO] [stdout]   |
[INFO] [stdout] 2 + use std::alloc::Layout;
[INFO] [stdout]   |
[INFO] [stdout] 2 + use textflow::Layout;
[INFO] [stdout]   |
[INFO] [stdout] 
[INFO] [stdout] error: aborting due to previous error
[INFO] [stdout] 
[INFO] [stdout] For more information about this error, try `rustc --explain E0433`.
[INFO] [stdout] Couldn't compile the test.
[INFO] [stdout] ---- src/layout.rs - layout::Layout::from_pattern (line 92) stdout ----
[INFO] [stdout] error[E0433]: failed to resolve: use of undeclared type `Layout`
[INFO] [stdout]  --> src/layout.rs:93:1
[INFO] [stdout]   |
[INFO] [stdout] 3 | Layout::new()
[INFO] [stdout]   | ^^^^^^ use of undeclared type `Layout`
[INFO] [stdout]   |
[INFO] [stdout] help: consider importing one of these items
[INFO] [stdout]   |
[INFO] [stdout] 2 + use core::alloc::Layout;
[INFO] [stdout]   |
[INFO] [stdout] 2 + use std::alloc::Layout;
[INFO] [stdout]   |
[INFO] [stdout] 2 + use textflow::Layout;
[INFO] [stdout]   |
[INFO] [stdout] 
[INFO] [stdout] error[E0433]: failed to resolve: use of undeclared type `Alignment`
[INFO] [stdout]  --> src/layout.rs:94:15
[INFO] [stdout]   |
[INFO] [stdout] 4 |     .fixed(5, Alignment::CENTER)
[INFO] [stdout]   |               ^^^^^^^^^ use of undeclared type `Alignment`
[INFO] [stdout]   |
[INFO] [stdout] help: consider importing one of these items
[INFO] [stdout]   |
[INFO] [stdout] 2 + use core::fmt::Alignment;
[INFO] [stdout]   |
[INFO] [stdout] 2 + use core::ptr::Alignment;
[INFO] [stdout]   |
[INFO] [stdout] 2 + use std::fmt::Alignment;
[INFO] [stdout]   |
[INFO] [stdout] 2 + use std::ptr::Alignment;
[INFO] [stdout]   |
[INFO] [stdout]     and 1 other candidate
[INFO] [stdout] 
[INFO] [stdout] error[E0433]: failed to resolve: use of undeclared type `Alignment`
[INFO] [stdout]  --> src/layout.rs:95:20
[INFO] [stdout]   |
[INFO] [stdout] 5 |     .fractional(1, Alignment::LEFT).repeat()
[INFO] [stdout]   |                    ^^^^^^^^^ use of undeclared type `Alignment`
[INFO] [stdout]   |
[INFO] [stdout] help: consider importing one of these items
[INFO] [stdout]   |
[INFO] [stdout] 2 + use core::fmt::Alignment;
[INFO] [stdout]   |
[INFO] [stdout] 2 + use core::ptr::Alignment;
[INFO] [stdout]   |
[INFO] [stdout] 2 + use std::fmt::Alignment;
[INFO] [stdout]   |
[INFO] [stdout] 2 + use std::ptr::Alignment;
[INFO] [stdout]   |
[INFO] [stdout]     and 1 other candidate
[INFO] [stdout] 
[INFO] [stdout] error: aborting due to 3 previous errors
[INFO] [stdout] 
[INFO] [stdout] For more information about this error, try `rustc --explain E0433`.
[INFO] [stdout] Couldn't compile the test.
[INFO] [stdout] ---- src/layout.rs - layout::Layout::new (line 32) stdout ----
[INFO] [stdout] error[E0433]: failed to resolve: use of undeclared type `Layout`
[INFO] [stdout]  --> src/layout.rs:33:17
[INFO] [stdout]   |
[INFO] [stdout] 3 | let my_layout = Layout::new()
[INFO] [stdout]   |                 ^^^^^^ use of undeclared type `Layout`
[INFO] [stdout]   |
[INFO] [stdout] help: consider importing one of these items
[INFO] [stdout]   |
[INFO] [stdout] 2 + use core::alloc::Layout;
[INFO] [stdout]   |
[INFO] [stdout] 2 + use std::alloc::Layout;
[INFO] [stdout]   |
[INFO] [stdout] 2 + use textflow::Layout;
[INFO] [stdout]   |
[INFO] [stdout] 
[INFO] [stdout] error[E0425]: cannot find value `RIGHT` in this scope
[INFO] [stdout]  --> src/layout.rs:34:15
[INFO] [stdout]   |
[INFO] [stdout] 4 |     .fixed(4, RIGHT)
[INFO] [stdout]   |               ^^^^^ not found in this scope
[INFO] [stdout]   |
[INFO] [stdout] help: consider importing this unit variant
[INFO] [stdout]   |
[INFO] [stdout] 2 + use textflow::Alignment::RIGHT;
[INFO] [stdout]   |
[INFO] [stdout] 
[INFO] [stdout] error[E0425]: cannot find value `CENTER` in this scope
[INFO] [stdout]  --> src/layout.rs:35:20
[INFO] [stdout]   |
[INFO] [stdout] 5 |     .fractional(1, CENTER)
[INFO] [stdout]   |                    ^^^^^^ not found in this scope
[INFO] [stdout]   |
[INFO] [stdout] help: consider importing this unit variant
[INFO] [stdout]   |
[INFO] [stdout] 2 + use textflow::Alignment::CENTER;
[INFO] [stdout]   |
[INFO] [stdout] 
[INFO] [stdout] error: aborting due to 3 previous errors
[INFO] [stdout] 
[INFO] [stdout] Some errors have detailed explanations: E0425, E0433.
[INFO] [stdout] For more information about an error, try `rustc --explain E0425`.
[INFO] [stdout] Couldn't compile the test.
[INFO] [stdout] 
[INFO] [stdout] failures:
[INFO] [stdout]     src/columns.rs - columns::columns (line 39)
[INFO] [stdout]     src/layout.rs - layout::Layout::from_pattern (line 86)
[INFO] [stdout]     src/layout.rs - layout::Layout::from_pattern (line 92)
[INFO] [stdout]     src/layout.rs - layout::Layout::new (line 32)
[INFO] [stdout] 
[INFO] [stdout] test result: FAILED. 2 passed; 4 failed; 0 ignored; 0 measured; 0 filtered out; finished in 0.53s
[INFO] [stdout] 
[INFO] [stderr] error: doctest failed, to rerun pass `--doc`
[INFO] running `Command { std: "docker" "inspect" "06607c326a2dd541813ca1fae10d8788384d982022f322c2c7787af7c309c937", kill_on_drop: false }`
[INFO] running `Command { std: "docker" "rm" "-f" "06607c326a2dd541813ca1fae10d8788384d982022f322c2c7787af7c309c937", kill_on_drop: false }`
[INFO] [stdout] 06607c326a2dd541813ca1fae10d8788384d982022f322c2c7787af7c309c937
[INFO] testing textflow-0.2.0 against beta-2023-12-22 for beta-1.76-1
[INFO] extracting crate textflow 0.2.0 into /workspace/builds/worker-3-tc2/source
[INFO] validating manifest of crates.io crate textflow 0.2.0 on toolchain beta-2023-12-22
[INFO] running `Command { std: CARGO_HOME="/workspace/cargo-home" RUSTUP_HOME="/workspace/rustup-home" "/workspace/cargo-home/bin/cargo" "+beta-2023-12-22" "metadata" "--manifest-path" "Cargo.toml" "--no-deps", kill_on_drop: false }`
[INFO] started tweaking crates.io crate textflow 0.2.0
[INFO] finished tweaking crates.io crate textflow 0.2.0
[INFO] tweaked toml for crates.io crate textflow 0.2.0 written to /workspace/builds/worker-3-tc2/source/Cargo.toml
[INFO] crate crates.io crate textflow 0.2.0 already has a lockfile, it will not be regenerated
[INFO] running `Command { std: CARGO_HOME="/workspace/cargo-home" RUSTUP_HOME="/workspace/rustup-home" "/workspace/cargo-home/bin/cargo" "+beta-2023-12-22" "fetch" "--manifest-path" "Cargo.toml", kill_on_drop: false }`
[INFO] running `Command { std: "docker" "create" "-v" "/var/lib/crater-agent-workspace/builds/worker-3-tc2/target:/opt/rustwide/target:rw,Z" "-v" "/var/lib/crater-agent-workspace/builds/worker-3-tc2/source:/opt/rustwide/workdir:ro,Z" "-v" "/var/lib/crater-agent-workspace/cargo-home:/opt/rustwide/cargo-home:ro,Z" "-v" "/var/lib/crater-agent-workspace/rustup-home:/opt/rustwide/rustup-home:ro,Z" "-e" "SOURCE_DIR=/opt/rustwide/workdir" "-e" "CARGO_TARGET_DIR=/opt/rustwide/target" "-e" "CARGO_HOME=/opt/rustwide/cargo-home" "-e" "RUSTUP_HOME=/opt/rustwide/rustup-home" "-w" "/opt/rustwide/workdir" "-m" "1610612736" "--user" "0:0" "--network" "none" "ghcr.io/rust-lang/crates-build-env/linux@sha256:2788e3201cd34a07e3172128adcd8b3090168a8e3bcc40d7c032b9dda1df7d1c" "/opt/rustwide/cargo-home/bin/cargo" "+beta-2023-12-22" "metadata" "--no-deps" "--format-version=1", kill_on_drop: false }`
[INFO] [stdout] 2521ea475bd26a4055c642b120df3bc8b3ad785aac68953596ba97652cd0a2ca
[INFO] running `Command { std: "docker" "start" "-a" "2521ea475bd26a4055c642b120df3bc8b3ad785aac68953596ba97652cd0a2ca", kill_on_drop: false }`
[INFO] running `Command { std: "docker" "inspect" "2521ea475bd26a4055c642b120df3bc8b3ad785aac68953596ba97652cd0a2ca", kill_on_drop: false }`
[INFO] running `Command { std: "docker" "rm" "-f" "2521ea475bd26a4055c642b120df3bc8b3ad785aac68953596ba97652cd0a2ca", kill_on_drop: false }`
[INFO] [stdout] 2521ea475bd26a4055c642b120df3bc8b3ad785aac68953596ba97652cd0a2ca
[INFO] running `Command { std: "docker" "create" "-v" "/var/lib/crater-agent-workspace/builds/worker-3-tc2/target:/opt/rustwide/target:rw,Z" "-v" "/var/lib/crater-agent-workspace/builds/worker-3-tc2/source:/opt/rustwide/workdir:ro,Z" "-v" "/var/lib/crater-agent-workspace/cargo-home:/opt/rustwide/cargo-home:ro,Z" "-v" "/var/lib/crater-agent-workspace/rustup-home:/opt/rustwide/rustup-home:ro,Z" "-e" "SOURCE_DIR=/opt/rustwide/workdir" "-e" "CARGO_TARGET_DIR=/opt/rustwide/target" "-e" "CARGO_INCREMENTAL=0" "-e" "RUST_BACKTRACE=full" "-e" "RUSTFLAGS=--cap-lints=warn" "-e" "RUSTDOCFLAGS=--cap-lints=warn" "-e" "CARGO_HOME=/opt/rustwide/cargo-home" "-e" "RUSTUP_HOME=/opt/rustwide/rustup-home" "-w" "/opt/rustwide/workdir" "-m" "1610612736" "--user" "0:0" "--network" "none" "ghcr.io/rust-lang/crates-build-env/linux@sha256:2788e3201cd34a07e3172128adcd8b3090168a8e3bcc40d7c032b9dda1df7d1c" "/opt/rustwide/cargo-home/bin/cargo" "+beta-2023-12-22" "build" "--frozen" "--message-format=json", kill_on_drop: false }`
[INFO] [stdout] 7e549a82fa3e2e4ee87f3c238489f1c19e286c0991cbec0f6e8b5dee63cbf63e
[INFO] running `Command { std: "docker" "start" "-a" "7e549a82fa3e2e4ee87f3c238489f1c19e286c0991cbec0f6e8b5dee63cbf63e", kill_on_drop: false }`
[INFO] [stderr]    Compiling memchr v2.4.1
[INFO] [stderr]    Compiling regex-syntax v0.6.25
[INFO] [stderr]    Compiling unicode-width v0.1.9
[INFO] [stderr]    Compiling smawk v0.3.1
[INFO] [stderr]    Compiling aho-corasick v0.7.18
[INFO] [stderr]    Compiling regex v1.5.4
[INFO] [stderr]    Compiling unicode-linebreak v0.1.2
[INFO] [stderr]    Compiling textwrap v0.14.2
[INFO] [stderr]    Compiling textflow v0.2.0 (/opt/rustwide/workdir)
[INFO] [stderr]     Finished dev [unoptimized + debuginfo] target(s) in 3.60s
[INFO] running `Command { std: "docker" "inspect" "7e549a82fa3e2e4ee87f3c238489f1c19e286c0991cbec0f6e8b5dee63cbf63e", kill_on_drop: false }`
[INFO] running `Command { std: "docker" "rm" "-f" "7e549a82fa3e2e4ee87f3c238489f1c19e286c0991cbec0f6e8b5dee63cbf63e", kill_on_drop: false }`
[INFO] [stdout] 7e549a82fa3e2e4ee87f3c238489f1c19e286c0991cbec0f6e8b5dee63cbf63e
[INFO] running `Command { std: "docker" "create" "-v" "/var/lib/crater-agent-workspace/builds/worker-3-tc2/target:/opt/rustwide/target:rw,Z" "-v" "/var/lib/crater-agent-workspace/builds/worker-3-tc2/source:/opt/rustwide/workdir:ro,Z" "-v" "/var/lib/crater-agent-workspace/cargo-home:/opt/rustwide/cargo-home:ro,Z" "-v" "/var/lib/crater-agent-workspace/rustup-home:/opt/rustwide/rustup-home:ro,Z" "-e" "SOURCE_DIR=/opt/rustwide/workdir" "-e" "CARGO_TARGET_DIR=/opt/rustwide/target" "-e" "CARGO_INCREMENTAL=0" "-e" "RUST_BACKTRACE=full" "-e" "RUSTFLAGS=--cap-lints=warn" "-e" "RUSTDOCFLAGS=--cap-lints=warn" "-e" "CARGO_HOME=/opt/rustwide/cargo-home" "-e" "RUSTUP_HOME=/opt/rustwide/rustup-home" "-w" "/opt/rustwide/workdir" "-m" "1610612736" "--user" "0:0" "--network" "none" "ghcr.io/rust-lang/crates-build-env/linux@sha256:2788e3201cd34a07e3172128adcd8b3090168a8e3bcc40d7c032b9dda1df7d1c" "/opt/rustwide/cargo-home/bin/cargo" "+beta-2023-12-22" "test" "--frozen" "--no-run" "--message-format=json", kill_on_drop: false }`
[INFO] [stdout] 8f6618120c50cd2f5790f1acde47f69518a42860b02847c1aae6c9004c71d44e
[INFO] running `Command { std: "docker" "start" "-a" "8f6618120c50cd2f5790f1acde47f69518a42860b02847c1aae6c9004c71d44e", kill_on_drop: false }`
[INFO] [stderr]    Compiling textflow v0.2.0 (/opt/rustwide/workdir)
[INFO] [stderr]     Finished test [unoptimized + debuginfo] target(s) in 0.53s
[INFO] running `Command { std: "docker" "inspect" "8f6618120c50cd2f5790f1acde47f69518a42860b02847c1aae6c9004c71d44e", kill_on_drop: false }`
[INFO] running `Command { std: "docker" "rm" "-f" "8f6618120c50cd2f5790f1acde47f69518a42860b02847c1aae6c9004c71d44e", kill_on_drop: false }`
[INFO] [stdout] 8f6618120c50cd2f5790f1acde47f69518a42860b02847c1aae6c9004c71d44e
[INFO] running `Command { std: "docker" "create" "-v" "/var/lib/crater-agent-workspace/builds/worker-3-tc2/target:/opt/rustwide/target:rw,Z" "-v" "/var/lib/crater-agent-workspace/builds/worker-3-tc2/source:/opt/rustwide/workdir:ro,Z" "-v" "/var/lib/crater-agent-workspace/cargo-home:/opt/rustwide/cargo-home:ro,Z" "-v" "/var/lib/crater-agent-workspace/rustup-home:/opt/rustwide/rustup-home:ro,Z" "-e" "SOURCE_DIR=/opt/rustwide/workdir" "-e" "CARGO_TARGET_DIR=/opt/rustwide/target" "-e" "CARGO_INCREMENTAL=0" "-e" "RUST_BACKTRACE=full" "-e" "RUSTFLAGS=--cap-lints=warn" "-e" "RUSTDOCFLAGS=--cap-lints=warn" "-e" "CARGO_HOME=/opt/rustwide/cargo-home" "-e" "RUSTUP_HOME=/opt/rustwide/rustup-home" "-w" "/opt/rustwide/workdir" "-m" "1610612736" "--user" "0:0" "--network" "none" "ghcr.io/rust-lang/crates-build-env/linux@sha256:2788e3201cd34a07e3172128adcd8b3090168a8e3bcc40d7c032b9dda1df7d1c" "/opt/rustwide/cargo-home/bin/cargo" "+beta-2023-12-22" "test" "--frozen", kill_on_drop: false }`
[INFO] [stdout] e48bce6828b246a4c68ab287e86fd774fa801d256fb15ab3c66a3a24cf4d34a0
[INFO] running `Command { std: "docker" "start" "-a" "e48bce6828b246a4c68ab287e86fd774fa801d256fb15ab3c66a3a24cf4d34a0", kill_on_drop: false }`
[INFO] [stderr]     Finished test [unoptimized + debuginfo] target(s) in 0.01s
[INFO] [stderr]      Running unittests src/lib.rs (/opt/rustwide/target/debug/deps/textflow-d6eb9f2385daea1b)
[INFO] [stdout] 
[INFO] [stdout] running 0 tests
[INFO] [stdout] 
[INFO] [stdout] test result: ok. 0 passed; 0 failed; 0 ignored; 0 measured; 0 filtered out; finished in 0.00s
[INFO] [stdout] 
[INFO] [stderr]    Doc-tests textflow
[INFO] [stdout] 
[INFO] [stdout] running 6 tests
[INFO] [stdout] test src/columns.rs - columns::columns (line 39) ... FAILED
[INFO] [stdout] test src/layout.rs - layout::Layout::from_pattern (line 86) ... FAILED
[INFO] [stdout] test src/layout.rs - layout::Layout::new (line 32) ... FAILED
[INFO] [stdout] test src/layout.rs - layout::Layout::from_pattern (line 92) ... FAILED
[INFO] [stdout] test src/align.rs - align::align (line 22) ... ok
[INFO] [stdout] test src/columns.rs - columns::columns (line 24) ... ok
[INFO] [stdout] 
[INFO] [stdout] failures:
[INFO] [stdout] 
[INFO] [stdout] ---- src/columns.rs - columns::columns (line 39) stdout ----
[INFO] [stdout] error: expected one of `!`, `.`, `::`, `;`, `?`, `{`, `}`, or an operator, found `am`
[INFO] [stdout]  --> src/columns.rs:40:3
[INFO] [stdout]   |
[INFO] [stdout] 3 | I am        I am aligned to the
[INFO] [stdout]   |   ^^ expected one of 8 possible tokens
[INFO] [stdout] 
[INFO] [stdout] error: aborting due to 1 previous error
[INFO] [stdout] 
[INFO] [stdout] Couldn't compile the test.
[INFO] [stdout] ---- src/layout.rs - layout::Layout::from_pattern (line 86) stdout ----
[INFO] [stdout] error[E0433]: failed to resolve: use of undeclared type `Layout`
[INFO] [stdout]  --> src/layout.rs:87:1
[INFO] [stdout]   |
[INFO] [stdout] 3 | Layout::from_pattern("^5 <-*").unwrap()
[INFO] [stdout]   | ^^^^^^ use of undeclared type `Layout`
[INFO] [stdout]   |
[INFO] [stdout] help: consider importing one of these items
[INFO] [stdout]   |
[INFO] [stdout] 2 + use core::alloc::Layout;
[INFO] [stdout]   |
[INFO] [stdout] 2 + use std::alloc::Layout;
[INFO] [stdout]   |
[INFO] [stdout] 2 + use textflow::Layout;
[INFO] [stdout]   |
[INFO] [stdout] 
[INFO] [stdout] error: aborting due to 1 previous error
[INFO] [stdout] 
[INFO] [stdout] For more information about this error, try `rustc --explain E0433`.
[INFO] [stdout] Couldn't compile the test.
[INFO] [stdout] ---- src/layout.rs - layout::Layout::new (line 32) stdout ----
[INFO] [stdout] error[E0433]: failed to resolve: use of undeclared type `Layout`
[INFO] [stdout]  --> src/layout.rs:33:17
[INFO] [stdout]   |
[INFO] [stdout] 3 | let my_layout = Layout::new()
[INFO] [stdout]   |                 ^^^^^^ use of undeclared type `Layout`
[INFO] [stdout]   |
[INFO] [stdout] help: consider importing one of these items
[INFO] [stdout]   |
[INFO] [stdout] 2 + use core::alloc::Layout;
[INFO] [stdout]   |
[INFO] [stdout] 2 + use std::alloc::Layout;
[INFO] [stdout]   |
[INFO] [stdout] 2 + use textflow::Layout;
[INFO] [stdout]   |
[INFO] [stdout] 
[INFO] [stdout] error[E0425]: cannot find value `RIGHT` in this scope
[INFO] [stdout]  --> src/layout.rs:34:15
[INFO] [stdout]   |
[INFO] [stdout] 4 |     .fixed(4, RIGHT)
[INFO] [stdout]   |               ^^^^^ not found in this scope
[INFO] [stdout]   |
[INFO] [stdout] help: consider importing this unit variant
[INFO] [stdout]   |
[INFO] [stdout] 2 + use textflow::Alignment::RIGHT;
[INFO] [stdout]   |
[INFO] [stdout] 
[INFO] [stdout] error[E0425]: cannot find value `CENTER` in this scope
[INFO] [stdout]  --> src/layout.rs:35:20
[INFO] [stdout]   |
[INFO] [stdout] 5 |     .fractional(1, CENTER)
[INFO] [stdout]   |                    ^^^^^^ not found in this scope
[INFO] [stdout]   |
[INFO] [stdout] help: consider importing this unit variant
[INFO] [stdout]   |
[INFO] [stdout] 2 + use textflow::Alignment::CENTER;
[INFO] [stdout]   |
[INFO] [stdout] 
[INFO] [stdout] error: aborting due to 3 previous errors
[INFO] [stdout] 
[INFO] [stdout] Some errors have detailed explanations: E0425, E0433.
[INFO] [stdout] For more information about an error, try `rustc --explain E0425`.
[INFO] [stdout] Couldn't compile the test.
[INFO] [stdout] ---- src/layout.rs - layout::Layout::from_pattern (line 92) stdout ----
[INFO] [stdout] error[E0433]: failed to resolve: use of undeclared type `Layout`
[INFO] [stdout]  --> src/layout.rs:93:1
[INFO] [stdout]   |
[INFO] [stdout] 3 | Layout::new()
[INFO] [stdout]   | ^^^^^^ use of undeclared type `Layout`
[INFO] [stdout]   |
[INFO] [stdout] help: consider importing one of these items
[INFO] [stdout]   |
[INFO] [stdout] 2 + use core::alloc::Layout;
[INFO] [stdout]   |
[INFO] [stdout] 2 + use std::alloc::Layout;
[INFO] [stdout]   |
[INFO] [stdout] 2 + use textflow::Layout;
[INFO] [stdout]   |
[INFO] [stdout] 
[INFO] [stdout] error[E0433]: failed to resolve: use of undeclared type `Alignment`
[INFO] [stdout]  --> src/layout.rs:94:15
[INFO] [stdout]   |
[INFO] [stdout] 4 |     .fixed(5, Alignment::CENTER)
[INFO] [stdout]   |               ^^^^^^^^^ use of undeclared type `Alignment`
[INFO] [stdout]   |
[INFO] [stdout] help: consider importing one of these items
[INFO] [stdout]   |
[INFO] [stdout] 2 + use core::fmt::Alignment;
[INFO] [stdout]   |
[INFO] [stdout] 2 + use core::ptr::Alignment;
[INFO] [stdout]   |
[INFO] [stdout] 2 + use std::fmt::Alignment;
[INFO] [stdout]   |
[INFO] [stdout] 2 + use std::ptr::Alignment;
[INFO] [stdout]   |
[INFO] [stdout]     and 1 other candidate
[INFO] [stdout] 
[INFO] [stdout] error[E0433]: failed to resolve: use of undeclared type `Alignment`
[INFO] [stdout]  --> src/layout.rs:95:20
[INFO] [stdout]   |
[INFO] [stdout] 5 |     .fractional(1, Alignment::LEFT).repeat()
[INFO] [stdout]   |                    ^^^^^^^^^ use of undeclared type `Alignment`
[INFO] [stdout]   |
[INFO] [stdout] help: consider importing one of these items
[INFO] [stdout]   |
[INFO] [stdout] 2 + use core::fmt::Alignment;
[INFO] [stdout]   |
[INFO] [stdout] 2 + use core::ptr::Alignment;
[INFO] [stdout]   |
[INFO] [stdout] 2 + use std::fmt::Alignment;
[INFO] [stdout]   |
[INFO] [stdout] 2 + use std::ptr::Alignment;
[INFO] [stdout]   |
[INFO] [stdout]     and 1 other candidate
[INFO] [stdout] 
[INFO] [stdout] error: aborting due to 3 previous errors
[INFO] [stdout] 
[INFO] [stdout] For more information about this error, try `rustc --explain E0433`.
[INFO] [stdout] Couldn't compile the test.
[INFO] [stdout] 
[INFO] [stdout] failures:
[INFO] [stdout]     src/columns.rs - columns::columns (line 39)
[INFO] [stdout]     src/layout.rs - layout::Layout::from_pattern (line 86)
[INFO] [stdout]     src/layout.rs - layout::Layout::from_pattern (line 92)
[INFO] [stdout]     src/layout.rs - layout::Layout::new (line 32)
[INFO] [stdout] 
[INFO] [stdout] test result: FAILED. 2 passed; 4 failed; 0 ignored; 0 measured; 0 filtered out; finished in 0.51s
[INFO] [stdout] 
[INFO] [stderr] error: doctest failed, to rerun pass `--doc`
[INFO] running `Command { std: "docker" "inspect" "e48bce6828b246a4c68ab287e86fd774fa801d256fb15ab3c66a3a24cf4d34a0", kill_on_drop: false }`
[INFO] running `Command { std: "docker" "rm" "-f" "e48bce6828b246a4c68ab287e86fd774fa801d256fb15ab3c66a3a24cf4d34a0", kill_on_drop: false }`
[INFO] [stdout] e48bce6828b246a4c68ab287e86fd774fa801d256fb15ab3c66a3a24cf4d34a0
