[INFO] fetching crate text-image 0.1.2...
[INFO] testing text-image-0.1.2 against 1.75.0 for beta-1.76-1
[INFO] extracting crate text-image 0.1.2 into /workspace/builds/worker-5-tc1/source
[INFO] validating manifest of crates.io crate text-image 0.1.2 on toolchain 1.75.0
[INFO] running `Command { std: CARGO_HOME="/workspace/cargo-home" RUSTUP_HOME="/workspace/rustup-home" "/workspace/cargo-home/bin/cargo" "+1.75.0" "metadata" "--manifest-path" "Cargo.toml" "--no-deps", kill_on_drop: false }`
[INFO] started tweaking crates.io crate text-image 0.1.2
[INFO] finished tweaking crates.io crate text-image 0.1.2
[INFO] tweaked toml for crates.io crate text-image 0.1.2 written to /workspace/builds/worker-5-tc1/source/Cargo.toml
[INFO] running `Command { std: CARGO_HOME="/workspace/cargo-home" RUSTUP_HOME="/workspace/rustup-home" "/workspace/cargo-home/bin/cargo" "+1.75.0" "generate-lockfile" "--manifest-path" "Cargo.toml", kill_on_drop: false }`
[INFO] [stderr]     Updating crates.io index
[INFO] running `Command { std: CARGO_HOME="/workspace/cargo-home" RUSTUP_HOME="/workspace/rustup-home" "/workspace/cargo-home/bin/cargo" "+1.75.0" "fetch" "--manifest-path" "Cargo.toml", kill_on_drop: false }`
[INFO] [stderr]  Downloading crates ...
[INFO] [stderr]   Downloaded rusttype v0.9.3
[INFO] [stderr]   Downloaded nalgebra v0.30.1
[INFO] [stderr]   Downloaded imageproc v0.23.0
[INFO] running `Command { std: "docker" "create" "-v" "/var/lib/crater-agent-workspace/builds/worker-5-tc1/target:/opt/rustwide/target:rw,Z" "-v" "/var/lib/crater-agent-workspace/builds/worker-5-tc1/source:/opt/rustwide/workdir:ro,Z" "-v" "/var/lib/crater-agent-workspace/cargo-home:/opt/rustwide/cargo-home:ro,Z" "-v" "/var/lib/crater-agent-workspace/rustup-home:/opt/rustwide/rustup-home:ro,Z" "-e" "SOURCE_DIR=/opt/rustwide/workdir" "-e" "CARGO_TARGET_DIR=/opt/rustwide/target" "-e" "CARGO_HOME=/opt/rustwide/cargo-home" "-e" "RUSTUP_HOME=/opt/rustwide/rustup-home" "-w" "/opt/rustwide/workdir" "-m" "1610612736" "--user" "0:0" "--network" "none" "ghcr.io/rust-lang/crates-build-env/linux@sha256:2788e3201cd34a07e3172128adcd8b3090168a8e3bcc40d7c032b9dda1df7d1c" "/opt/rustwide/cargo-home/bin/cargo" "+1.75.0" "metadata" "--no-deps" "--format-version=1", kill_on_drop: false }`
[INFO] [stdout] da2e92a53836597c6bc99eb95a416263bc74a8b7e95d5f47683a13c594327ac2
[INFO] running `Command { std: "docker" "start" "-a" "da2e92a53836597c6bc99eb95a416263bc74a8b7e95d5f47683a13c594327ac2", kill_on_drop: false }`
[INFO] running `Command { std: "docker" "inspect" "da2e92a53836597c6bc99eb95a416263bc74a8b7e95d5f47683a13c594327ac2", kill_on_drop: false }`
[INFO] running `Command { std: "docker" "rm" "-f" "da2e92a53836597c6bc99eb95a416263bc74a8b7e95d5f47683a13c594327ac2", kill_on_drop: false }`
[INFO] [stdout] da2e92a53836597c6bc99eb95a416263bc74a8b7e95d5f47683a13c594327ac2
[INFO] running `Command { std: "docker" "create" "-v" "/var/lib/crater-agent-workspace/builds/worker-5-tc1/target:/opt/rustwide/target:rw,Z" "-v" "/var/lib/crater-agent-workspace/builds/worker-5-tc1/source:/opt/rustwide/workdir:ro,Z" "-v" "/var/lib/crater-agent-workspace/cargo-home:/opt/rustwide/cargo-home:ro,Z" "-v" "/var/lib/crater-agent-workspace/rustup-home:/opt/rustwide/rustup-home:ro,Z" "-e" "SOURCE_DIR=/opt/rustwide/workdir" "-e" "CARGO_TARGET_DIR=/opt/rustwide/target" "-e" "CARGO_INCREMENTAL=0" "-e" "RUST_BACKTRACE=full" "-e" "RUSTFLAGS=--cap-lints=warn" "-e" "RUSTDOCFLAGS=--cap-lints=warn" "-e" "CARGO_HOME=/opt/rustwide/cargo-home" "-e" "RUSTUP_HOME=/opt/rustwide/rustup-home" "-w" "/opt/rustwide/workdir" "-m" "1610612736" "--user" "0:0" "--network" "none" "ghcr.io/rust-lang/crates-build-env/linux@sha256:2788e3201cd34a07e3172128adcd8b3090168a8e3bcc40d7c032b9dda1df7d1c" "/opt/rustwide/cargo-home/bin/cargo" "+1.75.0" "build" "--frozen" "--message-format=json", kill_on_drop: false }`
[INFO] [stdout] df444d9732d0862a924d2f40131ad0bfd61126312c01b8bf5de77a3020a7fad8
[INFO] running `Command { std: "docker" "start" "-a" "df444d9732d0862a924d2f40131ad0bfd61126312c01b8bf5de77a3020a7fad8", kill_on_drop: false }`
[INFO] [stderr]    Compiling cfg-if v1.0.0
[INFO] [stderr]    Compiling num-traits v0.2.17
[INFO] [stderr]    Compiling crossbeam-utils v0.8.18
[INFO] [stderr]    Compiling num-integer v0.1.45
[INFO] [stderr]    Compiling simd-adler32 v0.3.7
[INFO] [stderr]    Compiling rayon-core v1.12.0
[INFO] [stderr]    Compiling libc v0.2.151
[INFO] [stderr]    Compiling lock_api v0.4.11
[INFO] [stderr]    Compiling num-bigint v0.4.4
[INFO] [stderr]    Compiling adler v1.0.2
[INFO] [stderr]    Compiling bytemuck v1.14.0
[INFO] [stderr]    Compiling getrandom v0.1.16
[INFO] [stderr]    Compiling num-rational v0.4.1
[INFO] [stderr]    Compiling either v1.9.0
[INFO] [stderr]    Compiling scopeguard v1.2.0
[INFO] [stderr]    Compiling crc32fast v1.3.2
[INFO] [stderr]    Compiling paste v1.0.14
[INFO] [stderr]    Compiling matrixmultiply v0.3.8
[INFO] [stderr]    Compiling num-iter v0.1.43
[INFO] [stderr]    Compiling miniz_oxide v0.7.1
[INFO] [stderr]    Compiling ppv-lite86 v0.2.17
[INFO] [stderr]    Compiling proc-macro2 v1.0.75
[INFO] [stderr]    Compiling weezl v0.1.7
[INFO] [stderr]    Compiling typenum v1.17.0
[INFO] [stderr]    Compiling safe_arch v0.7.1
[INFO] [stderr]    Compiling fdeflate v0.3.3
[INFO] [stderr]    Compiling zune-inflate v0.2.54
[INFO] [stderr]    Compiling half v2.2.1
[INFO] [stderr]    Compiling rawpointer v0.2.1
[INFO] [stderr]    Compiling ttf-parser v0.15.2
[INFO] [stderr]    Compiling unicode-ident v1.0.12
[INFO] [stderr]    Compiling spin v0.9.8
[INFO] [stderr]    Compiling color_quant v1.1.0
[INFO] [stderr]    Compiling lebe v0.5.2
[INFO] [stderr]    Compiling bit_field v0.10.2
[INFO] [stderr]    Compiling flate2 v1.0.28
[INFO] [stderr]    Compiling wide v0.7.13
[INFO] [stderr]    Compiling crossbeam-epoch v0.9.17
[INFO] [stderr]    Compiling flume v0.11.0
[INFO] [stderr]    Compiling bitflags v1.3.2
[INFO] [stderr]    Compiling smallvec v1.11.2
[INFO] [stderr]    Compiling gif v0.12.0
[INFO] [stderr]    Compiling qoi v0.4.1
[INFO] [stderr]    Compiling custom_derive v0.1.7
[INFO] [stderr]    Compiling byteorder v1.5.0
[INFO] [stderr]    Compiling crossbeam-deque v0.8.4
[INFO] [stderr]    Compiling ab_glyph_rasterizer v0.1.8
[INFO] [stderr]    Compiling conv v0.3.3
[INFO] [stderr]    Compiling png v0.17.10
[INFO] [stderr]    Compiling itertools v0.10.5
[INFO] [stderr]    Compiling quote v1.0.35
[INFO] [stderr]    Compiling rand_core v0.5.1
[INFO] [stderr]    Compiling syn v2.0.48
[INFO] [stderr]    Compiling rand_chacha v0.2.2
[INFO] [stderr]    Compiling rayon v1.8.0
[INFO] [stderr]    Compiling exr v1.71.0
[INFO] [stderr]    Compiling rand v0.7.3
[INFO] [stderr]    Compiling num-complex v0.4.4
[INFO] [stderr]    Compiling approx v0.5.1
[INFO] [stderr]    Compiling owned_ttf_parser v0.15.2
[INFO] [stderr]    Compiling simba v0.7.3
[INFO] [stderr]    Compiling rusttype v0.9.3
[INFO] [stderr]    Compiling rand_distr v0.2.2
[INFO] [stderr]    Compiling num v0.4.1
[INFO] [stderr]    Compiling jpeg-decoder v0.3.0
[INFO] [stderr]    Compiling tiff v0.9.0
[INFO] [stderr]    Compiling image v0.24.7
[INFO] [stderr]    Compiling nalgebra v0.30.1
[INFO] [stderr]    Compiling imageproc v0.23.0
[INFO] [stderr]    Compiling text-image v0.1.2 (/opt/rustwide/workdir)
[INFO] [stderr]     Finished dev [unoptimized + debuginfo] target(s) in 16.67s
[INFO] running `Command { std: "docker" "inspect" "df444d9732d0862a924d2f40131ad0bfd61126312c01b8bf5de77a3020a7fad8", kill_on_drop: false }`
[INFO] running `Command { std: "docker" "rm" "-f" "df444d9732d0862a924d2f40131ad0bfd61126312c01b8bf5de77a3020a7fad8", kill_on_drop: false }`
[INFO] [stdout] df444d9732d0862a924d2f40131ad0bfd61126312c01b8bf5de77a3020a7fad8
[INFO] running `Command { std: "docker" "create" "-v" "/var/lib/crater-agent-workspace/builds/worker-5-tc1/target:/opt/rustwide/target:rw,Z" "-v" "/var/lib/crater-agent-workspace/builds/worker-5-tc1/source:/opt/rustwide/workdir:ro,Z" "-v" "/var/lib/crater-agent-workspace/cargo-home:/opt/rustwide/cargo-home:ro,Z" "-v" "/var/lib/crater-agent-workspace/rustup-home:/opt/rustwide/rustup-home:ro,Z" "-e" "SOURCE_DIR=/opt/rustwide/workdir" "-e" "CARGO_TARGET_DIR=/opt/rustwide/target" "-e" "CARGO_INCREMENTAL=0" "-e" "RUST_BACKTRACE=full" "-e" "RUSTFLAGS=--cap-lints=warn" "-e" "RUSTDOCFLAGS=--cap-lints=warn" "-e" "CARGO_HOME=/opt/rustwide/cargo-home" "-e" "RUSTUP_HOME=/opt/rustwide/rustup-home" "-w" "/opt/rustwide/workdir" "-m" "1610612736" "--user" "0:0" "--network" "none" "ghcr.io/rust-lang/crates-build-env/linux@sha256:2788e3201cd34a07e3172128adcd8b3090168a8e3bcc40d7c032b9dda1df7d1c" "/opt/rustwide/cargo-home/bin/cargo" "+1.75.0" "test" "--frozen" "--no-run" "--message-format=json", kill_on_drop: false }`
[INFO] [stdout] 4b40ed84c9309a7c95ca56a9e79bcd969cac93e482786a1b52681a826a5b9399
[INFO] running `Command { std: "docker" "start" "-a" "4b40ed84c9309a7c95ca56a9e79bcd969cac93e482786a1b52681a826a5b9399", kill_on_drop: false }`
[INFO] [stderr]    Compiling text-image v0.1.2 (/opt/rustwide/workdir)
[INFO] [stderr]     Finished test [unoptimized + debuginfo] target(s) in 1.06s
[INFO] running `Command { std: "docker" "inspect" "4b40ed84c9309a7c95ca56a9e79bcd969cac93e482786a1b52681a826a5b9399", kill_on_drop: false }`
[INFO] running `Command { std: "docker" "rm" "-f" "4b40ed84c9309a7c95ca56a9e79bcd969cac93e482786a1b52681a826a5b9399", kill_on_drop: false }`
[INFO] [stdout] 4b40ed84c9309a7c95ca56a9e79bcd969cac93e482786a1b52681a826a5b9399
[INFO] running `Command { std: "docker" "create" "-v" "/var/lib/crater-agent-workspace/builds/worker-5-tc1/target:/opt/rustwide/target:rw,Z" "-v" "/var/lib/crater-agent-workspace/builds/worker-5-tc1/source:/opt/rustwide/workdir:ro,Z" "-v" "/var/lib/crater-agent-workspace/cargo-home:/opt/rustwide/cargo-home:ro,Z" "-v" "/var/lib/crater-agent-workspace/rustup-home:/opt/rustwide/rustup-home:ro,Z" "-e" "SOURCE_DIR=/opt/rustwide/workdir" "-e" "CARGO_TARGET_DIR=/opt/rustwide/target" "-e" "CARGO_INCREMENTAL=0" "-e" "RUST_BACKTRACE=full" "-e" "RUSTFLAGS=--cap-lints=warn" "-e" "RUSTDOCFLAGS=--cap-lints=warn" "-e" "CARGO_HOME=/opt/rustwide/cargo-home" "-e" "RUSTUP_HOME=/opt/rustwide/rustup-home" "-w" "/opt/rustwide/workdir" "-m" "1610612736" "--user" "0:0" "--network" "none" "ghcr.io/rust-lang/crates-build-env/linux@sha256:2788e3201cd34a07e3172128adcd8b3090168a8e3bcc40d7c032b9dda1df7d1c" "/opt/rustwide/cargo-home/bin/cargo" "+1.75.0" "test" "--frozen", kill_on_drop: false }`
[INFO] [stdout] 57ce830458dc344c4e880a228b744b611bb81eac1e4c595883a28cca60c54dd0
[INFO] running `Command { std: "docker" "start" "-a" "57ce830458dc344c4e880a228b744b611bb81eac1e4c595883a28cca60c54dd0", kill_on_drop: false }`
[INFO] [stderr]     Finished test [unoptimized + debuginfo] target(s) in 0.04s
[INFO] [stderr]      Running unittests src/lib.rs (/opt/rustwide/target/debug/deps/text_image-fee5d0dad5240e25)
[INFO] [stdout] 
[INFO] [stdout] running 0 tests
[INFO] [stdout] 
[INFO] [stdout] test result: ok. 0 passed; 0 failed; 0 ignored; 0 measured; 0 filtered out; finished in 0.00s
[INFO] [stdout] 
[INFO] [stderr]    Doc-tests text-image
[INFO] [stdout] 
[INFO] [stdout] running 1 test
[INFO] [stdout] text_image: TextImageOptions {
[INFO] [stdout]     text: "Hello, world!哈哈这样也行",
[INFO] [stdout]     font: "LXGWWenKaiScreen.ttf",
[INFO] [stdout]     font_size: 48.0,
[INFO] [stdout]     inverse: true,
[INFO] [stdout]     line_spacing: 0,
[INFO] [stdout] }
[INFO] [stdout] test src/lib.rs - text_image (line 119) ... FAILED
[INFO] [stdout] 
[INFO] [stdout] failures:
[INFO] [stdout] 
[INFO] [stdout] ---- src/lib.rs - text_image (line 119) stdout ----
[INFO] [stdout] error: proc macro panicked
[INFO] [stdout]   --> src/lib.rs:126:21
[INFO] [stdout]    |
[INFO] [stdout] 9  |     let (w, h, raw) = text_image!(
[INFO] [stdout]    |  _____________________^
[INFO] [stdout] 10 | |     text = "Hello, world!哈哈这样也行",
[INFO] [stdout] 11 | |     font = "LXGWWenKaiScreen.ttf",
[INFO] [stdout] 12 | |     font_size = 48.0,
[INFO] [stdout] 13 | |     inverse,
[INFO] [stdout] 14 | |   );
[INFO] [stdout]    | |___^
[INFO] [stdout]    |
[INFO] [stdout]    = help: message: Can not read font file: Os { code: 2, kind: NotFound, message: "No such file or directory" }
[INFO] [stdout] 
[INFO] [stdout] error[E0433]: failed to resolve: use of undeclared crate or module `embedded_graphics`
[INFO] [stdout]  --> src/lib.rs:123:5
[INFO] [stdout]   |
[INFO] [stdout] 6 | use embedded_graphics::{image::ImageRaw, pixelcolor::Gray8};
[INFO] [stdout]   |     ^^^^^^^^^^^^^^^^^ use of undeclared crate or module `embedded_graphics`
[INFO] [stdout] 
[INFO] [stdout] error: aborting due to 2 previous errors
[INFO] [stdout] 
[INFO] [stdout] For more information about this error, try `rustc --explain E0433`.
[INFO] [stdout] Couldn't compile the test.
[INFO] [stdout] 
[INFO] [stdout] failures:
[INFO] [stdout]     src/lib.rs - text_image (line 119)
[INFO] [stdout] 
[INFO] [stdout] test result: FAILED. 0 passed; 1 failed; 0 ignored; 0 measured; 0 filtered out; finished in 0.03s
[INFO] [stdout] 
[INFO] [stderr] error: doctest failed, to rerun pass `--doc`
[INFO] running `Command { std: "docker" "inspect" "57ce830458dc344c4e880a228b744b611bb81eac1e4c595883a28cca60c54dd0", kill_on_drop: false }`
[INFO] running `Command { std: "docker" "rm" "-f" "57ce830458dc344c4e880a228b744b611bb81eac1e4c595883a28cca60c54dd0", kill_on_drop: false }`
[INFO] [stdout] 57ce830458dc344c4e880a228b744b611bb81eac1e4c595883a28cca60c54dd0
