[INFO] fetching crate test-suite 3.3.0...
[INFO] testing test-suite-3.3.0 against 1.75.0 for beta-1.76-1
[INFO] extracting crate test-suite 3.3.0 into /workspace/builds/worker-0-tc1/source
[INFO] validating manifest of crates.io crate test-suite 3.3.0 on toolchain 1.75.0
[INFO] running `Command { std: CARGO_HOME="/workspace/cargo-home" RUSTUP_HOME="/workspace/rustup-home" "/workspace/cargo-home/bin/cargo" "+1.75.0" "metadata" "--manifest-path" "Cargo.toml" "--no-deps", kill_on_drop: false }`
[INFO] started tweaking crates.io crate test-suite 3.3.0
[INFO] finished tweaking crates.io crate test-suite 3.3.0
[INFO] tweaked toml for crates.io crate test-suite 3.3.0 written to /workspace/builds/worker-0-tc1/source/Cargo.toml
[INFO] running `Command { std: CARGO_HOME="/workspace/cargo-home" RUSTUP_HOME="/workspace/rustup-home" "/workspace/cargo-home/bin/cargo" "+1.75.0" "generate-lockfile" "--manifest-path" "Cargo.toml", kill_on_drop: false }`
[INFO] [stderr]     Updating crates.io index
[INFO] running `Command { std: CARGO_HOME="/workspace/cargo-home" RUSTUP_HOME="/workspace/rustup-home" "/workspace/cargo-home/bin/cargo" "+1.75.0" "fetch" "--manifest-path" "Cargo.toml", kill_on_drop: false }`
[INFO] [stderr]  Downloading crates ...
[INFO] [stderr]   Downloaded cw-storage-plus v1.2.0
[INFO] [stderr]   Downloaded sg-controllers v3.3.0
[INFO] [stderr]   Downloaded sg-whitelist v3.3.0
[INFO] [stderr]   Downloaded ethabi v18.0.0
[INFO] [stderr]   Downloaded sg4 v3.3.0
[INFO] [stderr]   Downloaded vending-factory v3.3.0
[INFO] [stderr]   Downloaded sg-eth-airdrop v3.3.0
[INFO] [stderr]   Downloaded vending-minter v3.3.0
[INFO] [stderr]   Downloaded ethers-core v1.0.2
[INFO] [stderr]   Downloaded ethers-signers v1.0.2
[INFO] [stderr]   Downloaded sg-multi-test v3.1.0
[INFO] [stderr]   Downloaded shuffle v0.1.7
[INFO] [stderr]   Downloaded sg721-base v3.3.0
[INFO] [stderr]   Downloaded sg721-updatable v3.3.0
[INFO] [stderr]   Downloaded ethereum-verify v3.3.0
[INFO] [stderr]   Downloaded open-fastrlp-derive v0.1.1
[INFO] [stderr]   Downloaded open-fastrlp v0.1.4
[INFO] [stderr]   Downloaded cw4 v1.1.2
[INFO] [stderr]   Downloaded sg721-nt v3.3.0
[INFO] [stderr]   Downloaded whitelist-immutable v3.3.0
[INFO] [stderr]   Downloaded coins-bip39 v0.7.0
[INFO] [stderr]   Downloaded cw-controllers v0.16.0
[INFO] [stderr]   Downloaded open-edition-factory v3.3.0
[INFO] [stderr]   Downloaded sg-splits v3.3.0
[INFO] [stderr]   Downloaded base-minter v3.3.0
[INFO] [stderr]   Downloaded cw4-group v1.1.2
[INFO] [stderr]   Downloaded open-edition-minter v3.3.0
[INFO] running `Command { std: "docker" "create" "-v" "/var/lib/crater-agent-workspace/builds/worker-0-tc1/target:/opt/rustwide/target:rw,Z" "-v" "/var/lib/crater-agent-workspace/builds/worker-0-tc1/source:/opt/rustwide/workdir:ro,Z" "-v" "/var/lib/crater-agent-workspace/cargo-home:/opt/rustwide/cargo-home:ro,Z" "-v" "/var/lib/crater-agent-workspace/rustup-home:/opt/rustwide/rustup-home:ro,Z" "-e" "SOURCE_DIR=/opt/rustwide/workdir" "-e" "CARGO_TARGET_DIR=/opt/rustwide/target" "-e" "CARGO_HOME=/opt/rustwide/cargo-home" "-e" "RUSTUP_HOME=/opt/rustwide/rustup-home" "-w" "/opt/rustwide/workdir" "-m" "1610612736" "--user" "0:0" "--network" "none" "ghcr.io/rust-lang/crates-build-env/linux@sha256:2788e3201cd34a07e3172128adcd8b3090168a8e3bcc40d7c032b9dda1df7d1c" "/opt/rustwide/cargo-home/bin/cargo" "+1.75.0" "metadata" "--no-deps" "--format-version=1", kill_on_drop: false }`
[INFO] [stdout] feb9a2a4ef964cc97b3271ca551f4a9cb1eb03d5766601fedf1b0d911799d909
[INFO] running `Command { std: "docker" "start" "-a" "feb9a2a4ef964cc97b3271ca551f4a9cb1eb03d5766601fedf1b0d911799d909", kill_on_drop: false }`
[INFO] running `Command { std: "docker" "inspect" "feb9a2a4ef964cc97b3271ca551f4a9cb1eb03d5766601fedf1b0d911799d909", kill_on_drop: false }`
[INFO] running `Command { std: "docker" "rm" "-f" "feb9a2a4ef964cc97b3271ca551f4a9cb1eb03d5766601fedf1b0d911799d909", kill_on_drop: false }`
[INFO] [stdout] feb9a2a4ef964cc97b3271ca551f4a9cb1eb03d5766601fedf1b0d911799d909
[INFO] running `Command { std: "docker" "create" "-v" "/var/lib/crater-agent-workspace/builds/worker-0-tc1/target:/opt/rustwide/target:rw,Z" "-v" "/var/lib/crater-agent-workspace/builds/worker-0-tc1/source:/opt/rustwide/workdir:ro,Z" "-v" "/var/lib/crater-agent-workspace/cargo-home:/opt/rustwide/cargo-home:ro,Z" "-v" "/var/lib/crater-agent-workspace/rustup-home:/opt/rustwide/rustup-home:ro,Z" "-e" "SOURCE_DIR=/opt/rustwide/workdir" "-e" "CARGO_TARGET_DIR=/opt/rustwide/target" "-e" "CARGO_INCREMENTAL=0" "-e" "RUST_BACKTRACE=full" "-e" "RUSTFLAGS=--cap-lints=warn" "-e" "RUSTDOCFLAGS=--cap-lints=warn" "-e" "CARGO_HOME=/opt/rustwide/cargo-home" "-e" "RUSTUP_HOME=/opt/rustwide/rustup-home" "-w" "/opt/rustwide/workdir" "-m" "1610612736" "--user" "0:0" "--network" "none" "ghcr.io/rust-lang/crates-build-env/linux@sha256:2788e3201cd34a07e3172128adcd8b3090168a8e3bcc40d7c032b9dda1df7d1c" "/opt/rustwide/cargo-home/bin/cargo" "+1.75.0" "build" "--frozen" "--message-format=json", kill_on_drop: false }`
[INFO] [stdout] fd873152bd7b6121a179fa3f241bb8206e029905226a440c6b63987ceec3cb9a
[INFO] running `Command { std: "docker" "start" "-a" "fd873152bd7b6121a179fa3f241bb8206e029905226a440c6b63987ceec3cb9a", kill_on_drop: false }`
[INFO] [stderr]    Compiling zeroize v1.7.0
[INFO] [stderr]    Compiling generic-array v0.14.7
[INFO] [stderr]    Compiling libc v0.2.151
[INFO] [stderr]    Compiling const-oid v0.9.6
[INFO] [stderr]    Compiling syn v1.0.109
[INFO] [stderr]    Compiling ahash v0.7.7
[INFO] [stderr]    Compiling once_cell v1.19.0
[INFO] [stderr]    Compiling base16ct v0.2.0
[INFO] [stderr]    Compiling der v0.7.8
[INFO] [stderr]    Compiling schemars v0.8.16
[INFO] [stderr]    Compiling serde_json v1.0.111
[INFO] [stderr]    Compiling opaque-debug v0.3.0
[INFO] [stderr]    Compiling byteorder v1.5.0
[INFO] [stderr]    Compiling dyn-clone v1.0.16
[INFO] [stderr]    Compiling rand_core v0.5.1
[INFO] [stderr]    Compiling serde-json-wasm v0.5.1
[INFO] [stderr]    Compiling bech32 v0.9.1
[INFO] [stderr]    Compiling forward_ref v1.0.0
[INFO] [stderr]    Compiling bnum v0.8.1
[INFO] [stderr]    Compiling base64 v0.21.5
[INFO] [stderr]    Compiling tinyvec_macros v0.1.1
[INFO] [stderr]    Compiling block-buffer v0.10.4
[INFO] [stderr]    Compiling crypto-common v0.1.6
[INFO] [stderr]    Compiling getrandom v0.2.11
[INFO] [stderr]    Compiling digest v0.10.7
[INFO] [stderr]    Compiling digest v0.9.0
[INFO] [stderr]    Compiling block-buffer v0.9.0
[INFO] [stderr]    Compiling rand_core v0.6.4
[INFO] [stderr]    Compiling spki v0.7.3
[INFO] [stderr]    Compiling sec1 v0.7.3
[INFO] [stderr]    Compiling hmac v0.12.1
[INFO] [stderr]    Compiling ff v0.13.0
[INFO] [stderr]    Compiling pkcs8 v0.10.2
[INFO] [stderr]    Compiling group v0.13.0
[INFO] [stderr]    Compiling crypto-bigint v0.5.5
[INFO] [stderr]    Compiling rfc6979 v0.4.0
[INFO] [stderr]    Compiling signature v2.2.0
[INFO] [stderr]    Compiling sha2 v0.10.8
[INFO] [stderr]    Compiling sha2 v0.9.9
[INFO] [stderr]    Compiling curve25519-dalek v3.2.0
[INFO] [stderr]    Compiling hashbrown v0.12.3
[INFO] [stderr]    Compiling tinyvec v1.6.0
[INFO] [stderr]    Compiling percent-encoding v2.3.1
[INFO] [stderr]    Compiling unicode-bidi v0.3.14
[INFO] [stderr]    Compiling ed25519-zebra v3.1.0
[INFO] [stderr]    Compiling form_urlencoded v1.2.1
[INFO] [stderr]    Compiling der v0.6.1
[INFO] [stderr]    Compiling base64ct v1.6.0
[INFO] [stderr]    Compiling unicode-normalization v0.1.22
[INFO] [stderr]    Compiling num-traits v0.2.17
[INFO] [stderr]    Compiling elliptic-curve v0.13.8
[INFO] [stderr]    Compiling idna v0.5.0
[INFO] [stderr]    Compiling crypto-bigint v0.4.9
[INFO] [stderr]    Compiling ecdsa v0.16.9
[INFO] [stderr]    Compiling url v2.5.0
[INFO] [stderr]    Compiling spki v0.6.0
[INFO] [stderr]    Compiling serde_derive_internals v0.26.0
[INFO] [stderr]    Compiling k256 v0.13.2
[INFO] [stderr]    Compiling pkcs8 v0.9.0
[INFO] [stderr]    Compiling ff v0.12.1
[INFO] [stderr]    Compiling base16ct v0.1.1
[INFO] [stderr]    Compiling rust_decimal v1.33.1
[INFO] [stderr]    Compiling group v0.12.1
[INFO] [stderr]    Compiling sec1 v0.3.0
[INFO] [stderr]    Compiling arrayvec v0.7.4
[INFO] [stderr]    Compiling rand_chacha v0.3.1
[INFO] [stderr]    Compiling cosmwasm-crypto v1.5.0
[INFO] [stderr]    Compiling elliptic-curve v0.12.3
[INFO] [stderr]    Compiling rfc6979 v0.3.1
[INFO] [stderr]    Compiling signature v1.6.4
[INFO] [stderr]    Compiling radium v0.3.0
[INFO] [stderr]    Compiling ecdsa v0.14.8
[INFO] [stderr]    Compiling bitvec v0.17.4
[INFO] [stderr]    Compiling rand v0.8.5
[INFO] [stderr]    Compiling bytes v1.5.0
[INFO] [stderr]    Compiling sha3 v0.10.8
[INFO] [stderr]    Compiling k256 v0.11.6
[INFO] [stderr]    Compiling rand_xoshiro v0.6.0
[INFO] [stderr]    Compiling shuffle v0.1.7
[INFO] [stderr]    Compiling schemars_derive v0.8.16
[INFO] [stderr]    Compiling derivative v2.2.0
[INFO] [stderr]    Compiling cosmwasm-derive v1.5.0
[INFO] [stderr]    Compiling cosmwasm-schema-derive v1.5.0
[INFO] [stderr]    Compiling cw-ownable-derive v0.5.1
[INFO] [stderr]    Compiling prost-derive v0.9.0
[INFO] [stderr]    Compiling prost v0.9.0
[INFO] [stderr]    Compiling cosmwasm-std v1.5.0
[INFO] [stderr]    Compiling cosmwasm-schema v1.5.0
[INFO] [stderr]    Compiling sg-metadata v3.3.0
[INFO] [stderr]    Compiling cw-storage-plus v1.2.0
[INFO] [stderr]    Compiling cw-storage-plus v0.16.0
[INFO] [stderr]    Compiling cw-address-like v1.0.4
[INFO] [stderr]    Compiling sg4 v3.3.0
[INFO] [stderr]    Compiling cw2 v1.1.2
[INFO] [stderr]    Compiling cw2 v0.16.0
[INFO] [stderr]    Compiling cw4 v1.1.2
[INFO] [stderr]    Compiling cw-utils v0.16.0
[INFO] [stderr]    Compiling cw-utils v1.0.3
[INFO] [stderr]    Compiling cw721 v0.18.0
[INFO] [stderr]    Compiling cw-ownable v0.5.1
[INFO] [stderr]    Compiling cw-controllers v1.1.2
[INFO] [stderr]    Compiling cw-multi-test v0.16.5
[INFO] [stderr]    Compiling cw721 v0.16.0
[INFO] [stderr]    Compiling cw-controllers v0.16.0
[INFO] [stderr]    Compiling ethereum-verify v3.3.0
[INFO] [stderr]    Compiling cw4-group v1.1.2
[INFO] [stderr]    Compiling sg-std v3.2.0
[INFO] [stderr]    Compiling sg1 v3.3.0
[INFO] [stderr]    Compiling cw721-base v0.16.0
[INFO] [stderr]    Compiling sg-controllers v3.3.0
[INFO] [stderr]    Compiling sg-multi-test v3.1.0
[INFO] [stderr]    Compiling sg-whitelist v3.3.0
[INFO] [stderr]    Compiling sg-splits v3.3.0
[INFO] [stderr]    Compiling cw721-base v0.18.0
[INFO] [stderr]    Compiling whitelist-immutable v3.3.0
[INFO] [stderr]    Compiling sg721 v3.3.0
[INFO] [stderr]    Compiling sg2 v3.3.0
[INFO] [stderr]    Compiling sg721-base v3.3.0
[INFO] [stderr]    Compiling base-factory v3.3.0
[INFO] [stderr]    Compiling vending-factory v3.3.0
[INFO] [stderr]    Compiling open-edition-factory v3.3.0
[INFO] [stderr]    Compiling base-minter v3.3.0
[INFO] [stderr]    Compiling sg721-updatable v3.3.0
[INFO] [stderr]    Compiling sg721-nt v3.3.0
[INFO] [stderr]    Compiling vending-minter v3.3.0
[INFO] [stderr]    Compiling open-edition-minter v3.3.0
[INFO] [stderr]    Compiling sg-eth-airdrop v3.3.0
[INFO] [stderr]    Compiling test-suite v3.3.0 (/opt/rustwide/workdir)
[INFO] [stdout] warning: use of deprecated function `cosmwasm_std::to_binary`: use to_json_binary instead
[INFO] [stdout]   --> src/common_setup/setup_minter/base_minter/setup.rs:10:19
[INFO] [stdout]    |
[INFO] [stdout] 10 | use cosmwasm_std::to_binary;
[INFO] [stdout]    |                   ^^^^^^^^^
[INFO] [stdout]    |
[INFO] [stdout]    = note: `#[warn(deprecated)]` on by default
[INFO] [stdout] 
[INFO] [stdout] 
[INFO] [stdout] warning: use of deprecated function `cosmwasm_std::to_binary`: use to_json_binary instead
[INFO] [stdout]    --> src/common_setup/setup_minter/base_minter/setup.rs:120:18
[INFO] [stdout]     |
[INFO] [stdout] 120 |             msg: to_binary(&sudo_update_msg).unwrap(),
[INFO] [stdout]     |                  ^^^^^^^^^
[INFO] [stdout] 
[INFO] [stdout] 
[INFO] [stdout] warning: use of deprecated function `cosmwasm_std::to_binary`: use to_json_binary instead
[INFO] [stdout]   --> src/common_setup/setup_minter/open_edition_minter/setup.rs:10:33
[INFO] [stdout]    |
[INFO] [stdout] 10 | use cosmwasm_std::{coin, coins, to_binary, Addr, Coin, Timestamp};
[INFO] [stdout]    |                                 ^^^^^^^^^
[INFO] [stdout] 
[INFO] [stdout] 
[INFO] [stdout] warning: use of deprecated function `cosmwasm_std::to_binary`: use to_json_binary instead
[INFO] [stdout]    --> src/common_setup/setup_minter/open_edition_minter/setup.rs:171:18
[INFO] [stdout]     |
[INFO] [stdout] 171 |             msg: to_binary(&sudo_update_msg).unwrap(),
[INFO] [stdout]     |                  ^^^^^^^^^
[INFO] [stdout] 
[INFO] [stdout] 
[INFO] [stdout] warning: use of deprecated function `cosmwasm_std::to_binary`: use to_json_binary instead
[INFO] [stdout]  --> src/common_setup/setup_minter/vending_minter/setup.rs:9:33
[INFO] [stdout]   |
[INFO] [stdout] 9 | use cosmwasm_std::{coin, coins, to_binary, Addr};
[INFO] [stdout]   |                                 ^^^^^^^^^
[INFO] [stdout] 
[INFO] [stdout] 
[INFO] [stdout] warning: use of deprecated function `cosmwasm_std::to_binary`: use to_json_binary instead
[INFO] [stdout]    --> src/common_setup/setup_minter/vending_minter/setup.rs:171:18
[INFO] [stdout]     |
[INFO] [stdout] 171 |             msg: to_binary(&sudo_update_msg).unwrap(),
[INFO] [stdout]     |                  ^^^^^^^^^
[INFO] [stdout] 
[INFO] [stdout] 
[INFO] [stdout] warning: 6 warnings emitted
[INFO] [stdout] 
[INFO] [stdout] 
[INFO] [stderr]     Finished dev [unoptimized + debuginfo] target(s) in 36.71s
[INFO] running `Command { std: "docker" "inspect" "fd873152bd7b6121a179fa3f241bb8206e029905226a440c6b63987ceec3cb9a", kill_on_drop: false }`
[INFO] running `Command { std: "docker" "rm" "-f" "fd873152bd7b6121a179fa3f241bb8206e029905226a440c6b63987ceec3cb9a", kill_on_drop: false }`
[INFO] [stdout] fd873152bd7b6121a179fa3f241bb8206e029905226a440c6b63987ceec3cb9a
[INFO] running `Command { std: "docker" "create" "-v" "/var/lib/crater-agent-workspace/builds/worker-0-tc1/target:/opt/rustwide/target:rw,Z" "-v" "/var/lib/crater-agent-workspace/builds/worker-0-tc1/source:/opt/rustwide/workdir:ro,Z" "-v" "/var/lib/crater-agent-workspace/cargo-home:/opt/rustwide/cargo-home:ro,Z" "-v" "/var/lib/crater-agent-workspace/rustup-home:/opt/rustwide/rustup-home:ro,Z" "-e" "SOURCE_DIR=/opt/rustwide/workdir" "-e" "CARGO_TARGET_DIR=/opt/rustwide/target" "-e" "CARGO_INCREMENTAL=0" "-e" "RUST_BACKTRACE=full" "-e" "RUSTFLAGS=--cap-lints=warn" "-e" "RUSTDOCFLAGS=--cap-lints=warn" "-e" "CARGO_HOME=/opt/rustwide/cargo-home" "-e" "RUSTUP_HOME=/opt/rustwide/rustup-home" "-w" "/opt/rustwide/workdir" "-m" "1610612736" "--user" "0:0" "--network" "none" "ghcr.io/rust-lang/crates-build-env/linux@sha256:2788e3201cd34a07e3172128adcd8b3090168a8e3bcc40d7c032b9dda1df7d1c" "/opt/rustwide/cargo-home/bin/cargo" "+1.75.0" "test" "--frozen" "--no-run" "--message-format=json", kill_on_drop: false }`
[INFO] [stdout] ffbee62a25110632ee261183a2e457a5b32392fb802dbc70905de7cd220b9e83
[INFO] running `Command { std: "docker" "start" "-a" "ffbee62a25110632ee261183a2e457a5b32392fb802dbc70905de7cd220b9e83", kill_on_drop: false }`
[INFO] [stderr]    Compiling proc-macro2 v1.0.75
[INFO] [stderr]    Compiling unicode-ident v1.0.12
[INFO] [stderr]    Compiling syn v1.0.109
[INFO] [stderr]    Compiling getrandom v0.2.11
[INFO] [stderr]    Compiling byteorder v1.5.0
[INFO] [stderr]    Compiling hashbrown v0.14.3
[INFO] [stderr]    Compiling equivalent v1.0.1
[INFO] [stderr]    Compiling winnow v0.5.32
[INFO] [stderr]    Compiling toml_datetime v0.6.3
[INFO] [stderr]    Compiling parking v2.2.0
[INFO] [stderr]    Compiling rand_core v0.6.4
[INFO] [stderr]    Compiling ahash v0.7.7
[INFO] [stderr]    Compiling curve25519-dalek v3.2.0
[INFO] [stderr]    Compiling concurrent-queue v2.4.0
[INFO] [stderr]    Compiling ff v0.13.0
[INFO] [stderr]    Compiling crypto-bigint v0.5.5
[INFO] [stderr]    Compiling signature v2.2.0
[INFO] [stderr]    Compiling hashbrown v0.12.3
[INFO] [stderr]    Compiling quote v1.0.35
[INFO] [stderr]    Compiling group v0.13.0
[INFO] [stderr]    Compiling indexmap v2.1.0
[INFO] [stderr]    Compiling syn v2.0.48
[INFO] [stderr]    Compiling rand_chacha v0.3.1
[INFO] [stderr]    Compiling ff v0.12.1
[INFO] [stderr]    Compiling crypto-bigint v0.4.9
[INFO] [stderr]    Compiling crunchy v0.2.2
[INFO] [stderr]    Compiling rand v0.8.5
[INFO] [stderr]    Compiling group v0.12.1
[INFO] [stderr]    Compiling byte-slice-cast v1.2.2
[INFO] [stderr]    Compiling futures-core v0.3.30
[INFO] [stderr]    Compiling toml_edit v0.20.2
[INFO] [stderr]    Compiling toml_edit v0.19.15
[INFO] [stderr]    Compiling rustc-hex v2.1.0
[INFO] [stderr]    Compiling rfc6979 v0.3.1
[INFO] [stderr]    Compiling elliptic-curve v0.13.8
[INFO] [stderr]    Compiling elliptic-curve v0.12.3
[INFO] [stderr]    Compiling ecdsa v0.16.9
[INFO] [stderr]    Compiling signature v1.6.4
[INFO] [stderr]    Compiling futures-io v0.3.30
[INFO] [stderr]    Compiling memchr v2.7.1
[INFO] [stderr]    Compiling ecdsa v0.14.8
[INFO] [stderr]    Compiling k256 v0.13.2
[INFO] [stderr]    Compiling event-listener v4.0.2
[INFO] [stderr]    Compiling generic-array v0.12.4
[INFO] [stderr]    Compiling tiny-keccak v2.0.2
[INFO] [stderr]    Compiling byte-tools v0.3.1
[INFO] [stderr]    Compiling proc-macro-crate v2.0.1
[INFO] [stderr]    Compiling block-padding v0.1.5
[INFO] [stderr]    Compiling proc-macro-crate v1.3.1
[INFO] [stderr]    Compiling event-listener-strategy v0.4.0
[INFO] [stderr]    Compiling k256 v0.11.6
[INFO] [stderr]    Compiling fixed-hash v0.8.0
[INFO] [stderr]    Compiling inout v0.1.3
[INFO] [stderr]    Compiling block-buffer v0.7.3
[INFO] [stderr]    Compiling digest v0.8.1
[INFO] [stderr]    Compiling cipher v0.4.4
[INFO] [stderr]    Compiling uint v0.9.5
[INFO] [stderr]    Compiling fake-simd v0.1.2
[INFO] [stderr]    Compiling opaque-debug v0.2.3
[INFO] [stderr]    Compiling rustix v0.38.28
[INFO] [stderr]    Compiling tracing-core v0.1.32
[INFO] [stderr]    Compiling sha2 v0.8.2
[INFO] [stderr]    Compiling serde_derive_internals v0.26.0
[INFO] [stderr]    Compiling tracing v0.1.40
[INFO] [stderr]    Compiling proc-macro-error-attr v1.0.4
[INFO] [stderr]    Compiling futures-lite v2.1.0
[INFO] [stderr]    Compiling async-lock v3.2.0
[INFO] [stderr]    Compiling aho-corasick v1.1.2
[INFO] [stderr]    Compiling password-hash v0.4.2
[INFO] [stderr]    Compiling serde_derive v1.0.194
[INFO] [stderr]    Compiling thiserror-impl v1.0.56
[INFO] [stderr]    Compiling value-bag v1.4.3
[INFO] [stderr]    Compiling regex-syntax v0.8.2
[INFO] [stderr]    Compiling base58 v0.1.0
[INFO] [stderr]    Compiling io-lifetimes v1.0.11
[INFO] [stderr]    Compiling linux-raw-sys v0.4.12
[INFO] [stderr]    Compiling base58check v0.1.0
[INFO] [stderr]    Compiling log v0.4.20
[INFO] [stderr]    Compiling pbkdf2 v0.11.0
[INFO] [stderr]    Compiling proc-macro-error v1.0.4
[INFO] [stderr]    Compiling polling v2.8.0
[INFO] [stderr]    Compiling blake2 v0.10.6
[INFO] [stderr]    Compiling ripemd v0.1.3
[INFO] [stderr]    Compiling thiserror v1.0.56
[INFO] [stderr]    Compiling base64 v0.12.3
[INFO] [stderr]    Compiling schemars_derive v0.8.16
[INFO] [stderr]    Compiling derivative v2.2.0
[INFO] [stderr]    Compiling cosmwasm-derive v1.5.0
[INFO] [stderr]    Compiling cosmwasm-schema-derive v1.5.0
[INFO] [stderr]    Compiling cw-ownable-derive v0.5.1
[INFO] [stderr]    Compiling parity-scale-codec-derive v3.6.9
[INFO] [stderr]    Compiling impl-trait-for-tuples v0.2.2
[INFO] [stderr]    Compiling derive_more v0.99.17
[INFO] [stderr]    Compiling scale-info-derive v2.10.0
[INFO] [stderr]    Compiling regex-automata v0.4.3
[INFO] [stderr]    Compiling serde v1.0.194
[INFO] [stderr]    Compiling prost-derive v0.9.0
[INFO] [stderr]    Compiling rustix v0.37.27
[INFO] [stderr]    Compiling async-task v4.7.0
[INFO] [stderr]    Compiling bech32 v0.7.3
[INFO] [stderr]    Compiling bytes v1.5.0
[INFO] [stderr]    Compiling event-listener v2.5.3
[INFO] [stderr]    Compiling atomic-waker v1.1.2
[INFO] [stderr]    Compiling piper v0.2.1
[INFO] [stderr]    Compiling strum_macros v0.24.3
[INFO] [stderr]    Compiling open-fastrlp-derive v0.1.1
[INFO] [stderr]    Compiling auto_impl v1.1.0
[INFO] [stderr]    Compiling serde_json v1.0.111
[INFO] [stderr]    Compiling ed25519-zebra v3.1.0
[INFO] [stderr]    Compiling serde-json-wasm v0.5.1
[INFO] [stderr]    Compiling cosmwasm-crypto v1.5.0
[INFO] [stderr]    Compiling schemars v0.8.16
[INFO] [stderr]    Compiling parity-scale-codec v3.6.9
[INFO] [stderr]    Compiling impl-serde v0.4.0
[INFO] [stderr]    Compiling rlp v0.5.2
[INFO] [stderr]    Compiling rust_decimal v1.33.1
[INFO] [stderr]    Compiling prost v0.9.0
[INFO] [stderr]    Compiling impl-rlp v0.3.0
[INFO] [stderr]    Compiling polling v3.3.1
[INFO] [stderr]    Compiling coins-core v0.7.0
[INFO] [stderr]    Compiling cosmwasm-std v1.5.0
[INFO] [stderr]    Compiling cosmwasm-schema v1.5.0
[INFO] [stderr]    Compiling impl-codec v0.6.0
[INFO] [stderr]    Compiling scale-info v2.10.0
[INFO] [stderr]    Compiling bincode v1.3.3
[INFO] [stderr]    Compiling regex v1.10.2
[INFO] [stderr]    Compiling salsa20 v0.10.2
[INFO] [stderr]    Compiling shuffle v0.1.7
[INFO] [stderr]    Compiling async-channel v2.1.1
[INFO] [stderr]    Compiling ethbloom v0.13.0
[INFO] [stderr]    Compiling primitive-types v0.12.2
[INFO] [stderr]    Compiling rand_xoshiro v0.6.0
[INFO] [stderr]    Compiling async-io v1.13.0
[INFO] [stderr]    Compiling waker-fn v1.1.1
[INFO] [stderr]    Compiling bs58 v0.4.0
[INFO] [stderr]    Compiling unicode-segmentation v1.10.1
[INFO] [stderr]    Compiling linux-raw-sys v0.3.8
[INFO] [stderr]    Compiling fastrand v1.9.0
[INFO] [stderr]    Compiling coins-bip32 v0.7.0
[INFO] [stderr]    Compiling sg-metadata v3.3.0
[INFO] [stderr]    Compiling convert_case v0.6.0
[INFO] [stderr]    Compiling futures-lite v1.13.0
[INFO] [stderr]    Compiling ethereum-types v0.14.1
[INFO] [stderr]    Compiling blocking v1.5.1
[INFO] [stderr]    Compiling scrypt v0.10.0
[INFO] [stderr]    Compiling ethabi v18.0.0
[INFO] [stderr]    Compiling open-fastrlp v0.1.4
[INFO] [stderr]    Compiling async-io v2.2.2
[INFO] [stderr]    Compiling strum v0.24.1
[INFO] [stderr]    Compiling uuid v0.8.2
[INFO] [stderr]    Compiling async-lock v2.8.0
[INFO] [stderr]    Compiling async-executor v1.8.0
[INFO] [stderr]    Compiling rlp-derive v0.1.0
[INFO] [stderr]    Compiling ctr v0.9.2
[INFO] [stderr]    Compiling aes v0.8.3
[INFO] [stderr]    Compiling chrono v0.4.31
[INFO] [stderr]    Compiling socket2 v0.4.10
[INFO] [stderr]    Compiling eyre v0.6.11
[INFO] [stderr]    Compiling unicode-xid v0.2.4
[INFO] [stderr]    Compiling cw-storage-plus v1.2.0
[INFO] [stderr]    Compiling cw-storage-plus v0.16.0
[INFO] [stderr]    Compiling cw-address-like v1.0.4
[INFO] [stderr]    Compiling sg4 v3.3.0
[INFO] [stderr]    Compiling ethers-core v1.0.2
[INFO] [stderr]    Compiling cw2 v1.1.2
[INFO] [stderr]    Compiling cw4 v1.1.2
[INFO] [stderr]    Compiling eth-keystore v0.5.0
[INFO] [stderr]    Compiling cw-utils v1.0.3
[INFO] [stderr]    Compiling cw2 v0.16.0
[INFO] [stderr]    Compiling cw-utils v0.16.0
[INFO] [stderr]    Compiling async-global-executor v2.4.1
[INFO] [stderr]    Compiling cw721 v0.18.0
[INFO] [stderr]    Compiling cw721 v0.16.0
[INFO] [stderr]    Compiling cw-ownable v0.5.1
[INFO] [stderr]    Compiling cw-controllers v0.16.0
[INFO] [stderr]    Compiling cw-controllers v1.1.2
[INFO] [stderr]    Compiling sg-std v3.2.0
[INFO] [stderr]    Compiling cw-multi-test v0.16.5
[INFO] [stderr]    Compiling coins-bip39 v0.7.0
[INFO] [stderr]    Compiling sg1 v3.3.0
[INFO] [stderr]    Compiling sg-controllers v3.3.0
[INFO] [stderr]    Compiling async-trait v0.1.77
[INFO] [stderr]    Compiling async-channel v1.9.0
[INFO] [stderr]    Compiling kv-log-macro v1.0.7
[INFO] [stderr]    Compiling pin-utils v0.1.0
[INFO] [stderr]    Compiling indenter v0.3.3
[INFO] [stderr]    Compiling async-std v1.12.0
[INFO] [stderr]    Compiling sg-multi-test v3.1.0
[INFO] [stderr]    Compiling cw721-base v0.16.0
[INFO] [stderr]    Compiling sg-whitelist v3.3.0
[INFO] [stderr]    Compiling ethereum-verify v3.3.0
[INFO] [stderr]    Compiling sg-splits v3.3.0
[INFO] [stderr]    Compiling cw4-group v1.1.2
[INFO] [stderr]    Compiling ethers-signers v1.0.2
[INFO] [stderr]    Compiling whitelist-immutable v3.3.0
[INFO] [stderr]    Compiling cw721-base v0.18.0
[INFO] [stderr]    Compiling sg721 v3.3.0
[INFO] [stderr]    Compiling sg2 v3.3.0
[INFO] [stderr]    Compiling sg721-base v3.3.0
[INFO] [stderr]    Compiling base-factory v3.3.0
[INFO] [stderr]    Compiling vending-factory v3.3.0
[INFO] [stderr]    Compiling open-edition-factory v3.3.0
[INFO] [stderr]    Compiling base-minter v3.3.0
[INFO] [stderr]    Compiling sg721-updatable v3.3.0
[INFO] [stderr]    Compiling sg721-nt v3.3.0
[INFO] [stderr]    Compiling vending-minter v3.3.0
[INFO] [stderr]    Compiling open-edition-minter v3.3.0
[INFO] [stderr]    Compiling sg-eth-airdrop v3.3.0
[INFO] [stderr]    Compiling test-suite v3.3.0 (/opt/rustwide/workdir)
[INFO] [stdout] warning: use of deprecated function `cosmwasm_std::to_binary`: use to_json_binary instead
[INFO] [stdout]   --> src/common_setup/setup_minter/base_minter/setup.rs:10:19
[INFO] [stdout]    |
[INFO] [stdout] 10 | use cosmwasm_std::to_binary;
[INFO] [stdout]    |                   ^^^^^^^^^
[INFO] [stdout]    |
[INFO] [stdout]    = note: `#[warn(deprecated)]` on by default
[INFO] [stdout] 
[INFO] [stdout] 
[INFO] [stdout] warning: use of deprecated function `cosmwasm_std::to_binary`: use to_json_binary instead
[INFO] [stdout]    --> src/common_setup/setup_minter/base_minter/setup.rs:120:18
[INFO] [stdout]     |
[INFO] [stdout] 120 |             msg: to_binary(&sudo_update_msg).unwrap(),
[INFO] [stdout]     |                  ^^^^^^^^^
[INFO] [stdout] 
[INFO] [stdout] 
[INFO] [stdout] warning: use of deprecated function `cosmwasm_std::to_binary`: use to_json_binary instead
[INFO] [stdout]   --> src/common_setup/setup_minter/open_edition_minter/setup.rs:10:33
[INFO] [stdout]    |
[INFO] [stdout] 10 | use cosmwasm_std::{coin, coins, to_binary, Addr, Coin, Timestamp};
[INFO] [stdout]    |                                 ^^^^^^^^^
[INFO] [stdout] 
[INFO] [stdout] 
[INFO] [stdout] warning: use of deprecated function `cosmwasm_std::to_binary`: use to_json_binary instead
[INFO] [stdout]    --> src/common_setup/setup_minter/open_edition_minter/setup.rs:171:18
[INFO] [stdout]     |
[INFO] [stdout] 171 |             msg: to_binary(&sudo_update_msg).unwrap(),
[INFO] [stdout]     |                  ^^^^^^^^^
[INFO] [stdout] 
[INFO] [stdout] 
[INFO] [stdout] warning: use of deprecated function `cosmwasm_std::to_binary`: use to_json_binary instead
[INFO] [stdout]  --> src/common_setup/setup_minter/vending_minter/setup.rs:9:33
[INFO] [stdout]   |
[INFO] [stdout] 9 | use cosmwasm_std::{coin, coins, to_binary, Addr};
[INFO] [stdout]   |                                 ^^^^^^^^^
[INFO] [stdout] 
[INFO] [stdout] 
[INFO] [stdout] warning: use of deprecated function `cosmwasm_std::to_binary`: use to_json_binary instead
[INFO] [stdout]    --> src/common_setup/setup_minter/vending_minter/setup.rs:171:18
[INFO] [stdout]     |
[INFO] [stdout] 171 |             msg: to_binary(&sudo_update_msg).unwrap(),
[INFO] [stdout]     |                  ^^^^^^^^^
[INFO] [stdout] 
[INFO] [stdout] 
[INFO] [stdout] warning: use of deprecated function `cosmwasm_std::to_binary`: use to_json_binary instead
[INFO] [stdout]   --> src/common_setup/setup_minter/base_minter/setup.rs:10:19
[INFO] [stdout]    |
[INFO] [stdout] 10 | use cosmwasm_std::to_binary;
[INFO] [stdout]    |                   ^^^^^^^^^
[INFO] [stdout]    |
[INFO] [stdout]    = note: `#[warn(deprecated)]` on by default
[INFO] [stdout] 
[INFO] [stdout] 
[INFO] [stdout] warning: use of deprecated function `cosmwasm_std::to_binary`: use to_json_binary instead
[INFO] [stdout]    --> src/common_setup/setup_minter/base_minter/setup.rs:120:18
[INFO] [stdout]     |
[INFO] [stdout] 120 |             msg: to_binary(&sudo_update_msg).unwrap(),
[INFO] [stdout]     |                  ^^^^^^^^^
[INFO] [stdout] 
[INFO] [stdout] 
[INFO] [stdout] warning: use of deprecated function `cosmwasm_std::to_binary`: use to_json_binary instead
[INFO] [stdout]   --> src/common_setup/setup_minter/open_edition_minter/setup.rs:10:33
[INFO] [stdout]    |
[INFO] [stdout] 10 | use cosmwasm_std::{coin, coins, to_binary, Addr, Coin, Timestamp};
[INFO] [stdout]    |                                 ^^^^^^^^^
[INFO] [stdout] 
[INFO] [stdout] 
[INFO] [stdout] warning: use of deprecated function `cosmwasm_std::to_binary`: use to_json_binary instead
[INFO] [stdout]    --> src/common_setup/setup_minter/open_edition_minter/setup.rs:171:18
[INFO] [stdout]     |
[INFO] [stdout] 171 |             msg: to_binary(&sudo_update_msg).unwrap(),
[INFO] [stdout]     |                  ^^^^^^^^^
[INFO] [stdout] 
[INFO] [stdout] 
[INFO] [stdout] warning: use of deprecated function `cosmwasm_std::to_binary`: use to_json_binary instead
[INFO] [stdout]  --> src/common_setup/setup_minter/vending_minter/setup.rs:9:33
[INFO] [stdout]   |
[INFO] [stdout] 9 | use cosmwasm_std::{coin, coins, to_binary, Addr};
[INFO] [stdout]   |                                 ^^^^^^^^^
[INFO] [stdout] 
[INFO] [stdout] 
[INFO] [stdout] warning: use of deprecated function `cosmwasm_std::to_binary`: use to_json_binary instead
[INFO] [stdout]    --> src/common_setup/setup_minter/vending_minter/setup.rs:171:18
[INFO] [stdout]     |
[INFO] [stdout] 171 |             msg: to_binary(&sudo_update_msg).unwrap(),
[INFO] [stdout]     |                  ^^^^^^^^^
[INFO] [stdout] 
[INFO] [stdout] 
[INFO] [stdout] warning: use of deprecated function `cosmwasm_std::to_binary`: use to_json_binary instead
[INFO] [stdout]  --> src/sg_eth_airdrop/setup/mock_minter_contract.rs:3:5
[INFO] [stdout]   |
[INFO] [stdout] 3 |     to_binary, Binary, Coin, Deps, DepsMut, Env, MessageInfo, StdResult, Timestamp,
[INFO] [stdout]   |     ^^^^^^^^^
[INFO] [stdout] 
[INFO] [stdout] 
[INFO] [stdout] warning: use of deprecated function `cosmwasm_std::to_binary`: use to_json_binary instead
[INFO] [stdout]   --> src/sg_eth_airdrop/setup/mock_minter_contract.rs:49:32
[INFO] [stdout]    |
[INFO] [stdout] 49 |         QueryMsg::Config {} => to_binary(&query_config()),
[INFO] [stdout]    |                                ^^^^^^^^^
[INFO] [stdout] 
[INFO] [stdout] 
[INFO] [stdout] warning: use of deprecated function `cosmwasm_std::to_binary`: use to_json_binary instead
[INFO] [stdout]   --> src/sg_eth_airdrop/setup/mock_minter_contract.rs:50:14
[INFO] [stdout]    |
[INFO] [stdout] 50 |         _ => to_binary("invalid"),
[INFO] [stdout]    |              ^^^^^^^^^
[INFO] [stdout] 
[INFO] [stdout] 
[INFO] [stdout] warning: use of deprecated function `cosmwasm_std::to_binary`: use to_json_binary instead
[INFO] [stdout]  --> src/sg_eth_airdrop/setup/mock_whitelist_contract.rs:2:20
[INFO] [stdout]   |
[INFO] [stdout] 2 | use cosmwasm_std::{to_binary, Binary, Deps, DepsMut, Env, MessageInfo, StdResult};
[INFO] [stdout]   |                    ^^^^^^^^^
[INFO] [stdout] 
[INFO] [stdout] 
[INFO] [stdout] warning: use of deprecated function `cosmwasm_std::to_binary`: use to_json_binary instead
[INFO] [stdout]   --> src/sg_eth_airdrop/setup/mock_whitelist_contract.rs:34:5
[INFO] [stdout]    |
[INFO] [stdout] 34 |     to_binary("mock")
[INFO] [stdout]    |     ^^^^^^^^^
[INFO] [stdout] 
[INFO] [stdout] 
[INFO] [stdout] warning: use of deprecated function `cosmwasm_std::to_binary`: use to_json_binary instead
[INFO] [stdout]  --> src/splits/tests/integration_tests.rs:7:24
[INFO] [stdout]   |
[INFO] [stdout] 7 |     use cosmwasm_std::{to_binary, Addr, Coin};
[INFO] [stdout]   |                        ^^^^^^^^^
[INFO] [stdout] 
[INFO] [stdout] 
[INFO] [stdout] warning: use of deprecated function `cosmwasm_std::to_binary`: use to_json_binary instead
[INFO] [stdout]   --> src/splits/tests/integration_tests.rs:63:22
[INFO] [stdout]    |
[INFO] [stdout] 63 |                 msg: to_binary(&group_msg).unwrap(),
[INFO] [stdout]    |                      ^^^^^^^^^
[INFO] [stdout] 
[INFO] [stdout] 
[INFO] [stdout] warning: use of deprecated function `cosmwasm_std::to_binary`: use to_json_binary instead
[INFO] [stdout]   --> src/splits/tests/integration_tests.rs:90:22
[INFO] [stdout]    |
[INFO] [stdout] 90 |                 msg: to_binary(&group_msg).unwrap(),
[INFO] [stdout]    |                      ^^^^^^^^^
[INFO] [stdout] 
[INFO] [stdout] 
[INFO] [stdout] warning: 6 warnings emitted
[INFO] [stdout] 
[INFO] [stdout] 
[INFO] [stdout] warning: 14 warnings emitted
[INFO] [stdout] 
[INFO] [stdout] 
[INFO] [stderr]     Finished test [unoptimized + debuginfo] target(s) in 51.12s
[INFO] running `Command { std: "docker" "inspect" "ffbee62a25110632ee261183a2e457a5b32392fb802dbc70905de7cd220b9e83", kill_on_drop: false }`
[INFO] running `Command { std: "docker" "rm" "-f" "ffbee62a25110632ee261183a2e457a5b32392fb802dbc70905de7cd220b9e83", kill_on_drop: false }`
[INFO] [stdout] ffbee62a25110632ee261183a2e457a5b32392fb802dbc70905de7cd220b9e83
[INFO] running `Command { std: "docker" "create" "-v" "/var/lib/crater-agent-workspace/builds/worker-0-tc1/target:/opt/rustwide/target:rw,Z" "-v" "/var/lib/crater-agent-workspace/builds/worker-0-tc1/source:/opt/rustwide/workdir:ro,Z" "-v" "/var/lib/crater-agent-workspace/cargo-home:/opt/rustwide/cargo-home:ro,Z" "-v" "/var/lib/crater-agent-workspace/rustup-home:/opt/rustwide/rustup-home:ro,Z" "-e" "SOURCE_DIR=/opt/rustwide/workdir" "-e" "CARGO_TARGET_DIR=/opt/rustwide/target" "-e" "CARGO_INCREMENTAL=0" "-e" "RUST_BACKTRACE=full" "-e" "RUSTFLAGS=--cap-lints=warn" "-e" "RUSTDOCFLAGS=--cap-lints=warn" "-e" "CARGO_HOME=/opt/rustwide/cargo-home" "-e" "RUSTUP_HOME=/opt/rustwide/rustup-home" "-w" "/opt/rustwide/workdir" "-m" "1610612736" "--user" "0:0" "--network" "none" "ghcr.io/rust-lang/crates-build-env/linux@sha256:2788e3201cd34a07e3172128adcd8b3090168a8e3bcc40d7c032b9dda1df7d1c" "/opt/rustwide/cargo-home/bin/cargo" "+1.75.0" "test" "--frozen", kill_on_drop: false }`
[INFO] [stdout] b89e2224d9086aa2e175d226ddc55d386a4da382720fec91d72d662036ed9f6b
[INFO] running `Command { std: "docker" "start" "-a" "b89e2224d9086aa2e175d226ddc55d386a4da382720fec91d72d662036ed9f6b", kill_on_drop: false }`
[INFO] [stderr] warning: use of deprecated function `cosmwasm_std::to_binary`: use to_json_binary instead
[INFO] [stderr]   --> src/common_setup/setup_minter/base_minter/setup.rs:10:19
[INFO] [stderr]    |
[INFO] [stderr] 10 | use cosmwasm_std::to_binary;
[INFO] [stderr]    |                   ^^^^^^^^^
[INFO] [stderr]    |
[INFO] [stderr]    = note: `#[warn(deprecated)]` on by default
[INFO] [stderr] 
[INFO] [stderr] warning: use of deprecated function `cosmwasm_std::to_binary`: use to_json_binary instead
[INFO] [stderr]    --> src/common_setup/setup_minter/base_minter/setup.rs:120:18
[INFO] [stderr]     |
[INFO] [stderr] 120 |             msg: to_binary(&sudo_update_msg).unwrap(),
[INFO] [stderr]     |                  ^^^^^^^^^
[INFO] [stderr] 
[INFO] [stderr] warning: use of deprecated function `cosmwasm_std::to_binary`: use to_json_binary instead
[INFO] [stderr]   --> src/common_setup/setup_minter/open_edition_minter/setup.rs:10:33
[INFO] [stderr]    |
[INFO] [stderr] 10 | use cosmwasm_std::{coin, coins, to_binary, Addr, Coin, Timestamp};
[INFO] [stderr]    |                                 ^^^^^^^^^
[INFO] [stderr] 
[INFO] [stderr] warning: use of deprecated function `cosmwasm_std::to_binary`: use to_json_binary instead
[INFO] [stderr]    --> src/common_setup/setup_minter/open_edition_minter/setup.rs:171:18
[INFO] [stderr]     |
[INFO] [stderr] 171 |             msg: to_binary(&sudo_update_msg).unwrap(),
[INFO] [stderr]     |                  ^^^^^^^^^
[INFO] [stderr] 
[INFO] [stderr] warning: use of deprecated function `cosmwasm_std::to_binary`: use to_json_binary instead
[INFO] [stderr]  --> src/common_setup/setup_minter/vending_minter/setup.rs:9:33
[INFO] [stderr]   |
[INFO] [stderr] 9 | use cosmwasm_std::{coin, coins, to_binary, Addr};
[INFO] [stderr]   |                                 ^^^^^^^^^
[INFO] [stderr] 
[INFO] [stderr] warning: use of deprecated function `cosmwasm_std::to_binary`: use to_json_binary instead
[INFO] [stderr]    --> src/common_setup/setup_minter/vending_minter/setup.rs:171:18
[INFO] [stderr]     |
[INFO] [stderr] 171 |             msg: to_binary(&sudo_update_msg).unwrap(),
[INFO] [stderr]     |                  ^^^^^^^^^
[INFO] [stderr] 
[INFO] [stderr] warning: `test-suite` (lib) generated 6 warnings
[INFO] [stderr] warning: use of deprecated function `cosmwasm_std::to_binary`: use to_json_binary instead
[INFO] [stderr]  --> src/sg_eth_airdrop/setup/mock_minter_contract.rs:3:5
[INFO] [stderr]   |
[INFO] [stderr] 3 |     to_binary, Binary, Coin, Deps, DepsMut, Env, MessageInfo, StdResult, Timestamp,
[INFO] [stderr]   |     ^^^^^^^^^
[INFO] [stderr] 
[INFO] [stderr] warning: use of deprecated function `cosmwasm_std::to_binary`: use to_json_binary instead
[INFO] [stderr]   --> src/sg_eth_airdrop/setup/mock_minter_contract.rs:49:32
[INFO] [stderr]    |
[INFO] [stderr] 49 |         QueryMsg::Config {} => to_binary(&query_config()),
[INFO] [stderr]    |                                ^^^^^^^^^
[INFO] [stderr] 
[INFO] [stderr] warning: use of deprecated function `cosmwasm_std::to_binary`: use to_json_binary instead
[INFO] [stderr]   --> src/sg_eth_airdrop/setup/mock_minter_contract.rs:50:14
[INFO] [stderr]    |
[INFO] [stderr] 50 |         _ => to_binary("invalid"),
[INFO] [stderr]    |              ^^^^^^^^^
[INFO] [stderr] 
[INFO] [stderr] warning: use of deprecated function `cosmwasm_std::to_binary`: use to_json_binary instead
[INFO] [stderr]  --> src/sg_eth_airdrop/setup/mock_whitelist_contract.rs:2:20
[INFO] [stderr]   |
[INFO] [stderr] 2 | use cosmwasm_std::{to_binary, Binary, Deps, DepsMut, Env, MessageInfo, StdResult};
[INFO] [stderr]   |                    ^^^^^^^^^
[INFO] [stderr] 
[INFO] [stderr] warning: use of deprecated function `cosmwasm_std::to_binary`: use to_json_binary instead
[INFO] [stderr]   --> src/sg_eth_airdrop/setup/mock_whitelist_contract.rs:34:5
[INFO] [stderr]    |
[INFO] [stderr] 34 |     to_binary("mock")
[INFO] [stderr]    |     ^^^^^^^^^
[INFO] [stderr] 
[INFO] [stderr] warning: use of deprecated function `cosmwasm_std::to_binary`: use to_json_binary instead
[INFO] [stderr]  --> src/splits/tests/integration_tests.rs:7:24
[INFO] [stderr]   |
[INFO] [stderr] 7 |     use cosmwasm_std::{to_binary, Addr, Coin};
[INFO] [stderr]   |                        ^^^^^^^^^
[INFO] [stderr] 
[INFO] [stderr] warning: use of deprecated function `cosmwasm_std::to_binary`: use to_json_binary instead
[INFO] [stderr]   --> src/splits/tests/integration_tests.rs:63:22
[INFO] [stderr]    |
[INFO] [stderr] 63 |                 msg: to_binary(&group_msg).unwrap(),
[INFO] [stderr]    |                      ^^^^^^^^^
[INFO] [stderr] 
[INFO] [stderr] warning: use of deprecated function `cosmwasm_std::to_binary`: use to_json_binary instead
[INFO] [stderr]   --> src/splits/tests/integration_tests.rs:90:22
[INFO] [stderr]    |
[INFO] [stderr] 90 |                 msg: to_binary(&group_msg).unwrap(),
[INFO] [stderr]    |                      ^^^^^^^^^
[INFO] [stderr] 
[INFO] [stderr] warning: `test-suite` (lib test) generated 14 warnings (6 duplicates)
[INFO] [stderr]     Finished test [unoptimized + debuginfo] target(s) in 0.50s
[INFO] [stderr]      Running unittests src/lib.rs (/opt/rustwide/target/debug/deps/test_suite-fba0f45195abe3eb)
[INFO] [stdout] 
[INFO] [stdout] running 142 tests
[INFO] [stdout] test base_factory::tests::sudo_tests::happy_path_with_params_update ... ok
[INFO] [stdout] test base_factory::tests::sudo_tests::sudo_params_update_creation_fee ... ok
[INFO] [stdout] test base_factory::tests::integration_tests::tests::init::can_init ... ok
[INFO] [stdout] test open_edition_factory::tests::integration_tests::tests::init::can_init ... ok
[INFO] [stdout] test open_edition_factory::tests::integration_tests::tests::init::sudo_update_params ... ok
[INFO] [stdout] test open_edition_factory::tests::queries::tests::init::query_allowed_collection_code_id_test ... ok
[INFO] [stdout] test base_minter::tests::integration_tests::update_start_trading_time ... ok
[INFO] [stdout] test base_minter::tests::integration_tests::update_code_id ... ok
[INFO] [stdout] test base_minter::tests::integration_tests::check_mint ... ok
[INFO] [stdout] test open_edition_factory::tests::queries::tests::init::query_params ... ok
[INFO] [stdout] test open_edition_minter::tests::allowed_code_ids::invalid_code_id ... ok
[INFO] [stdout] test open_edition_factory::tests::sudo_tests::sudo_params_update_creation_fee ... ok
[INFO] [stdout] test open_edition_factory::tests::queries::tests::init::query_allowed_collection_code_ids_test ... ok
[INFO] [stdout] test base_minter::tests::integration_tests::init ... ok
[INFO] [stdout] test open_edition_factory::tests::sudo_tests::happy_path_with_params_update ... ok
[INFO] [stdout] test open_edition_minter::tests::factory_create_minter::check_valid_create_minter ... ok
[INFO] [stdout] test open_edition_minter::tests::ibc_asset_mint::check_custom_create_minter_denom ... ok
[INFO] [stdout] test open_edition_minter::tests::ibc_asset_mint::one_hundred_percent_burned_ibc_minter ... ok
[INFO] [stdout] test open_edition_minter::tests::ibc_asset_mint::zero_mint_fee ... ok
[INFO] [stdout] test open_edition_minter::tests::factory_create_minter::check_invalid_create_minter_address_limit ... ok
[INFO] [stdout] test open_edition_minter::tests::factory_create_minter::check_invalid_create_minter_mint_price ... ok
[INFO] [stdout] test open_edition_minter::tests::address_limit::check_per_address_limit ... ok
[INFO] [stdout] test open_edition_minter::tests::complete_mint_all_outcomes_validation::check_mint_revenues_distribution ... ok
[INFO] [stdout] test open_edition_minter::tests::update_start_and_end_time::check_start_end_time_updates ... ok
[INFO] [stdout] test sg721_base::tests::integration_tests::tests::init::check_ready_authorized ... ok
[INFO] [stdout] test sg721_base::tests::integration_tests::tests::init::create_sg721_base_collection ... ok
[INFO] [stdout] test open_edition_minter::tests::factory_create_minter::check_invalid_create_minter_start_end_time ... ok
[INFO] [stdout] test open_edition_minter::tests::frozen_factory::frozen_factory_cannot_create_new_minters ... ok
[INFO] [stdout] test sg721_base::tests::integration_tests::tests::ownership::test_update_ownership ... ok
[INFO] [stdout] test open_edition_minter::tests::factory_create_minter::check_invalid_create_minter_nft_data ... ok
[INFO] [stdout] test sg721_base::tests::integration_tests::tests::init::check_ready_unauthorized ... ok
[INFO] [stdout] test open_edition_minter::tests::update_mint_price::check_mint_price_updates ... ok
[INFO] [stdout] test sg721_base::tests::integration_tests::tests::royalty_payout::payout_royalties_none ... ok
[INFO] [stdout] test sg721_base::tests::integration_tests::tests::init::sanitize_base_token_uri ... ok
[INFO] [stdout] test sg721_base::tests::integration_tests::tests::royalty_payout::standard_payout ... ok
[INFO] [stdout] test sg721_base::tests::integration_tests::tests::royalty_payout::payout_odd_royalties ... ok
[INFO] [stdout] test sg721_base::tests::integration_tests::tests::sg721_mutable::create_sg721_mutable_collection ... ok
[INFO] [stdout] test sg721_base::tests::integration_tests::tests::royalty_payout::payout_0_royalties ... ok
[INFO] [stdout] test sg721_base::tests::integration_tests::tests::royalty_payout::payout_too_much_royalties ... ok
[INFO] [stdout] test sg721_base::tests::integration_tests::tests::start_trading_time::royalty_updates ... ok
[INFO] [stdout] test sg_eth_airdrop::tests::test_claim::test_ineligible_does_not_receive_funds ... ok
[INFO] [stdout] test sg_eth_airdrop::tests::test_claim::test_instantiate_plaintext_missing_wallet ... ok
[INFO] [stdout] test sg_eth_airdrop::tests::test_claim::test_claim_one_valid_airdrop ... ok
[INFO] [stdout] test sg721_base::tests::integration_tests::tests::start_trading_time::update_collection_info ... ok
[INFO] [stdout] test sg_eth_airdrop::tests::test_claim::test_instantiate ... ok
[INFO] [stdout] test sg_eth_airdrop::tests::test_claim::test_instantiate_plaintext_too_long ... ok
[INFO] [stdout] test sg_eth_airdrop::tests::test_claim::test_airdrop_eligible_query ... ok
[INFO] [stdout] test sg_eth_airdrop::tests::test_claim::test_can_not_claim_twice ... ok
[INFO] [stdout] test sg_eth_airdrop::tests::test_claim::test_valid_eth_sig_claim ... ok
[INFO] [stdout] test sg_eth_airdrop::tests::test_immutable_whitelist::test_instantiate_with_addresses ... ok
[INFO] [stdout] test sg_eth_airdrop::tests::test_immutable_whitelist::test_whitelist_immutable_address_count ... ok
[INFO] [stdout] test sg_eth_airdrop::tests::test_immutable_whitelist::test_whitelist_immutable_address_includes ... ok
[INFO] [stdout] test sg_eth_airdrop::tests::test_immutable_whitelist::test_whitelist_immutable_address_limit ... ok
[INFO] [stdout] test splits::tests::integration_tests::tests::distribute::distribute ... ok
[INFO] [stdout] test splits::tests::integration_tests::tests::distribute::distribute_amount_with_remaining_balance ... ok
[INFO] [stdout] test splits::tests::integration_tests::tests::distribute::distribute_non_member ... ok
[INFO] [stdout] test sg_eth_airdrop::tests::test_collection_whitelist::test_set_minter_contract_success ... ok
[INFO] [stdout] test sg_eth_airdrop::tests::test_immutable_whitelist::test_whitelist_immutable_address_config ... ok
[INFO] [stdout] test splits::tests::integration_tests::tests::distribute::distribute_under_funded ... ok
[INFO] [stdout] test splits::tests::integration_tests::tests::distribute::distribute_with_group_changes ... ok
[INFO] [stdout] test splits::tests::integration_tests::tests::distribute::distribute_with_zero_weight_members ... ok
[INFO] [stdout] test sg_eth_airdrop::tests::test_claim::test_two_claims_allowed_success ... ok
[INFO] [stdout] test splits::tests::integration_tests::tests::distribute::distribute_with_too_many_members ... ok
[INFO] [stdout] test splits::tests::integration_tests::tests::distribute::distribute_zero_funds ... ok
[INFO] [stdout] test splits::tests::integration_tests::tests::test_instantiate_works ... ok
[INFO] [stdout] test vending_factory::tests::integration_tests::tests::init::can_init ... ok
[INFO] [stdout] test vending_factory::tests::sudo_tests::happy_path_with_params_update ... ok
[INFO] [stdout] test sg_eth_airdrop::tests::test_claim::test_invalid_eth_sig_claim ... ok
[INFO] [stdout] test vending_minter::tests::address_limit::check_invalid_instantiate_per_address_limit ... ok
[INFO] [stdout] test vending_minter::tests::address_limit::check_allow_3_mint_when_less_than_100_size_collection ... ok
[INFO] [stdout] test sg_eth_airdrop::tests::test_claim::test_claim_twice_receive_funds_once ... ok
[INFO] [stdout] test vending_factory::tests::sudo_tests::sudo_params_update_creation_fee ... ok
[INFO] [stdout] test vending_minter::tests::address_limit::check_invalid_update_per_address_limit ... ok
[INFO] [stdout] test vending_minter::tests::address_limit::check_3_percent_round_up ... ok
[INFO] [stdout] test vending_minter::tests::address_limit::mint_for_token_id_addr ... ok
[INFO] [stdout] test sg_eth_airdrop::tests::test_claim::test_one_eth_claim_two_stargaze_addresses_invalid ... ok
[INFO] [stdout] test vending_minter::tests::address_limit::check_per_address_limit_3_percent ... ok
[INFO] [stdout] test vending_minter::tests::address_limit::check_per_address_limit ... ok
[INFO] [stdout] test sg_eth_airdrop::tests::test_collection_whitelist::test_claim_added_to_minter_whitelist ... ok
[INFO] [stdout] test vending_minter::tests::happy_unhappy::happy_path ... ok
[INFO] [stdout] test vending_minter::tests::happy_unhappy::initialization ... ok
[INFO] [stdout] test vending_minter::tests::allowed_code_ids::init ... ok
[INFO] [stdout] test vending_minter::tests::frozen_factory::frozen_factory_cannot_create_new_minters ... ok
[INFO] [stdout] test vending_minter::tests::ibc_asset_mint::denom_mismatch_creating_minter ... ok
[INFO] [stdout] test vending_minter::tests::allowed_code_ids::update_code_id ... ok
[INFO] [stdout] test vending_minter::tests::happy_unhappy::unhappy_path ... ok
[INFO] [stdout] test vending_minter::tests::mint_and_burn::update_mint_price ... ok
[INFO] [stdout] test vending_minter::tests::ibc_asset_mint::wl_denom_mint ... ok
[INFO] [stdout] test vending_minter::tests::trading_time::invalid_trading_time_during_init ... ok
[INFO] [stdout] test vending_minter::tests::splits::mint_and_split ... ok
[INFO] [stdout] test vending_minter::tests::mint_and_burn::update_discount_mint_price ... ok
[INFO] [stdout] test vending_minter::tests::trading_time::update_start_trading_time ... ok
[INFO] [stdout] test vending_minter::tests::trading_time::test_update_start_time ... ok
[INFO] [stdout] test vending_minter::tests::trading_time_updatable::before_start_time ... ok
[INFO] [stdout] test vending_minter::tests::trading_time::before_start_time ... ok
[INFO] [stdout] test vending_minter::tests::trading_time_updatable::invalid_trading_time_during_init ... ok
[INFO] [stdout] test vending_minter::tests::trading_time::test_invalid_start_time ... ok
[INFO] [stdout] test vending_minter::tests::trading_time_updatable::test_update_start_time ... ok
[INFO] [stdout] test vending_minter::tests::trading_time_updatable::update_start_trading_time ... ok
[INFO] [stdout] test vending_minter::tests::trading_time_updatable::test_invalid_start_time ... ok
[INFO] [stdout] test vending_minter::tests::updatable::update_token_metadata ... ok
[INFO] [stdout] test vending_minter::tests::whitelist::invalid_whitelist_instantiate ... FAILED
[INFO] [stdout] test vending_minter::tests::whitelist::set_invalid_whitelist ... FAILED
[INFO] [stdout] test vending_minter::tests::whitelist::whitelist_already_started ... ok
[INFO] [stdout] test vending_minter::tests::whitelist::whitelist_access_len_add_remove_expiration ... ok
[INFO] [stdout] test vending_minter::tests::zero_mint_price::zero_wl_mint_errs_with_min_mint_factory ... ok
[INFO] [stdout] test vending_minter::tests::whitelist::whitelist_can_update_before_start ... ok
[INFO] [stdout] test vending_minter::tests::zero_mint_price::zero_mint_price ... ok
[INFO] [stdout] test vending_minter::tests::whitelist::whitelist_mint_count_query ... ok
[INFO] [stdout] test whitelist::tests::integration_tests::test_freeze_admins ... ok
[INFO] [stdout] test whitelist::tests::integration_tests::test_add_admin ... ok
[INFO] [stdout] test whitelist::tests::integration_tests::test_instantiate ... ok
[INFO] [stdout] test vending_minter::tests::zero_mint_price::zero_wl_mint_price ... ok
[INFO] [stdout] test whitelist::tests::integration_tests::test_query_admin_list ... ok
[INFO] [stdout] test whitelist::tests::unit_tests::cant_update_members_non_admin ... ok
[INFO] [stdout] test whitelist::tests::integration_tests::test_remove_admin ... ok
[INFO] [stdout] test whitelist::tests::unit_tests::check_start_time_after_end_time ... ok
[INFO] [stdout] test whitelist::tests::unit_tests::increase_member_limit ... ok
[INFO] [stdout] test whitelist::tests::unit_tests::not_ustars_denom ... ok
[INFO] [stdout] test whitelist::tests::unit_tests::improper_initialization_invalid_creation_fee ... ok
[INFO] [stdout] test whitelist::tests::unit_tests::proper_initialization ... ok
[INFO] [stdout] test whitelist::tests::unit_tests::improper_initialization_dedup ... ok
[INFO] [stdout] test whitelist::tests::unit_tests::second_admin_can_add_members ... ok
[INFO] [stdout] test whitelist::tests::unit_tests::query_members_pagination ... ok
[INFO] [stdout] test whitelist::tests::unit_tests::update_end_time ... ok
[INFO] [stdout] test whitelist::tests::unit_tests::update_end_time_after ... ok
[INFO] [stdout] test whitelist::tests::unit_tests::update_members ... ok
[INFO] [stdout] test whitelist::tests::unit_tests::update_start_time ... ok
[INFO] [stdout] test whitelist_immutable::tests::integration_tests::tests::test_helper_query_address_count ... ok
[INFO] [stdout] test whitelist_immutable::tests::integration_tests::tests::test_helper_query_address_limit ... ok
[INFO] [stdout] test whitelist_immutable::tests::integration_tests::tests::test_helper_query_config ... ok
[INFO] [stdout] test whitelist::tests::unit_tests::update_per_address_limit ... ok
[INFO] [stdout] test whitelist_immutable::tests::integration_tests::tests::test_helper_query_includes ... ok
[INFO] [stdout] test whitelist_immutable::tests::integration_tests::tests::test_instantiate_empty_list_error ... ok
[INFO] [stdout] test whitelist_immutable::tests::integration_tests::tests::test_instantiate_with_one_mint ... ok
[INFO] [stdout] test whitelist_immutable::tests::integration_tests::tests::test_instantiate_single_list ... ok
[INFO] [stdout] test whitelist_immutable::tests::integration_tests::tests::test_instantiate_with_multiple_mints ... ok
[INFO] [stdout] test vending_minter::tests::address_limit::check_per_address_limit_above_max_per_address_limit ... ok
[INFO] [stdout] test whitelist::tests::unit_tests::too_many_members_check ... ok
[INFO] [stdout] test vending_minter::tests::ibc_asset_mint::wl_denom_mismatch ... ok
[INFO] [stdout] test vending_minter::tests::mint_and_burn::burn_remaining ... ok
[INFO] [stdout] test vending_minter::tests::ibc_asset_mint::mint_with_ibc_asset ... ok
[INFO] [stdout] 
[INFO] [stdout] failures:
[INFO] [stdout] 
[INFO] [stdout] ---- vending_minter::tests::whitelist::invalid_whitelist_instantiate stdout ----
[INFO] [stdout] minter_code_id: 1
[INFO] [stdout] factory_code_id: 2
[INFO] [stdout] sg721_code_id: 3
[INFO] [stdout] thread 'vending_minter::tests::whitelist::invalid_whitelist_instantiate' panicked at src/vending_minter/tests/whitelist.rs:65:5:
[INFO] [stdout] assertion `left == right` failed
[INFO] [stdout]   left: "Generic error: Querier contract error: type: cw_multi_test::wasm::ContractData; key: [00, 09, 63, 6F, 6E, 74, 72, 61, 63, 74, 73, 69, 6E, 76, 61, 6C, 69, 64, 20, 61, 64, 64, 72, 65, 73, 73] not found"
[INFO] [stdout]  right: "Generic error: Querier contract error: cw_multi_test::wasm::ContractData not found"
[INFO] [stdout] stack backtrace:
[INFO] [stdout]    0:     0x563650deafac - std::backtrace_rs::backtrace::libunwind::trace::ha637c64ce894333a
[INFO] [stdout]                                at /rustc/82e1608dfa6e0b5569232559e3d385fea5a93112/library/std/src/../../backtrace/src/backtrace/libunwind.rs:104:5
[INFO] [stdout]    1:     0x563650deafac - std::backtrace_rs::backtrace::trace_unsynchronized::h47f62dea28e0c88d
[INFO] [stdout]                                at /rustc/82e1608dfa6e0b5569232559e3d385fea5a93112/library/std/src/../../backtrace/src/backtrace/mod.rs:66:5
[INFO] [stdout]    2:     0x563650deafac - std::sys_common::backtrace::_print_fmt::h9eef0abe20ede486
[INFO] [stdout]                                at /rustc/82e1608dfa6e0b5569232559e3d385fea5a93112/library/std/src/sys_common/backtrace.rs:67:5
[INFO] [stdout]    3:     0x563650deafac - <std::sys_common::backtrace::_print::DisplayBacktrace as core::fmt::Display>::fmt::hed7f999df88cc644
[INFO] [stdout]                                at /rustc/82e1608dfa6e0b5569232559e3d385fea5a93112/library/std/src/sys_common/backtrace.rs:44:22
[INFO] [stdout]    4:     0x563650e15840 - core::fmt::rt::Argument::fmt::h1539a9308b8d058d
[INFO] [stdout]                                at /rustc/82e1608dfa6e0b5569232559e3d385fea5a93112/library/core/src/fmt/rt.rs:142:9
[INFO] [stdout]    5:     0x563650e15840 - core::fmt::write::h3a39390d8560d9c9
[INFO] [stdout]                                at /rustc/82e1608dfa6e0b5569232559e3d385fea5a93112/library/core/src/fmt/mod.rs:1120:17
[INFO] [stdout]    6:     0x563650de883f - std::io::Write::write_fmt::h040b369f3a0f9cbc
[INFO] [stdout]                                at /rustc/82e1608dfa6e0b5569232559e3d385fea5a93112/library/std/src/io/mod.rs:1762:15
[INFO] [stdout]    7:     0x563650dead94 - std::sys_common::backtrace::_print::h894006fb5c6f3d45
[INFO] [stdout]                                at /rustc/82e1608dfa6e0b5569232559e3d385fea5a93112/library/std/src/sys_common/backtrace.rs:47:5
[INFO] [stdout]    8:     0x563650dead94 - std::sys_common::backtrace::print::h23a2d212c6fff936
[INFO] [stdout]                                at /rustc/82e1608dfa6e0b5569232559e3d385fea5a93112/library/std/src/sys_common/backtrace.rs:34:9
[INFO] [stdout]    9:     0x563650deca57 - std::panicking::default_hook::{{closure}}::h8a1d2ee00185001a
[INFO] [stdout]   10:     0x563650dec743 - std::panicking::default_hook::h6038f2eba384e475
[INFO] [stdout]                                at /rustc/82e1608dfa6e0b5569232559e3d385fea5a93112/library/std/src/panicking.rs:289:9
[INFO] [stdout]   11:     0x5636507e0ac7 - <alloc::boxed::Box<F,A> as core::ops::function::Fn<Args>>::call::h0ad024c9bdc6d768
[INFO] [stdout]                                at /rustc/82e1608dfa6e0b5569232559e3d385fea5a93112/library/alloc/src/boxed.rs:2021:9
[INFO] [stdout]   12:     0x5636507e0ac7 - test::test_main::{{closure}}::h7500b54257359db6
[INFO] [stdout]                                at /rustc/82e1608dfa6e0b5569232559e3d385fea5a93112/library/test/src/lib.rs:138:21
[INFO] [stdout]   13:     0x563650ded068 - <alloc::boxed::Box<F,A> as core::ops::function::Fn<Args>>::call::h1f8f335eaa9cfaee
[INFO] [stdout]                                at /rustc/82e1608dfa6e0b5569232559e3d385fea5a93112/library/alloc/src/boxed.rs:2021:9
[INFO] [stdout]   14:     0x563650ded068 - std::panicking::rust_panic_with_hook::h2b5517d590cab22e
[INFO] [stdout]                                at /rustc/82e1608dfa6e0b5569232559e3d385fea5a93112/library/std/src/panicking.rs:783:13
[INFO] [stdout]   15:     0x563650decdbe - std::panicking::begin_panic_handler::{{closure}}::h233112c06e0ef43e
[INFO] [stdout]                                at /rustc/82e1608dfa6e0b5569232559e3d385fea5a93112/library/std/src/panicking.rs:657:13
[INFO] [stdout]   16:     0x563650deb476 - std::sys_common::backtrace::__rust_end_short_backtrace::h6e893f24d7ebbff8
[INFO] [stdout]                                at /rustc/82e1608dfa6e0b5569232559e3d385fea5a93112/library/std/src/sys_common/backtrace.rs:170:18
[INFO] [stdout]   17:     0x563650decb22 - rust_begin_unwind
[INFO] [stdout]                                at /rustc/82e1608dfa6e0b5569232559e3d385fea5a93112/library/std/src/panicking.rs:645:5
[INFO] [stdout]   18:     0x563650486665 - core::panicking::panic_fmt::hbf0e066aabfa482c
[INFO] [stdout]                                at /rustc/82e1608dfa6e0b5569232559e3d385fea5a93112/library/core/src/panicking.rs:72:14
[INFO] [stdout]   19:     0x563650486a7b - core::panicking::assert_failed_inner::h0bba8b7c26ee4492
[INFO] [stdout]   20:     0x5636505f4a02 - core::panicking::assert_failed::hdbdfd4cac75866de
[INFO] [stdout]                                at /rustc/82e1608dfa6e0b5569232559e3d385fea5a93112/library/core/src/panicking.rs:279:5
[INFO] [stdout]   21:     0x5636505caa35 - test_suite::vending_minter::tests::whitelist::invalid_whitelist_instantiate::h9b5688273034653b
[INFO] [stdout]                                at /opt/rustwide/workdir/src/vending_minter/tests/whitelist.rs:65:5
[INFO] [stdout]   22:     0x5636505ca1a7 - test_suite::vending_minter::tests::whitelist::invalid_whitelist_instantiate::{{closure}}::hac93ef6ec1d4fd5b
[INFO] [stdout]                                at /opt/rustwide/workdir/src/vending_minter/tests/whitelist.rs:37:35
[INFO] [stdout]   23:     0x56365069bcd6 - core::ops::function::FnOnce::call_once::he476e8dc7f708f8e
[INFO] [stdout]                                at /rustc/82e1608dfa6e0b5569232559e3d385fea5a93112/library/core/src/ops/function.rs:250:5
[INFO] [stdout]   24:     0x5636507e611f - core::ops::function::FnOnce::call_once::h2b5d431d5046312d
[INFO] [stdout]                                at /rustc/82e1608dfa6e0b5569232559e3d385fea5a93112/library/core/src/ops/function.rs:250:5
[INFO] [stdout]   25:     0x5636507e611f - test::__rust_begin_short_backtrace::h7714669af176e207
[INFO] [stdout]                                at /rustc/82e1608dfa6e0b5569232559e3d385fea5a93112/library/test/src/lib.rs:628:18
[INFO] [stdout]   26:     0x5636507e5135 - test::run_test_in_process::{{closure}}::h85218797dcbcec12
[INFO] [stdout]                                at /rustc/82e1608dfa6e0b5569232559e3d385fea5a93112/library/test/src/lib.rs:651:60
[INFO] [stdout]   27:     0x5636507e5135 - <core::panic::unwind_safe::AssertUnwindSafe<F> as core::ops::function::FnOnce<()>>::call_once::h76c106ea31c14d7b
[INFO] [stdout]                                at /rustc/82e1608dfa6e0b5569232559e3d385fea5a93112/library/core/src/panic/unwind_safe.rs:272:9
[INFO] [stdout]   28:     0x5636507e5135 - std::panicking::try::do_call::h3bd5d0f6620ee946
[INFO] [stdout]                                at /rustc/82e1608dfa6e0b5569232559e3d385fea5a93112/library/std/src/panicking.rs:552:40
[INFO] [stdout]   29:     0x5636507e5135 - std::panicking::try::h232e535e4744fe31
[INFO] [stdout]                                at /rustc/82e1608dfa6e0b5569232559e3d385fea5a93112/library/std/src/panicking.rs:516:19
[INFO] [stdout]   30:     0x5636507e5135 - std::panic::catch_unwind::h3ce3bd6ca8dbac68
[INFO] [stdout]                                at /rustc/82e1608dfa6e0b5569232559e3d385fea5a93112/library/std/src/panic.rs:142:14
[INFO] [stdout]   31:     0x5636507e5135 - test::run_test_in_process::hc97b257c9621286a
[INFO] [stdout]                                at /rustc/82e1608dfa6e0b5569232559e3d385fea5a93112/library/test/src/lib.rs:651:27
[INFO] [stdout]   32:     0x5636507e5135 - test::run_test::{{closure}}::h2aa798823a438d38
[INFO] [stdout]                                at /rustc/82e1608dfa6e0b5569232559e3d385fea5a93112/library/test/src/lib.rs:574:43
[INFO] [stdout]   33:     0x5636507ad3f6 - test::run_test::{{closure}}::h87d231c78fb59832
[INFO] [stdout]                                at /rustc/82e1608dfa6e0b5569232559e3d385fea5a93112/library/test/src/lib.rs:602:41
[INFO] [stdout]   34:     0x5636507ad3f6 - std::sys_common::backtrace::__rust_begin_short_backtrace::he6df152596625789
[INFO] [stdout]                                at /rustc/82e1608dfa6e0b5569232559e3d385fea5a93112/library/std/src/sys_common/backtrace.rs:154:18
[INFO] [stdout]   35:     0x5636507b24a7 - std::thread::Builder::spawn_unchecked_::{{closure}}::{{closure}}::ha94be15d1e0acf36
[INFO] [stdout]                                at /rustc/82e1608dfa6e0b5569232559e3d385fea5a93112/library/std/src/thread/mod.rs:529:17
[INFO] [stdout]   36:     0x5636507b24a7 - <core::panic::unwind_safe::AssertUnwindSafe<F> as core::ops::function::FnOnce<()>>::call_once::h9dc6bd6372f16606
[INFO] [stdout]                                at /rustc/82e1608dfa6e0b5569232559e3d385fea5a93112/library/core/src/panic/unwind_safe.rs:272:9
[INFO] [stdout]   37:     0x5636507b24a7 - std::panicking::try::do_call::h9057517f80303cd4
[INFO] [stdout]                                at /rustc/82e1608dfa6e0b5569232559e3d385fea5a93112/library/std/src/panicking.rs:552:40
[INFO] [stdout]   38:     0x5636507b24a7 - std::panicking::try::he3a30b11ee45340c
[INFO] [stdout]                                at /rustc/82e1608dfa6e0b5569232559e3d385fea5a93112/library/std/src/panicking.rs:516:19
[INFO] [stdout]   39:     0x5636507b24a7 - std::panic::catch_unwind::h410458cfd3528b8b
[INFO] [stdout]                                at /rustc/82e1608dfa6e0b5569232559e3d385fea5a93112/library/std/src/panic.rs:142:14
[INFO] [stdout]   40:     0x5636507b24a7 - std::thread::Builder::spawn_unchecked_::{{closure}}::h72ac3bdb567b737b
[INFO] [stdout]                                at /rustc/82e1608dfa6e0b5569232559e3d385fea5a93112/library/std/src/thread/mod.rs:528:30
[INFO] [stdout]   41:     0x5636507b24a7 - core::ops::function::FnOnce::call_once{{vtable.shim}}::h38f34da3654a8344
[INFO] [stdout]                                at /rustc/82e1608dfa6e0b5569232559e3d385fea5a93112/library/core/src/ops/function.rs:250:5
[INFO] [stdout]   42:     0x563650df1af5 - <alloc::boxed::Box<F,A> as core::ops::function::FnOnce<Args>>::call_once::hc7eafaff61e32df9
[INFO] [stdout]                                at /rustc/82e1608dfa6e0b5569232559e3d385fea5a93112/library/alloc/src/boxed.rs:2007:9
[INFO] [stdout]   43:     0x563650df1af5 - <alloc::boxed::Box<F,A> as core::ops::function::FnOnce<Args>>::call_once::h6ba4a5de48dd2304
[INFO] [stdout]                                at /rustc/82e1608dfa6e0b5569232559e3d385fea5a93112/library/alloc/src/boxed.rs:2007:9
[INFO] [stdout]   44:     0x563650df1af5 - std::sys::unix::thread::Thread::new::thread_start::he469335aef763e45
[INFO] [stdout]                                at /rustc/82e1608dfa6e0b5569232559e3d385fea5a93112/library/std/src/sys/unix/thread.rs:108:17
[INFO] [stdout]   45:     0x7f0490ecdac3 - <unknown>
[INFO] [stdout]   46:     0x7f0490f5ebf4 - __clone
[INFO] [stdout]   47:                0x0 - <unknown>
[INFO] [stdout] 
[INFO] [stdout] ---- vending_minter::tests::whitelist::set_invalid_whitelist stdout ----
[INFO] [stdout] minter_code_id: 1
[INFO] [stdout] factory_code_id: 2
[INFO] [stdout] sg721_code_id: 3
[INFO] [stdout] thread 'vending_minter::tests::whitelist::set_invalid_whitelist' panicked at src/vending_minter/tests/whitelist.rs:110:5:
[INFO] [stdout] assertion `left == right` failed
[INFO] [stdout]   left: "Generic error: Querier contract error: type: cw_multi_test::wasm::ContractData; key: [00, 09, 63, 6F, 6E, 74, 72, 61, 63, 74, 73, 69, 6E, 76, 61, 6C, 69, 64] not found"
[INFO] [stdout]  right: "Generic error: Querier contract error: cw_multi_test::wasm::ContractData not found"
[INFO] [stdout] stack backtrace:
[INFO] [stdout]    0:     0x563650deafac - std::backtrace_rs::backtrace::libunwind::trace::ha637c64ce894333a
[INFO] [stdout]                                at /rustc/82e1608dfa6e0b5569232559e3d385fea5a93112/library/std/src/../../backtrace/src/backtrace/libunwind.rs:104:5
[INFO] [stdout]    1:     0x563650deafac - std::backtrace_rs::backtrace::trace_unsynchronized::h47f62dea28e0c88d
[INFO] [stdout]                                at /rustc/82e1608dfa6e0b5569232559e3d385fea5a93112/library/std/src/../../backtrace/src/backtrace/mod.rs:66:5
[INFO] [stdout]    2:     0x563650deafac - std::sys_common::backtrace::_print_fmt::h9eef0abe20ede486
[INFO] [stdout]                                at /rustc/82e1608dfa6e0b5569232559e3d385fea5a93112/library/std/src/sys_common/backtrace.rs:67:5
[INFO] [stdout]    3:     0x563650deafac - <std::sys_common::backtrace::_print::DisplayBacktrace as core::fmt::Display>::fmt::hed7f999df88cc644
[INFO] [stdout]                                at /rustc/82e1608dfa6e0b5569232559e3d385fea5a93112/library/std/src/sys_common/backtrace.rs:44:22
[INFO] [stdout]    4:     0x563650e15840 - core::fmt::rt::Argument::fmt::h1539a9308b8d058d
[INFO] [stdout]                                at /rustc/82e1608dfa6e0b5569232559e3d385fea5a93112/library/core/src/fmt/rt.rs:142:9
[INFO] [stdout]    5:     0x563650e15840 - core::fmt::write::h3a39390d8560d9c9
[INFO] [stdout]                                at /rustc/82e1608dfa6e0b5569232559e3d385fea5a93112/library/core/src/fmt/mod.rs:1120:17
[INFO] [stdout]    6:     0x563650de883f - std::io::Write::write_fmt::h040b369f3a0f9cbc
[INFO] [stdout]                                at /rustc/82e1608dfa6e0b5569232559e3d385fea5a93112/library/std/src/io/mod.rs:1762:15
[INFO] [stdout]    7:     0x563650dead94 - std::sys_common::backtrace::_print::h894006fb5c6f3d45
[INFO] [stdout]                                at /rustc/82e1608dfa6e0b5569232559e3d385fea5a93112/library/std/src/sys_common/backtrace.rs:47:5
[INFO] [stdout]    8:     0x563650dead94 - std::sys_common::backtrace::print::h23a2d212c6fff936
[INFO] [stdout]                                at /rustc/82e1608dfa6e0b5569232559e3d385fea5a93112/library/std/src/sys_common/backtrace.rs:34:9
[INFO] [stdout]    9:     0x563650deca57 - std::panicking::default_hook::{{closure}}::h8a1d2ee00185001a
[INFO] [stdout]   10:     0x563650dec743 - std::panicking::default_hook::h6038f2eba384e475
[INFO] [stdout]                                at /rustc/82e1608dfa6e0b5569232559e3d385fea5a93112/library/std/src/panicking.rs:289:9
[INFO] [stdout]   11:     0x5636507e0ac7 - <alloc::boxed::Box<F,A> as core::ops::function::Fn<Args>>::call::h0ad024c9bdc6d768
[INFO] [stdout]                                at /rustc/82e1608dfa6e0b5569232559e3d385fea5a93112/library/alloc/src/boxed.rs:2021:9
[INFO] [stdout]   12:     0x5636507e0ac7 - test::test_main::{{closure}}::h7500b54257359db6
[INFO] [stdout]                                at /rustc/82e1608dfa6e0b5569232559e3d385fea5a93112/library/test/src/lib.rs:138:21
[INFO] [stdout]   13:     0x563650ded068 - <alloc::boxed::Box<F,A> as core::ops::function::Fn<Args>>::call::h1f8f335eaa9cfaee
[INFO] [stdout]                                at /rustc/82e1608dfa6e0b5569232559e3d385fea5a93112/library/alloc/src/boxed.rs:2021:9
[INFO] [stdout]   14:     0x563650ded068 - std::panicking::rust_panic_with_hook::h2b5517d590cab22e
[INFO] [stdout]                                at /rustc/82e1608dfa6e0b5569232559e3d385fea5a93112/library/std/src/panicking.rs:783:13
[INFO] [stdout]   15:     0x563650decdbe - std::panicking::begin_panic_handler::{{closure}}::h233112c06e0ef43e
[INFO] [stdout]                                at /rustc/82e1608dfa6e0b5569232559e3d385fea5a93112/library/std/src/panicking.rs:657:13
[INFO] [stdout]   16:     0x563650deb476 - std::sys_common::backtrace::__rust_end_short_backtrace::h6e893f24d7ebbff8
[INFO] [stdout]                                at /rustc/82e1608dfa6e0b5569232559e3d385fea5a93112/library/std/src/sys_common/backtrace.rs:170:18
[INFO] [stdout]   17:     0x563650decb22 - rust_begin_unwind
[INFO] [stdout]                                at /rustc/82e1608dfa6e0b5569232559e3d385fea5a93112/library/std/src/panicking.rs:645:5
[INFO] [stdout]   18:     0x563650486665 - core::panicking::panic_fmt::hbf0e066aabfa482c
[INFO] [stdout]                                at /rustc/82e1608dfa6e0b5569232559e3d385fea5a93112/library/core/src/panicking.rs:72:14
[INFO] [stdout]   19:     0x563650486a7b - core::panicking::assert_failed_inner::h0bba8b7c26ee4492
[INFO] [stdout]   20:     0x5636505f4a02 - core::panicking::assert_failed::hdbdfd4cac75866de
[INFO] [stdout]                                at /rustc/82e1608dfa6e0b5569232559e3d385fea5a93112/library/core/src/panicking.rs:279:5
[INFO] [stdout]   21:     0x5636505cb68f - test_suite::vending_minter::tests::whitelist::set_invalid_whitelist::h84b4072f63590d60
[INFO] [stdout]                                at /opt/rustwide/workdir/src/vending_minter/tests/whitelist.rs:110:5
[INFO] [stdout]   22:     0x5636505cab87 - test_suite::vending_minter::tests::whitelist::set_invalid_whitelist::{{closure}}::hcd226258c004de7d
[INFO] [stdout]                                at /opt/rustwide/workdir/src/vending_minter/tests/whitelist.rs:72:27
[INFO] [stdout]   23:     0x563650695846 - core::ops::function::FnOnce::call_once::h01ffb75578c362ca
[INFO] [stdout]                                at /rustc/82e1608dfa6e0b5569232559e3d385fea5a93112/library/core/src/ops/function.rs:250:5
[INFO] [stdout]   24:     0x5636507e611f - core::ops::function::FnOnce::call_once::h2b5d431d5046312d
[INFO] [stdout]                                at /rustc/82e1608dfa6e0b5569232559e3d385fea5a93112/library/core/src/ops/function.rs:250:5
[INFO] [stdout]   25:     0x5636507e611f - test::__rust_begin_short_backtrace::h7714669af176e207
[INFO] [stdout]                                at /rustc/82e1608dfa6e0b5569232559e3d385fea5a93112/library/test/src/lib.rs:628:18
[INFO] [stdout]   26:     0x5636507e5135 - test::run_test_in_process::{{closure}}::h85218797dcbcec12
[INFO] [stdout]                                at /rustc/82e1608dfa6e0b5569232559e3d385fea5a93112/library/test/src/lib.rs:651:60
[INFO] [stdout]   27:     0x5636507e5135 - <core::panic::unwind_safe::AssertUnwindSafe<F> as core::ops::function::FnOnce<()>>::call_once::h76c106ea31c14d7b
[INFO] [stdout]                                at /rustc/82e1608dfa6e0b5569232559e3d385fea5a93112/library/core/src/panic/unwind_safe.rs:272:9
[INFO] [stdout]   28:     0x5636507e5135 - std::panicking::try::do_call::h3bd5d0f6620ee946
[INFO] [stdout]                                at /rustc/82e1608dfa6e0b5569232559e3d385fea5a93112/library/std/src/panicking.rs:552:40
[INFO] [stdout]   29:     0x5636507e5135 - std::panicking::try::h232e535e4744fe31
[INFO] [stdout]                                at /rustc/82e1608dfa6e0b5569232559e3d385fea5a93112/library/std/src/panicking.rs:516:19
[INFO] [stdout]   30:     0x5636507e5135 - std::panic::catch_unwind::h3ce3bd6ca8dbac68
[INFO] [stdout]                                at /rustc/82e1608dfa6e0b5569232559e3d385fea5a93112/library/std/src/panic.rs:142:14
[INFO] [stdout]   31:     0x5636507e5135 - test::run_test_in_process::hc97b257c9621286a
[INFO] [stdout]                                at /rustc/82e1608dfa6e0b5569232559e3d385fea5a93112/library/test/src/lib.rs:651:27
[INFO] [stdout]   32:     0x5636507e5135 - test::run_test::{{closure}}::h2aa798823a438d38
[INFO] [stdout]                                at /rustc/82e1608dfa6e0b5569232559e3d385fea5a93112/library/test/src/lib.rs:574:43
[INFO] [stdout]   33:     0x5636507ad3f6 - test::run_test::{{closure}}::h87d231c78fb59832
[INFO] [stdout]                                at /rustc/82e1608dfa6e0b5569232559e3d385fea5a93112/library/test/src/lib.rs:602:41
[INFO] [stdout]   34:     0x5636507ad3f6 - std::sys_common::backtrace::__rust_begin_short_backtrace::he6df152596625789
[INFO] [stdout]                                at /rustc/82e1608dfa6e0b5569232559e3d385fea5a93112/library/std/src/sys_common/backtrace.rs:154:18
[INFO] [stdout]   35:     0x5636507b24a7 - std::thread::Builder::spawn_unchecked_::{{closure}}::{{closure}}::ha94be15d1e0acf36
[INFO] [stdout]                                at /rustc/82e1608dfa6e0b5569232559e3d385fea5a93112/library/std/src/thread/mod.rs:529:17
[INFO] [stdout]   36:     0x5636507b24a7 - <core::panic::unwind_safe::AssertUnwindSafe<F> as core::ops::function::FnOnce<()>>::call_once::h9dc6bd6372f16606
[INFO] [stdout]                                at /rustc/82e1608dfa6e0b5569232559e3d385fea5a93112/library/core/src/panic/unwind_safe.rs:272:9
[INFO] [stdout]   37:     0x5636507b24a7 - std::panicking::try::do_call::h9057517f80303cd4
[INFO] [stdout]                                at /rustc/82e1608dfa6e0b5569232559e3d385fea5a93112/library/std/src/panicking.rs:552:40
[INFO] [stdout]   38:     0x5636507b24a7 - std::panicking::try::he3a30b11ee45340c
[INFO] [stdout]                                at /rustc/82e1608dfa6e0b5569232559e3d385fea5a93112/library/std/src/panicking.rs:516:19
[INFO] [stdout]   39:     0x5636507b24a7 - std::panic::catch_unwind::h410458cfd3528b8b
[INFO] [stdout]                                at /rustc/82e1608dfa6e0b5569232559e3d385fea5a93112/library/std/src/panic.rs:142:14
[INFO] [stdout]   40:     0x5636507b24a7 - std::thread::Builder::spawn_unchecked_::{{closure}}::h72ac3bdb567b737b
[INFO] [stdout]                                at /rustc/82e1608dfa6e0b5569232559e3d385fea5a93112/library/std/src/thread/mod.rs:528:30
[INFO] [stdout]   41:     0x5636507b24a7 - core::ops::function::FnOnce::call_once{{vtable.shim}}::h38f34da3654a8344
[INFO] [stdout]                                at /rustc/82e1608dfa6e0b5569232559e3d385fea5a93112/library/core/src/ops/function.rs:250:5
[INFO] [stdout]   42:     0x563650df1af5 - <alloc::boxed::Box<F,A> as core::ops::function::FnOnce<Args>>::call_once::hc7eafaff61e32df9
[INFO] [stdout]                                at /rustc/82e1608dfa6e0b5569232559e3d385fea5a93112/library/alloc/src/boxed.rs:2007:9
[INFO] [stdout]   43:     0x563650df1af5 - <alloc::boxed::Box<F,A> as core::ops::function::FnOnce<Args>>::call_once::h6ba4a5de48dd2304
[INFO] [stdout]                                at /rustc/82e1608dfa6e0b5569232559e3d385fea5a93112/library/alloc/src/boxed.rs:2007:9
[INFO] [stdout]   44:     0x563650df1af5 - std::sys::unix::thread::Thread::new::thread_start::he469335aef763e45
[INFO] [stdout]                                at /rustc/82e1608dfa6e0b5569232559e3d385fea5a93112/library/std/src/sys/unix/thread.rs:108:17
[INFO] [stdout]   45:     0x7f0490ecdac3 - <unknown>
[INFO] [stdout]   46:     0x7f0490f5ebf4 - __clone
[INFO] [stdout]   47:                0x0 - <unknown>
[INFO] [stdout] 
[INFO] [stdout] 
[INFO] [stdout] failures:
[INFO] [stdout]     vending_minter::tests::whitelist::invalid_whitelist_instantiate
[INFO] [stdout]     vending_minter::tests::whitelist::set_invalid_whitelist
[INFO] [stdout] 
[INFO] [stdout] test result: FAILED. 140 passed; 2 failed; 0 ignored; 0 measured; 0 filtered out; finished in 0.51s
[INFO] [stdout] 
[INFO] [stderr] error: test failed, to rerun pass `--lib`
[INFO] running `Command { std: "docker" "inspect" "b89e2224d9086aa2e175d226ddc55d386a4da382720fec91d72d662036ed9f6b", kill_on_drop: false }`
[INFO] running `Command { std: "docker" "rm" "-f" "b89e2224d9086aa2e175d226ddc55d386a4da382720fec91d72d662036ed9f6b", kill_on_drop: false }`
[INFO] [stdout] b89e2224d9086aa2e175d226ddc55d386a4da382720fec91d72d662036ed9f6b
