[INFO] fetching crate test-shisho-datasource 0.1.3...
[INFO] testing test-shisho-datasource-0.1.3 against 1.75.0 for beta-1.76-1
[INFO] extracting crate test-shisho-datasource 0.1.3 into /workspace/builds/worker-3-tc1/source
[INFO] validating manifest of crates.io crate test-shisho-datasource 0.1.3 on toolchain 1.75.0
[INFO] running `Command { std: CARGO_HOME="/workspace/cargo-home" RUSTUP_HOME="/workspace/rustup-home" "/workspace/cargo-home/bin/cargo" "+1.75.0" "metadata" "--manifest-path" "Cargo.toml" "--no-deps", kill_on_drop: false }`
[INFO] started tweaking crates.io crate test-shisho-datasource 0.1.3
[INFO] finished tweaking crates.io crate test-shisho-datasource 0.1.3
[INFO] tweaked toml for crates.io crate test-shisho-datasource 0.1.3 written to /workspace/builds/worker-3-tc1/source/Cargo.toml
[INFO] running `Command { std: CARGO_HOME="/workspace/cargo-home" RUSTUP_HOME="/workspace/rustup-home" "/workspace/cargo-home/bin/cargo" "+1.75.0" "generate-lockfile" "--manifest-path" "Cargo.toml", kill_on_drop: false }`
[INFO] [stderr]     Updating crates.io index
[INFO] running `Command { std: CARGO_HOME="/workspace/cargo-home" RUSTUP_HOME="/workspace/rustup-home" "/workspace/cargo-home/bin/cargo" "+1.75.0" "fetch" "--manifest-path" "Cargo.toml", kill_on_drop: false }`
[INFO] [stderr]  Downloading crates ...
[INFO] [stderr]   Downloaded graphql-introspection-query v0.2.0
[INFO] running `Command { std: "docker" "create" "-v" "/var/lib/crater-agent-workspace/builds/worker-3-tc1/target:/opt/rustwide/target:rw,Z" "-v" "/var/lib/crater-agent-workspace/builds/worker-3-tc1/source:/opt/rustwide/workdir:ro,Z" "-v" "/var/lib/crater-agent-workspace/cargo-home:/opt/rustwide/cargo-home:ro,Z" "-v" "/var/lib/crater-agent-workspace/rustup-home:/opt/rustwide/rustup-home:ro,Z" "-e" "SOURCE_DIR=/opt/rustwide/workdir" "-e" "CARGO_TARGET_DIR=/opt/rustwide/target" "-e" "CARGO_HOME=/opt/rustwide/cargo-home" "-e" "RUSTUP_HOME=/opt/rustwide/rustup-home" "-w" "/opt/rustwide/workdir" "-m" "1610612736" "--user" "0:0" "--network" "none" "ghcr.io/rust-lang/crates-build-env/linux@sha256:2788e3201cd34a07e3172128adcd8b3090168a8e3bcc40d7c032b9dda1df7d1c" "/opt/rustwide/cargo-home/bin/cargo" "+1.75.0" "metadata" "--no-deps" "--format-version=1", kill_on_drop: false }`
[INFO] [stdout] 7be50d9357cf1e0ffa98ac66bc7dd86e23132802eaf2fdcf67e90c06a2c3773f
[INFO] running `Command { std: "docker" "start" "-a" "7be50d9357cf1e0ffa98ac66bc7dd86e23132802eaf2fdcf67e90c06a2c3773f", kill_on_drop: false }`
[INFO] running `Command { std: "docker" "inspect" "7be50d9357cf1e0ffa98ac66bc7dd86e23132802eaf2fdcf67e90c06a2c3773f", kill_on_drop: false }`
[INFO] running `Command { std: "docker" "rm" "-f" "7be50d9357cf1e0ffa98ac66bc7dd86e23132802eaf2fdcf67e90c06a2c3773f", kill_on_drop: false }`
[INFO] [stdout] 7be50d9357cf1e0ffa98ac66bc7dd86e23132802eaf2fdcf67e90c06a2c3773f
[INFO] running `Command { std: "docker" "create" "-v" "/var/lib/crater-agent-workspace/builds/worker-3-tc1/target:/opt/rustwide/target:rw,Z" "-v" "/var/lib/crater-agent-workspace/builds/worker-3-tc1/source:/opt/rustwide/workdir:ro,Z" "-v" "/var/lib/crater-agent-workspace/cargo-home:/opt/rustwide/cargo-home:ro,Z" "-v" "/var/lib/crater-agent-workspace/rustup-home:/opt/rustwide/rustup-home:ro,Z" "-e" "SOURCE_DIR=/opt/rustwide/workdir" "-e" "CARGO_TARGET_DIR=/opt/rustwide/target" "-e" "CARGO_INCREMENTAL=0" "-e" "RUST_BACKTRACE=full" "-e" "RUSTFLAGS=--cap-lints=warn" "-e" "RUSTDOCFLAGS=--cap-lints=warn" "-e" "CARGO_HOME=/opt/rustwide/cargo-home" "-e" "RUSTUP_HOME=/opt/rustwide/rustup-home" "-w" "/opt/rustwide/workdir" "-m" "1610612736" "--user" "0:0" "--network" "none" "ghcr.io/rust-lang/crates-build-env/linux@sha256:2788e3201cd34a07e3172128adcd8b3090168a8e3bcc40d7c032b9dda1df7d1c" "/opt/rustwide/cargo-home/bin/cargo" "+1.75.0" "build" "--frozen" "--message-format=json", kill_on_drop: false }`
[INFO] [stdout] 7d0e193118451196a5d309ef938b94287b3cfffe86430d27256b301011931189
[INFO] running `Command { std: "docker" "start" "-a" "7d0e193118451196a5d309ef938b94287b3cfffe86430d27256b301011931189", kill_on_drop: false }`
[INFO] [stderr]    Compiling proc-macro2 v1.0.75
[INFO] [stderr]    Compiling unicode-ident v1.0.12
[INFO] [stderr]    Compiling serde v1.0.194
[INFO] [stderr]    Compiling void v1.0.2
[INFO] [stderr]    Compiling thiserror v1.0.56
[INFO] [stderr]    Compiling memchr v2.7.1
[INFO] [stderr]    Compiling syn v1.0.109
[INFO] [stderr]    Compiling either v1.9.0
[INFO] [stderr]    Compiling serde_json v1.0.111
[INFO] [stderr]    Compiling ascii v0.9.3
[INFO] [stderr]    Compiling byteorder v1.5.0
[INFO] [stderr]    Compiling itoa v1.0.10
[INFO] [stderr]    Compiling ryu v1.0.16
[INFO] [stderr]    Compiling heck v0.4.1
[INFO] [stderr]    Compiling lazy_static v1.4.0
[INFO] [stderr]    Compiling unreachable v1.0.0
[INFO] [stderr]    Compiling combine v3.8.1
[INFO] [stderr]    Compiling quote v1.0.35
[INFO] [stderr]    Compiling syn v2.0.48
[INFO] [stderr]    Compiling serde_derive v1.0.194
[INFO] [stderr]    Compiling thiserror-impl v1.0.56
[INFO] [stderr]    Compiling graphql-parser v0.4.0
[INFO] [stderr]    Compiling graphql-introspection-query v0.2.0
[INFO] [stderr]    Compiling test-shisho-datasource v0.1.3 (/opt/rustwide/workdir)
[INFO] [stderr]     Finished dev [unoptimized + debuginfo] target(s) in 13.53s
[INFO] running `Command { std: "docker" "inspect" "7d0e193118451196a5d309ef938b94287b3cfffe86430d27256b301011931189", kill_on_drop: false }`
[INFO] running `Command { std: "docker" "rm" "-f" "7d0e193118451196a5d309ef938b94287b3cfffe86430d27256b301011931189", kill_on_drop: false }`
[INFO] [stdout] 7d0e193118451196a5d309ef938b94287b3cfffe86430d27256b301011931189
[INFO] running `Command { std: "docker" "create" "-v" "/var/lib/crater-agent-workspace/builds/worker-3-tc1/target:/opt/rustwide/target:rw,Z" "-v" "/var/lib/crater-agent-workspace/builds/worker-3-tc1/source:/opt/rustwide/workdir:ro,Z" "-v" "/var/lib/crater-agent-workspace/cargo-home:/opt/rustwide/cargo-home:ro,Z" "-v" "/var/lib/crater-agent-workspace/rustup-home:/opt/rustwide/rustup-home:ro,Z" "-e" "SOURCE_DIR=/opt/rustwide/workdir" "-e" "CARGO_TARGET_DIR=/opt/rustwide/target" "-e" "CARGO_INCREMENTAL=0" "-e" "RUST_BACKTRACE=full" "-e" "RUSTFLAGS=--cap-lints=warn" "-e" "RUSTDOCFLAGS=--cap-lints=warn" "-e" "CARGO_HOME=/opt/rustwide/cargo-home" "-e" "RUSTUP_HOME=/opt/rustwide/rustup-home" "-w" "/opt/rustwide/workdir" "-m" "1610612736" "--user" "0:0" "--network" "none" "ghcr.io/rust-lang/crates-build-env/linux@sha256:2788e3201cd34a07e3172128adcd8b3090168a8e3bcc40d7c032b9dda1df7d1c" "/opt/rustwide/cargo-home/bin/cargo" "+1.75.0" "test" "--frozen" "--no-run" "--message-format=json", kill_on_drop: false }`
[INFO] [stdout] 2eb68f918828554395d540bc32af28591e4caa583b222c6315b17aa0adcefeb1
[INFO] running `Command { std: "docker" "start" "-a" "2eb68f918828554395d540bc32af28591e4caa583b222c6315b17aa0adcefeb1", kill_on_drop: false }`
[INFO] [stderr]    Compiling test-shisho-datasource v0.1.3 (/opt/rustwide/workdir)
[INFO] [stderr]     Finished test [unoptimized + debuginfo] target(s) in 3.70s
[INFO] running `Command { std: "docker" "inspect" "2eb68f918828554395d540bc32af28591e4caa583b222c6315b17aa0adcefeb1", kill_on_drop: false }`
[INFO] running `Command { std: "docker" "rm" "-f" "2eb68f918828554395d540bc32af28591e4caa583b222c6315b17aa0adcefeb1", kill_on_drop: false }`
[INFO] [stdout] 2eb68f918828554395d540bc32af28591e4caa583b222c6315b17aa0adcefeb1
[INFO] running `Command { std: "docker" "create" "-v" "/var/lib/crater-agent-workspace/builds/worker-3-tc1/target:/opt/rustwide/target:rw,Z" "-v" "/var/lib/crater-agent-workspace/builds/worker-3-tc1/source:/opt/rustwide/workdir:ro,Z" "-v" "/var/lib/crater-agent-workspace/cargo-home:/opt/rustwide/cargo-home:ro,Z" "-v" "/var/lib/crater-agent-workspace/rustup-home:/opt/rustwide/rustup-home:ro,Z" "-e" "SOURCE_DIR=/opt/rustwide/workdir" "-e" "CARGO_TARGET_DIR=/opt/rustwide/target" "-e" "CARGO_INCREMENTAL=0" "-e" "RUST_BACKTRACE=full" "-e" "RUSTFLAGS=--cap-lints=warn" "-e" "RUSTDOCFLAGS=--cap-lints=warn" "-e" "CARGO_HOME=/opt/rustwide/cargo-home" "-e" "RUSTUP_HOME=/opt/rustwide/rustup-home" "-w" "/opt/rustwide/workdir" "-m" "1610612736" "--user" "0:0" "--network" "none" "ghcr.io/rust-lang/crates-build-env/linux@sha256:2788e3201cd34a07e3172128adcd8b3090168a8e3bcc40d7c032b9dda1df7d1c" "/opt/rustwide/cargo-home/bin/cargo" "+1.75.0" "test" "--frozen", kill_on_drop: false }`
[INFO] [stdout] 2d03f5e8cc1777b9015d4195b27b96e1a4e4c383123feb7aeb8f3445c0133c4f
[INFO] running `Command { std: "docker" "start" "-a" "2d03f5e8cc1777b9015d4195b27b96e1a4e4c383123feb7aeb8f3445c0133c4f", kill_on_drop: false }`
[INFO] [stderr]     Finished test [unoptimized + debuginfo] target(s) in 0.01s
[INFO] [stderr]      Running unittests src/lib.rs (/opt/rustwide/target/debug/deps/test_shisho_datasource-9e96ab2c8f0e6560)
[INFO] [stdout] 
[INFO] [stdout] running 1 test
[INFO] [stdout] test gqlgen::codegen::shared::tests::keyword_replace_works ... ok
[INFO] [stdout] 
[INFO] [stdout] test result: ok. 1 passed; 0 failed; 0 ignored; 0 measured; 0 filtered out; finished in 0.00s
[INFO] [stdout] 
[INFO] [stderr]    Doc-tests test-shisho-datasource
[INFO] [stdout] 
[INFO] [stdout] running 1 test
[INFO] [stdout] test src/lib.rs - derive_graphql_query (line 23) ... FAILED
[INFO] [stdout] 
[INFO] [stdout] failures:
[INFO] [stdout] 
[INFO] [stdout] ---- src/lib.rs - derive_graphql_query (line 23) stdout ----
[INFO] [stdout] error: expected statement after outer attribute
[INFO] [stdout]  --> src/lib.rs:25:1
[INFO] [stdout]   |
[INFO] [stdout] 4 | / #[graphql(
[INFO] [stdout] 5 | |    query_path = "src/policies/organization/org_owners/query.graphql",
[INFO] [stdout] 6 | |    derives = "Debug, PartialEq"
[INFO] [stdout] 7 | | )]
[INFO] [stdout]   | |__^
[INFO] [stdout] 
[INFO] [stdout] error: aborting due to previous error
[INFO] [stdout] 
[INFO] [stdout] Couldn't compile the test.
[INFO] [stdout] 
[INFO] [stdout] failures:
[INFO] [stdout]     src/lib.rs - derive_graphql_query (line 23)
[INFO] [stdout] 
[INFO] [stdout] test result: FAILED. 0 passed; 1 failed; 0 ignored; 0 measured; 0 filtered out; finished in 0.03s
[INFO] [stdout] 
[INFO] [stderr] error: doctest failed, to rerun pass `--doc`
[INFO] running `Command { std: "docker" "inspect" "2d03f5e8cc1777b9015d4195b27b96e1a4e4c383123feb7aeb8f3445c0133c4f", kill_on_drop: false }`
[INFO] running `Command { std: "docker" "rm" "-f" "2d03f5e8cc1777b9015d4195b27b96e1a4e4c383123feb7aeb8f3445c0133c4f", kill_on_drop: false }`
[INFO] [stdout] 2d03f5e8cc1777b9015d4195b27b96e1a4e4c383123feb7aeb8f3445c0133c4f
[INFO] testing test-shisho-datasource-0.1.3 against beta-2023-12-22 for beta-1.76-1
[INFO] extracting crate test-shisho-datasource 0.1.3 into /workspace/builds/worker-3-tc2/source
[INFO] validating manifest of crates.io crate test-shisho-datasource 0.1.3 on toolchain beta-2023-12-22
[INFO] running `Command { std: CARGO_HOME="/workspace/cargo-home" RUSTUP_HOME="/workspace/rustup-home" "/workspace/cargo-home/bin/cargo" "+beta-2023-12-22" "metadata" "--manifest-path" "Cargo.toml" "--no-deps", kill_on_drop: false }`
[INFO] started tweaking crates.io crate test-shisho-datasource 0.1.3
[INFO] finished tweaking crates.io crate test-shisho-datasource 0.1.3
[INFO] tweaked toml for crates.io crate test-shisho-datasource 0.1.3 written to /workspace/builds/worker-3-tc2/source/Cargo.toml
[INFO] running `Command { std: CARGO_HOME="/workspace/cargo-home" RUSTUP_HOME="/workspace/rustup-home" "/workspace/cargo-home/bin/cargo" "+beta-2023-12-22" "generate-lockfile" "--manifest-path" "Cargo.toml", kill_on_drop: false }`
[INFO] [stderr]     Updating crates.io index
[INFO] running `Command { std: CARGO_HOME="/workspace/cargo-home" RUSTUP_HOME="/workspace/rustup-home" "/workspace/cargo-home/bin/cargo" "+beta-2023-12-22" "fetch" "--manifest-path" "Cargo.toml", kill_on_drop: false }`
[INFO] running `Command { std: "docker" "create" "-v" "/var/lib/crater-agent-workspace/builds/worker-3-tc2/target:/opt/rustwide/target:rw,Z" "-v" "/var/lib/crater-agent-workspace/builds/worker-3-tc2/source:/opt/rustwide/workdir:ro,Z" "-v" "/var/lib/crater-agent-workspace/cargo-home:/opt/rustwide/cargo-home:ro,Z" "-v" "/var/lib/crater-agent-workspace/rustup-home:/opt/rustwide/rustup-home:ro,Z" "-e" "SOURCE_DIR=/opt/rustwide/workdir" "-e" "CARGO_TARGET_DIR=/opt/rustwide/target" "-e" "CARGO_HOME=/opt/rustwide/cargo-home" "-e" "RUSTUP_HOME=/opt/rustwide/rustup-home" "-w" "/opt/rustwide/workdir" "-m" "1610612736" "--user" "0:0" "--network" "none" "ghcr.io/rust-lang/crates-build-env/linux@sha256:2788e3201cd34a07e3172128adcd8b3090168a8e3bcc40d7c032b9dda1df7d1c" "/opt/rustwide/cargo-home/bin/cargo" "+beta-2023-12-22" "metadata" "--no-deps" "--format-version=1", kill_on_drop: false }`
[INFO] [stdout] 94831b962273fecf60a83e79521c1b9010ee6102a9c087983165595d8ba822f4
[INFO] running `Command { std: "docker" "start" "-a" "94831b962273fecf60a83e79521c1b9010ee6102a9c087983165595d8ba822f4", kill_on_drop: false }`
[INFO] running `Command { std: "docker" "inspect" "94831b962273fecf60a83e79521c1b9010ee6102a9c087983165595d8ba822f4", kill_on_drop: false }`
[INFO] running `Command { std: "docker" "rm" "-f" "94831b962273fecf60a83e79521c1b9010ee6102a9c087983165595d8ba822f4", kill_on_drop: false }`
[INFO] [stdout] 94831b962273fecf60a83e79521c1b9010ee6102a9c087983165595d8ba822f4
[INFO] running `Command { std: "docker" "create" "-v" "/var/lib/crater-agent-workspace/builds/worker-3-tc2/target:/opt/rustwide/target:rw,Z" "-v" "/var/lib/crater-agent-workspace/builds/worker-3-tc2/source:/opt/rustwide/workdir:ro,Z" "-v" "/var/lib/crater-agent-workspace/cargo-home:/opt/rustwide/cargo-home:ro,Z" "-v" "/var/lib/crater-agent-workspace/rustup-home:/opt/rustwide/rustup-home:ro,Z" "-e" "SOURCE_DIR=/opt/rustwide/workdir" "-e" "CARGO_TARGET_DIR=/opt/rustwide/target" "-e" "CARGO_INCREMENTAL=0" "-e" "RUST_BACKTRACE=full" "-e" "RUSTFLAGS=--cap-lints=warn" "-e" "RUSTDOCFLAGS=--cap-lints=warn" "-e" "CARGO_HOME=/opt/rustwide/cargo-home" "-e" "RUSTUP_HOME=/opt/rustwide/rustup-home" "-w" "/opt/rustwide/workdir" "-m" "1610612736" "--user" "0:0" "--network" "none" "ghcr.io/rust-lang/crates-build-env/linux@sha256:2788e3201cd34a07e3172128adcd8b3090168a8e3bcc40d7c032b9dda1df7d1c" "/opt/rustwide/cargo-home/bin/cargo" "+beta-2023-12-22" "build" "--frozen" "--message-format=json", kill_on_drop: false }`
[INFO] [stdout] 9ab581ffa7b95cf47c764808cf30d75c0056353864f860a3aa9eb3c771dc1d9c
[INFO] running `Command { std: "docker" "start" "-a" "9ab581ffa7b95cf47c764808cf30d75c0056353864f860a3aa9eb3c771dc1d9c", kill_on_drop: false }`
[INFO] [stderr]    Compiling proc-macro2 v1.0.75
[INFO] [stderr]    Compiling unicode-ident v1.0.12
[INFO] [stderr]    Compiling serde v1.0.194
[INFO] [stderr]    Compiling thiserror v1.0.56
[INFO] [stderr]    Compiling void v1.0.2
[INFO] [stderr]    Compiling ascii v0.9.3
[INFO] [stderr]    Compiling syn v1.0.109
[INFO] [stderr]    Compiling serde_json v1.0.111
[INFO] [stderr]    Compiling either v1.9.0
[INFO] [stderr]    Compiling memchr v2.7.1
[INFO] [stderr]    Compiling byteorder v1.5.0
[INFO] [stderr]    Compiling itoa v1.0.10
[INFO] [stderr]    Compiling ryu v1.0.16
[INFO] [stderr]    Compiling heck v0.4.1
[INFO] [stderr]    Compiling lazy_static v1.4.0
[INFO] [stderr]    Compiling unreachable v1.0.0
[INFO] [stderr]    Compiling combine v3.8.1
[INFO] [stderr]    Compiling quote v1.0.35
[INFO] [stderr]    Compiling syn v2.0.48
[INFO] [stderr]    Compiling serde_derive v1.0.194
[INFO] [stderr]    Compiling thiserror-impl v1.0.56
[INFO] [stderr]    Compiling graphql-parser v0.4.0
[INFO] [stderr]    Compiling graphql-introspection-query v0.2.0
[INFO] [stderr]    Compiling test-shisho-datasource v0.1.3 (/opt/rustwide/workdir)
[INFO] [stderr]     Finished dev [unoptimized + debuginfo] target(s) in 13.46s
[INFO] running `Command { std: "docker" "inspect" "9ab581ffa7b95cf47c764808cf30d75c0056353864f860a3aa9eb3c771dc1d9c", kill_on_drop: false }`
[INFO] running `Command { std: "docker" "rm" "-f" "9ab581ffa7b95cf47c764808cf30d75c0056353864f860a3aa9eb3c771dc1d9c", kill_on_drop: false }`
[INFO] [stdout] 9ab581ffa7b95cf47c764808cf30d75c0056353864f860a3aa9eb3c771dc1d9c
[INFO] running `Command { std: "docker" "create" "-v" "/var/lib/crater-agent-workspace/builds/worker-3-tc2/target:/opt/rustwide/target:rw,Z" "-v" "/var/lib/crater-agent-workspace/builds/worker-3-tc2/source:/opt/rustwide/workdir:ro,Z" "-v" "/var/lib/crater-agent-workspace/cargo-home:/opt/rustwide/cargo-home:ro,Z" "-v" "/var/lib/crater-agent-workspace/rustup-home:/opt/rustwide/rustup-home:ro,Z" "-e" "SOURCE_DIR=/opt/rustwide/workdir" "-e" "CARGO_TARGET_DIR=/opt/rustwide/target" "-e" "CARGO_INCREMENTAL=0" "-e" "RUST_BACKTRACE=full" "-e" "RUSTFLAGS=--cap-lints=warn" "-e" "RUSTDOCFLAGS=--cap-lints=warn" "-e" "CARGO_HOME=/opt/rustwide/cargo-home" "-e" "RUSTUP_HOME=/opt/rustwide/rustup-home" "-w" "/opt/rustwide/workdir" "-m" "1610612736" "--user" "0:0" "--network" "none" "ghcr.io/rust-lang/crates-build-env/linux@sha256:2788e3201cd34a07e3172128adcd8b3090168a8e3bcc40d7c032b9dda1df7d1c" "/opt/rustwide/cargo-home/bin/cargo" "+beta-2023-12-22" "test" "--frozen" "--no-run" "--message-format=json", kill_on_drop: false }`
[INFO] [stdout] 96245f89ff776626a30cec1b9e44afa74defc19ce1fe6ed4f551003f75e9358c
[INFO] running `Command { std: "docker" "start" "-a" "96245f89ff776626a30cec1b9e44afa74defc19ce1fe6ed4f551003f75e9358c", kill_on_drop: false }`
[INFO] [stderr]    Compiling test-shisho-datasource v0.1.3 (/opt/rustwide/workdir)
[INFO] [stderr]     Finished test [unoptimized + debuginfo] target(s) in 3.56s
[INFO] running `Command { std: "docker" "inspect" "96245f89ff776626a30cec1b9e44afa74defc19ce1fe6ed4f551003f75e9358c", kill_on_drop: false }`
[INFO] running `Command { std: "docker" "rm" "-f" "96245f89ff776626a30cec1b9e44afa74defc19ce1fe6ed4f551003f75e9358c", kill_on_drop: false }`
[INFO] [stdout] 96245f89ff776626a30cec1b9e44afa74defc19ce1fe6ed4f551003f75e9358c
[INFO] running `Command { std: "docker" "create" "-v" "/var/lib/crater-agent-workspace/builds/worker-3-tc2/target:/opt/rustwide/target:rw,Z" "-v" "/var/lib/crater-agent-workspace/builds/worker-3-tc2/source:/opt/rustwide/workdir:ro,Z" "-v" "/var/lib/crater-agent-workspace/cargo-home:/opt/rustwide/cargo-home:ro,Z" "-v" "/var/lib/crater-agent-workspace/rustup-home:/opt/rustwide/rustup-home:ro,Z" "-e" "SOURCE_DIR=/opt/rustwide/workdir" "-e" "CARGO_TARGET_DIR=/opt/rustwide/target" "-e" "CARGO_INCREMENTAL=0" "-e" "RUST_BACKTRACE=full" "-e" "RUSTFLAGS=--cap-lints=warn" "-e" "RUSTDOCFLAGS=--cap-lints=warn" "-e" "CARGO_HOME=/opt/rustwide/cargo-home" "-e" "RUSTUP_HOME=/opt/rustwide/rustup-home" "-w" "/opt/rustwide/workdir" "-m" "1610612736" "--user" "0:0" "--network" "none" "ghcr.io/rust-lang/crates-build-env/linux@sha256:2788e3201cd34a07e3172128adcd8b3090168a8e3bcc40d7c032b9dda1df7d1c" "/opt/rustwide/cargo-home/bin/cargo" "+beta-2023-12-22" "test" "--frozen", kill_on_drop: false }`
[INFO] [stdout] 964693cdb60ecd2b419857ec57eab8cff88699d448a288ac457a1c476491710c
[INFO] running `Command { std: "docker" "start" "-a" "964693cdb60ecd2b419857ec57eab8cff88699d448a288ac457a1c476491710c", kill_on_drop: false }`
[INFO] [stderr]     Finished test [unoptimized + debuginfo] target(s) in 0.02s
[INFO] [stderr]      Running unittests src/lib.rs (/opt/rustwide/target/debug/deps/test_shisho_datasource-83427a1565774fca)
[INFO] [stdout] 
[INFO] [stdout] running 1 test
[INFO] [stdout] test gqlgen::codegen::shared::tests::keyword_replace_works ... ok
[INFO] [stdout] 
[INFO] [stdout] test result: ok. 1 passed; 0 failed; 0 ignored; 0 measured; 0 filtered out; finished in 0.00s
[INFO] [stdout] 
[INFO] [stderr]    Doc-tests test-shisho-datasource
[INFO] [stdout] 
[INFO] [stdout] running 1 test
[INFO] [stdout] test src/lib.rs - derive_graphql_query (line 23) ... FAILED
[INFO] [stdout] 
[INFO] [stdout] failures:
[INFO] [stdout] 
[INFO] [stdout] ---- src/lib.rs - derive_graphql_query (line 23) stdout ----
[INFO] [stdout] error: expected statement after outer attribute
[INFO] [stdout]  --> src/lib.rs:25:1
[INFO] [stdout]   |
[INFO] [stdout] 4 | / #[graphql(
[INFO] [stdout] 5 | |    query_path = "src/policies/organization/org_owners/query.graphql",
[INFO] [stdout] 6 | |    derives = "Debug, PartialEq"
[INFO] [stdout] 7 | | )]
[INFO] [stdout]   | |__^
[INFO] [stdout] 
[INFO] [stdout] error: aborting due to 1 previous error
[INFO] [stdout] 
[INFO] [stdout] Couldn't compile the test.
[INFO] [stdout] 
[INFO] [stdout] failures:
[INFO] [stdout]     src/lib.rs - derive_graphql_query (line 23)
[INFO] [stdout] 
[INFO] [stdout] test result: FAILED. 0 passed; 1 failed; 0 ignored; 0 measured; 0 filtered out; finished in 0.04s
[INFO] [stdout] 
[INFO] [stderr] error: doctest failed, to rerun pass `--doc`
[INFO] running `Command { std: "docker" "inspect" "964693cdb60ecd2b419857ec57eab8cff88699d448a288ac457a1c476491710c", kill_on_drop: false }`
[INFO] running `Command { std: "docker" "rm" "-f" "964693cdb60ecd2b419857ec57eab8cff88699d448a288ac457a1c476491710c", kill_on_drop: false }`
[INFO] [stdout] 964693cdb60ecd2b419857ec57eab8cff88699d448a288ac457a1c476491710c
