[INFO] fetching crate test-curve25519-dalek 4.0.0-rc.1...
[INFO] testing test-curve25519-dalek-4.0.0-rc.1 against 1.75.0 for beta-1.76-1
[INFO] extracting crate test-curve25519-dalek 4.0.0-rc.1 into /workspace/builds/worker-2-tc1/source
[INFO] validating manifest of crates.io crate test-curve25519-dalek 4.0.0-rc.1 on toolchain 1.75.0
[INFO] running `Command { std: CARGO_HOME="/workspace/cargo-home" RUSTUP_HOME="/workspace/rustup-home" "/workspace/cargo-home/bin/cargo" "+1.75.0" "metadata" "--manifest-path" "Cargo.toml" "--no-deps", kill_on_drop: false }`
[INFO] started tweaking crates.io crate test-curve25519-dalek 4.0.0-rc.1
[INFO] finished tweaking crates.io crate test-curve25519-dalek 4.0.0-rc.1
[INFO] tweaked toml for crates.io crate test-curve25519-dalek 4.0.0-rc.1 written to /workspace/builds/worker-2-tc1/source/Cargo.toml
[INFO] running `Command { std: CARGO_HOME="/workspace/cargo-home" RUSTUP_HOME="/workspace/rustup-home" "/workspace/cargo-home/bin/cargo" "+1.75.0" "generate-lockfile" "--manifest-path" "Cargo.toml", kill_on_drop: false }`
[INFO] [stderr]     Updating crates.io index
[INFO] running `Command { std: CARGO_HOME="/workspace/cargo-home" RUSTUP_HOME="/workspace/rustup-home" "/workspace/cargo-home/bin/cargo" "+1.75.0" "fetch" "--manifest-path" "Cargo.toml", kill_on_drop: false }`
[INFO] running `Command { std: "docker" "create" "-v" "/var/lib/crater-agent-workspace/builds/worker-2-tc1/target:/opt/rustwide/target:rw,Z" "-v" "/var/lib/crater-agent-workspace/builds/worker-2-tc1/source:/opt/rustwide/workdir:ro,Z" "-v" "/var/lib/crater-agent-workspace/cargo-home:/opt/rustwide/cargo-home:ro,Z" "-v" "/var/lib/crater-agent-workspace/rustup-home:/opt/rustwide/rustup-home:ro,Z" "-e" "SOURCE_DIR=/opt/rustwide/workdir" "-e" "CARGO_TARGET_DIR=/opt/rustwide/target" "-e" "CARGO_HOME=/opt/rustwide/cargo-home" "-e" "RUSTUP_HOME=/opt/rustwide/rustup-home" "-w" "/opt/rustwide/workdir" "-m" "1610612736" "--user" "0:0" "--network" "none" "ghcr.io/rust-lang/crates-build-env/linux@sha256:2788e3201cd34a07e3172128adcd8b3090168a8e3bcc40d7c032b9dda1df7d1c" "/opt/rustwide/cargo-home/bin/cargo" "+1.75.0" "metadata" "--no-deps" "--format-version=1", kill_on_drop: false }`
[INFO] [stdout] a5ad3146c7743faf57a59a7b4727327315957075d4ff55b9b6b7e3754b1d7d4a
[INFO] running `Command { std: "docker" "start" "-a" "a5ad3146c7743faf57a59a7b4727327315957075d4ff55b9b6b7e3754b1d7d4a", kill_on_drop: false }`
[INFO] running `Command { std: "docker" "inspect" "a5ad3146c7743faf57a59a7b4727327315957075d4ff55b9b6b7e3754b1d7d4a", kill_on_drop: false }`
[INFO] running `Command { std: "docker" "rm" "-f" "a5ad3146c7743faf57a59a7b4727327315957075d4ff55b9b6b7e3754b1d7d4a", kill_on_drop: false }`
[INFO] [stdout] a5ad3146c7743faf57a59a7b4727327315957075d4ff55b9b6b7e3754b1d7d4a
[INFO] running `Command { std: "docker" "create" "-v" "/var/lib/crater-agent-workspace/builds/worker-2-tc1/target:/opt/rustwide/target:rw,Z" "-v" "/var/lib/crater-agent-workspace/builds/worker-2-tc1/source:/opt/rustwide/workdir:ro,Z" "-v" "/var/lib/crater-agent-workspace/cargo-home:/opt/rustwide/cargo-home:ro,Z" "-v" "/var/lib/crater-agent-workspace/rustup-home:/opt/rustwide/rustup-home:ro,Z" "-e" "SOURCE_DIR=/opt/rustwide/workdir" "-e" "CARGO_TARGET_DIR=/opt/rustwide/target" "-e" "CARGO_INCREMENTAL=0" "-e" "RUST_BACKTRACE=full" "-e" "RUSTFLAGS=--cap-lints=warn" "-e" "RUSTDOCFLAGS=--cap-lints=warn" "-e" "CARGO_HOME=/opt/rustwide/cargo-home" "-e" "RUSTUP_HOME=/opt/rustwide/rustup-home" "-w" "/opt/rustwide/workdir" "-m" "1610612736" "--user" "0:0" "--network" "none" "ghcr.io/rust-lang/crates-build-env/linux@sha256:2788e3201cd34a07e3172128adcd8b3090168a8e3bcc40d7c032b9dda1df7d1c" "/opt/rustwide/cargo-home/bin/cargo" "+1.75.0" "build" "--frozen" "--message-format=json", kill_on_drop: false }`
[INFO] [stdout] a0c4169b9dd95b10d1d70fade4b6e285961ef3d1e0d21730578820ecf01d4429
[INFO] running `Command { std: "docker" "start" "-a" "a0c4169b9dd95b10d1d70fade4b6e285961ef3d1e0d21730578820ecf01d4429", kill_on_drop: false }`
[INFO] [stderr]    Compiling platforms v3.3.0
[INFO] [stderr]    Compiling subtle v2.5.0
[INFO] [stderr]    Compiling zeroize v1.7.0
[INFO] [stderr]    Compiling cfg-if v1.0.0
[INFO] [stderr]    Compiling test-curve25519-dalek v4.0.0-rc.1 (/opt/rustwide/workdir)
[INFO] [stdout] warning: unused import: `crate::backend::serial::u64::field::*`
[INFO] [stdout]   --> src/field.rs:65:17
[INFO] [stdout]    |
[INFO] [stdout] 65 |         pub use crate::backend::serial::u64::field::*;
[INFO] [stdout]    |                 ^^^^^^^^^^^^^^^^^^^^^^^^^^^^^^^^^^^^^
[INFO] [stdout]    |
[INFO] [stdout]    = note: `#[warn(unused_imports)]` on by default
[INFO] [stdout] 
[INFO] [stdout] 
[INFO] [stdout] warning: call to `.borrow()` on a reference in this situation does nothing
[INFO] [stdout]    --> src/ristretto.rs:991:77
[INFO] [stdout]     |
[INFO] [stdout] 991 |         let extended_points = points.into_iter().map(|opt_P| opt_P.map(|P| P.borrow().0));
[INFO] [stdout]     |                                                                             ^^^^^^^^^ help: remove this redundant call
[INFO] [stdout]     |
[INFO] [stdout]     = note: the type `RistrettoPoint` does not implement `Borrow`, so calling `borrow` on `&RistrettoPoint` copies the reference, which does not do anything and can be removed
[INFO] [stdout]     = note: `#[warn(noop_method_call)]` on by default
[INFO] [stdout] 
[INFO] [stdout] 
[INFO] [stdout] warning: 2 warnings emitted
[INFO] [stdout] 
[INFO] [stdout] 
[INFO] [stderr]     Finished dev [optimized + debuginfo] target(s) in 2.38s
[INFO] running `Command { std: "docker" "inspect" "a0c4169b9dd95b10d1d70fade4b6e285961ef3d1e0d21730578820ecf01d4429", kill_on_drop: false }`
[INFO] running `Command { std: "docker" "rm" "-f" "a0c4169b9dd95b10d1d70fade4b6e285961ef3d1e0d21730578820ecf01d4429", kill_on_drop: false }`
[INFO] [stdout] a0c4169b9dd95b10d1d70fade4b6e285961ef3d1e0d21730578820ecf01d4429
[INFO] running `Command { std: "docker" "create" "-v" "/var/lib/crater-agent-workspace/builds/worker-2-tc1/target:/opt/rustwide/target:rw,Z" "-v" "/var/lib/crater-agent-workspace/builds/worker-2-tc1/source:/opt/rustwide/workdir:ro,Z" "-v" "/var/lib/crater-agent-workspace/cargo-home:/opt/rustwide/cargo-home:ro,Z" "-v" "/var/lib/crater-agent-workspace/rustup-home:/opt/rustwide/rustup-home:ro,Z" "-e" "SOURCE_DIR=/opt/rustwide/workdir" "-e" "CARGO_TARGET_DIR=/opt/rustwide/target" "-e" "CARGO_INCREMENTAL=0" "-e" "RUST_BACKTRACE=full" "-e" "RUSTFLAGS=--cap-lints=warn" "-e" "RUSTDOCFLAGS=--cap-lints=warn" "-e" "CARGO_HOME=/opt/rustwide/cargo-home" "-e" "RUSTUP_HOME=/opt/rustwide/rustup-home" "-w" "/opt/rustwide/workdir" "-m" "1610612736" "--user" "0:0" "--network" "none" "ghcr.io/rust-lang/crates-build-env/linux@sha256:2788e3201cd34a07e3172128adcd8b3090168a8e3bcc40d7c032b9dda1df7d1c" "/opt/rustwide/cargo-home/bin/cargo" "+1.75.0" "test" "--frozen" "--no-run" "--message-format=json", kill_on_drop: false }`
[INFO] [stdout] 6e67e0078afe03160cbf3406a214855294b5596908fde6517e113ffff79e03c8
[INFO] running `Command { std: "docker" "start" "-a" "6e67e0078afe03160cbf3406a214855294b5596908fde6517e113ffff79e03c8", kill_on_drop: false }`
[INFO] [stderr]    Compiling serde v1.0.194
[INFO] [stderr]    Compiling crossbeam-utils v0.8.18
[INFO] [stderr]    Compiling either v1.9.0
[INFO] [stderr]    Compiling serde_json v1.0.111
[INFO] [stderr]    Compiling rayon-core v1.12.0
[INFO] [stderr]    Compiling plotters-backend v0.3.5
[INFO] [stderr]    Compiling half v1.8.2
[INFO] [stderr]    Compiling regex-syntax v0.8.2
[INFO] [stderr]    Compiling itoa v1.0.10
[INFO] [stderr]    Compiling libc v0.2.151
[INFO] [stderr]    Compiling typenum v1.17.0
[INFO] [stderr]    Compiling num-traits v0.2.17
[INFO] [stderr]    Compiling indexmap v1.9.3
[INFO] [stderr]    Compiling os_str_bytes v6.6.1
[INFO] [stderr]    Compiling generic-array v0.14.7
[INFO] [stderr]    Compiling syn v2.0.48
[INFO] [stderr]    Compiling hashbrown v0.12.3
[INFO] [stderr]    Compiling ciborium-io v0.2.1
[INFO] [stderr]    Compiling ryu v1.0.16
[INFO] [stderr]    Compiling itertools v0.10.5
[INFO] [stderr]    Compiling ciborium-ll v0.2.1
[INFO] [stderr]    Compiling plotters-svg v0.3.5
[INFO] [stderr]    Compiling clap_lex v0.2.4
[INFO] [stderr]    Compiling textwrap v0.16.0
[INFO] [stderr]    Compiling same-file v1.0.6
[INFO] [stderr]    Compiling bitflags v1.3.2
[INFO] [stderr]    Compiling ppv-lite86 v0.2.17
[INFO] [stderr]    Compiling cast v0.3.0
[INFO] [stderr]    Compiling lazy_static v1.4.0
[INFO] [stderr]    Compiling walkdir v2.4.0
[INFO] [stderr]    Compiling oorandom v11.1.3
[INFO] [stderr]    Compiling cpufeatures v0.2.12
[INFO] [stderr]    Compiling getrandom v0.2.11
[INFO] [stderr]    Compiling atty v0.2.14
[INFO] [stderr]    Compiling anes v0.1.6
[INFO] [stderr]    Compiling hex v0.4.3
[INFO] [stdout] warning: unused import: `crate::backend::serial::u64::field::*`
[INFO] [stdout]   --> src/field.rs:65:17
[INFO] [stdout]    |
[INFO] [stdout] 65 |         pub use crate::backend::serial::u64::field::*;
[INFO] [stdout]    |                 ^^^^^^^^^^^^^^^^^^^^^^^^^^^^^^^^^^^^^
[INFO] [stdout]    |
[INFO] [stdout]    = note: `#[warn(unused_imports)]` on by default
[INFO] [stdout] 
[INFO] [stdout] 
[INFO] [stdout] warning: call to `.borrow()` on a reference in this situation does nothing
[INFO] [stdout]    --> src/ristretto.rs:991:77
[INFO] [stdout]     |
[INFO] [stdout] 991 |         let extended_points = points.into_iter().map(|opt_P| opt_P.map(|P| P.borrow().0));
[INFO] [stdout]     |                                                                             ^^^^^^^^^ help: remove this redundant call
[INFO] [stdout]     |
[INFO] [stdout]     = note: the type `RistrettoPoint` does not implement `Borrow`, so calling `borrow` on `&RistrettoPoint` copies the reference, which does not do anything and can be removed
[INFO] [stdout]     = note: `#[warn(noop_method_call)]` on by default
[INFO] [stdout] 
[INFO] [stdout] 
[INFO] [stdout] warning: 2 warnings emitted
[INFO] [stdout] 
[INFO] [stdout] 
[INFO] [stderr]    Compiling crossbeam-epoch v0.9.17
[INFO] [stderr]    Compiling rand_core v0.6.4
[INFO] [stderr]    Compiling rand_chacha v0.3.1
[INFO] [stderr]    Compiling crossbeam-deque v0.8.4
[INFO] [stderr]    Compiling rand v0.8.5
[INFO] [stderr]    Compiling block-buffer v0.10.4
[INFO] [stderr]    Compiling crypto-common v0.1.6
[INFO] [stderr]    Compiling regex-automata v0.4.3
[INFO] [stderr]    Compiling clap v3.2.25
[INFO] [stderr]    Compiling digest v0.10.7
[INFO] [stderr]    Compiling criterion-plot v0.5.0
[INFO] [stderr]    Compiling sha2 v0.10.8
[INFO] [stderr]    Compiling plotters v0.3.5
[INFO] [stderr]    Compiling rayon v1.8.0
[INFO] [stderr]    Compiling serde_derive v1.0.194
[INFO] [stderr]    Compiling regex v1.10.2
[INFO] [stderr]    Compiling ciborium v0.2.1
[INFO] [stderr]    Compiling bincode v1.3.3
[INFO] [stderr]    Compiling tinytemplate v1.2.1
[INFO] [stderr]    Compiling criterion v0.4.0
[INFO] [stderr]    Compiling test-curve25519-dalek v4.0.0-rc.1 (/opt/rustwide/workdir)
[INFO] [stdout] warning: unused import: `crate::backend::serial::u64::field::*`
[INFO] [stdout]   --> src/field.rs:65:17
[INFO] [stdout]    |
[INFO] [stdout] 65 |         pub use crate::backend::serial::u64::field::*;
[INFO] [stdout]    |                 ^^^^^^^^^^^^^^^^^^^^^^^^^^^^^^^^^^^^^
[INFO] [stdout]    |
[INFO] [stdout]    = note: `#[warn(unused_imports)]` on by default
[INFO] [stdout] 
[INFO] [stdout] 
[INFO] [stdout] warning: call to `.borrow()` on a reference in this situation does nothing
[INFO] [stdout]    --> src/ristretto.rs:991:77
[INFO] [stdout]     |
[INFO] [stdout] 991 |         let extended_points = points.into_iter().map(|opt_P| opt_P.map(|P| P.borrow().0));
[INFO] [stdout]     |                                                                             ^^^^^^^^^ help: remove this redundant call
[INFO] [stdout]     |
[INFO] [stdout]     = note: the type `ristretto::RistrettoPoint` does not implement `Borrow`, so calling `borrow` on `&ristretto::RistrettoPoint` copies the reference, which does not do anything and can be removed
[INFO] [stdout]     = note: `#[warn(noop_method_call)]` on by default
[INFO] [stdout] 
[INFO] [stdout] 
[INFO] [stdout] warning: 2 warnings emitted
[INFO] [stdout] 
[INFO] [stdout] 
[INFO] [stderr]     Finished test [optimized + debuginfo] target(s) in 24.39s
[INFO] running `Command { std: "docker" "inspect" "6e67e0078afe03160cbf3406a214855294b5596908fde6517e113ffff79e03c8", kill_on_drop: false }`
[INFO] running `Command { std: "docker" "rm" "-f" "6e67e0078afe03160cbf3406a214855294b5596908fde6517e113ffff79e03c8", kill_on_drop: false }`
[INFO] [stdout] 6e67e0078afe03160cbf3406a214855294b5596908fde6517e113ffff79e03c8
[INFO] running `Command { std: "docker" "create" "-v" "/var/lib/crater-agent-workspace/builds/worker-2-tc1/target:/opt/rustwide/target:rw,Z" "-v" "/var/lib/crater-agent-workspace/builds/worker-2-tc1/source:/opt/rustwide/workdir:ro,Z" "-v" "/var/lib/crater-agent-workspace/cargo-home:/opt/rustwide/cargo-home:ro,Z" "-v" "/var/lib/crater-agent-workspace/rustup-home:/opt/rustwide/rustup-home:ro,Z" "-e" "SOURCE_DIR=/opt/rustwide/workdir" "-e" "CARGO_TARGET_DIR=/opt/rustwide/target" "-e" "CARGO_INCREMENTAL=0" "-e" "RUST_BACKTRACE=full" "-e" "RUSTFLAGS=--cap-lints=warn" "-e" "RUSTDOCFLAGS=--cap-lints=warn" "-e" "CARGO_HOME=/opt/rustwide/cargo-home" "-e" "RUSTUP_HOME=/opt/rustwide/rustup-home" "-w" "/opt/rustwide/workdir" "-m" "1610612736" "--user" "0:0" "--network" "none" "ghcr.io/rust-lang/crates-build-env/linux@sha256:2788e3201cd34a07e3172128adcd8b3090168a8e3bcc40d7c032b9dda1df7d1c" "/opt/rustwide/cargo-home/bin/cargo" "+1.75.0" "test" "--frozen", kill_on_drop: false }`
[INFO] [stdout] e5fe86657100247a2daccaecc0f7c9d2903ee4d784650d7bb4be7469d0faed06
[INFO] running `Command { std: "docker" "start" "-a" "e5fe86657100247a2daccaecc0f7c9d2903ee4d784650d7bb4be7469d0faed06", kill_on_drop: false }`
[INFO] [stderr] warning: unused import: `crate::backend::serial::u64::field::*`
[INFO] [stderr]   --> src/field.rs:65:17
[INFO] [stderr]    |
[INFO] [stderr] 65 |         pub use crate::backend::serial::u64::field::*;
[INFO] [stderr]    |                 ^^^^^^^^^^^^^^^^^^^^^^^^^^^^^^^^^^^^^
[INFO] [stderr]    |
[INFO] [stderr]    = note: `#[warn(unused_imports)]` on by default
[INFO] [stderr] 
[INFO] [stderr] warning: call to `.borrow()` on a reference in this situation does nothing
[INFO] [stderr]    --> src/ristretto.rs:991:77
[INFO] [stderr]     |
[INFO] [stderr] 991 |         let extended_points = points.into_iter().map(|opt_P| opt_P.map(|P| P.borrow().0));
[INFO] [stderr]     |                                                                             ^^^^^^^^^ help: remove this redundant call
[INFO] [stderr]     |
[INFO] [stderr]     = note: the type `RistrettoPoint` does not implement `Borrow`, so calling `borrow` on `&RistrettoPoint` copies the reference, which does not do anything and can be removed
[INFO] [stderr]     = note: `#[warn(noop_method_call)]` on by default
[INFO] [stderr] 
[INFO] [stderr] warning: `test-curve25519-dalek` (lib) generated 2 warnings (run `cargo fix --lib -p test-curve25519-dalek` to apply 2 suggestions)
[INFO] [stderr] warning: call to `.borrow()` on a reference in this situation does nothing
[INFO] [stderr]    --> src/ristretto.rs:991:77
[INFO] [stderr]     |
[INFO] [stderr] 991 |         let extended_points = points.into_iter().map(|opt_P| opt_P.map(|P| P.borrow().0));
[INFO] [stderr]     |                                                                             ^^^^^^^^^ help: remove this redundant call
[INFO] [stderr]     |
[INFO] [stderr]     = note: the type `ristretto::RistrettoPoint` does not implement `Borrow`, so calling `borrow` on `&ristretto::RistrettoPoint` copies the reference, which does not do anything and can be removed
[INFO] [stderr]     = note: `#[warn(noop_method_call)]` on by default
[INFO] [stderr] 
[INFO] [stderr] warning: `test-curve25519-dalek` (lib test) generated 2 warnings (1 duplicate) (run `cargo fix --lib -p test-curve25519-dalek --tests` to apply 1 suggestion)
[INFO] [stderr]     Finished test [optimized + debuginfo] target(s) in 0.04s
[INFO] [stderr]      Running unittests src/lib.rs (/opt/rustwide/target/debug/deps/test_curve25519_dalek-b5f8888350fbdc64)
[INFO] [stdout] 
[INFO] [stdout] running 112 tests
[INFO] [stdout] test backend::serial::u64::scalar::test::from_bytes_wide ... ok
[INFO] [stdout] test backend::serial::u64::scalar::test::montgomery_mul ... ok
[INFO] [stdout] test backend::serial::u64::scalar::test::add ... ok
[INFO] [stdout] test backend::serial::u64::scalar::test::montgomery_mul_max ... ok
[INFO] [stdout] test backend::serial::u64::scalar::test::montgomery_square_max ... ok
[INFO] [stdout] test backend::serial::u64::scalar::test::mul ... ok
[INFO] [stdout] test backend::serial::u64::scalar::test::mul_max ... ok
[INFO] [stdout] test backend::serial::u64::scalar::test::square_max ... ok
[INFO] [stdout] test backend::serial::u64::scalar::test::sub ... ok
[INFO] [stdout] test constants::test::test_d_vs_ratio ... ok
[INFO] [stdout] test constants::test::test_eight_torsion ... ok
[INFO] [stdout] test constants::test::test_four_torsion ... ok
[INFO] [stdout] test constants::test::test_sqrt_ad_minus_one ... ok
[INFO] [stdout] test constants::test::test_sqrt_constants_sign ... ok
[INFO] [stdout] test constants::test::test_sqrt_minus_one ... ok
[INFO] [stdout] test constants::test::test_two_torsion ... ok
[INFO] [stdout] test edwards::test::basepoint16_vs_mul_by_pow_2_4 ... ok
[INFO] [stdout] test edwards::test::basepoint_decompression_compression ... ok
[INFO] [stdout] test edwards::test::basepoint_double_vs_basepoint2 ... ok
[INFO] [stdout] test edwards::test::basepoint_mult_by_basepoint_order ... ok
[INFO] [stdout] test edwards::test::basepoint_mult_one_vs_basepoint ... ok
[INFO] [stdout] test edwards::test::basepoint_mult_two_vs_basepoint2 ... ok
[INFO] [stdout] test edwards::test::basepoint_mult_vs_ed25519py ... ok
[INFO] [stdout] test edwards::test::basepoint_plus_basepoint_affine_niels_vs_basepoint2 ... ok
[INFO] [stdout] test edwards::test::basepoint_plus_basepoint_vs_basepoint2 ... ok
[INFO] [stdout] test edwards::test::basepoint_projective_extended_round_trip ... ok
[INFO] [stdout] test edwards::test::basepoint_table_basepoint_function_correct ... ok
[INFO] [stdout] test edwards::test::basepoint_plus_basepoint_projective_niels_vs_basepoint2 ... ok
[INFO] [stdout] test edwards::test::conditional_assign_for_affine_niels_point ... ok
[INFO] [stdout] test edwards::test::compressed_identity ... ok
[INFO] [stdout] test edwards::test::scalarmult_extended_point_works_both_ways ... ok
[INFO] [stdout] test edwards::test::is_small_order ... ok
[INFO] [stdout] test edwards::test::scalar_mul_vs_ed25519py ... ok
[INFO] [stdout] test edwards::test::is_identity ... ok
[INFO] [stdout] test edwards::test::decompression_sign_handling ... ok
[INFO] [stdout] test edwards::test::to_affine_niels_clears_denominators ... ok
[INFO] [stdout] test edwards::test::test_precomputed_basepoint_mult ... ok
[INFO] [stdout] test edwards::test::impl_sum ... ok
[INFO] [stdout] test edwards::test::extended_point_equality_handles_scaling ... ok
[INFO] [stdout] test field::test::a_invert_vs_inverse_of_a_constant ... ok
[INFO] [stdout] test edwards::test::vartime::double_scalar_mul_basepoint_vs_ed25519py ... ok
[INFO] [stdout] test edwards::test::vartime::multiscalar_mul_vs_ed25519py ... ok
[INFO] [stdout] test edwards::test::vartime::multiscalar_mul_vartime_vs_consttime ... ok
[INFO] [stdout] test field::test::a_square_vs_a_squared_constant ... ok
[INFO] [stdout] test field::test::batch_invert_empty ... ok
[INFO] [stdout] test field::test::a_p58_vs_ap58_constant ... ok
[INFO] [stdout] test field::test::a_square2_vs_a_squared_constant ... ok
[INFO] [stdout] test field::test::a_mul_a_vs_a_squared_constant ... ok
[INFO] [stdout] test field::test::batch_invert_a_matches_nonbatched ... ok
[INFO] [stdout] test field::test::encoding_is_canonical ... ok
[INFO] [stdout] test field::test::equality ... ok
[INFO] [stdout] test field::test::conditional_negate ... ok
[INFO] [stdout] test montgomery::test::basepoint_montgomery_to_edwards ... ok
[INFO] [stdout] test field::test::from_bytes_highbit_is_ignored ... ok
[INFO] [stdout] test field::test::sqrt_ratio_behavior ... ok
[INFO] [stdout] test montgomery::test::eq_defined_mod_p ... ok
[INFO] [stdout] test montgomery::test::basepoint_edwards_to_montgomery ... ok
[INFO] [stdout] test montgomery::test::identity_in_different_coordinates ... ok
[INFO] [stdout] test montgomery::test::identity_in_different_models ... ok
[INFO] [stdout] test montgomery::test::montgomery_elligator_zero_zero ... ok
[INFO] [stdout] test montgomery::test::montgomery_to_edwards_rejects_twist ... ok
[INFO] [stdout] test ristretto::test::decompress_negative_s_fails ... ok
[INFO] [stdout] test ristretto::test::basepoint_roundtrip ... ok
[INFO] [stdout] test ristretto::test::decompress_id ... ok
[INFO] [stdout] test ristretto::test::compress_id ... ok
[INFO] [stdout] test montgomery::test::montgomery_elligator_correct ... ok
[INFO] [stdout] test ristretto::test::four_torsion_basepoint ... ok
[INFO] [stdout] test ristretto::test::four_torsion_random ... ok
[INFO] [stdout] test ristretto::test::encodings_of_small_multiples_of_basepoint ... ok
[INFO] [stdout] test ristretto::test::elligator_vs_ristretto_sage ... ok
[INFO] [stdout] test scalar::test::add_reduces ... ok
[INFO] [stdout] test ristretto::test::one_way_map ... ok
[INFO] [stdout] test ristretto::test::impl_sum ... ok
[INFO] [stdout] test ristretto::test::scalarmult_ristrettopoint_works_both_ways ... ok
[INFO] [stdout] test scalar::test::from_bytes_mod_order_wide ... ok
[INFO] [stdout] test scalar::test::canonical_decoding ... ok
[INFO] [stdout] test scalar::test::batch_invert_empty ... ok
[INFO] [stdout] test scalar::test::from_u64 ... ok
[INFO] [stdout] test scalar::test::fuzzer_testcase_reduction ... ok
[INFO] [stdout] test scalar::test::batch_invert_consistency ... ok
[INFO] [stdout] test scalar::test::impl_mul ... ok
[INFO] [stdout] test scalar::test::impl_product ... ok
[INFO] [stdout] test scalar::test::impl_sum ... ok
[INFO] [stdout] test scalar::test::impl_add ... ok
[INFO] [stdout] test scalar::test::invert ... ok
[INFO] [stdout] test scalar::test::neg_twice_is_identity ... ok
[INFO] [stdout] test scalar::test::montgomery_reduce_matches_from_bytes_mod_order_wide ... ok
[INFO] [stdout] test scalar::test::non_adjacent_form_test_vector ... ok
[INFO] [stdout] test scalar::test::reduce ... ok
[INFO] [stdout] test scalar::test::quarkslab_scalar_overflow_does_not_occur ... ok
[INFO] [stdout] test scalar::test::scalar_mul_by_one ... ok
[INFO] [stdout] test scalar::test::square ... ok
[INFO] [stdout] test scalar::test::sub_reduces ... ok
[INFO] [stdout] test scalar::test::test_read_le_u64_into ... ok
[INFO] [stdout] test ristretto::test::random_roundtrip ... ok
[INFO] [stdout] test scalar::test::test_scalar_clamp ... ok
[INFO] [stdout] test scalar::test::test_scalar_from_int ... ok
[INFO] [stdout] test scalar::test::to_bytes_from_bytes_roundtrips ... ok
[INFO] [stdout] test scalar::test::test_pippenger_radix ... ok
[INFO] [stdout] test scalar::test::batch_invert_with_a_zero_input_panics - should panic ... ok
[INFO] [stdout] test scalar::test::test_read_le_u64_into_should_panic_on_bad_input - should panic ... ok
[INFO] [stdout] test edwards::test::basepoint_tables_unreduced_scalar ... ok
[INFO] [stdout] test edwards::test::basepoint_tables ... ok
[INFO] [stdout] test edwards::test::vartime_precomputed_vs_nonprecomputed_multiscalar ... ok
[INFO] [stdout] test ristretto::test::vartime_precomputed_vs_nonprecomputed_multiscalar ... ok
[INFO] [stdout] test edwards::test::monte_carlo_overflow_underflow_debug_assert_test ... ok
[INFO] [stdout] test backend::serial::scalar_mul::pippenger::test::test_vartime_pippenger ... ok
[INFO] [stdout] test scalar::test::non_adjacent_form_random ... ok
[INFO] [stdout] test edwards::test::multiscalar_consistency_n_100 ... ok
[INFO] [stdout] test edwards::test::multiscalar_consistency_n_250 ... ok
[INFO] [stdout] test edwards::test::multiscalar_consistency_n_500 ... ok
[INFO] [stdout] test edwards::test::multiscalar_consistency_n_1000 ... ok
[INFO] [stdout] 
[INFO] [stdout] test result: ok. 112 passed; 0 failed; 0 ignored; 0 measured; 0 filtered out; finished in 2.24s
[INFO] [stdout] 
[INFO] [stderr]    Doc-tests test-curve25519-dalek
[INFO] [stdout] 
[INFO] [stdout] running 20 tests
[INFO] [stdout] test src/ristretto.rs - ristretto::RistrettoPoint::double_and_compress_batch (line 520) ... ignored
[INFO] [stdout] test src/scalar.rs - scalar (line 91) ... ignored
[INFO] [stdout] test src/ristretto.rs - ristretto::RistrettoBasepointTable (line 1062) ... FAILED
[INFO] [stdout] test src/scalar.rs - scalar (line 48) ... FAILED
[INFO] [stdout] test src/scalar.rs - scalar (line 36) ... FAILED
[INFO] [stdout] test src/scalar.rs - scalar (line 120) ... FAILED
[INFO] [stdout] test src/scalar.rs - scalar::Scalar::from (line 561) ... FAILED
[INFO] [stdout] test src/scalar.rs - scalar::Scalar::as_bytes (line 728) ... FAILED
[INFO] [stdout] test src/scalar.rs - scalar (line 68) ... FAILED
[INFO] [stdout] test src/scalar.rs - scalar::Scalar::batch_invert (line 797) ... FAILED
[INFO] [stdout] test src/scalar.rs - scalar::Scalar::to_bytes (line 713) ... FAILED
[INFO] [stdout] test src/scalar.rs - scalar::Scalar::invert (line 753) ... FAILED
[INFO] [stdout] test src/constants.rs - constants (line 18) ... FAILED
[INFO] [stdout] test src/scalar.rs - scalar::Scalar::is_canonical (line 1158) ... FAILED
[INFO] [stdout] test src/edwards.rs - edwards::EdwardsPoint::is_small_order (line 1157) ... FAILED
[INFO] [stdout] test src/ristretto.rs - ristretto::RistrettoPoint::conditional_select (line 1114) ... FAILED
[INFO] [stdout] test src/edwards.rs - edwards::EdwardsPoint::is_torsion_free (line 1187) ... FAILED
[INFO] [stdout] test src/traits.rs - traits::MultiscalarMul::multiscalar_mul (line 86) ... FAILED
[INFO] [stdout] test src/traits.rs - traits::VartimeMultiscalarMul::vartime_multiscalar_mul (line 207) ... FAILED
[INFO] [stdout] test src/traits.rs - traits::VartimeMultiscalarMul::optional_multiscalar_mul (line 141) ... FAILED
[INFO] [stdout] 
[INFO] [stdout] failures:
[INFO] [stdout] 
[INFO] [stdout] ---- src/ristretto.rs - ristretto::RistrettoBasepointTable (line 1062) stdout ----
[INFO] [stdout] error[E0433]: failed to resolve: use of undeclared crate or module `curve25519_dalek`
[INFO] [stdout]  --> src/ristretto.rs:1063:5
[INFO] [stdout]   |
[INFO] [stdout] 3 | use curve25519_dalek::constants::RISTRETTO_BASEPOINT_TABLE;
[INFO] [stdout]   |     ^^^^^^^^^^^^^^^^ use of undeclared crate or module `curve25519_dalek`
[INFO] [stdout]   |
[INFO] [stdout] help: there is a crate or module with a similar name
[INFO] [stdout]   |
[INFO] [stdout] 3 | use test_curve25519_dalek::constants::RISTRETTO_BASEPOINT_TABLE;
[INFO] [stdout]   |     ~~~~~~~~~~~~~~~~~~~~~
[INFO] [stdout] 
[INFO] [stdout] error[E0433]: failed to resolve: use of undeclared crate or module `curve25519_dalek`
[INFO] [stdout]  --> src/ristretto.rs:1064:5
[INFO] [stdout]   |
[INFO] [stdout] 4 | use curve25519_dalek::scalar::Scalar;
[INFO] [stdout]   |     ^^^^^^^^^^^^^^^^ use of undeclared crate or module `curve25519_dalek`
[INFO] [stdout]   |
[INFO] [stdout] help: there is a crate or module with a similar name
[INFO] [stdout]   |
[INFO] [stdout] 4 | use test_curve25519_dalek::scalar::Scalar;
[INFO] [stdout]   |     ~~~~~~~~~~~~~~~~~~~~~
[INFO] [stdout] 
[INFO] [stdout] error: aborting due to 2 previous errors
[INFO] [stdout] 
[INFO] [stdout] For more information about this error, try `rustc --explain E0433`.
[INFO] [stdout] Couldn't compile the test.
[INFO] [stdout] ---- src/scalar.rs - scalar (line 48) stdout ----
[INFO] [stdout] error[E0433]: failed to resolve: use of undeclared crate or module `curve25519_dalek`
[INFO] [stdout]  --> src/scalar.rs:49:5
[INFO] [stdout]   |
[INFO] [stdout] 3 | use curve25519_dalek::scalar::Scalar;
[INFO] [stdout]   |     ^^^^^^^^^^^^^^^^ use of undeclared crate or module `curve25519_dalek`
[INFO] [stdout]   |
[INFO] [stdout] help: there is a crate or module with a similar name
[INFO] [stdout]   |
[INFO] [stdout] 3 | use test_curve25519_dalek::scalar::Scalar;
[INFO] [stdout]   |     ~~~~~~~~~~~~~~~~~~~~~
[INFO] [stdout] 
[INFO] [stdout] error: aborting due to previous error
[INFO] [stdout] 
[INFO] [stdout] For more information about this error, try `rustc --explain E0433`.
[INFO] [stdout] Couldn't compile the test.
[INFO] [stdout] ---- src/scalar.rs - scalar (line 36) stdout ----
[INFO] [stdout] error[E0433]: failed to resolve: use of undeclared crate or module `curve25519_dalek`
[INFO] [stdout]  --> src/scalar.rs:37:5
[INFO] [stdout]   |
[INFO] [stdout] 3 | use curve25519_dalek::scalar::Scalar;
[INFO] [stdout]   |     ^^^^^^^^^^^^^^^^ use of undeclared crate or module `curve25519_dalek`
[INFO] [stdout]   |
[INFO] [stdout] help: there is a crate or module with a similar name
[INFO] [stdout]   |
[INFO] [stdout] 3 | use test_curve25519_dalek::scalar::Scalar;
[INFO] [stdout]   |     ~~~~~~~~~~~~~~~~~~~~~
[INFO] [stdout] 
[INFO] [stdout] error: aborting due to previous error
[INFO] [stdout] 
[INFO] [stdout] For more information about this error, try `rustc --explain E0433`.
[INFO] [stdout] Couldn't compile the test.
[INFO] [stdout] ---- src/scalar.rs - scalar (line 120) stdout ----
[INFO] [stdout] error[E0433]: failed to resolve: use of undeclared crate or module `curve25519_dalek`
[INFO] [stdout]  --> src/scalar.rs:121:5
[INFO] [stdout]   |
[INFO] [stdout] 3 | use curve25519_dalek::scalar::Scalar;
[INFO] [stdout]   |     ^^^^^^^^^^^^^^^^ use of undeclared crate or module `curve25519_dalek`
[INFO] [stdout]   |
[INFO] [stdout] help: there is a crate or module with a similar name
[INFO] [stdout]   |
[INFO] [stdout] 3 | use test_curve25519_dalek::scalar::Scalar;
[INFO] [stdout]   |     ~~~~~~~~~~~~~~~~~~~~~
[INFO] [stdout] 
[INFO] [stdout] error: aborting due to previous error
[INFO] [stdout] 
[INFO] [stdout] For more information about this error, try `rustc --explain E0433`.
[INFO] [stdout] Couldn't compile the test.
[INFO] [stdout] ---- src/scalar.rs - scalar::Scalar::from (line 561) stdout ----
[INFO] [stdout] error[E0433]: failed to resolve: use of undeclared crate or module `curve25519_dalek`
[INFO] [stdout]  --> src/scalar.rs:562:5
[INFO] [stdout]   |
[INFO] [stdout] 3 | use curve25519_dalek::scalar::Scalar;
[INFO] [stdout]   |     ^^^^^^^^^^^^^^^^ use of undeclared crate or module `curve25519_dalek`
[INFO] [stdout]   |
[INFO] [stdout] help: there is a crate or module with a similar name
[INFO] [stdout]   |
[INFO] [stdout] 3 | use test_curve25519_dalek::scalar::Scalar;
[INFO] [stdout]   |     ~~~~~~~~~~~~~~~~~~~~~
[INFO] [stdout] 
[INFO] [stdout] error: aborting due to previous error
[INFO] [stdout] 
[INFO] [stdout] For more information about this error, try `rustc --explain E0433`.
[INFO] [stdout] Couldn't compile the test.
[INFO] [stdout] ---- src/scalar.rs - scalar::Scalar::as_bytes (line 728) stdout ----
[INFO] [stdout] error[E0433]: failed to resolve: use of undeclared crate or module `curve25519_dalek`
[INFO] [stdout]  --> src/scalar.rs:729:5
[INFO] [stdout]   |
[INFO] [stdout] 3 | use curve25519_dalek::scalar::Scalar;
[INFO] [stdout]   |     ^^^^^^^^^^^^^^^^ use of undeclared crate or module `curve25519_dalek`
[INFO] [stdout]   |
[INFO] [stdout] help: there is a crate or module with a similar name
[INFO] [stdout]   |
[INFO] [stdout] 3 | use test_curve25519_dalek::scalar::Scalar;
[INFO] [stdout]   |     ~~~~~~~~~~~~~~~~~~~~~
[INFO] [stdout] 
[INFO] [stdout] error: aborting due to previous error
[INFO] [stdout] 
[INFO] [stdout] For more information about this error, try `rustc --explain E0433`.
[INFO] [stdout] Couldn't compile the test.
[INFO] [stdout] ---- src/scalar.rs - scalar (line 68) stdout ----
[INFO] [stdout] error[E0433]: failed to resolve: use of undeclared crate or module `curve25519_dalek`
[INFO] [stdout]  --> src/scalar.rs:69:5
[INFO] [stdout]   |
[INFO] [stdout] 3 | use curve25519_dalek::scalar::Scalar;
[INFO] [stdout]   |     ^^^^^^^^^^^^^^^^ use of undeclared crate or module `curve25519_dalek`
[INFO] [stdout]   |
[INFO] [stdout] help: there is a crate or module with a similar name
[INFO] [stdout]   |
[INFO] [stdout] 3 | use test_curve25519_dalek::scalar::Scalar;
[INFO] [stdout]   |     ~~~~~~~~~~~~~~~~~~~~~
[INFO] [stdout] 
[INFO] [stdout] error: aborting due to previous error
[INFO] [stdout] 
[INFO] [stdout] For more information about this error, try `rustc --explain E0433`.
[INFO] [stdout] Couldn't compile the test.
[INFO] [stdout] ---- src/scalar.rs - scalar::Scalar::batch_invert (line 797) stdout ----
[INFO] [stdout] error[E0433]: failed to resolve: use of undeclared crate or module `curve25519_dalek`
[INFO] [stdout]  --> src/scalar.rs:798:5
[INFO] [stdout]   |
[INFO] [stdout] 2 | use curve25519_dalek::scalar::Scalar;
[INFO] [stdout]   |     ^^^^^^^^^^^^^^^^ use of undeclared crate or module `curve25519_dalek`
[INFO] [stdout]   |
[INFO] [stdout] help: there is a crate or module with a similar name
[INFO] [stdout]   |
[INFO] [stdout] 2 | use test_curve25519_dalek::scalar::Scalar;
[INFO] [stdout]   |     ~~~~~~~~~~~~~~~~~~~~~
[INFO] [stdout] 
[INFO] [stdout] error: aborting due to previous error
[INFO] [stdout] 
[INFO] [stdout] For more information about this error, try `rustc --explain E0433`.
[INFO] [stdout] Couldn't compile the test.
[INFO] [stdout] ---- src/scalar.rs - scalar::Scalar::to_bytes (line 713) stdout ----
[INFO] [stdout] error[E0433]: failed to resolve: use of undeclared crate or module `curve25519_dalek`
[INFO] [stdout]  --> src/scalar.rs:714:5
[INFO] [stdout]   |
[INFO] [stdout] 3 | use curve25519_dalek::scalar::Scalar;
[INFO] [stdout]   |     ^^^^^^^^^^^^^^^^ use of undeclared crate or module `curve25519_dalek`
[INFO] [stdout]   |
[INFO] [stdout] help: there is a crate or module with a similar name
[INFO] [stdout]   |
[INFO] [stdout] 3 | use test_curve25519_dalek::scalar::Scalar;
[INFO] [stdout]   |     ~~~~~~~~~~~~~~~~~~~~~
[INFO] [stdout] 
[INFO] [stdout] error: aborting due to previous error
[INFO] [stdout] 
[INFO] [stdout] For more information about this error, try `rustc --explain E0433`.
[INFO] [stdout] Couldn't compile the test.
[INFO] [stdout] ---- src/scalar.rs - scalar::Scalar::invert (line 753) stdout ----
[INFO] [stdout] error[E0433]: failed to resolve: use of undeclared crate or module `curve25519_dalek`
[INFO] [stdout]  --> src/scalar.rs:754:5
[INFO] [stdout]   |
[INFO] [stdout] 3 | use curve25519_dalek::scalar::Scalar;
[INFO] [stdout]   |     ^^^^^^^^^^^^^^^^ use of undeclared crate or module `curve25519_dalek`
[INFO] [stdout]   |
[INFO] [stdout] help: there is a crate or module with a similar name
[INFO] [stdout]   |
[INFO] [stdout] 3 | use test_curve25519_dalek::scalar::Scalar;
[INFO] [stdout]   |     ~~~~~~~~~~~~~~~~~~~~~
[INFO] [stdout] 
[INFO] [stdout] error: aborting due to previous error
[INFO] [stdout] 
[INFO] [stdout] For more information about this error, try `rustc --explain E0433`.
[INFO] [stdout] Couldn't compile the test.
[INFO] [stdout] ---- src/constants.rs - constants (line 18) stdout ----
[INFO] [stdout] error[E0433]: failed to resolve: use of undeclared crate or module `curve25519_dalek`
[INFO] [stdout]  --> src/constants.rs:20:5
[INFO] [stdout]   |
[INFO] [stdout] 4 | use curve25519_dalek::traits::IsIdentity;
[INFO] [stdout]   |     ^^^^^^^^^^^^^^^^ use of undeclared crate or module `curve25519_dalek`
[INFO] [stdout]   |
[INFO] [stdout] help: there is a crate or module with a similar name
[INFO] [stdout]   |
[INFO] [stdout] 4 | use test_curve25519_dalek::traits::IsIdentity;
[INFO] [stdout]   |     ~~~~~~~~~~~~~~~~~~~~~
[INFO] [stdout] 
[INFO] [stdout] error[E0432]: unresolved import `curve25519_dalek`
[INFO] [stdout]  --> src/constants.rs:19:5
[INFO] [stdout]   |
[INFO] [stdout] 3 | use curve25519_dalek::constants;
[INFO] [stdout]   |     ^^^^^^^^^^^^^^^^ use of undeclared crate or module `curve25519_dalek`
[INFO] [stdout]   |
[INFO] [stdout] help: there is a crate or module with a similar name
[INFO] [stdout]   |
[INFO] [stdout] 3 | use test_curve25519_dalek::constants;
[INFO] [stdout]   |     ~~~~~~~~~~~~~~~~~~~~~
[INFO] [stdout] 
[INFO] [stdout] error: aborting due to 2 previous errors
[INFO] [stdout] 
[INFO] [stdout] Some errors have detailed explanations: E0432, E0433.
[INFO] [stdout] For more information about an error, try `rustc --explain E0432`.
[INFO] [stdout] Couldn't compile the test.
[INFO] [stdout] ---- src/scalar.rs - scalar::Scalar::is_canonical (line 1158) stdout ----
[INFO] [stdout] error[E0433]: failed to resolve: use of undeclared crate or module `curve25519_dalek`
[INFO] [stdout]  --> src/scalar.rs:1159:5
[INFO] [stdout]   |
[INFO] [stdout] 2 | use curve25519_dalek::scalar::Scalar;
[INFO] [stdout]   |     ^^^^^^^^^^^^^^^^ use of undeclared crate or module `curve25519_dalek`
[INFO] [stdout]   |
[INFO] [stdout] help: there is a crate or module with a similar name
[INFO] [stdout]   |
[INFO] [stdout] 2 | use test_curve25519_dalek::scalar::Scalar;
[INFO] [stdout]   |     ~~~~~~~~~~~~~~~~~~~~~
[INFO] [stdout] 
[INFO] [stdout] error: aborting due to previous error
[INFO] [stdout] 
[INFO] [stdout] For more information about this error, try `rustc --explain E0433`.
[INFO] [stdout] Couldn't compile the test.
[INFO] [stdout] ---- src/edwards.rs - edwards::EdwardsPoint::is_small_order (line 1157) stdout ----
[INFO] [stdout] error[E0432]: unresolved import `curve25519_dalek`
[INFO] [stdout]  --> src/edwards.rs:1158:5
[INFO] [stdout]   |
[INFO] [stdout] 3 | use curve25519_dalek::constants;
[INFO] [stdout]   |     ^^^^^^^^^^^^^^^^ use of undeclared crate or module `curve25519_dalek`
[INFO] [stdout]   |
[INFO] [stdout] help: there is a crate or module with a similar name
[INFO] [stdout]   |
[INFO] [stdout] 3 | use test_curve25519_dalek::constants;
[INFO] [stdout]   |     ~~~~~~~~~~~~~~~~~~~~~
[INFO] [stdout] 
[INFO] [stdout] error: aborting due to previous error
[INFO] [stdout] 
[INFO] [stdout] For more information about this error, try `rustc --explain E0432`.
[INFO] [stdout] Couldn't compile the test.
[INFO] [stdout] ---- src/ristretto.rs - ristretto::RistrettoPoint::conditional_select (line 1114) stdout ----
[INFO] [stdout] error[E0433]: failed to resolve: use of undeclared crate or module `curve25519_dalek`
[INFO] [stdout]  --> src/ristretto.rs:1118:5
[INFO] [stdout]   |
[INFO] [stdout] 5 | use curve25519_dalek::traits::Identity;
[INFO] [stdout]   |     ^^^^^^^^^^^^^^^^ use of undeclared crate or module `curve25519_dalek`
[INFO] [stdout]   |
[INFO] [stdout] help: there is a crate or module with a similar name
[INFO] [stdout]   |
[INFO] [stdout] 5 | use test_curve25519_dalek::traits::Identity;
[INFO] [stdout]   |     ~~~~~~~~~~~~~~~~~~~~~
[INFO] [stdout] 
[INFO] [stdout] error[E0433]: failed to resolve: use of undeclared crate or module `curve25519_dalek`
[INFO] [stdout]  --> src/ristretto.rs:1119:5
[INFO] [stdout]   |
[INFO] [stdout] 6 | use curve25519_dalek::ristretto::RistrettoPoint;
[INFO] [stdout]   |     ^^^^^^^^^^^^^^^^ use of undeclared crate or module `curve25519_dalek`
[INFO] [stdout]   |
[INFO] [stdout] help: there is a crate or module with a similar name
[INFO] [stdout]   |
[INFO] [stdout] 6 | use test_curve25519_dalek::ristretto::RistrettoPoint;
[INFO] [stdout]   |     ~~~~~~~~~~~~~~~~~~~~~
[INFO] [stdout] 
[INFO] [stdout] error[E0432]: unresolved import `curve25519_dalek`
[INFO] [stdout]  --> src/ristretto.rs:1120:5
[INFO] [stdout]   |
[INFO] [stdout] 7 | use curve25519_dalek::constants;
[INFO] [stdout]   |     ^^^^^^^^^^^^^^^^ use of undeclared crate or module `curve25519_dalek`
[INFO] [stdout]   |
[INFO] [stdout] help: there is a crate or module with a similar name
[INFO] [stdout]   |
[INFO] [stdout] 7 | use test_curve25519_dalek::constants;
[INFO] [stdout]   |     ~~~~~~~~~~~~~~~~~~~~~
[INFO] [stdout] 
[INFO] [stdout] error: aborting due to 3 previous errors
[INFO] [stdout] 
[INFO] [stdout] Some errors have detailed explanations: E0432, E0433.
[INFO] [stdout] For more information about an error, try `rustc --explain E0432`.
[INFO] [stdout] Couldn't compile the test.
[INFO] [stdout] ---- src/edwards.rs - edwards::EdwardsPoint::is_torsion_free (line 1187) stdout ----
[INFO] [stdout] error[E0432]: unresolved import `curve25519_dalek`
[INFO] [stdout]  --> src/edwards.rs:1188:5
[INFO] [stdout]   |
[INFO] [stdout] 3 | use curve25519_dalek::constants;
[INFO] [stdout]   |     ^^^^^^^^^^^^^^^^ use of undeclared crate or module `curve25519_dalek`
[INFO] [stdout]   |
[INFO] [stdout] help: there is a crate or module with a similar name
[INFO] [stdout]   |
[INFO] [stdout] 3 | use test_curve25519_dalek::constants;
[INFO] [stdout]   |     ~~~~~~~~~~~~~~~~~~~~~
[INFO] [stdout] 
[INFO] [stdout] error: aborting due to previous error
[INFO] [stdout] 
[INFO] [stdout] For more information about this error, try `rustc --explain E0432`.
[INFO] [stdout] Couldn't compile the test.
[INFO] [stdout] ---- src/traits.rs - traits::MultiscalarMul::multiscalar_mul (line 86) stdout ----
[INFO] [stdout] error[E0433]: failed to resolve: use of undeclared crate or module `curve25519_dalek`
[INFO] [stdout]  --> src/traits.rs:90:5
[INFO] [stdout]   |
[INFO] [stdout] 6 | use curve25519_dalek::traits::MultiscalarMul;
[INFO] [stdout]   |     ^^^^^^^^^^^^^^^^ use of undeclared crate or module `curve25519_dalek`
[INFO] [stdout]   |
[INFO] [stdout] help: there is a crate or module with a similar name
[INFO] [stdout]   |
[INFO] [stdout] 6 | use test_curve25519_dalek::traits::MultiscalarMul;
[INFO] [stdout]   |     ~~~~~~~~~~~~~~~~~~~~~
[INFO] [stdout] 
[INFO] [stdout] error[E0433]: failed to resolve: use of undeclared crate or module `curve25519_dalek`
[INFO] [stdout]  --> src/traits.rs:91:5
[INFO] [stdout]   |
[INFO] [stdout] 7 | use curve25519_dalek::ristretto::RistrettoPoint;
[INFO] [stdout]   |     ^^^^^^^^^^^^^^^^ use of undeclared crate or module `curve25519_dalek`
[INFO] [stdout]   |
[INFO] [stdout] help: there is a crate or module with a similar name
[INFO] [stdout]   |
[INFO] [stdout] 7 | use test_curve25519_dalek::ristretto::RistrettoPoint;
[INFO] [stdout]   |     ~~~~~~~~~~~~~~~~~~~~~
[INFO] [stdout] 
[INFO] [stdout] error[E0433]: failed to resolve: use of undeclared crate or module `curve25519_dalek`
[INFO] [stdout]  --> src/traits.rs:92:5
[INFO] [stdout]   |
[INFO] [stdout] 8 | use curve25519_dalek::scalar::Scalar;
[INFO] [stdout]   |     ^^^^^^^^^^^^^^^^ use of undeclared crate or module `curve25519_dalek`
[INFO] [stdout]   |
[INFO] [stdout] help: there is a crate or module with a similar name
[INFO] [stdout]   |
[INFO] [stdout] 8 | use test_curve25519_dalek::scalar::Scalar;
[INFO] [stdout]   |     ~~~~~~~~~~~~~~~~~~~~~
[INFO] [stdout] 
[INFO] [stdout] error[E0432]: unresolved import `curve25519_dalek`
[INFO] [stdout]  --> src/traits.rs:89:5
[INFO] [stdout]   |
[INFO] [stdout] 5 | use curve25519_dalek::constants;
[INFO] [stdout]   |     ^^^^^^^^^^^^^^^^ use of undeclared crate or module `curve25519_dalek`
[INFO] [stdout]   |
[INFO] [stdout] help: there is a crate or module with a similar name
[INFO] [stdout]   |
[INFO] [stdout] 5 | use test_curve25519_dalek::constants;
[INFO] [stdout]   |     ~~~~~~~~~~~~~~~~~~~~~
[INFO] [stdout] 
[INFO] [stdout] error: aborting due to 4 previous errors
[INFO] [stdout] 
[INFO] [stdout] Some errors have detailed explanations: E0432, E0433.
[INFO] [stdout] For more information about an error, try `rustc --explain E0432`.
[INFO] [stdout] Couldn't compile the test.
[INFO] [stdout] ---- src/traits.rs - traits::VartimeMultiscalarMul::vartime_multiscalar_mul (line 207) stdout ----
[INFO] [stdout] error[E0433]: failed to resolve: use of undeclared crate or module `curve25519_dalek`
[INFO] [stdout]  --> src/traits.rs:211:5
[INFO] [stdout]   |
[INFO] [stdout] 6 | use curve25519_dalek::traits::VartimeMultiscalarMul;
[INFO] [stdout]   |     ^^^^^^^^^^^^^^^^ use of undeclared crate or module `curve25519_dalek`
[INFO] [stdout]   |
[INFO] [stdout] help: there is a crate or module with a similar name
[INFO] [stdout]   |
[INFO] [stdout] 6 | use test_curve25519_dalek::traits::VartimeMultiscalarMul;
[INFO] [stdout]   |     ~~~~~~~~~~~~~~~~~~~~~
[INFO] [stdout] 
[INFO] [stdout] error[E0433]: failed to resolve: use of undeclared crate or module `curve25519_dalek`
[INFO] [stdout]  --> src/traits.rs:212:5
[INFO] [stdout]   |
[INFO] [stdout] 7 | use curve25519_dalek::ristretto::RistrettoPoint;
[INFO] [stdout]   |     ^^^^^^^^^^^^^^^^ use of undeclared crate or module `curve25519_dalek`
[INFO] [stdout]   |
[INFO] [stdout] help: there is a crate or module with a similar name
[INFO] [stdout]   |
[INFO] [stdout] 7 | use test_curve25519_dalek::ristretto::RistrettoPoint;
[INFO] [stdout]   |     ~~~~~~~~~~~~~~~~~~~~~
[INFO] [stdout] 
[INFO] [stdout] error[E0433]: failed to resolve: use of undeclared crate or module `curve25519_dalek`
[INFO] [stdout]  --> src/traits.rs:213:5
[INFO] [stdout]   |
[INFO] [stdout] 8 | use curve25519_dalek::scalar::Scalar;
[INFO] [stdout]   |     ^^^^^^^^^^^^^^^^ use of undeclared crate or module `curve25519_dalek`
[INFO] [stdout]   |
[INFO] [stdout] help: there is a crate or module with a similar name
[INFO] [stdout]   |
[INFO] [stdout] 8 | use test_curve25519_dalek::scalar::Scalar;
[INFO] [stdout]   |     ~~~~~~~~~~~~~~~~~~~~~
[INFO] [stdout] 
[INFO] [stdout] error[E0432]: unresolved import `curve25519_dalek`
[INFO] [stdout]  --> src/traits.rs:210:5
[INFO] [stdout]   |
[INFO] [stdout] 5 | use curve25519_dalek::constants;
[INFO] [stdout]   |     ^^^^^^^^^^^^^^^^ use of undeclared crate or module `curve25519_dalek`
[INFO] [stdout]   |
[INFO] [stdout] help: there is a crate or module with a similar name
[INFO] [stdout]   |
[INFO] [stdout] 5 | use test_curve25519_dalek::constants;
[INFO] [stdout]   |     ~~~~~~~~~~~~~~~~~~~~~
[INFO] [stdout] 
[INFO] [stdout] error: aborting due to 4 previous errors
[INFO] [stdout] 
[INFO] [stdout] Some errors have detailed explanations: E0432, E0433.
[INFO] [stdout] For more information about an error, try `rustc --explain E0432`.
[INFO] [stdout] Couldn't compile the test.
[INFO] [stdout] ---- src/traits.rs - traits::VartimeMultiscalarMul::optional_multiscalar_mul (line 141) stdout ----
[INFO] [stdout] error[E0433]: failed to resolve: use of undeclared crate or module `curve25519_dalek`
[INFO] [stdout]  --> src/traits.rs:145:5
[INFO] [stdout]   |
[INFO] [stdout] 6 | use curve25519_dalek::traits::VartimeMultiscalarMul;
[INFO] [stdout]   |     ^^^^^^^^^^^^^^^^ use of undeclared crate or module `curve25519_dalek`
[INFO] [stdout]   |
[INFO] [stdout] help: there is a crate or module with a similar name
[INFO] [stdout]   |
[INFO] [stdout] 6 | use test_curve25519_dalek::traits::VartimeMultiscalarMul;
[INFO] [stdout]   |     ~~~~~~~~~~~~~~~~~~~~~
[INFO] [stdout] 
[INFO] [stdout] error[E0433]: failed to resolve: use of undeclared crate or module `curve25519_dalek`
[INFO] [stdout]  --> src/traits.rs:146:5
[INFO] [stdout]   |
[INFO] [stdout] 7 | use curve25519_dalek::ristretto::RistrettoPoint;
[INFO] [stdout]   |     ^^^^^^^^^^^^^^^^ use of undeclared crate or module `curve25519_dalek`
[INFO] [stdout]   |
[INFO] [stdout] help: there is a crate or module with a similar name
[INFO] [stdout]   |
[INFO] [stdout] 7 | use test_curve25519_dalek::ristretto::RistrettoPoint;
[INFO] [stdout]   |     ~~~~~~~~~~~~~~~~~~~~~
[INFO] [stdout] 
[INFO] [stdout] error[E0433]: failed to resolve: use of undeclared crate or module `curve25519_dalek`
[INFO] [stdout]  --> src/traits.rs:147:5
[INFO] [stdout]   |
[INFO] [stdout] 8 | use curve25519_dalek::scalar::Scalar;
[INFO] [stdout]   |     ^^^^^^^^^^^^^^^^ use of undeclared crate or module `curve25519_dalek`
[INFO] [stdout]   |
[INFO] [stdout] help: there is a crate or module with a similar name
[INFO] [stdout]   |
[INFO] [stdout] 8 | use test_curve25519_dalek::scalar::Scalar;
[INFO] [stdout]   |     ~~~~~~~~~~~~~~~~~~~~~
[INFO] [stdout] 
[INFO] [stdout] error[E0432]: unresolved import `curve25519_dalek`
[INFO] [stdout]  --> src/traits.rs:144:5
[INFO] [stdout]   |
[INFO] [stdout] 5 | use curve25519_dalek::constants;
[INFO] [stdout]   |     ^^^^^^^^^^^^^^^^ use of undeclared crate or module `curve25519_dalek`
[INFO] [stdout]   |
[INFO] [stdout] help: there is a crate or module with a similar name
[INFO] [stdout]   |
[INFO] [stdout] 5 | use test_curve25519_dalek::constants;
[INFO] [stdout]   |     ~~~~~~~~~~~~~~~~~~~~~
[INFO] [stdout] 
[INFO] [stdout] error: aborting due to 4 previous errors
[INFO] [stdout] 
[INFO] [stdout] Some errors have detailed explanations: E0432, E0433.
[INFO] [stdout] For more information about an error, try `rustc --explain E0432`.
[INFO] [stdout] Couldn't compile the test.
[INFO] [stdout] 
[INFO] [stdout] failures:
[INFO] [stdout]     src/constants.rs - constants (line 18)
[INFO] [stdout]     src/edwards.rs - edwards::EdwardsPoint::is_small_order (line 1157)
[INFO] [stdout]     src/edwards.rs - edwards::EdwardsPoint::is_torsion_free (line 1187)
[INFO] [stdout]     src/ristretto.rs - ristretto::RistrettoBasepointTable (line 1062)
[INFO] [stdout]     src/ristretto.rs - ristretto::RistrettoPoint::conditional_select (line 1114)
[INFO] [stdout]     src/scalar.rs - scalar (line 120)
[INFO] [stdout]     src/scalar.rs - scalar (line 36)
[INFO] [stdout]     src/scalar.rs - scalar (line 48)
[INFO] [stdout]     src/scalar.rs - scalar (line 68)
[INFO] [stdout]     src/scalar.rs - scalar::Scalar::as_bytes (line 728)
[INFO] [stdout]     src/scalar.rs - scalar::Scalar::batch_invert (line 797)
[INFO] [stdout]     src/scalar.rs - scalar::Scalar::from (line 561)
[INFO] [stdout]     src/scalar.rs - scalar::Scalar::invert (line 753)
[INFO] [stdout]     src/scalar.rs - scalar::Scalar::is_canonical (line 1158)
[INFO] [stdout]     src/scalar.rs - scalar::Scalar::to_bytes (line 713)
[INFO] [stdout]     src/traits.rs - traits::MultiscalarMul::multiscalar_mul (line 86)
[INFO] [stdout]     src/traits.rs - traits::VartimeMultiscalarMul::optional_multiscalar_mul (line 141)
[INFO] [stdout]     src/traits.rs - traits::VartimeMultiscalarMul::vartime_multiscalar_mul (line 207)
[INFO] [stdout] 
[INFO] [stdout] test result: FAILED. 0 passed; 18 failed; 2 ignored; 0 measured; 0 filtered out; finished in 0.06s
[INFO] [stdout] 
[INFO] [stderr] error: doctest failed, to rerun pass `--doc`
[INFO] running `Command { std: "docker" "inspect" "e5fe86657100247a2daccaecc0f7c9d2903ee4d784650d7bb4be7469d0faed06", kill_on_drop: false }`
[INFO] running `Command { std: "docker" "rm" "-f" "e5fe86657100247a2daccaecc0f7c9d2903ee4d784650d7bb4be7469d0faed06", kill_on_drop: false }`
[INFO] [stdout] e5fe86657100247a2daccaecc0f7c9d2903ee4d784650d7bb4be7469d0faed06
[INFO] testing test-curve25519-dalek-4.0.0-rc.1 against beta-2023-12-22 for beta-1.76-1
[INFO] extracting crate test-curve25519-dalek 4.0.0-rc.1 into /workspace/builds/worker-2-tc2/source
[INFO] validating manifest of crates.io crate test-curve25519-dalek 4.0.0-rc.1 on toolchain beta-2023-12-22
[INFO] running `Command { std: CARGO_HOME="/workspace/cargo-home" RUSTUP_HOME="/workspace/rustup-home" "/workspace/cargo-home/bin/cargo" "+beta-2023-12-22" "metadata" "--manifest-path" "Cargo.toml" "--no-deps", kill_on_drop: false }`
[INFO] started tweaking crates.io crate test-curve25519-dalek 4.0.0-rc.1
[INFO] finished tweaking crates.io crate test-curve25519-dalek 4.0.0-rc.1
[INFO] tweaked toml for crates.io crate test-curve25519-dalek 4.0.0-rc.1 written to /workspace/builds/worker-2-tc2/source/Cargo.toml
[INFO] running `Command { std: CARGO_HOME="/workspace/cargo-home" RUSTUP_HOME="/workspace/rustup-home" "/workspace/cargo-home/bin/cargo" "+beta-2023-12-22" "generate-lockfile" "--manifest-path" "Cargo.toml", kill_on_drop: false }`
[INFO] [stderr]     Updating crates.io index
[INFO] running `Command { std: CARGO_HOME="/workspace/cargo-home" RUSTUP_HOME="/workspace/rustup-home" "/workspace/cargo-home/bin/cargo" "+beta-2023-12-22" "fetch" "--manifest-path" "Cargo.toml", kill_on_drop: false }`
[INFO] running `Command { std: "docker" "create" "-v" "/var/lib/crater-agent-workspace/builds/worker-2-tc2/target:/opt/rustwide/target:rw,Z" "-v" "/var/lib/crater-agent-workspace/builds/worker-2-tc2/source:/opt/rustwide/workdir:ro,Z" "-v" "/var/lib/crater-agent-workspace/cargo-home:/opt/rustwide/cargo-home:ro,Z" "-v" "/var/lib/crater-agent-workspace/rustup-home:/opt/rustwide/rustup-home:ro,Z" "-e" "SOURCE_DIR=/opt/rustwide/workdir" "-e" "CARGO_TARGET_DIR=/opt/rustwide/target" "-e" "CARGO_HOME=/opt/rustwide/cargo-home" "-e" "RUSTUP_HOME=/opt/rustwide/rustup-home" "-w" "/opt/rustwide/workdir" "-m" "1610612736" "--user" "0:0" "--network" "none" "ghcr.io/rust-lang/crates-build-env/linux@sha256:2788e3201cd34a07e3172128adcd8b3090168a8e3bcc40d7c032b9dda1df7d1c" "/opt/rustwide/cargo-home/bin/cargo" "+beta-2023-12-22" "metadata" "--no-deps" "--format-version=1", kill_on_drop: false }`
[INFO] [stdout] 0fdaf255993200d42d9d586642fe61a1061862f7520821b5b7e6dc0ff2f03b80
[INFO] running `Command { std: "docker" "start" "-a" "0fdaf255993200d42d9d586642fe61a1061862f7520821b5b7e6dc0ff2f03b80", kill_on_drop: false }`
[INFO] running `Command { std: "docker" "inspect" "0fdaf255993200d42d9d586642fe61a1061862f7520821b5b7e6dc0ff2f03b80", kill_on_drop: false }`
[INFO] running `Command { std: "docker" "rm" "-f" "0fdaf255993200d42d9d586642fe61a1061862f7520821b5b7e6dc0ff2f03b80", kill_on_drop: false }`
[INFO] [stdout] 0fdaf255993200d42d9d586642fe61a1061862f7520821b5b7e6dc0ff2f03b80
[INFO] running `Command { std: "docker" "create" "-v" "/var/lib/crater-agent-workspace/builds/worker-2-tc2/target:/opt/rustwide/target:rw,Z" "-v" "/var/lib/crater-agent-workspace/builds/worker-2-tc2/source:/opt/rustwide/workdir:ro,Z" "-v" "/var/lib/crater-agent-workspace/cargo-home:/opt/rustwide/cargo-home:ro,Z" "-v" "/var/lib/crater-agent-workspace/rustup-home:/opt/rustwide/rustup-home:ro,Z" "-e" "SOURCE_DIR=/opt/rustwide/workdir" "-e" "CARGO_TARGET_DIR=/opt/rustwide/target" "-e" "CARGO_INCREMENTAL=0" "-e" "RUST_BACKTRACE=full" "-e" "RUSTFLAGS=--cap-lints=warn" "-e" "RUSTDOCFLAGS=--cap-lints=warn" "-e" "CARGO_HOME=/opt/rustwide/cargo-home" "-e" "RUSTUP_HOME=/opt/rustwide/rustup-home" "-w" "/opt/rustwide/workdir" "-m" "1610612736" "--user" "0:0" "--network" "none" "ghcr.io/rust-lang/crates-build-env/linux@sha256:2788e3201cd34a07e3172128adcd8b3090168a8e3bcc40d7c032b9dda1df7d1c" "/opt/rustwide/cargo-home/bin/cargo" "+beta-2023-12-22" "build" "--frozen" "--message-format=json", kill_on_drop: false }`
[INFO] [stdout] c55ba732f3d4e9e6c339d9ad49dca0f06e75e22c12be4e2c9243501ba4a182f4
[INFO] running `Command { std: "docker" "start" "-a" "c55ba732f3d4e9e6c339d9ad49dca0f06e75e22c12be4e2c9243501ba4a182f4", kill_on_drop: false }`
[INFO] [stderr]    Compiling platforms v3.3.0
[INFO] [stderr]    Compiling subtle v2.5.0
[INFO] [stderr]    Compiling cfg-if v1.0.0
[INFO] [stderr]    Compiling zeroize v1.7.0
[INFO] [stderr]    Compiling test-curve25519-dalek v4.0.0-rc.1 (/opt/rustwide/workdir)
[INFO] [stdout] warning: unused import: `crate::backend::serial::u64::field::*`
[INFO] [stdout]   --> src/field.rs:65:17
[INFO] [stdout]    |
[INFO] [stdout] 65 |         pub use crate::backend::serial::u64::field::*;
[INFO] [stdout]    |                 ^^^^^^^^^^^^^^^^^^^^^^^^^^^^^^^^^^^^^
[INFO] [stdout]    |
[INFO] [stdout]    = note: `#[warn(unused_imports)]` on by default
[INFO] [stdout] 
[INFO] [stdout] 
[INFO] [stdout] warning: call to `.borrow()` on a reference in this situation does nothing
[INFO] [stdout]    --> src/ristretto.rs:991:77
[INFO] [stdout]     |
[INFO] [stdout] 991 |         let extended_points = points.into_iter().map(|opt_P| opt_P.map(|P| P.borrow().0));
[INFO] [stdout]     |                                                                             ^^^^^^^^^ help: remove this redundant call
[INFO] [stdout]     |
[INFO] [stdout]     = note: the type `RistrettoPoint` does not implement `Borrow`, so calling `borrow` on `&RistrettoPoint` copies the reference, which does not do anything and can be removed
[INFO] [stdout]     = note: `#[warn(noop_method_call)]` on by default
[INFO] [stdout] 
[INFO] [stdout] 
[INFO] [stdout] warning: 2 warnings emitted
[INFO] [stdout] 
[INFO] [stdout] 
[INFO] [stderr]     Finished dev [optimized + debuginfo] target(s) in 1.30s
[INFO] running `Command { std: "docker" "inspect" "c55ba732f3d4e9e6c339d9ad49dca0f06e75e22c12be4e2c9243501ba4a182f4", kill_on_drop: false }`
[INFO] running `Command { std: "docker" "rm" "-f" "c55ba732f3d4e9e6c339d9ad49dca0f06e75e22c12be4e2c9243501ba4a182f4", kill_on_drop: false }`
[INFO] [stdout] c55ba732f3d4e9e6c339d9ad49dca0f06e75e22c12be4e2c9243501ba4a182f4
[INFO] running `Command { std: "docker" "create" "-v" "/var/lib/crater-agent-workspace/builds/worker-2-tc2/target:/opt/rustwide/target:rw,Z" "-v" "/var/lib/crater-agent-workspace/builds/worker-2-tc2/source:/opt/rustwide/workdir:ro,Z" "-v" "/var/lib/crater-agent-workspace/cargo-home:/opt/rustwide/cargo-home:ro,Z" "-v" "/var/lib/crater-agent-workspace/rustup-home:/opt/rustwide/rustup-home:ro,Z" "-e" "SOURCE_DIR=/opt/rustwide/workdir" "-e" "CARGO_TARGET_DIR=/opt/rustwide/target" "-e" "CARGO_INCREMENTAL=0" "-e" "RUST_BACKTRACE=full" "-e" "RUSTFLAGS=--cap-lints=warn" "-e" "RUSTDOCFLAGS=--cap-lints=warn" "-e" "CARGO_HOME=/opt/rustwide/cargo-home" "-e" "RUSTUP_HOME=/opt/rustwide/rustup-home" "-w" "/opt/rustwide/workdir" "-m" "1610612736" "--user" "0:0" "--network" "none" "ghcr.io/rust-lang/crates-build-env/linux@sha256:2788e3201cd34a07e3172128adcd8b3090168a8e3bcc40d7c032b9dda1df7d1c" "/opt/rustwide/cargo-home/bin/cargo" "+beta-2023-12-22" "test" "--frozen" "--no-run" "--message-format=json", kill_on_drop: false }`
[INFO] [stdout] 67b432141e8f88f3e4623f9096496dab95f29579c924fe94c8c87b5ef6112346
[INFO] running `Command { std: "docker" "start" "-a" "67b432141e8f88f3e4623f9096496dab95f29579c924fe94c8c87b5ef6112346", kill_on_drop: false }`
[INFO] [stderr]    Compiling crossbeam-utils v0.8.18
[INFO] [stderr]    Compiling serde v1.0.194
[INFO] [stderr]    Compiling libc v0.2.151
[INFO] [stderr]    Compiling typenum v1.17.0
[INFO] [stderr]    Compiling num-traits v0.2.17
[INFO] [stderr]    Compiling indexmap v1.9.3
[INFO] [stderr]    Compiling either v1.9.0
[INFO] [stderr]    Compiling rayon-core v1.12.0
[INFO] [stderr]    Compiling serde_json v1.0.111
[INFO] [stderr]    Compiling hashbrown v0.12.3
[INFO] [stderr]    Compiling ryu v1.0.16
[INFO] [stderr]    Compiling ciborium-io v0.2.1
[INFO] [stderr]    Compiling os_str_bytes v6.6.1
[INFO] [stderr]    Compiling generic-array v0.14.7
[INFO] [stderr]    Compiling half v1.8.2
[INFO] [stderr]    Compiling syn v2.0.48
[INFO] [stderr]    Compiling plotters-backend v0.3.5
[INFO] [stderr]    Compiling regex-syntax v0.8.2
[INFO] [stderr]    Compiling itoa v1.0.10
[INFO] [stderr]    Compiling itertools v0.10.5
[INFO] [stderr]    Compiling ciborium-ll v0.2.1
[INFO] [stderr]    Compiling plotters-svg v0.3.5
[INFO] [stderr]    Compiling clap_lex v0.2.4
[INFO] [stderr]    Compiling bitflags v1.3.2
[INFO] [stderr]    Compiling same-file v1.0.6
[INFO] [stderr]    Compiling textwrap v0.16.0
[INFO] [stderr]    Compiling cast v0.3.0
[INFO] [stderr]    Compiling ppv-lite86 v0.2.17
[INFO] [stderr]    Compiling walkdir v2.4.0
[INFO] [stderr]    Compiling oorandom v11.1.3
[INFO] [stderr]    Compiling cpufeatures v0.2.12
[INFO] [stderr]    Compiling anes v0.1.6
[INFO] [stderr]    Compiling lazy_static v1.4.0
[INFO] [stderr]    Compiling hex v0.4.3
[INFO] [stderr]    Compiling getrandom v0.2.11
[INFO] [stderr]    Compiling atty v0.2.14
[INFO] [stderr]    Compiling crossbeam-epoch v0.9.17
[INFO] [stdout] warning: unused import: `crate::backend::serial::u64::field::*`
[INFO] [stdout]   --> src/field.rs:65:17
[INFO] [stdout]    |
[INFO] [stdout] 65 |         pub use crate::backend::serial::u64::field::*;
[INFO] [stdout]    |                 ^^^^^^^^^^^^^^^^^^^^^^^^^^^^^^^^^^^^^
[INFO] [stdout]    |
[INFO] [stdout]    = note: `#[warn(unused_imports)]` on by default
[INFO] [stdout] 
[INFO] [stdout] 
[INFO] [stdout] warning: call to `.borrow()` on a reference in this situation does nothing
[INFO] [stdout]    --> src/ristretto.rs:991:77
[INFO] [stdout]     |
[INFO] [stdout] 991 |         let extended_points = points.into_iter().map(|opt_P| opt_P.map(|P| P.borrow().0));
[INFO] [stdout]     |                                                                             ^^^^^^^^^ help: remove this redundant call
[INFO] [stdout]     |
[INFO] [stdout]     = note: the type `RistrettoPoint` does not implement `Borrow`, so calling `borrow` on `&RistrettoPoint` copies the reference, which does not do anything and can be removed
[INFO] [stdout]     = note: `#[warn(noop_method_call)]` on by default
[INFO] [stdout] 
[INFO] [stdout] 
[INFO] [stdout] warning: 2 warnings emitted
[INFO] [stdout] 
[INFO] [stdout] 
[INFO] [stderr]    Compiling rand_core v0.6.4
[INFO] [stderr]    Compiling rand_chacha v0.3.1
[INFO] [stderr]    Compiling crossbeam-deque v0.8.4
[INFO] [stderr]    Compiling clap v3.2.25
[INFO] [stderr]    Compiling rand v0.8.5
[INFO] [stderr]    Compiling regex-automata v0.4.3
[INFO] [stderr]    Compiling block-buffer v0.10.4
[INFO] [stderr]    Compiling crypto-common v0.1.6
[INFO] [stderr]    Compiling plotters v0.3.5
[INFO] [stderr]    Compiling digest v0.10.7
[INFO] [stderr]    Compiling rayon v1.8.0
[INFO] [stderr]    Compiling criterion-plot v0.5.0
[INFO] [stderr]    Compiling sha2 v0.10.8
[INFO] [stderr]    Compiling serde_derive v1.0.194
[INFO] [stderr]    Compiling regex v1.10.2
[INFO] [stderr]    Compiling ciborium v0.2.1
[INFO] [stderr]    Compiling bincode v1.3.3
[INFO] [stderr]    Compiling tinytemplate v1.2.1
[INFO] [stderr]    Compiling criterion v0.4.0
[INFO] [stderr]    Compiling test-curve25519-dalek v4.0.0-rc.1 (/opt/rustwide/workdir)
[INFO] [stdout] warning: unused import: `crate::backend::serial::u64::field::*`
[INFO] [stdout]   --> src/field.rs:65:17
[INFO] [stdout]    |
[INFO] [stdout] 65 |         pub use crate::backend::serial::u64::field::*;
[INFO] [stdout]    |                 ^^^^^^^^^^^^^^^^^^^^^^^^^^^^^^^^^^^^^
[INFO] [stdout]    |
[INFO] [stdout]    = note: `#[warn(unused_imports)]` on by default
[INFO] [stdout] 
[INFO] [stdout] 
[INFO] [stdout] warning: call to `.borrow()` on a reference in this situation does nothing
[INFO] [stdout]    --> src/ristretto.rs:991:77
[INFO] [stdout]     |
[INFO] [stdout] 991 |         let extended_points = points.into_iter().map(|opt_P| opt_P.map(|P| P.borrow().0));
[INFO] [stdout]     |                                                                             ^^^^^^^^^ help: remove this redundant call
[INFO] [stdout]     |
[INFO] [stdout]     = note: the type `ristretto::RistrettoPoint` does not implement `Borrow`, so calling `borrow` on `&ristretto::RistrettoPoint` copies the reference, which does not do anything and can be removed
[INFO] [stdout]     = note: `#[warn(noop_method_call)]` on by default
[INFO] [stdout] 
[INFO] [stdout] 
[INFO] [stdout] warning: 2 warnings emitted
[INFO] [stdout] 
[INFO] [stdout] 
[INFO] [stderr]     Finished test [optimized + debuginfo] target(s) in 15.26s
[INFO] running `Command { std: "docker" "inspect" "67b432141e8f88f3e4623f9096496dab95f29579c924fe94c8c87b5ef6112346", kill_on_drop: false }`
[INFO] running `Command { std: "docker" "rm" "-f" "67b432141e8f88f3e4623f9096496dab95f29579c924fe94c8c87b5ef6112346", kill_on_drop: false }`
[INFO] [stdout] 67b432141e8f88f3e4623f9096496dab95f29579c924fe94c8c87b5ef6112346
[INFO] running `Command { std: "docker" "create" "-v" "/var/lib/crater-agent-workspace/builds/worker-2-tc2/target:/opt/rustwide/target:rw,Z" "-v" "/var/lib/crater-agent-workspace/builds/worker-2-tc2/source:/opt/rustwide/workdir:ro,Z" "-v" "/var/lib/crater-agent-workspace/cargo-home:/opt/rustwide/cargo-home:ro,Z" "-v" "/var/lib/crater-agent-workspace/rustup-home:/opt/rustwide/rustup-home:ro,Z" "-e" "SOURCE_DIR=/opt/rustwide/workdir" "-e" "CARGO_TARGET_DIR=/opt/rustwide/target" "-e" "CARGO_INCREMENTAL=0" "-e" "RUST_BACKTRACE=full" "-e" "RUSTFLAGS=--cap-lints=warn" "-e" "RUSTDOCFLAGS=--cap-lints=warn" "-e" "CARGO_HOME=/opt/rustwide/cargo-home" "-e" "RUSTUP_HOME=/opt/rustwide/rustup-home" "-w" "/opt/rustwide/workdir" "-m" "1610612736" "--user" "0:0" "--network" "none" "ghcr.io/rust-lang/crates-build-env/linux@sha256:2788e3201cd34a07e3172128adcd8b3090168a8e3bcc40d7c032b9dda1df7d1c" "/opt/rustwide/cargo-home/bin/cargo" "+beta-2023-12-22" "test" "--frozen", kill_on_drop: false }`
[INFO] [stdout] c0dad5d304737524e0228b99d5116dd058b5c43352d8e27f7e9a171f4e067a5b
[INFO] running `Command { std: "docker" "start" "-a" "c0dad5d304737524e0228b99d5116dd058b5c43352d8e27f7e9a171f4e067a5b", kill_on_drop: false }`
[INFO] [stderr] warning: unused import: `crate::backend::serial::u64::field::*`
[INFO] [stderr]   --> src/field.rs:65:17
[INFO] [stderr]    |
[INFO] [stderr] 65 |         pub use crate::backend::serial::u64::field::*;
[INFO] [stderr]    |                 ^^^^^^^^^^^^^^^^^^^^^^^^^^^^^^^^^^^^^
[INFO] [stderr]    |
[INFO] [stderr]    = note: `#[warn(unused_imports)]` on by default
[INFO] [stderr] 
[INFO] [stderr] warning: call to `.borrow()` on a reference in this situation does nothing
[INFO] [stderr]    --> src/ristretto.rs:991:77
[INFO] [stderr]     |
[INFO] [stderr] 991 |         let extended_points = points.into_iter().map(|opt_P| opt_P.map(|P| P.borrow().0));
[INFO] [stderr]     |                                                                             ^^^^^^^^^ help: remove this redundant call
[INFO] [stderr]     |
[INFO] [stderr]     = note: the type `RistrettoPoint` does not implement `Borrow`, so calling `borrow` on `&RistrettoPoint` copies the reference, which does not do anything and can be removed
[INFO] [stderr]     = note: `#[warn(noop_method_call)]` on by default
[INFO] [stderr] 
[INFO] [stderr] warning: `test-curve25519-dalek` (lib) generated 2 warnings (run `cargo fix --lib -p test-curve25519-dalek` to apply 2 suggestions)
[INFO] [stderr] warning: call to `.borrow()` on a reference in this situation does nothing
[INFO] [stderr]    --> src/ristretto.rs:991:77
[INFO] [stderr]     |
[INFO] [stderr] 991 |         let extended_points = points.into_iter().map(|opt_P| opt_P.map(|P| P.borrow().0));
[INFO] [stderr]     |                                                                             ^^^^^^^^^ help: remove this redundant call
[INFO] [stderr]     |
[INFO] [stderr]     = note: the type `ristretto::RistrettoPoint` does not implement `Borrow`, so calling `borrow` on `&ristretto::RistrettoPoint` copies the reference, which does not do anything and can be removed
[INFO] [stderr]     = note: `#[warn(noop_method_call)]` on by default
[INFO] [stderr] 
[INFO] [stderr] warning: `test-curve25519-dalek` (lib test) generated 2 warnings (1 duplicate) (run `cargo fix --lib -p test-curve25519-dalek --tests` to apply 1 suggestion)
[INFO] [stderr]     Finished test [optimized + debuginfo] target(s) in 0.05s
[INFO] [stderr]      Running unittests src/lib.rs (/opt/rustwide/target/debug/deps/test_curve25519_dalek-ccda21dd13ac0775)
[INFO] [stdout] 
[INFO] [stdout] running 112 tests
[INFO] [stdout] test backend::serial::u64::scalar::test::add ... ok
[INFO] [stdout] test backend::serial::u64::scalar::test::from_bytes_wide ... ok
[INFO] [stdout] test backend::serial::u64::scalar::test::montgomery_mul ... ok
[INFO] [stdout] test backend::serial::u64::scalar::test::montgomery_mul_max ... ok
[INFO] [stdout] test backend::serial::u64::scalar::test::montgomery_square_max ... ok
[INFO] [stdout] test backend::serial::u64::scalar::test::mul ... ok
[INFO] [stdout] test backend::serial::u64::scalar::test::mul_max ... ok
[INFO] [stdout] test backend::serial::u64::scalar::test::square_max ... ok
[INFO] [stdout] test backend::serial::u64::scalar::test::sub ... ok
[INFO] [stdout] test constants::test::test_d_vs_ratio ... ok
[INFO] [stdout] test constants::test::test_eight_torsion ... ok
[INFO] [stdout] test constants::test::test_four_torsion ... ok
[INFO] [stdout] test constants::test::test_sqrt_ad_minus_one ... ok
[INFO] [stdout] test constants::test::test_sqrt_constants_sign ... ok
[INFO] [stdout] test constants::test::test_sqrt_minus_one ... ok
[INFO] [stdout] test constants::test::test_two_torsion ... ok
[INFO] [stdout] test edwards::test::basepoint16_vs_mul_by_pow_2_4 ... ok
[INFO] [stdout] test edwards::test::basepoint_decompression_compression ... ok
[INFO] [stdout] test edwards::test::basepoint_double_vs_basepoint2 ... ok
[INFO] [stdout] test edwards::test::basepoint_mult_by_basepoint_order ... ok
[INFO] [stdout] test edwards::test::basepoint_mult_one_vs_basepoint ... ok
[INFO] [stdout] test edwards::test::basepoint_mult_two_vs_basepoint2 ... ok
[INFO] [stdout] test edwards::test::basepoint_mult_vs_ed25519py ... ok
[INFO] [stdout] test edwards::test::basepoint_plus_basepoint_affine_niels_vs_basepoint2 ... ok
[INFO] [stdout] test edwards::test::basepoint_plus_basepoint_projective_niels_vs_basepoint2 ... ok
[INFO] [stdout] test edwards::test::basepoint_plus_basepoint_vs_basepoint2 ... ok
[INFO] [stdout] test edwards::test::basepoint_projective_extended_round_trip ... ok
[INFO] [stdout] test edwards::test::basepoint_table_basepoint_function_correct ... ok
[INFO] [stdout] test edwards::test::conditional_assign_for_affine_niels_point ... ok
[INFO] [stdout] test edwards::test::decompression_sign_handling ... ok
[INFO] [stdout] test edwards::test::scalar_mul_vs_ed25519py ... ok
[INFO] [stdout] test edwards::test::compressed_identity ... ok
[INFO] [stdout] test edwards::test::extended_point_equality_handles_scaling ... ok
[INFO] [stdout] test edwards::test::is_small_order ... ok
[INFO] [stdout] test edwards::test::is_identity ... ok
[INFO] [stdout] test edwards::test::test_precomputed_basepoint_mult ... ok
[INFO] [stdout] test edwards::test::vartime::double_scalar_mul_basepoint_vs_ed25519py ... ok
[INFO] [stdout] test edwards::test::scalarmult_extended_point_works_both_ways ... ok
[INFO] [stdout] test edwards::test::impl_sum ... ok
[INFO] [stdout] test field::test::a_invert_vs_inverse_of_a_constant ... ok
[INFO] [stdout] test edwards::test::to_affine_niels_clears_denominators ... ok
[INFO] [stdout] test edwards::test::vartime::multiscalar_mul_vs_ed25519py ... ok
[INFO] [stdout] test field::test::a_p58_vs_ap58_constant ... ok
[INFO] [stdout] test field::test::a_square_vs_a_squared_constant ... ok
[INFO] [stdout] test field::test::a_square2_vs_a_squared_constant ... ok
[INFO] [stdout] test field::test::a_mul_a_vs_a_squared_constant ... ok
[INFO] [stdout] test edwards::test::vartime::multiscalar_mul_vartime_vs_consttime ... ok
[INFO] [stdout] test field::test::encoding_is_canonical ... ok
[INFO] [stdout] test field::test::from_bytes_highbit_is_ignored ... ok
[INFO] [stdout] test field::test::batch_invert_a_matches_nonbatched ... ok
[INFO] [stdout] test field::test::equality ... ok
[INFO] [stdout] test field::test::sqrt_ratio_behavior ... ok
[INFO] [stdout] test field::test::batch_invert_empty ... ok
[INFO] [stdout] test field::test::conditional_negate ... ok
[INFO] [stdout] test montgomery::test::basepoint_edwards_to_montgomery ... ok
[INFO] [stdout] test montgomery::test::eq_defined_mod_p ... ok
[INFO] [stdout] test montgomery::test::identity_in_different_coordinates ... ok
[INFO] [stdout] test montgomery::test::basepoint_montgomery_to_edwards ... ok
[INFO] [stdout] test montgomery::test::identity_in_different_models ... ok
[INFO] [stdout] test montgomery::test::montgomery_elligator_correct ... ok
[INFO] [stdout] test montgomery::test::montgomery_elligator_zero_zero ... ok
[INFO] [stdout] test ristretto::test::compress_id ... ok
[INFO] [stdout] test montgomery::test::montgomery_to_edwards_rejects_twist ... ok
[INFO] [stdout] test ristretto::test::decompress_negative_s_fails ... ok
[INFO] [stdout] test ristretto::test::basepoint_roundtrip ... ok
[INFO] [stdout] test ristretto::test::decompress_id ... ok
[INFO] [stdout] test ristretto::test::four_torsion_random ... ok
[INFO] [stdout] test ristretto::test::encodings_of_small_multiples_of_basepoint ... ok
[INFO] [stdout] test ristretto::test::elligator_vs_ristretto_sage ... ok
[INFO] [stdout] test ristretto::test::four_torsion_basepoint ... ok
[INFO] [stdout] test ristretto::test::impl_sum ... ok
[INFO] [stdout] test ristretto::test::one_way_map ... ok
[INFO] [stdout] test ristretto::test::scalarmult_ristrettopoint_works_both_ways ... ok
[INFO] [stdout] test scalar::test::batch_invert_consistency ... ok
[INFO] [stdout] test scalar::test::add_reduces ... ok
[INFO] [stdout] test scalar::test::batch_invert_empty ... ok
[INFO] [stdout] test scalar::test::canonical_decoding ... ok
[INFO] [stdout] test scalar::test::from_u64 ... ok
[INFO] [stdout] test scalar::test::fuzzer_testcase_reduction ... ok
[INFO] [stdout] test scalar::test::from_bytes_mod_order_wide ... ok
[INFO] [stdout] test scalar::test::impl_add ... ok
[INFO] [stdout] test scalar::test::impl_product ... ok
[INFO] [stdout] test scalar::test::impl_sum ... ok
[INFO] [stdout] test scalar::test::impl_mul ... ok
[INFO] [stdout] test scalar::test::invert ... ok
[INFO] [stdout] test scalar::test::neg_twice_is_identity ... ok
[INFO] [stdout] test scalar::test::montgomery_reduce_matches_from_bytes_mod_order_wide ... ok
[INFO] [stdout] test scalar::test::reduce ... ok
[INFO] [stdout] test scalar::test::scalar_mul_by_one ... ok
[INFO] [stdout] test scalar::test::square ... ok
[INFO] [stdout] test scalar::test::quarkslab_scalar_overflow_does_not_occur ... ok
[INFO] [stdout] test scalar::test::sub_reduces ... ok
[INFO] [stdout] test ristretto::test::random_roundtrip ... ok
[INFO] [stdout] test scalar::test::test_read_le_u64_into ... ok
[INFO] [stdout] test scalar::test::test_scalar_clamp ... ok
[INFO] [stdout] test scalar::test::non_adjacent_form_test_vector ... ok
[INFO] [stdout] test scalar::test::test_scalar_from_int ... ok
[INFO] [stdout] test scalar::test::to_bytes_from_bytes_roundtrips ... ok
[INFO] [stdout] test scalar::test::test_pippenger_radix ... ok
[INFO] [stdout] test scalar::test::batch_invert_with_a_zero_input_panics - should panic ... ok
[INFO] [stdout] test scalar::test::test_read_le_u64_into_should_panic_on_bad_input - should panic ... ok
[INFO] [stdout] test edwards::test::basepoint_tables ... ok
[INFO] [stdout] test edwards::test::basepoint_tables_unreduced_scalar ... ok
[INFO] [stdout] test edwards::test::vartime_precomputed_vs_nonprecomputed_multiscalar ... ok
[INFO] [stdout] test ristretto::test::vartime_precomputed_vs_nonprecomputed_multiscalar ... ok
[INFO] [stdout] test edwards::test::monte_carlo_overflow_underflow_debug_assert_test ... ok
[INFO] [stdout] test backend::serial::scalar_mul::pippenger::test::test_vartime_pippenger ... ok
[INFO] [stdout] test scalar::test::non_adjacent_form_random ... ok
[INFO] [stdout] test edwards::test::multiscalar_consistency_n_100 ... ok
[INFO] [stdout] test edwards::test::multiscalar_consistency_n_250 ... ok
[INFO] [stdout] test edwards::test::multiscalar_consistency_n_500 ... ok
[INFO] [stdout] test edwards::test::multiscalar_consistency_n_1000 ... ok
[INFO] [stdout] 
[INFO] [stdout] test result: ok. 112 passed; 0 failed; 0 ignored; 0 measured; 0 filtered out; finished in 2.23s
[INFO] [stdout] 
[INFO] [stderr]    Doc-tests test-curve25519-dalek
[INFO] [stdout] 
[INFO] [stdout] running 20 tests
[INFO] [stdout] test src/ristretto.rs - ristretto::RistrettoPoint::double_and_compress_batch (line 520) ... ignored
[INFO] [stdout] test src/scalar.rs - scalar (line 91) ... ignored
[INFO] [stdout] test src/ristretto.rs - ristretto::RistrettoBasepointTable (line 1062) ... FAILED
[INFO] [stdout] test src/scalar.rs - scalar (line 36) ... FAILED
[INFO] [stdout] test src/scalar.rs - scalar (line 48) ... FAILED
[INFO] [stdout] test src/scalar.rs - scalar (line 120) ... FAILED
[INFO] [stdout] test src/scalar.rs - scalar::Scalar::from (line 561) ... FAILED
[INFO] [stdout] test src/scalar.rs - scalar::Scalar::as_bytes (line 728) ... FAILED
[INFO] [stdout] test src/scalar.rs - scalar::Scalar::batch_invert (line 797) ... FAILED
[INFO] [stdout] test src/scalar.rs - scalar::Scalar::is_canonical (line 1158) ... FAILED
[INFO] [stdout] test src/scalar.rs - scalar::Scalar::to_bytes (line 713) ... FAILED
[INFO] [stdout] test src/constants.rs - constants (line 18) ... FAILED
[INFO] [stdout] test src/scalar.rs - scalar (line 68) ... FAILED
[INFO] [stdout] test src/edwards.rs - edwards::EdwardsPoint::is_torsion_free (line 1187) ... FAILED
[INFO] [stdout] test src/edwards.rs - edwards::EdwardsPoint::is_small_order (line 1157) ... FAILED
[INFO] [stdout] test src/ristretto.rs - ristretto::RistrettoPoint::conditional_select (line 1114) ... FAILED
[INFO] [stdout] test src/scalar.rs - scalar::Scalar::invert (line 753) ... FAILED
[INFO] [stdout] test src/traits.rs - traits::MultiscalarMul::multiscalar_mul (line 86) ... FAILED
[INFO] [stdout] test src/traits.rs - traits::VartimeMultiscalarMul::vartime_multiscalar_mul (line 207) ... FAILED
[INFO] [stdout] test src/traits.rs - traits::VartimeMultiscalarMul::optional_multiscalar_mul (line 141) ... FAILED
[INFO] [stdout] 
[INFO] [stdout] failures:
[INFO] [stdout] 
[INFO] [stdout] ---- src/ristretto.rs - ristretto::RistrettoBasepointTable (line 1062) stdout ----
[INFO] [stdout] error[E0433]: failed to resolve: use of undeclared crate or module `curve25519_dalek`
[INFO] [stdout]  --> src/ristretto.rs:1063:5
[INFO] [stdout]   |
[INFO] [stdout] 3 | use curve25519_dalek::constants::RISTRETTO_BASEPOINT_TABLE;
[INFO] [stdout]   |     ^^^^^^^^^^^^^^^^ use of undeclared crate or module `curve25519_dalek`
[INFO] [stdout]   |
[INFO] [stdout] help: there is a crate or module with a similar name
[INFO] [stdout]   |
[INFO] [stdout] 3 | use test_curve25519_dalek::constants::RISTRETTO_BASEPOINT_TABLE;
[INFO] [stdout]   |     ~~~~~~~~~~~~~~~~~~~~~
[INFO] [stdout] 
[INFO] [stdout] error[E0433]: failed to resolve: use of undeclared crate or module `curve25519_dalek`
[INFO] [stdout]  --> src/ristretto.rs:1064:5
[INFO] [stdout]   |
[INFO] [stdout] 4 | use curve25519_dalek::scalar::Scalar;
[INFO] [stdout]   |     ^^^^^^^^^^^^^^^^ use of undeclared crate or module `curve25519_dalek`
[INFO] [stdout]   |
[INFO] [stdout] help: there is a crate or module with a similar name
[INFO] [stdout]   |
[INFO] [stdout] 4 | use test_curve25519_dalek::scalar::Scalar;
[INFO] [stdout]   |     ~~~~~~~~~~~~~~~~~~~~~
[INFO] [stdout] 
[INFO] [stdout] error: aborting due to 2 previous errors
[INFO] [stdout] 
[INFO] [stdout] For more information about this error, try `rustc --explain E0433`.
[INFO] [stdout] Couldn't compile the test.
[INFO] [stdout] ---- src/scalar.rs - scalar (line 36) stdout ----
[INFO] [stdout] error[E0433]: failed to resolve: use of undeclared crate or module `curve25519_dalek`
[INFO] [stdout]  --> src/scalar.rs:37:5
[INFO] [stdout]   |
[INFO] [stdout] 3 | use curve25519_dalek::scalar::Scalar;
[INFO] [stdout]   |     ^^^^^^^^^^^^^^^^ use of undeclared crate or module `curve25519_dalek`
[INFO] [stdout]   |
[INFO] [stdout] help: there is a crate or module with a similar name
[INFO] [stdout]   |
[INFO] [stdout] 3 | use test_curve25519_dalek::scalar::Scalar;
[INFO] [stdout]   |     ~~~~~~~~~~~~~~~~~~~~~
[INFO] [stdout] 
[INFO] [stdout] error: aborting due to 1 previous error
[INFO] [stdout] 
[INFO] [stdout] For more information about this error, try `rustc --explain E0433`.
[INFO] [stdout] Couldn't compile the test.
[INFO] [stdout] ---- src/scalar.rs - scalar (line 48) stdout ----
[INFO] [stdout] error[E0433]: failed to resolve: use of undeclared crate or module `curve25519_dalek`
[INFO] [stdout]  --> src/scalar.rs:49:5
[INFO] [stdout]   |
[INFO] [stdout] 3 | use curve25519_dalek::scalar::Scalar;
[INFO] [stdout]   |     ^^^^^^^^^^^^^^^^ use of undeclared crate or module `curve25519_dalek`
[INFO] [stdout]   |
[INFO] [stdout] help: there is a crate or module with a similar name
[INFO] [stdout]   |
[INFO] [stdout] 3 | use test_curve25519_dalek::scalar::Scalar;
[INFO] [stdout]   |     ~~~~~~~~~~~~~~~~~~~~~
[INFO] [stdout] 
[INFO] [stdout] error: aborting due to 1 previous error
[INFO] [stdout] 
[INFO] [stdout] For more information about this error, try `rustc --explain E0433`.
[INFO] [stdout] Couldn't compile the test.
[INFO] [stdout] ---- src/scalar.rs - scalar (line 120) stdout ----
[INFO] [stdout] error[E0433]: failed to resolve: use of undeclared crate or module `curve25519_dalek`
[INFO] [stdout]  --> src/scalar.rs:121:5
[INFO] [stdout]   |
[INFO] [stdout] 3 | use curve25519_dalek::scalar::Scalar;
[INFO] [stdout]   |     ^^^^^^^^^^^^^^^^ use of undeclared crate or module `curve25519_dalek`
[INFO] [stdout]   |
[INFO] [stdout] help: there is a crate or module with a similar name
[INFO] [stdout]   |
[INFO] [stdout] 3 | use test_curve25519_dalek::scalar::Scalar;
[INFO] [stdout]   |     ~~~~~~~~~~~~~~~~~~~~~
[INFO] [stdout] 
[INFO] [stdout] error: aborting due to 1 previous error
[INFO] [stdout] 
[INFO] [stdout] For more information about this error, try `rustc --explain E0433`.
[INFO] [stdout] Couldn't compile the test.
[INFO] [stdout] ---- src/scalar.rs - scalar::Scalar::from (line 561) stdout ----
[INFO] [stdout] error[E0433]: failed to resolve: use of undeclared crate or module `curve25519_dalek`
[INFO] [stdout]  --> src/scalar.rs:562:5
[INFO] [stdout]   |
[INFO] [stdout] 3 | use curve25519_dalek::scalar::Scalar;
[INFO] [stdout]   |     ^^^^^^^^^^^^^^^^ use of undeclared crate or module `curve25519_dalek`
[INFO] [stdout]   |
[INFO] [stdout] help: there is a crate or module with a similar name
[INFO] [stdout]   |
[INFO] [stdout] 3 | use test_curve25519_dalek::scalar::Scalar;
[INFO] [stdout]   |     ~~~~~~~~~~~~~~~~~~~~~
[INFO] [stdout] 
[INFO] [stdout] error: aborting due to 1 previous error
[INFO] [stdout] 
[INFO] [stdout] For more information about this error, try `rustc --explain E0433`.
[INFO] [stdout] Couldn't compile the test.
[INFO] [stdout] ---- src/scalar.rs - scalar::Scalar::as_bytes (line 728) stdout ----
[INFO] [stdout] error[E0433]: failed to resolve: use of undeclared crate or module `curve25519_dalek`
[INFO] [stdout]  --> src/scalar.rs:729:5
[INFO] [stdout]   |
[INFO] [stdout] 3 | use curve25519_dalek::scalar::Scalar;
[INFO] [stdout]   |     ^^^^^^^^^^^^^^^^ use of undeclared crate or module `curve25519_dalek`
[INFO] [stdout]   |
[INFO] [stdout] help: there is a crate or module with a similar name
[INFO] [stdout]   |
[INFO] [stdout] 3 | use test_curve25519_dalek::scalar::Scalar;
[INFO] [stdout]   |     ~~~~~~~~~~~~~~~~~~~~~
[INFO] [stdout] 
[INFO] [stdout] error: aborting due to 1 previous error
[INFO] [stdout] 
[INFO] [stdout] For more information about this error, try `rustc --explain E0433`.
[INFO] [stdout] Couldn't compile the test.
[INFO] [stdout] ---- src/scalar.rs - scalar::Scalar::batch_invert (line 797) stdout ----
[INFO] [stdout] error[E0433]: failed to resolve: use of undeclared crate or module `curve25519_dalek`
[INFO] [stdout]  --> src/scalar.rs:798:5
[INFO] [stdout]   |
[INFO] [stdout] 2 | use curve25519_dalek::scalar::Scalar;
[INFO] [stdout]   |     ^^^^^^^^^^^^^^^^ use of undeclared crate or module `curve25519_dalek`
[INFO] [stdout]   |
[INFO] [stdout] help: there is a crate or module with a similar name
[INFO] [stdout]   |
[INFO] [stdout] 2 | use test_curve25519_dalek::scalar::Scalar;
[INFO] [stdout]   |     ~~~~~~~~~~~~~~~~~~~~~
[INFO] [stdout] 
[INFO] [stdout] error: aborting due to 1 previous error
[INFO] [stdout] 
[INFO] [stdout] For more information about this error, try `rustc --explain E0433`.
[INFO] [stdout] Couldn't compile the test.
[INFO] [stdout] ---- src/scalar.rs - scalar::Scalar::is_canonical (line 1158) stdout ----
[INFO] [stdout] error[E0433]: failed to resolve: use of undeclared crate or module `curve25519_dalek`
[INFO] [stdout]  --> src/scalar.rs:1159:5
[INFO] [stdout]   |
[INFO] [stdout] 2 | use curve25519_dalek::scalar::Scalar;
[INFO] [stdout]   |     ^^^^^^^^^^^^^^^^ use of undeclared crate or module `curve25519_dalek`
[INFO] [stdout]   |
[INFO] [stdout] help: there is a crate or module with a similar name
[INFO] [stdout]   |
[INFO] [stdout] 2 | use test_curve25519_dalek::scalar::Scalar;
[INFO] [stdout]   |     ~~~~~~~~~~~~~~~~~~~~~
[INFO] [stdout] 
[INFO] [stdout] error: aborting due to 1 previous error
[INFO] [stdout] 
[INFO] [stdout] For more information about this error, try `rustc --explain E0433`.
[INFO] [stdout] Couldn't compile the test.
[INFO] [stdout] ---- src/scalar.rs - scalar::Scalar::to_bytes (line 713) stdout ----
[INFO] [stdout] error[E0433]: failed to resolve: use of undeclared crate or module `curve25519_dalek`
[INFO] [stdout]  --> src/scalar.rs:714:5
[INFO] [stdout]   |
[INFO] [stdout] 3 | use curve25519_dalek::scalar::Scalar;
[INFO] [stdout]   |     ^^^^^^^^^^^^^^^^ use of undeclared crate or module `curve25519_dalek`
[INFO] [stdout]   |
[INFO] [stdout] help: there is a crate or module with a similar name
[INFO] [stdout]   |
[INFO] [stdout] 3 | use test_curve25519_dalek::scalar::Scalar;
[INFO] [stdout]   |     ~~~~~~~~~~~~~~~~~~~~~
[INFO] [stdout] 
[INFO] [stdout] error: aborting due to 1 previous error
[INFO] [stdout] 
[INFO] [stdout] For more information about this error, try `rustc --explain E0433`.
[INFO] [stdout] Couldn't compile the test.
[INFO] [stdout] ---- src/constants.rs - constants (line 18) stdout ----
[INFO] [stdout] error[E0433]: failed to resolve: use of undeclared crate or module `curve25519_dalek`
[INFO] [stdout]  --> src/constants.rs:20:5
[INFO] [stdout]   |
[INFO] [stdout] 4 | use curve25519_dalek::traits::IsIdentity;
[INFO] [stdout]   |     ^^^^^^^^^^^^^^^^ use of undeclared crate or module `curve25519_dalek`
[INFO] [stdout]   |
[INFO] [stdout] help: there is a crate or module with a similar name
[INFO] [stdout]   |
[INFO] [stdout] 4 | use test_curve25519_dalek::traits::IsIdentity;
[INFO] [stdout]   |     ~~~~~~~~~~~~~~~~~~~~~
[INFO] [stdout] 
[INFO] [stdout] error[E0432]: unresolved import `curve25519_dalek`
[INFO] [stdout]  --> src/constants.rs:19:5
[INFO] [stdout]   |
[INFO] [stdout] 3 | use curve25519_dalek::constants;
[INFO] [stdout]   |     ^^^^^^^^^^^^^^^^ use of undeclared crate or module `curve25519_dalek`
[INFO] [stdout]   |
[INFO] [stdout] help: there is a crate or module with a similar name
[INFO] [stdout]   |
[INFO] [stdout] 3 | use test_curve25519_dalek::constants;
[INFO] [stdout]   |     ~~~~~~~~~~~~~~~~~~~~~
[INFO] [stdout] 
[INFO] [stdout] error: aborting due to 2 previous errors
[INFO] [stdout] 
[INFO] [stdout] Some errors have detailed explanations: E0432, E0433.
[INFO] [stdout] For more information about an error, try `rustc --explain E0432`.
[INFO] [stdout] Couldn't compile the test.
[INFO] [stdout] ---- src/scalar.rs - scalar (line 68) stdout ----
[INFO] [stdout] error[E0433]: failed to resolve: use of undeclared crate or module `curve25519_dalek`
[INFO] [stdout]  --> src/scalar.rs:69:5
[INFO] [stdout]   |
[INFO] [stdout] 3 | use curve25519_dalek::scalar::Scalar;
[INFO] [stdout]   |     ^^^^^^^^^^^^^^^^ use of undeclared crate or module `curve25519_dalek`
[INFO] [stdout]   |
[INFO] [stdout] help: there is a crate or module with a similar name
[INFO] [stdout]   |
[INFO] [stdout] 3 | use test_curve25519_dalek::scalar::Scalar;
[INFO] [stdout]   |     ~~~~~~~~~~~~~~~~~~~~~
[INFO] [stdout] 
[INFO] [stdout] error: aborting due to 1 previous error
[INFO] [stdout] 
[INFO] [stdout] For more information about this error, try `rustc --explain E0433`.
[INFO] [stdout] Couldn't compile the test.
[INFO] [stdout] ---- src/edwards.rs - edwards::EdwardsPoint::is_torsion_free (line 1187) stdout ----
[INFO] [stdout] error[E0432]: unresolved import `curve25519_dalek`
[INFO] [stdout]  --> src/edwards.rs:1188:5
[INFO] [stdout]   |
[INFO] [stdout] 3 | use curve25519_dalek::constants;
[INFO] [stdout]   |     ^^^^^^^^^^^^^^^^ use of undeclared crate or module `curve25519_dalek`
[INFO] [stdout]   |
[INFO] [stdout] help: there is a crate or module with a similar name
[INFO] [stdout]   |
[INFO] [stdout] 3 | use test_curve25519_dalek::constants;
[INFO] [stdout]   |     ~~~~~~~~~~~~~~~~~~~~~
[INFO] [stdout] 
[INFO] [stdout] error: aborting due to 1 previous error
[INFO] [stdout] 
[INFO] [stdout] For more information about this error, try `rustc --explain E0432`.
[INFO] [stdout] Couldn't compile the test.
[INFO] [stdout] ---- src/edwards.rs - edwards::EdwardsPoint::is_small_order (line 1157) stdout ----
[INFO] [stdout] error[E0432]: unresolved import `curve25519_dalek`
[INFO] [stdout]  --> src/edwards.rs:1158:5
[INFO] [stdout]   |
[INFO] [stdout] 3 | use curve25519_dalek::constants;
[INFO] [stdout]   |     ^^^^^^^^^^^^^^^^ use of undeclared crate or module `curve25519_dalek`
[INFO] [stdout]   |
[INFO] [stdout] help: there is a crate or module with a similar name
[INFO] [stdout]   |
[INFO] [stdout] 3 | use test_curve25519_dalek::constants;
[INFO] [stdout]   |     ~~~~~~~~~~~~~~~~~~~~~
[INFO] [stdout] 
[INFO] [stdout] error: aborting due to 1 previous error
[INFO] [stdout] 
[INFO] [stdout] For more information about this error, try `rustc --explain E0432`.
[INFO] [stdout] Couldn't compile the test.
[INFO] [stdout] ---- src/ristretto.rs - ristretto::RistrettoPoint::conditional_select (line 1114) stdout ----
[INFO] [stdout] error[E0433]: failed to resolve: use of undeclared crate or module `curve25519_dalek`
[INFO] [stdout]  --> src/ristretto.rs:1118:5
[INFO] [stdout]   |
[INFO] [stdout] 5 | use curve25519_dalek::traits::Identity;
[INFO] [stdout]   |     ^^^^^^^^^^^^^^^^ use of undeclared crate or module `curve25519_dalek`
[INFO] [stdout]   |
[INFO] [stdout] help: there is a crate or module with a similar name
[INFO] [stdout]   |
[INFO] [stdout] 5 | use test_curve25519_dalek::traits::Identity;
[INFO] [stdout]   |     ~~~~~~~~~~~~~~~~~~~~~
[INFO] [stdout] 
[INFO] [stdout] error[E0433]: failed to resolve: use of undeclared crate or module `curve25519_dalek`
[INFO] [stdout]  --> src/ristretto.rs:1119:5
[INFO] [stdout]   |
[INFO] [stdout] 6 | use curve25519_dalek::ristretto::RistrettoPoint;
[INFO] [stdout]   |     ^^^^^^^^^^^^^^^^ use of undeclared crate or module `curve25519_dalek`
[INFO] [stdout]   |
[INFO] [stdout] help: there is a crate or module with a similar name
[INFO] [stdout]   |
[INFO] [stdout] 6 | use test_curve25519_dalek::ristretto::RistrettoPoint;
[INFO] [stdout]   |     ~~~~~~~~~~~~~~~~~~~~~
[INFO] [stdout] 
[INFO] [stdout] error[E0432]: unresolved import `curve25519_dalek`
[INFO] [stdout]  --> src/ristretto.rs:1120:5
[INFO] [stdout]   |
[INFO] [stdout] 7 | use curve25519_dalek::constants;
[INFO] [stdout]   |     ^^^^^^^^^^^^^^^^ use of undeclared crate or module `curve25519_dalek`
[INFO] [stdout]   |
[INFO] [stdout] help: there is a crate or module with a similar name
[INFO] [stdout]   |
[INFO] [stdout] 7 | use test_curve25519_dalek::constants;
[INFO] [stdout]   |     ~~~~~~~~~~~~~~~~~~~~~
[INFO] [stdout] 
[INFO] [stdout] error: aborting due to 3 previous errors
[INFO] [stdout] 
[INFO] [stdout] Some errors have detailed explanations: E0432, E0433.
[INFO] [stdout] For more information about an error, try `rustc --explain E0432`.
[INFO] [stdout] Couldn't compile the test.
[INFO] [stdout] ---- src/scalar.rs - scalar::Scalar::invert (line 753) stdout ----
[INFO] [stdout] error[E0433]: failed to resolve: use of undeclared crate or module `curve25519_dalek`
[INFO] [stdout]  --> src/scalar.rs:754:5
[INFO] [stdout]   |
[INFO] [stdout] 3 | use curve25519_dalek::scalar::Scalar;
[INFO] [stdout]   |     ^^^^^^^^^^^^^^^^ use of undeclared crate or module `curve25519_dalek`
[INFO] [stdout]   |
[INFO] [stdout] help: there is a crate or module with a similar name
[INFO] [stdout]   |
[INFO] [stdout] 3 | use test_curve25519_dalek::scalar::Scalar;
[INFO] [stdout]   |     ~~~~~~~~~~~~~~~~~~~~~
[INFO] [stdout] 
[INFO] [stdout] error: aborting due to 1 previous error
[INFO] [stdout] 
[INFO] [stdout] For more information about this error, try `rustc --explain E0433`.
[INFO] [stdout] Couldn't compile the test.
[INFO] [stdout] ---- src/traits.rs - traits::MultiscalarMul::multiscalar_mul (line 86) stdout ----
[INFO] [stdout] error[E0433]: failed to resolve: use of undeclared crate or module `curve25519_dalek`
[INFO] [stdout]  --> src/traits.rs:90:5
[INFO] [stdout]   |
[INFO] [stdout] 6 | use curve25519_dalek::traits::MultiscalarMul;
[INFO] [stdout]   |     ^^^^^^^^^^^^^^^^ use of undeclared crate or module `curve25519_dalek`
[INFO] [stdout]   |
[INFO] [stdout] help: there is a crate or module with a similar name
[INFO] [stdout]   |
[INFO] [stdout] 6 | use test_curve25519_dalek::traits::MultiscalarMul;
[INFO] [stdout]   |     ~~~~~~~~~~~~~~~~~~~~~
[INFO] [stdout] 
[INFO] [stdout] error[E0433]: failed to resolve: use of undeclared crate or module `curve25519_dalek`
[INFO] [stdout]  --> src/traits.rs:91:5
[INFO] [stdout]   |
[INFO] [stdout] 7 | use curve25519_dalek::ristretto::RistrettoPoint;
[INFO] [stdout]   |     ^^^^^^^^^^^^^^^^ use of undeclared crate or module `curve25519_dalek`
[INFO] [stdout]   |
[INFO] [stdout] help: there is a crate or module with a similar name
[INFO] [stdout]   |
[INFO] [stdout] 7 | use test_curve25519_dalek::ristretto::RistrettoPoint;
[INFO] [stdout]   |     ~~~~~~~~~~~~~~~~~~~~~
[INFO] [stdout] 
[INFO] [stdout] error[E0433]: failed to resolve: use of undeclared crate or module `curve25519_dalek`
[INFO] [stdout]  --> src/traits.rs:92:5
[INFO] [stdout]   |
[INFO] [stdout] 8 | use curve25519_dalek::scalar::Scalar;
[INFO] [stdout]   |     ^^^^^^^^^^^^^^^^ use of undeclared crate or module `curve25519_dalek`
[INFO] [stdout]   |
[INFO] [stdout] help: there is a crate or module with a similar name
[INFO] [stdout]   |
[INFO] [stdout] 8 | use test_curve25519_dalek::scalar::Scalar;
[INFO] [stdout]   |     ~~~~~~~~~~~~~~~~~~~~~
[INFO] [stdout] 
[INFO] [stdout] error[E0432]: unresolved import `curve25519_dalek`
[INFO] [stdout]  --> src/traits.rs:89:5
[INFO] [stdout]   |
[INFO] [stdout] 5 | use curve25519_dalek::constants;
[INFO] [stdout]   |     ^^^^^^^^^^^^^^^^ use of undeclared crate or module `curve25519_dalek`
[INFO] [stdout]   |
[INFO] [stdout] help: there is a crate or module with a similar name
[INFO] [stdout]   |
[INFO] [stdout] 5 | use test_curve25519_dalek::constants;
[INFO] [stdout]   |     ~~~~~~~~~~~~~~~~~~~~~
[INFO] [stdout] 
[INFO] [stdout] error: aborting due to 4 previous errors
[INFO] [stdout] 
[INFO] [stdout] Some errors have detailed explanations: E0432, E0433.
[INFO] [stdout] For more information about an error, try `rustc --explain E0432`.
[INFO] [stdout] Couldn't compile the test.
[INFO] [stdout] ---- src/traits.rs - traits::VartimeMultiscalarMul::vartime_multiscalar_mul (line 207) stdout ----
[INFO] [stdout] error[E0433]: failed to resolve: use of undeclared crate or module `curve25519_dalek`
[INFO] [stdout]  --> src/traits.rs:211:5
[INFO] [stdout]   |
[INFO] [stdout] 6 | use curve25519_dalek::traits::VartimeMultiscalarMul;
[INFO] [stdout]   |     ^^^^^^^^^^^^^^^^ use of undeclared crate or module `curve25519_dalek`
[INFO] [stdout]   |
[INFO] [stdout] help: there is a crate or module with a similar name
[INFO] [stdout]   |
[INFO] [stdout] 6 | use test_curve25519_dalek::traits::VartimeMultiscalarMul;
[INFO] [stdout]   |     ~~~~~~~~~~~~~~~~~~~~~
[INFO] [stdout] 
[INFO] [stdout] error[E0433]: failed to resolve: use of undeclared crate or module `curve25519_dalek`
[INFO] [stdout]  --> src/traits.rs:212:5
[INFO] [stdout]   |
[INFO] [stdout] 7 | use curve25519_dalek::ristretto::RistrettoPoint;
[INFO] [stdout]   |     ^^^^^^^^^^^^^^^^ use of undeclared crate or module `curve25519_dalek`
[INFO] [stdout]   |
[INFO] [stdout] help: there is a crate or module with a similar name
[INFO] [stdout]   |
[INFO] [stdout] 7 | use test_curve25519_dalek::ristretto::RistrettoPoint;
[INFO] [stdout]   |     ~~~~~~~~~~~~~~~~~~~~~
[INFO] [stdout] 
[INFO] [stdout] error[E0433]: failed to resolve: use of undeclared crate or module `curve25519_dalek`
[INFO] [stdout]  --> src/traits.rs:213:5
[INFO] [stdout]   |
[INFO] [stdout] 8 | use curve25519_dalek::scalar::Scalar;
[INFO] [stdout]   |     ^^^^^^^^^^^^^^^^ use of undeclared crate or module `curve25519_dalek`
[INFO] [stdout]   |
[INFO] [stdout] help: there is a crate or module with a similar name
[INFO] [stdout]   |
[INFO] [stdout] 8 | use test_curve25519_dalek::scalar::Scalar;
[INFO] [stdout]   |     ~~~~~~~~~~~~~~~~~~~~~
[INFO] [stdout] 
[INFO] [stdout] error[E0432]: unresolved import `curve25519_dalek`
[INFO] [stdout]  --> src/traits.rs:210:5
[INFO] [stdout]   |
[INFO] [stdout] 5 | use curve25519_dalek::constants;
[INFO] [stdout]   |     ^^^^^^^^^^^^^^^^ use of undeclared crate or module `curve25519_dalek`
[INFO] [stdout]   |
[INFO] [stdout] help: there is a crate or module with a similar name
[INFO] [stdout]   |
[INFO] [stdout] 5 | use test_curve25519_dalek::constants;
[INFO] [stdout]   |     ~~~~~~~~~~~~~~~~~~~~~
[INFO] [stdout] 
[INFO] [stdout] error: aborting due to 4 previous errors
[INFO] [stdout] 
[INFO] [stdout] Some errors have detailed explanations: E0432, E0433.
[INFO] [stdout] For more information about an error, try `rustc --explain E0432`.
[INFO] [stdout] Couldn't compile the test.
[INFO] [stdout] ---- src/traits.rs - traits::VartimeMultiscalarMul::optional_multiscalar_mul (line 141) stdout ----
[INFO] [stdout] error[E0433]: failed to resolve: use of undeclared crate or module `curve25519_dalek`
[INFO] [stdout]  --> src/traits.rs:145:5
[INFO] [stdout]   |
[INFO] [stdout] 6 | use curve25519_dalek::traits::VartimeMultiscalarMul;
[INFO] [stdout]   |     ^^^^^^^^^^^^^^^^ use of undeclared crate or module `curve25519_dalek`
[INFO] [stdout]   |
[INFO] [stdout] help: there is a crate or module with a similar name
[INFO] [stdout]   |
[INFO] [stdout] 6 | use test_curve25519_dalek::traits::VartimeMultiscalarMul;
[INFO] [stdout]   |     ~~~~~~~~~~~~~~~~~~~~~
[INFO] [stdout] 
[INFO] [stdout] error[E0433]: failed to resolve: use of undeclared crate or module `curve25519_dalek`
[INFO] [stdout]  --> src/traits.rs:146:5
[INFO] [stdout]   |
[INFO] [stdout] 7 | use curve25519_dalek::ristretto::RistrettoPoint;
[INFO] [stdout]   |     ^^^^^^^^^^^^^^^^ use of undeclared crate or module `curve25519_dalek`
[INFO] [stdout]   |
[INFO] [stdout] help: there is a crate or module with a similar name
[INFO] [stdout]   |
[INFO] [stdout] 7 | use test_curve25519_dalek::ristretto::RistrettoPoint;
[INFO] [stdout]   |     ~~~~~~~~~~~~~~~~~~~~~
[INFO] [stdout] 
[INFO] [stdout] error[E0433]: failed to resolve: use of undeclared crate or module `curve25519_dalek`
[INFO] [stdout]  --> src/traits.rs:147:5
[INFO] [stdout]   |
[INFO] [stdout] 8 | use curve25519_dalek::scalar::Scalar;
[INFO] [stdout]   |     ^^^^^^^^^^^^^^^^ use of undeclared crate or module `curve25519_dalek`
[INFO] [stdout]   |
[INFO] [stdout] help: there is a crate or module with a similar name
[INFO] [stdout]   |
[INFO] [stdout] 8 | use test_curve25519_dalek::scalar::Scalar;
[INFO] [stdout]   |     ~~~~~~~~~~~~~~~~~~~~~
[INFO] [stdout] 
[INFO] [stdout] error[E0432]: unresolved import `curve25519_dalek`
[INFO] [stdout]  --> src/traits.rs:144:5
[INFO] [stdout]   |
[INFO] [stdout] 5 | use curve25519_dalek::constants;
[INFO] [stdout]   |     ^^^^^^^^^^^^^^^^ use of undeclared crate or module `curve25519_dalek`
[INFO] [stdout]   |
[INFO] [stdout] help: there is a crate or module with a similar name
[INFO] [stdout]   |
[INFO] [stdout] 5 | use test_curve25519_dalek::constants;
[INFO] [stdout]   |     ~~~~~~~~~~~~~~~~~~~~~
[INFO] [stdout] 
[INFO] [stdout] error: aborting due to 4 previous errors
[INFO] [stdout] 
[INFO] [stdout] Some errors have detailed explanations: E0432, E0433.
[INFO] [stdout] For more information about an error, try `rustc --explain E0432`.
[INFO] [stdout] Couldn't compile the test.
[INFO] [stdout] 
[INFO] [stdout] failures:
[INFO] [stdout]     src/constants.rs - constants (line 18)
[INFO] [stdout]     src/edwards.rs - edwards::EdwardsPoint::is_small_order (line 1157)
[INFO] [stdout]     src/edwards.rs - edwards::EdwardsPoint::is_torsion_free (line 1187)
[INFO] [stdout]     src/ristretto.rs - ristretto::RistrettoBasepointTable (line 1062)
[INFO] [stdout]     src/ristretto.rs - ristretto::RistrettoPoint::conditional_select (line 1114)
[INFO] [stdout]     src/scalar.rs - scalar (line 120)
[INFO] [stdout]     src/scalar.rs - scalar (line 36)
[INFO] [stdout]     src/scalar.rs - scalar (line 48)
[INFO] [stdout]     src/scalar.rs - scalar (line 68)
[INFO] [stdout]     src/scalar.rs - scalar::Scalar::as_bytes (line 728)
[INFO] [stdout]     src/scalar.rs - scalar::Scalar::batch_invert (line 797)
[INFO] [stdout]     src/scalar.rs - scalar::Scalar::from (line 561)
[INFO] [stdout]     src/scalar.rs - scalar::Scalar::invert (line 753)
[INFO] [stdout]     src/scalar.rs - scalar::Scalar::is_canonical (line 1158)
[INFO] [stdout]     src/scalar.rs - scalar::Scalar::to_bytes (line 713)
[INFO] [stdout]     src/traits.rs - traits::MultiscalarMul::multiscalar_mul (line 86)
[INFO] [stdout]     src/traits.rs - traits::VartimeMultiscalarMul::optional_multiscalar_mul (line 141)
[INFO] [stdout]     src/traits.rs - traits::VartimeMultiscalarMul::vartime_multiscalar_mul (line 207)
[INFO] [stdout] 
[INFO] [stdout] test result: FAILED. 0 passed; 18 failed; 2 ignored; 0 measured; 0 filtered out; finished in 0.07s
[INFO] [stdout] 
[INFO] [stderr] error: doctest failed, to rerun pass `--doc`
[INFO] running `Command { std: "docker" "inspect" "c0dad5d304737524e0228b99d5116dd058b5c43352d8e27f7e9a171f4e067a5b", kill_on_drop: false }`
[INFO] running `Command { std: "docker" "rm" "-f" "c0dad5d304737524e0228b99d5116dd058b5c43352d8e27f7e9a171f4e067a5b", kill_on_drop: false }`
[INFO] [stdout] c0dad5d304737524e0228b99d5116dd058b5c43352d8e27f7e9a171f4e067a5b
