[INFO] fetching crate terra-rust-api 1.2.20...
[INFO] testing terra-rust-api-1.2.20 against 1.75.0 for beta-1.76-1
[INFO] extracting crate terra-rust-api 1.2.20 into /workspace/builds/worker-1-tc1/source
[INFO] validating manifest of crates.io crate terra-rust-api 1.2.20 on toolchain 1.75.0
[INFO] running `Command { std: CARGO_HOME="/workspace/cargo-home" RUSTUP_HOME="/workspace/rustup-home" "/workspace/cargo-home/bin/cargo" "+1.75.0" "metadata" "--manifest-path" "Cargo.toml" "--no-deps", kill_on_drop: false }`
[INFO] started tweaking crates.io crate terra-rust-api 1.2.20
[INFO] finished tweaking crates.io crate terra-rust-api 1.2.20
[INFO] tweaked toml for crates.io crate terra-rust-api 1.2.20 written to /workspace/builds/worker-1-tc1/source/Cargo.toml
[INFO] running `Command { std: CARGO_HOME="/workspace/cargo-home" RUSTUP_HOME="/workspace/rustup-home" "/workspace/cargo-home/bin/cargo" "+1.75.0" "generate-lockfile" "--manifest-path" "Cargo.toml", kill_on_drop: false }`
[INFO] [stderr]     Updating crates.io index
[INFO] running `Command { std: CARGO_HOME="/workspace/cargo-home" RUSTUP_HOME="/workspace/rustup-home" "/workspace/cargo-home/bin/cargo" "+1.75.0" "fetch" "--manifest-path" "Cargo.toml", kill_on_drop: false }`
[INFO] [stderr]  Downloading crates ...
[INFO] [stderr]   Downloaded pbkdf2 v0.6.0
[INFO] [stderr]   Downloaded hkd32 v0.5.0
[INFO] [stderr]   Downloaded bitcoin v0.27.1
[INFO] running `Command { std: "docker" "create" "-v" "/var/lib/crater-agent-workspace/builds/worker-1-tc1/target:/opt/rustwide/target:rw,Z" "-v" "/var/lib/crater-agent-workspace/builds/worker-1-tc1/source:/opt/rustwide/workdir:ro,Z" "-v" "/var/lib/crater-agent-workspace/cargo-home:/opt/rustwide/cargo-home:ro,Z" "-v" "/var/lib/crater-agent-workspace/rustup-home:/opt/rustwide/rustup-home:ro,Z" "-e" "SOURCE_DIR=/opt/rustwide/workdir" "-e" "CARGO_TARGET_DIR=/opt/rustwide/target" "-e" "CARGO_HOME=/opt/rustwide/cargo-home" "-e" "RUSTUP_HOME=/opt/rustwide/rustup-home" "-w" "/opt/rustwide/workdir" "-m" "1610612736" "--user" "0:0" "--network" "none" "ghcr.io/rust-lang/crates-build-env/linux@sha256:2788e3201cd34a07e3172128adcd8b3090168a8e3bcc40d7c032b9dda1df7d1c" "/opt/rustwide/cargo-home/bin/cargo" "+1.75.0" "metadata" "--no-deps" "--format-version=1", kill_on_drop: false }`
[INFO] [stdout] cd150002da9dd9657f542f127368093466671a93b1be8469ae6dfa3c3dbbf178
[INFO] running `Command { std: "docker" "start" "-a" "cd150002da9dd9657f542f127368093466671a93b1be8469ae6dfa3c3dbbf178", kill_on_drop: false }`
[INFO] running `Command { std: "docker" "inspect" "cd150002da9dd9657f542f127368093466671a93b1be8469ae6dfa3c3dbbf178", kill_on_drop: false }`
[INFO] running `Command { std: "docker" "rm" "-f" "cd150002da9dd9657f542f127368093466671a93b1be8469ae6dfa3c3dbbf178", kill_on_drop: false }`
[INFO] [stdout] cd150002da9dd9657f542f127368093466671a93b1be8469ae6dfa3c3dbbf178
[INFO] running `Command { std: "docker" "create" "-v" "/var/lib/crater-agent-workspace/builds/worker-1-tc1/target:/opt/rustwide/target:rw,Z" "-v" "/var/lib/crater-agent-workspace/builds/worker-1-tc1/source:/opt/rustwide/workdir:ro,Z" "-v" "/var/lib/crater-agent-workspace/cargo-home:/opt/rustwide/cargo-home:ro,Z" "-v" "/var/lib/crater-agent-workspace/rustup-home:/opt/rustwide/rustup-home:ro,Z" "-e" "SOURCE_DIR=/opt/rustwide/workdir" "-e" "CARGO_TARGET_DIR=/opt/rustwide/target" "-e" "CARGO_INCREMENTAL=0" "-e" "RUST_BACKTRACE=full" "-e" "RUSTFLAGS=--cap-lints=warn" "-e" "RUSTDOCFLAGS=--cap-lints=warn" "-e" "CARGO_HOME=/opt/rustwide/cargo-home" "-e" "RUSTUP_HOME=/opt/rustwide/rustup-home" "-w" "/opt/rustwide/workdir" "-m" "1610612736" "--user" "0:0" "--network" "none" "ghcr.io/rust-lang/crates-build-env/linux@sha256:2788e3201cd34a07e3172128adcd8b3090168a8e3bcc40d7c032b9dda1df7d1c" "/opt/rustwide/cargo-home/bin/cargo" "+1.75.0" "build" "--frozen" "--message-format=json", kill_on_drop: false }`
[INFO] [stdout] 97ddb0598542668555a7cfb6b2f38bf8a0a47c6e39a6b8246fe89a2f0e341b7a
[INFO] running `Command { std: "docker" "start" "-a" "97ddb0598542668555a7cfb6b2f38bf8a0a47c6e39a6b8246fe89a2f0e341b7a", kill_on_drop: false }`
[INFO] [stderr]    Compiling vcpkg v0.2.15
[INFO] [stderr]    Compiling generic-array v0.14.7
[INFO] [stderr]    Compiling getrandom v0.1.16
[INFO] [stderr]    Compiling futures-io v0.3.30
[INFO] [stderr]    Compiling subtle v2.4.1
[INFO] [stderr]    Compiling foreign-types-shared v0.1.1
[INFO] [stderr]    Compiling openssl v0.10.62
[INFO] [stderr]    Compiling num-traits v0.2.17
[INFO] [stderr]    Compiling hashbrown v0.14.3
[INFO] [stderr]    Compiling bitflags v2.4.1
[INFO] [stderr]    Compiling syn v2.0.48
[INFO] [stderr]    Compiling tracing v0.1.40
[INFO] [stderr]    Compiling native-tls v0.2.11
[INFO] [stderr]    Compiling secp256k1-sys v0.4.2
[INFO] [stderr]    Compiling openssl-probe v0.1.5
[INFO] [stderr]    Compiling opaque-debug v0.3.0
[INFO] [stderr]    Compiling foreign-types v0.3.2
[INFO] [stderr]    Compiling gcc v0.3.55
[INFO] [stderr]    Compiling rust_decimal v1.33.1
[INFO] [stderr]    Compiling ppv-lite86 v0.2.17
[INFO] [stderr]    Compiling rand v0.4.6
[INFO] [stderr]    Compiling byteorder v1.5.0
[INFO] [stderr]    Compiling arrayvec v0.7.4
[INFO] [stderr]    Compiling signature v1.6.4
[INFO] [stderr]    Compiling time v0.1.45
[INFO] [stderr]    Compiling rand_core v0.5.1
[INFO] [stderr]    Compiling bech32 v0.8.1
[INFO] [stderr]    Compiling bitcoin_hashes v0.10.0
[INFO] [stderr]    Compiling base64 v0.13.1
[INFO] [stderr]    Compiling rand_chacha v0.2.2
[INFO] [stderr]    Compiling rand v0.3.23
[INFO] [stderr]    Compiling digest v0.9.0
[INFO] [stderr]    Compiling crypto-mac v0.10.1
[INFO] [stderr]    Compiling block-buffer v0.9.0
[INFO] [stderr]    Compiling rust-crypto v0.2.36
[INFO] [stderr]    Compiling openssl-sys v0.9.98
[INFO] [stderr]    Compiling rand v0.7.3
[INFO] [stderr]    Compiling indexmap v2.1.0
[INFO] [stderr]    Compiling sha2 v0.9.9
[INFO] [stderr]    Compiling hmac v0.10.1
[INFO] [stderr]    Compiling pbkdf2 v0.6.0
[INFO] [stderr]    Compiling chrono v0.4.31
[INFO] [stderr]    Compiling secp256k1 v0.20.3
[INFO] [stderr]    Compiling bitcoin v0.27.1
[INFO] [stderr]    Compiling serde_derive v1.0.194
[INFO] [stderr]    Compiling futures-macro v0.3.30
[INFO] [stderr]    Compiling tokio-macros v2.2.0
[INFO] [stderr]    Compiling zeroize_derive v1.4.2
[INFO] [stderr]    Compiling openssl-macros v0.1.1
[INFO] [stderr]    Compiling thiserror-impl v1.0.56
[INFO] [stderr]    Compiling tokio v1.35.1
[INFO] [stderr]    Compiling zeroize v1.3.0
[INFO] [stderr]    Compiling futures-util v0.3.30
[INFO] [stderr]    Compiling curve25519-dalek v3.2.1
[INFO] [stderr]    Compiling subtle-encoding v0.5.1
[INFO] [stderr]    Compiling hkd32 v0.5.0
[INFO] [stderr]    Compiling thiserror v1.0.56
[INFO] [stderr]    Compiling futures-executor v0.3.30
[INFO] [stderr]    Compiling serde v1.0.194
[INFO] [stderr]    Compiling futures v0.3.30
[INFO] [stderr]    Compiling tokio-util v0.7.10
[INFO] [stderr]    Compiling tokio-native-tls v0.3.1
[INFO] [stderr]    Compiling h2 v0.3.22
[INFO] [stderr]    Compiling serde_json v1.0.111
[INFO] [stderr]    Compiling serde_bytes v0.11.14
[INFO] [stderr]    Compiling ed25519 v1.5.3
[INFO] [stderr]    Compiling serde_urlencoded v0.7.1
[INFO] [stderr]    Compiling erased-serde v0.3.31
[INFO] [stderr]    Compiling ed25519-dalek v1.0.1
[INFO] [stderr]    Compiling rust_decimal_macros v1.33.1
[INFO] [stderr]    Compiling hyper v0.14.28
[INFO] [stderr]    Compiling hyper-tls v0.5.0
[INFO] [stderr]    Compiling reqwest v0.11.23
[INFO] [stderr]    Compiling terra-rust-api v1.2.20 (/opt/rustwide/workdir)
[INFO] [stdout] warning: unused import: `ed25519_dalek::PublicKey as Ed25519`
[INFO] [stdout]  --> src/keys/public.rs:8:9
[INFO] [stdout]   |
[INFO] [stdout] 8 | pub use ed25519_dalek::PublicKey as Ed25519;
[INFO] [stdout]   |         ^^^^^^^^^^^^^^^^^^^^^^^^^^^^^^^^^^^
[INFO] [stdout]   |
[INFO] [stdout]   = note: `#[warn(unused_imports)]` on by default
[INFO] [stdout] 
[INFO] [stdout] 
[INFO] [stdout] warning: 1 warning emitted
[INFO] [stdout] 
[INFO] [stdout] 
[INFO] [stderr]     Finished dev [unoptimized + debuginfo] target(s) in 26.51s
[INFO] running `Command { std: "docker" "inspect" "97ddb0598542668555a7cfb6b2f38bf8a0a47c6e39a6b8246fe89a2f0e341b7a", kill_on_drop: false }`
[INFO] running `Command { std: "docker" "rm" "-f" "97ddb0598542668555a7cfb6b2f38bf8a0a47c6e39a6b8246fe89a2f0e341b7a", kill_on_drop: false }`
[INFO] [stdout] 97ddb0598542668555a7cfb6b2f38bf8a0a47c6e39a6b8246fe89a2f0e341b7a
[INFO] running `Command { std: "docker" "create" "-v" "/var/lib/crater-agent-workspace/builds/worker-1-tc1/target:/opt/rustwide/target:rw,Z" "-v" "/var/lib/crater-agent-workspace/builds/worker-1-tc1/source:/opt/rustwide/workdir:ro,Z" "-v" "/var/lib/crater-agent-workspace/cargo-home:/opt/rustwide/cargo-home:ro,Z" "-v" "/var/lib/crater-agent-workspace/rustup-home:/opt/rustwide/rustup-home:ro,Z" "-e" "SOURCE_DIR=/opt/rustwide/workdir" "-e" "CARGO_TARGET_DIR=/opt/rustwide/target" "-e" "CARGO_INCREMENTAL=0" "-e" "RUST_BACKTRACE=full" "-e" "RUSTFLAGS=--cap-lints=warn" "-e" "RUSTDOCFLAGS=--cap-lints=warn" "-e" "CARGO_HOME=/opt/rustwide/cargo-home" "-e" "RUSTUP_HOME=/opt/rustwide/rustup-home" "-w" "/opt/rustwide/workdir" "-m" "1610612736" "--user" "0:0" "--network" "none" "ghcr.io/rust-lang/crates-build-env/linux@sha256:2788e3201cd34a07e3172128adcd8b3090168a8e3bcc40d7c032b9dda1df7d1c" "/opt/rustwide/cargo-home/bin/cargo" "+1.75.0" "test" "--frozen" "--no-run" "--message-format=json", kill_on_drop: false }`
[INFO] [stdout] a02131512cdbd432fff83010577f72091a59db2537f51c9ecc37454faa3ecea5
[INFO] running `Command { std: "docker" "start" "-a" "a02131512cdbd432fff83010577f72091a59db2537f51c9ecc37454faa3ecea5", kill_on_drop: false }`
[INFO] [stderr]    Compiling atty v0.2.14
[INFO] [stderr]    Compiling humantime v2.1.0
[INFO] [stderr]    Compiling dotenv v0.15.0
[INFO] [stdout] warning: unused import: `ed25519_dalek::PublicKey as Ed25519`
[INFO] [stdout]  --> src/keys/public.rs:8:9
[INFO] [stdout]   |
[INFO] [stdout] 8 | pub use ed25519_dalek::PublicKey as Ed25519;
[INFO] [stdout]   |         ^^^^^^^^^^^^^^^^^^^^^^^^^^^^^^^^^^^
[INFO] [stdout]   |
[INFO] [stdout]   = note: `#[warn(unused_imports)]` on by default
[INFO] [stdout] 
[INFO] [stdout] 
[INFO] [stdout] warning: 1 warning emitted
[INFO] [stdout] 
[INFO] [stdout] 
[INFO] [stderr]    Compiling env_logger v0.8.4
[INFO] [stderr]    Compiling terra-rust-api v1.2.20 (/opt/rustwide/workdir)
[INFO] [stderr]     Finished test [unoptimized + debuginfo] target(s) in 10.01s
[INFO] running `Command { std: "docker" "inspect" "a02131512cdbd432fff83010577f72091a59db2537f51c9ecc37454faa3ecea5", kill_on_drop: false }`
[INFO] running `Command { std: "docker" "rm" "-f" "a02131512cdbd432fff83010577f72091a59db2537f51c9ecc37454faa3ecea5", kill_on_drop: false }`
[INFO] [stdout] a02131512cdbd432fff83010577f72091a59db2537f51c9ecc37454faa3ecea5
[INFO] running `Command { std: "docker" "create" "-v" "/var/lib/crater-agent-workspace/builds/worker-1-tc1/target:/opt/rustwide/target:rw,Z" "-v" "/var/lib/crater-agent-workspace/builds/worker-1-tc1/source:/opt/rustwide/workdir:ro,Z" "-v" "/var/lib/crater-agent-workspace/cargo-home:/opt/rustwide/cargo-home:ro,Z" "-v" "/var/lib/crater-agent-workspace/rustup-home:/opt/rustwide/rustup-home:ro,Z" "-e" "SOURCE_DIR=/opt/rustwide/workdir" "-e" "CARGO_TARGET_DIR=/opt/rustwide/target" "-e" "CARGO_INCREMENTAL=0" "-e" "RUST_BACKTRACE=full" "-e" "RUSTFLAGS=--cap-lints=warn" "-e" "RUSTDOCFLAGS=--cap-lints=warn" "-e" "CARGO_HOME=/opt/rustwide/cargo-home" "-e" "RUSTUP_HOME=/opt/rustwide/rustup-home" "-w" "/opt/rustwide/workdir" "-m" "1610612736" "--user" "0:0" "--network" "none" "ghcr.io/rust-lang/crates-build-env/linux@sha256:2788e3201cd34a07e3172128adcd8b3090168a8e3bcc40d7c032b9dda1df7d1c" "/opt/rustwide/cargo-home/bin/cargo" "+1.75.0" "test" "--frozen", kill_on_drop: false }`
[INFO] [stdout] 8dab7fdf98f44abdd0284a0b6c23716a09a23cf567bd923b837804054aebf121
[INFO] running `Command { std: "docker" "start" "-a" "8dab7fdf98f44abdd0284a0b6c23716a09a23cf567bd923b837804054aebf121", kill_on_drop: false }`
[INFO] [stderr] warning: unused import: `ed25519_dalek::PublicKey as Ed25519`
[INFO] [stderr]  --> src/keys/public.rs:8:9
[INFO] [stderr]   |
[INFO] [stderr] 8 | pub use ed25519_dalek::PublicKey as Ed25519;
[INFO] [stderr]   |         ^^^^^^^^^^^^^^^^^^^^^^^^^^^^^^^^^^^
[INFO] [stderr]   |
[INFO] [stderr]   = note: `#[warn(unused_imports)]` on by default
[INFO] [stderr] 
[INFO] [stderr] warning: `terra-rust-api` (lib) generated 1 warning (run `cargo fix --lib -p terra-rust-api` to apply 1 suggestion)
[INFO] [stderr]     Finished test [unoptimized + debuginfo] target(s) in 0.20s
[INFO] [stderr]      Running unittests src/lib.rs (/opt/rustwide/target/debug/deps/terra_rust_api-854c0204670b3e77)
[INFO] [stdout] 
[INFO] [stdout] running 20 tests
[INFO] [stdout] test client::core_types::tst::test_coin ... ok
[INFO] [stdout] test client::core_types::tst::test_ibc_coins ... ok
[INFO] [stdout] test client::core_types::tst::test_coins ... ok
[INFO] [stdout] test client::core_types::tst::test_rate ... ok
[INFO] [stdout] test keys::public::tst::test_key_conversions ... ok
[INFO] [stdout] test keys::public::tst::tst_conv ... ok
[INFO] [stdout] test keys::public::tst::test_proposer ... ok
[INFO] [stdout] test messages::oracle::tst::tst_hash ... ok
[INFO] [stdout] test keys::public::tst::test_tendermint ... ok
[INFO] [stdout] test messages::oracle::tst::test_agg ... ok
[INFO] [stdout] test messages::wasm::tst::test_file_conversion ... ok
[INFO] [stdout] test keys::signature::tst::test_verify ... ok
[INFO] [stdout] test keys::private::tst::tst_words_to_pub ... ok
[INFO] [stdout] test client::tst::test_address_book ... FAILED
[INFO] [stdout] test keys::private::tst::tst_root_priv_key ... ok
[INFO] [stdout] test client::tst::test_send ... ok
[INFO] [stdout] test keys::private::tst::tst_gen_mnemonic ... ok
[INFO] [stdout] test keys::private::tst::test_sign ... ok
[INFO] [stdout] test client::tst::test_wasm ... ok
[INFO] [stdout] test keys::private::tst::tst_words ... ok
[INFO] [stdout] 
[INFO] [stdout] failures:
[INFO] [stdout] 
[INFO] [stdout] ---- client::tst::test_address_book stdout ----
[INFO] [stdout] Error: ReqwestError(reqwest::Error { kind: Request, url: Url { scheme: "https", cannot_be_a_base: false, username: "", password: None, host: Some(Domain("network.terra.dev")), port: None, path: "/addrbook.json", query: None, fragment: None }, source: hyper::Error(Connect, ConnectError("dns error", Custom { kind: Uncategorized, error: "failed to lookup address information: Temporary failure in name resolution" })) })
[INFO] [stdout] 
[INFO] [stdout] 
[INFO] [stdout] failures:
[INFO] [stdout]     client::tst::test_address_book
[INFO] [stdout] 
[INFO] [stdout] test result: FAILED. 19 passed; 1 failed; 0 ignored; 0 measured; 0 filtered out; finished in 0.72s
[INFO] [stdout] 
[INFO] [stderr] error: test failed, to rerun pass `--lib`
[INFO] running `Command { std: "docker" "inspect" "8dab7fdf98f44abdd0284a0b6c23716a09a23cf567bd923b837804054aebf121", kill_on_drop: false }`
[INFO] running `Command { std: "docker" "rm" "-f" "8dab7fdf98f44abdd0284a0b6c23716a09a23cf567bd923b837804054aebf121", kill_on_drop: false }`
[INFO] [stdout] 8dab7fdf98f44abdd0284a0b6c23716a09a23cf567bd923b837804054aebf121
[INFO] testing terra-rust-api-1.2.20 against beta-2023-12-22 for beta-1.76-1
[INFO] extracting crate terra-rust-api 1.2.20 into /workspace/builds/worker-1-tc2/source
[INFO] validating manifest of crates.io crate terra-rust-api 1.2.20 on toolchain beta-2023-12-22
[INFO] running `Command { std: CARGO_HOME="/workspace/cargo-home" RUSTUP_HOME="/workspace/rustup-home" "/workspace/cargo-home/bin/cargo" "+beta-2023-12-22" "metadata" "--manifest-path" "Cargo.toml" "--no-deps", kill_on_drop: false }`
[INFO] started tweaking crates.io crate terra-rust-api 1.2.20
[INFO] finished tweaking crates.io crate terra-rust-api 1.2.20
[INFO] tweaked toml for crates.io crate terra-rust-api 1.2.20 written to /workspace/builds/worker-1-tc2/source/Cargo.toml
[INFO] running `Command { std: CARGO_HOME="/workspace/cargo-home" RUSTUP_HOME="/workspace/rustup-home" "/workspace/cargo-home/bin/cargo" "+beta-2023-12-22" "generate-lockfile" "--manifest-path" "Cargo.toml", kill_on_drop: false }`
[INFO] [stderr]     Updating crates.io index
[INFO] running `Command { std: CARGO_HOME="/workspace/cargo-home" RUSTUP_HOME="/workspace/rustup-home" "/workspace/cargo-home/bin/cargo" "+beta-2023-12-22" "fetch" "--manifest-path" "Cargo.toml", kill_on_drop: false }`
[INFO] running `Command { std: "docker" "create" "-v" "/var/lib/crater-agent-workspace/builds/worker-1-tc2/target:/opt/rustwide/target:rw,Z" "-v" "/var/lib/crater-agent-workspace/builds/worker-1-tc2/source:/opt/rustwide/workdir:ro,Z" "-v" "/var/lib/crater-agent-workspace/cargo-home:/opt/rustwide/cargo-home:ro,Z" "-v" "/var/lib/crater-agent-workspace/rustup-home:/opt/rustwide/rustup-home:ro,Z" "-e" "SOURCE_DIR=/opt/rustwide/workdir" "-e" "CARGO_TARGET_DIR=/opt/rustwide/target" "-e" "CARGO_HOME=/opt/rustwide/cargo-home" "-e" "RUSTUP_HOME=/opt/rustwide/rustup-home" "-w" "/opt/rustwide/workdir" "-m" "1610612736" "--user" "0:0" "--network" "none" "ghcr.io/rust-lang/crates-build-env/linux@sha256:2788e3201cd34a07e3172128adcd8b3090168a8e3bcc40d7c032b9dda1df7d1c" "/opt/rustwide/cargo-home/bin/cargo" "+beta-2023-12-22" "metadata" "--no-deps" "--format-version=1", kill_on_drop: false }`
[INFO] [stdout] 774b40058f5e6441a003fbfa648a37ac233c1fb365620d57e0d37681aea8fae2
[INFO] running `Command { std: "docker" "start" "-a" "774b40058f5e6441a003fbfa648a37ac233c1fb365620d57e0d37681aea8fae2", kill_on_drop: false }`
[INFO] running `Command { std: "docker" "inspect" "774b40058f5e6441a003fbfa648a37ac233c1fb365620d57e0d37681aea8fae2", kill_on_drop: false }`
[INFO] running `Command { std: "docker" "rm" "-f" "774b40058f5e6441a003fbfa648a37ac233c1fb365620d57e0d37681aea8fae2", kill_on_drop: false }`
[INFO] [stdout] 774b40058f5e6441a003fbfa648a37ac233c1fb365620d57e0d37681aea8fae2
[INFO] running `Command { std: "docker" "create" "-v" "/var/lib/crater-agent-workspace/builds/worker-1-tc2/target:/opt/rustwide/target:rw,Z" "-v" "/var/lib/crater-agent-workspace/builds/worker-1-tc2/source:/opt/rustwide/workdir:ro,Z" "-v" "/var/lib/crater-agent-workspace/cargo-home:/opt/rustwide/cargo-home:ro,Z" "-v" "/var/lib/crater-agent-workspace/rustup-home:/opt/rustwide/rustup-home:ro,Z" "-e" "SOURCE_DIR=/opt/rustwide/workdir" "-e" "CARGO_TARGET_DIR=/opt/rustwide/target" "-e" "CARGO_INCREMENTAL=0" "-e" "RUST_BACKTRACE=full" "-e" "RUSTFLAGS=--cap-lints=warn" "-e" "RUSTDOCFLAGS=--cap-lints=warn" "-e" "CARGO_HOME=/opt/rustwide/cargo-home" "-e" "RUSTUP_HOME=/opt/rustwide/rustup-home" "-w" "/opt/rustwide/workdir" "-m" "1610612736" "--user" "0:0" "--network" "none" "ghcr.io/rust-lang/crates-build-env/linux@sha256:2788e3201cd34a07e3172128adcd8b3090168a8e3bcc40d7c032b9dda1df7d1c" "/opt/rustwide/cargo-home/bin/cargo" "+beta-2023-12-22" "build" "--frozen" "--message-format=json", kill_on_drop: false }`
[INFO] [stdout] 295820c1c7db2338f8948dafb8e0a5af404ba8d1a0ed0c8600feb929fb38bf5b
[INFO] running `Command { std: "docker" "start" "-a" "295820c1c7db2338f8948dafb8e0a5af404ba8d1a0ed0c8600feb929fb38bf5b", kill_on_drop: false }`
[INFO] [stderr]    Compiling vcpkg v0.2.15
[INFO] [stderr]    Compiling generic-array v0.14.7
[INFO] [stderr]    Compiling getrandom v0.1.16
[INFO] [stderr]    Compiling futures-io v0.3.30
[INFO] [stderr]    Compiling subtle v2.4.1
[INFO] [stderr]    Compiling openssl v0.10.62
[INFO] [stderr]    Compiling foreign-types-shared v0.1.1
[INFO] [stderr]    Compiling num-traits v0.2.17
[INFO] [stderr]    Compiling syn v2.0.48
[INFO] [stderr]    Compiling tracing v0.1.40
[INFO] [stderr]    Compiling bitflags v2.4.1
[INFO] [stderr]    Compiling hashbrown v0.14.3
[INFO] [stderr]    Compiling native-tls v0.2.11
[INFO] [stderr]    Compiling secp256k1-sys v0.4.2
[INFO] [stderr]    Compiling openssl-probe v0.1.5
[INFO] [stderr]    Compiling gcc v0.3.55
[INFO] [stderr]    Compiling foreign-types v0.3.2
[INFO] [stderr]    Compiling ppv-lite86 v0.2.17
[INFO] [stderr]    Compiling rust_decimal v1.33.1
[INFO] [stderr]    Compiling opaque-debug v0.3.0
[INFO] [stderr]    Compiling rand v0.4.6
[INFO] [stderr]    Compiling signature v1.6.4
[INFO] [stderr]    Compiling arrayvec v0.7.4
[INFO] [stderr]    Compiling byteorder v1.5.0
[INFO] [stderr]    Compiling time v0.1.45
[INFO] [stderr]    Compiling bech32 v0.8.1
[INFO] [stderr]    Compiling bitcoin_hashes v0.10.0
[INFO] [stderr]    Compiling base64 v0.13.1
[INFO] [stderr]    Compiling digest v0.9.0
[INFO] [stderr]    Compiling block-buffer v0.9.0
[INFO] [stderr]    Compiling crypto-mac v0.10.1
[INFO] [stderr]    Compiling rand_core v0.5.1
[INFO] [stderr]    Compiling sha2 v0.9.9
[INFO] [stderr]    Compiling pbkdf2 v0.6.0
[INFO] [stderr]    Compiling hmac v0.10.1
[INFO] [stderr]    Compiling rand v0.3.23
[INFO] [stderr]    Compiling rand_chacha v0.2.2
[INFO] [stderr]    Compiling indexmap v2.1.0
[INFO] [stderr]    Compiling openssl-sys v0.9.98
[INFO] [stderr]    Compiling rust-crypto v0.2.36
[INFO] [stderr]    Compiling rand v0.7.3
[INFO] [stderr]    Compiling chrono v0.4.31
[INFO] [stderr]    Compiling secp256k1 v0.20.3
[INFO] [stderr]    Compiling bitcoin v0.27.1
[INFO] [stderr]    Compiling serde_derive v1.0.194
[INFO] [stderr]    Compiling tokio-macros v2.2.0
[INFO] [stderr]    Compiling futures-macro v0.3.30
[INFO] [stderr]    Compiling zeroize_derive v1.4.2
[INFO] [stderr]    Compiling openssl-macros v0.1.1
[INFO] [stderr]    Compiling thiserror-impl v1.0.56
[INFO] [stderr]    Compiling zeroize v1.3.0
[INFO] [stderr]    Compiling tokio v1.35.1
[INFO] [stderr]    Compiling curve25519-dalek v3.2.1
[INFO] [stderr]    Compiling subtle-encoding v0.5.1
[INFO] [stderr]    Compiling futures-util v0.3.30
[INFO] [stderr]    Compiling hkd32 v0.5.0
[INFO] [stderr]    Compiling thiserror v1.0.56
[INFO] [stderr]    Compiling serde v1.0.194
[INFO] [stderr]    Compiling futures-executor v0.3.30
[INFO] [stderr]    Compiling futures v0.3.30
[INFO] [stderr]    Compiling tokio-util v0.7.10
[INFO] [stderr]    Compiling tokio-native-tls v0.3.1
[INFO] [stderr]    Compiling serde_urlencoded v0.7.1
[INFO] [stderr]    Compiling serde_bytes v0.11.14
[INFO] [stderr]    Compiling ed25519 v1.5.3
[INFO] [stderr]    Compiling serde_json v1.0.111
[INFO] [stderr]    Compiling erased-serde v0.3.31
[INFO] [stderr]    Compiling h2 v0.3.22
[INFO] [stderr]    Compiling ed25519-dalek v1.0.1
[INFO] [stderr]    Compiling rust_decimal_macros v1.33.1
[INFO] [stderr]    Compiling hyper v0.14.28
[INFO] [stderr]    Compiling hyper-tls v0.5.0
[INFO] [stderr]    Compiling reqwest v0.11.23
[INFO] [stderr]    Compiling terra-rust-api v1.2.20 (/opt/rustwide/workdir)
[INFO] [stdout] warning: unused import: `ed25519_dalek::PublicKey as Ed25519`
[INFO] [stdout]  --> src/keys/public.rs:8:9
[INFO] [stdout]   |
[INFO] [stdout] 8 | pub use ed25519_dalek::PublicKey as Ed25519;
[INFO] [stdout]   |         ^^^^^^^^^^^^^^^^^^^^^^^^^^^^^^^^^^^
[INFO] [stdout]   |
[INFO] [stdout]   = note: `#[warn(unused_imports)]` on by default
[INFO] [stdout] 
[INFO] [stdout] 
[INFO] [stdout] warning: 1 warning emitted
[INFO] [stdout] 
[INFO] [stdout] 
[INFO] [stderr]     Finished dev [unoptimized + debuginfo] target(s) in 21.73s
[INFO] running `Command { std: "docker" "inspect" "295820c1c7db2338f8948dafb8e0a5af404ba8d1a0ed0c8600feb929fb38bf5b", kill_on_drop: false }`
[INFO] running `Command { std: "docker" "rm" "-f" "295820c1c7db2338f8948dafb8e0a5af404ba8d1a0ed0c8600feb929fb38bf5b", kill_on_drop: false }`
[INFO] [stdout] 295820c1c7db2338f8948dafb8e0a5af404ba8d1a0ed0c8600feb929fb38bf5b
[INFO] running `Command { std: "docker" "create" "-v" "/var/lib/crater-agent-workspace/builds/worker-1-tc2/target:/opt/rustwide/target:rw,Z" "-v" "/var/lib/crater-agent-workspace/builds/worker-1-tc2/source:/opt/rustwide/workdir:ro,Z" "-v" "/var/lib/crater-agent-workspace/cargo-home:/opt/rustwide/cargo-home:ro,Z" "-v" "/var/lib/crater-agent-workspace/rustup-home:/opt/rustwide/rustup-home:ro,Z" "-e" "SOURCE_DIR=/opt/rustwide/workdir" "-e" "CARGO_TARGET_DIR=/opt/rustwide/target" "-e" "CARGO_INCREMENTAL=0" "-e" "RUST_BACKTRACE=full" "-e" "RUSTFLAGS=--cap-lints=warn" "-e" "RUSTDOCFLAGS=--cap-lints=warn" "-e" "CARGO_HOME=/opt/rustwide/cargo-home" "-e" "RUSTUP_HOME=/opt/rustwide/rustup-home" "-w" "/opt/rustwide/workdir" "-m" "1610612736" "--user" "0:0" "--network" "none" "ghcr.io/rust-lang/crates-build-env/linux@sha256:2788e3201cd34a07e3172128adcd8b3090168a8e3bcc40d7c032b9dda1df7d1c" "/opt/rustwide/cargo-home/bin/cargo" "+beta-2023-12-22" "test" "--frozen" "--no-run" "--message-format=json", kill_on_drop: false }`
[INFO] [stdout] e9757069ac37418f176a63d9dbe96bfe76383c7928409d39e649bc918dc149d9
[INFO] running `Command { std: "docker" "start" "-a" "e9757069ac37418f176a63d9dbe96bfe76383c7928409d39e649bc918dc149d9", kill_on_drop: false }`
[INFO] [stderr]    Compiling atty v0.2.14
[INFO] [stderr]    Compiling humantime v2.1.0
[INFO] [stderr]    Compiling dotenv v0.15.0
[INFO] [stdout] warning: unused import: `ed25519_dalek::PublicKey as Ed25519`
[INFO] [stdout]  --> src/keys/public.rs:8:9
[INFO] [stdout]   |
[INFO] [stdout] 8 | pub use ed25519_dalek::PublicKey as Ed25519;
[INFO] [stdout]   |         ^^^^^^^^^^^^^^^^^^^^^^^^^^^^^^^^^^^
[INFO] [stdout]   |
[INFO] [stdout]   = note: `#[warn(unused_imports)]` on by default
[INFO] [stdout] 
[INFO] [stdout] 
[INFO] [stdout] warning: 1 warning emitted
[INFO] [stdout] 
[INFO] [stdout] 
[INFO] [stderr]    Compiling env_logger v0.8.4
[INFO] [stderr]    Compiling terra-rust-api v1.2.20 (/opt/rustwide/workdir)
[INFO] [stderr]     Finished test [unoptimized + debuginfo] target(s) in 6.04s
[INFO] running `Command { std: "docker" "inspect" "e9757069ac37418f176a63d9dbe96bfe76383c7928409d39e649bc918dc149d9", kill_on_drop: false }`
[INFO] running `Command { std: "docker" "rm" "-f" "e9757069ac37418f176a63d9dbe96bfe76383c7928409d39e649bc918dc149d9", kill_on_drop: false }`
[INFO] [stdout] e9757069ac37418f176a63d9dbe96bfe76383c7928409d39e649bc918dc149d9
[INFO] running `Command { std: "docker" "create" "-v" "/var/lib/crater-agent-workspace/builds/worker-1-tc2/target:/opt/rustwide/target:rw,Z" "-v" "/var/lib/crater-agent-workspace/builds/worker-1-tc2/source:/opt/rustwide/workdir:ro,Z" "-v" "/var/lib/crater-agent-workspace/cargo-home:/opt/rustwide/cargo-home:ro,Z" "-v" "/var/lib/crater-agent-workspace/rustup-home:/opt/rustwide/rustup-home:ro,Z" "-e" "SOURCE_DIR=/opt/rustwide/workdir" "-e" "CARGO_TARGET_DIR=/opt/rustwide/target" "-e" "CARGO_INCREMENTAL=0" "-e" "RUST_BACKTRACE=full" "-e" "RUSTFLAGS=--cap-lints=warn" "-e" "RUSTDOCFLAGS=--cap-lints=warn" "-e" "CARGO_HOME=/opt/rustwide/cargo-home" "-e" "RUSTUP_HOME=/opt/rustwide/rustup-home" "-w" "/opt/rustwide/workdir" "-m" "1610612736" "--user" "0:0" "--network" "none" "ghcr.io/rust-lang/crates-build-env/linux@sha256:2788e3201cd34a07e3172128adcd8b3090168a8e3bcc40d7c032b9dda1df7d1c" "/opt/rustwide/cargo-home/bin/cargo" "+beta-2023-12-22" "test" "--frozen", kill_on_drop: false }`
[INFO] [stdout] 7cdc0b59c5137d030e3d0637de86a44170aafcb3536b54edae659c491280a5fd
[INFO] running `Command { std: "docker" "start" "-a" "7cdc0b59c5137d030e3d0637de86a44170aafcb3536b54edae659c491280a5fd", kill_on_drop: false }`
[INFO] [stderr] warning: unused import: `ed25519_dalek::PublicKey as Ed25519`
[INFO] [stderr]  --> src/keys/public.rs:8:9
[INFO] [stderr]   |
[INFO] [stderr] 8 | pub use ed25519_dalek::PublicKey as Ed25519;
[INFO] [stderr]   |         ^^^^^^^^^^^^^^^^^^^^^^^^^^^^^^^^^^^
[INFO] [stderr]   |
[INFO] [stderr]   = note: `#[warn(unused_imports)]` on by default
[INFO] [stderr] 
[INFO] [stderr] warning: `terra-rust-api` (lib) generated 1 warning (run `cargo fix --lib -p terra-rust-api` to apply 1 suggestion)
[INFO] [stderr]     Finished test [unoptimized + debuginfo] target(s) in 0.11s
[INFO] [stderr]      Running unittests src/lib.rs (/opt/rustwide/target/debug/deps/terra_rust_api-7b0c2b9b616786f1)
[INFO] [stdout] 
[INFO] [stdout] running 20 tests
[INFO] [stdout] test keys::public::tst::test_proposer ... ok
[INFO] [stdout] test keys::public::tst::tst_conv ... ok
[INFO] [stdout] test keys::public::tst::test_key_conversions ... ok
[INFO] [stdout] test keys::public::tst::test_tendermint ... ok
[INFO] [stdout] test messages::oracle::tst::tst_hash ... ok
[INFO] [stdout] test client::core_types::tst::test_rate ... ok
[INFO] [stdout] test client::core_types::tst::test_coins ... ok
[INFO] [stdout] test messages::oracle::tst::test_agg ... ok
[INFO] [stdout] test client::core_types::tst::test_coin ... ok
[INFO] [stdout] test client::core_types::tst::test_ibc_coins ... ok
[INFO] [stdout] test messages::wasm::tst::test_file_conversion ... ok
[INFO] [stdout] test keys::signature::tst::test_verify ... ok
[INFO] [stdout] test client::tst::test_address_book ... FAILED
[INFO] [stdout] test keys::private::tst::tst_gen_mnemonic ... ok
[INFO] [stdout] test client::tst::test_send ... ok
[INFO] [stdout] test keys::private::tst::tst_words_to_pub ... ok
[INFO] [stdout] test keys::private::tst::tst_root_priv_key ... ok
[INFO] [stdout] test keys::private::tst::test_sign ... ok
[INFO] [stdout] test client::tst::test_wasm ... ok
[INFO] [stdout] test keys::private::tst::tst_words ... ok
[INFO] [stdout] 
[INFO] [stdout] failures:
[INFO] [stdout] 
[INFO] [stdout] ---- client::tst::test_address_book stdout ----
[INFO] [stdout] Error: ReqwestError(reqwest::Error { kind: Request, url: Url { scheme: "https", cannot_be_a_base: false, username: "", password: None, host: Some(Domain("network.terra.dev")), port: None, path: "/addrbook.json", query: None, fragment: None }, source: hyper::Error(Connect, ConnectError("dns error", Custom { kind: Uncategorized, error: "failed to lookup address information: Temporary failure in name resolution" })) })
[INFO] [stdout] 
[INFO] [stdout] 
[INFO] [stdout] failures:
[INFO] [stdout]     client::tst::test_address_book
[INFO] [stdout] 
[INFO] [stdout] test result: FAILED. 19 passed; 1 failed; 0 ignored; 0 measured; 0 filtered out; finished in 0.26s
[INFO] [stdout] 
[INFO] [stderr] error: test failed, to rerun pass `--lib`
[INFO] running `Command { std: "docker" "inspect" "7cdc0b59c5137d030e3d0637de86a44170aafcb3536b54edae659c491280a5fd", kill_on_drop: false }`
[INFO] running `Command { std: "docker" "rm" "-f" "7cdc0b59c5137d030e3d0637de86a44170aafcb3536b54edae659c491280a5fd", kill_on_drop: false }`
[INFO] [stdout] 7cdc0b59c5137d030e3d0637de86a44170aafcb3536b54edae659c491280a5fd
