[INFO] fetching crate terra-proto 0.5.16-beta.1...
[INFO] testing terra-proto-0.5.16-beta.1 against 1.75.0 for beta-1.76-1
[INFO] extracting crate terra-proto 0.5.16-beta.1 into /workspace/builds/worker-4-tc1/source
[INFO] validating manifest of crates.io crate terra-proto 0.5.16-beta.1 on toolchain 1.75.0
[INFO] running `Command { std: CARGO_HOME="/workspace/cargo-home" RUSTUP_HOME="/workspace/rustup-home" "/workspace/cargo-home/bin/cargo" "+1.75.0" "metadata" "--manifest-path" "Cargo.toml" "--no-deps", kill_on_drop: false }`
[INFO] started tweaking crates.io crate terra-proto 0.5.16-beta.1
[INFO] finished tweaking crates.io crate terra-proto 0.5.16-beta.1
[INFO] tweaked toml for crates.io crate terra-proto 0.5.16-beta.1 written to /workspace/builds/worker-4-tc1/source/Cargo.toml
[INFO] crate crates.io crate terra-proto 0.5.16-beta.1 already has a lockfile, it will not be regenerated
[INFO] running `Command { std: CARGO_HOME="/workspace/cargo-home" RUSTUP_HOME="/workspace/rustup-home" "/workspace/cargo-home/bin/cargo" "+1.75.0" "fetch" "--manifest-path" "Cargo.toml", kill_on_drop: false }`
[INFO] running `Command { std: "docker" "create" "-v" "/var/lib/crater-agent-workspace/builds/worker-4-tc1/target:/opt/rustwide/target:rw,Z" "-v" "/var/lib/crater-agent-workspace/builds/worker-4-tc1/source:/opt/rustwide/workdir:ro,Z" "-v" "/var/lib/crater-agent-workspace/cargo-home:/opt/rustwide/cargo-home:ro,Z" "-v" "/var/lib/crater-agent-workspace/rustup-home:/opt/rustwide/rustup-home:ro,Z" "-e" "SOURCE_DIR=/opt/rustwide/workdir" "-e" "CARGO_TARGET_DIR=/opt/rustwide/target" "-e" "CARGO_HOME=/opt/rustwide/cargo-home" "-e" "RUSTUP_HOME=/opt/rustwide/rustup-home" "-w" "/opt/rustwide/workdir" "-m" "1610612736" "--user" "0:0" "--network" "none" "ghcr.io/rust-lang/crates-build-env/linux@sha256:2788e3201cd34a07e3172128adcd8b3090168a8e3bcc40d7c032b9dda1df7d1c" "/opt/rustwide/cargo-home/bin/cargo" "+1.75.0" "metadata" "--no-deps" "--format-version=1", kill_on_drop: false }`
[INFO] [stdout] 37178abc2866e46a9e5b8544442b68133be3776193762c2187a6d32f52b96a42
[INFO] running `Command { std: "docker" "start" "-a" "37178abc2866e46a9e5b8544442b68133be3776193762c2187a6d32f52b96a42", kill_on_drop: false }`
[INFO] running `Command { std: "docker" "inspect" "37178abc2866e46a9e5b8544442b68133be3776193762c2187a6d32f52b96a42", kill_on_drop: false }`
[INFO] running `Command { std: "docker" "rm" "-f" "37178abc2866e46a9e5b8544442b68133be3776193762c2187a6d32f52b96a42", kill_on_drop: false }`
[INFO] [stdout] 37178abc2866e46a9e5b8544442b68133be3776193762c2187a6d32f52b96a42
[INFO] running `Command { std: "docker" "create" "-v" "/var/lib/crater-agent-workspace/builds/worker-4-tc1/target:/opt/rustwide/target:rw,Z" "-v" "/var/lib/crater-agent-workspace/builds/worker-4-tc1/source:/opt/rustwide/workdir:ro,Z" "-v" "/var/lib/crater-agent-workspace/cargo-home:/opt/rustwide/cargo-home:ro,Z" "-v" "/var/lib/crater-agent-workspace/rustup-home:/opt/rustwide/rustup-home:ro,Z" "-e" "SOURCE_DIR=/opt/rustwide/workdir" "-e" "CARGO_TARGET_DIR=/opt/rustwide/target" "-e" "CARGO_INCREMENTAL=0" "-e" "RUST_BACKTRACE=full" "-e" "RUSTFLAGS=--cap-lints=warn" "-e" "RUSTDOCFLAGS=--cap-lints=warn" "-e" "CARGO_HOME=/opt/rustwide/cargo-home" "-e" "RUSTUP_HOME=/opt/rustwide/rustup-home" "-w" "/opt/rustwide/workdir" "-m" "1610612736" "--user" "0:0" "--network" "none" "ghcr.io/rust-lang/crates-build-env/linux@sha256:2788e3201cd34a07e3172128adcd8b3090168a8e3bcc40d7c032b9dda1df7d1c" "/opt/rustwide/cargo-home/bin/cargo" "+1.75.0" "build" "--frozen" "--message-format=json", kill_on_drop: false }`
[INFO] [stdout] 5e5e2f1700d1dd7a0db80c0c70c06e8527ae53042691c46b0626f366a6358fce
[INFO] running `Command { std: "docker" "start" "-a" "5e5e2f1700d1dd7a0db80c0c70c06e8527ae53042691c46b0626f366a6358fce", kill_on_drop: false }`
[INFO] [stderr]    Compiling proc-macro2 v1.0.33
[INFO] [stderr]    Compiling syn v1.0.82
[INFO] [stderr]    Compiling anyhow v1.0.51
[INFO] [stderr]    Compiling either v1.6.1
[INFO] [stderr]    Compiling bytes v1.1.0
[INFO] [stderr]    Compiling itertools v0.10.3
[INFO] [stderr]    Compiling quote v1.0.10
[INFO] [stderr]    Compiling prost-derive v0.9.0
[INFO] [stderr]    Compiling prost v0.9.0
[INFO] [stderr]    Compiling prost-types v0.9.0
[INFO] [stderr]    Compiling terra-proto v0.5.16-beta.1 (/opt/rustwide/workdir)
[INFO] [stderr]     Finished dev [unoptimized + debuginfo] target(s) in 8.80s
[INFO] running `Command { std: "docker" "inspect" "5e5e2f1700d1dd7a0db80c0c70c06e8527ae53042691c46b0626f366a6358fce", kill_on_drop: false }`
[INFO] running `Command { std: "docker" "rm" "-f" "5e5e2f1700d1dd7a0db80c0c70c06e8527ae53042691c46b0626f366a6358fce", kill_on_drop: false }`
[INFO] [stdout] 5e5e2f1700d1dd7a0db80c0c70c06e8527ae53042691c46b0626f366a6358fce
[INFO] running `Command { std: "docker" "create" "-v" "/var/lib/crater-agent-workspace/builds/worker-4-tc1/target:/opt/rustwide/target:rw,Z" "-v" "/var/lib/crater-agent-workspace/builds/worker-4-tc1/source:/opt/rustwide/workdir:ro,Z" "-v" "/var/lib/crater-agent-workspace/cargo-home:/opt/rustwide/cargo-home:ro,Z" "-v" "/var/lib/crater-agent-workspace/rustup-home:/opt/rustwide/rustup-home:ro,Z" "-e" "SOURCE_DIR=/opt/rustwide/workdir" "-e" "CARGO_TARGET_DIR=/opt/rustwide/target" "-e" "CARGO_INCREMENTAL=0" "-e" "RUST_BACKTRACE=full" "-e" "RUSTFLAGS=--cap-lints=warn" "-e" "RUSTDOCFLAGS=--cap-lints=warn" "-e" "CARGO_HOME=/opt/rustwide/cargo-home" "-e" "RUSTUP_HOME=/opt/rustwide/rustup-home" "-w" "/opt/rustwide/workdir" "-m" "1610612736" "--user" "0:0" "--network" "none" "ghcr.io/rust-lang/crates-build-env/linux@sha256:2788e3201cd34a07e3172128adcd8b3090168a8e3bcc40d7c032b9dda1df7d1c" "/opt/rustwide/cargo-home/bin/cargo" "+1.75.0" "test" "--frozen" "--no-run" "--message-format=json", kill_on_drop: false }`
[INFO] [stdout] 6b3d593cdf0beca168778b8461dc3a586a18d0aa9cbd23056e87dbfc9300192b
[INFO] running `Command { std: "docker" "start" "-a" "6b3d593cdf0beca168778b8461dc3a586a18d0aa9cbd23056e87dbfc9300192b", kill_on_drop: false }`
[INFO] [stderr]    Compiling libc v0.2.109
[INFO] [stderr]    Compiling either v1.6.1
[INFO] [stderr]    Compiling autocfg v1.0.1
[INFO] [stderr]    Compiling memchr v2.4.1
[INFO] [stderr]    Compiling ppv-lite86 v0.2.15
[INFO] [stderr]    Compiling log v0.4.14
[INFO] [stderr]    Compiling hashbrown v0.11.2
[INFO] [stderr]    Compiling unicode-segmentation v1.8.0
[INFO] [stderr]    Compiling remove_dir_all v0.5.3
[INFO] [stderr]    Compiling fixedbitset v0.4.0
[INFO] [stderr]    Compiling regex-syntax v0.6.25
[INFO] [stderr]    Compiling multimap v0.8.3
[INFO] [stderr]    Compiling same-file v1.0.6
[INFO] [stderr]    Compiling walkdir v2.3.2
[INFO] [stderr]    Compiling itertools v0.10.3
[INFO] [stderr]    Compiling indexmap v1.7.0
[INFO] [stderr]    Compiling heck v0.3.3
[INFO] [stderr]    Compiling aho-corasick v0.7.18
[INFO] [stderr]    Compiling getrandom v0.2.3
[INFO] [stderr]    Compiling which v4.2.2
[INFO] [stderr]    Compiling petgraph v0.6.0
[INFO] [stderr]    Compiling rand_core v0.6.3
[INFO] [stderr]    Compiling prost-build v0.9.0
[INFO] [stderr]    Compiling rand_chacha v0.3.1
[INFO] [stderr]    Compiling rand v0.8.4
[INFO] [stderr]    Compiling prost-derive v0.9.0
[INFO] [stderr]    Compiling regex v1.5.4
[INFO] [stderr]    Compiling tempfile v3.2.0
[INFO] [stderr]    Compiling prost v0.9.0
[INFO] [stderr]    Compiling prost-types v0.9.0
[INFO] [stderr]    Compiling terra-proto v0.5.16-beta.1 (/opt/rustwide/workdir)
[INFO] [stderr]     Finished test [unoptimized + debuginfo] target(s) in 9.06s
[INFO] running `Command { std: "docker" "inspect" "6b3d593cdf0beca168778b8461dc3a586a18d0aa9cbd23056e87dbfc9300192b", kill_on_drop: false }`
[INFO] running `Command { std: "docker" "rm" "-f" "6b3d593cdf0beca168778b8461dc3a586a18d0aa9cbd23056e87dbfc9300192b", kill_on_drop: false }`
[INFO] [stdout] 6b3d593cdf0beca168778b8461dc3a586a18d0aa9cbd23056e87dbfc9300192b
[INFO] running `Command { std: "docker" "create" "-v" "/var/lib/crater-agent-workspace/builds/worker-4-tc1/target:/opt/rustwide/target:rw,Z" "-v" "/var/lib/crater-agent-workspace/builds/worker-4-tc1/source:/opt/rustwide/workdir:ro,Z" "-v" "/var/lib/crater-agent-workspace/cargo-home:/opt/rustwide/cargo-home:ro,Z" "-v" "/var/lib/crater-agent-workspace/rustup-home:/opt/rustwide/rustup-home:ro,Z" "-e" "SOURCE_DIR=/opt/rustwide/workdir" "-e" "CARGO_TARGET_DIR=/opt/rustwide/target" "-e" "CARGO_INCREMENTAL=0" "-e" "RUST_BACKTRACE=full" "-e" "RUSTFLAGS=--cap-lints=warn" "-e" "RUSTDOCFLAGS=--cap-lints=warn" "-e" "CARGO_HOME=/opt/rustwide/cargo-home" "-e" "RUSTUP_HOME=/opt/rustwide/rustup-home" "-w" "/opt/rustwide/workdir" "-m" "1610612736" "--user" "0:0" "--network" "none" "ghcr.io/rust-lang/crates-build-env/linux@sha256:2788e3201cd34a07e3172128adcd8b3090168a8e3bcc40d7c032b9dda1df7d1c" "/opt/rustwide/cargo-home/bin/cargo" "+1.75.0" "test" "--frozen", kill_on_drop: false }`
[INFO] [stdout] 01347f7ceec57b92b4f3cd190af499d1f8e9a6c6d4cf78147ce7d144307becbd
[INFO] running `Command { std: "docker" "start" "-a" "01347f7ceec57b92b4f3cd190af499d1f8e9a6c6d4cf78147ce7d144307becbd", kill_on_drop: false }`
[INFO] [stderr]     Finished test [unoptimized + debuginfo] target(s) in 0.02s
[INFO] [stderr]      Running unittests src/lib.rs (/opt/rustwide/target/debug/deps/terra_proto-a660f7252ec3a05b)
[INFO] [stdout] 
[INFO] [stdout] running 0 tests
[INFO] [stdout] 
[INFO] [stdout] test result: ok. 0 passed; 0 failed; 0 ignored; 0 measured; 0 filtered out; finished in 0.00s
[INFO] [stdout] 
[INFO] [stderr]    Doc-tests terra-proto
[INFO] [stdout] 
[INFO] [stdout] running 9 tests
[INFO] [stdout] test src/generated/google/api/mod.rs - generated::google::api::HttpRule (line 73) ... FAILED
[INFO] [stdout] test src/generated/google/api/mod.rs - generated::google::api::HttpRule (line 131) ... FAILED
[INFO] [stdout] test src/generated/google/api/mod.rs - generated::google::api::HttpBody (line 336) ... FAILED
[INFO] [stdout] test src/generated/google/api/mod.rs - generated::google::api::HttpBody (line 320) ... FAILED
[INFO] [stdout] test src/generated/google/api/mod.rs - generated::google::api::HttpRule (line 202) ... FAILED
[INFO] [stdout] test src/generated/google/api/mod.rs - generated::google::api::HttpRule (line 104) ... FAILED
[INFO] [stdout] test src/generated/google/api/mod.rs - generated::google::api::HttpRule (line 160) ... FAILED
[INFO] [stdout] test src/generated/google/api/mod.rs - generated::google::api::HttpRule (line 33) ... FAILED
[INFO] [stdout] test src/generated/google/api/mod.rs - generated::google::api::HttpRule (line 52) ... FAILED
[INFO] [stdout] 
[INFO] [stdout] failures:
[INFO] [stdout] 
[INFO] [stdout] ---- src/generated/google/api/mod.rs - generated::google::api::HttpRule (line 73) stdout ----
[INFO] [stdout] error: expected one of `!`, `.`, `::`, `;`, `?`, `{`, `}`, or an operator, found `Messaging`
[INFO] [stdout]  --> src/generated/google/api/mod.rs:74:9
[INFO] [stdout]   |
[INFO] [stdout] 3 | service Messaging {
[INFO] [stdout]   |         ^^^^^^^^^ expected one of 8 possible tokens
[INFO] [stdout] 
[INFO] [stdout] error: aborting due to previous error
[INFO] [stdout] 
[INFO] [stdout] Couldn't compile the test.
[INFO] [stdout] ---- src/generated/google/api/mod.rs - generated::google::api::HttpRule (line 131) stdout ----
[INFO] [stdout] error: expected one of `!`, `.`, `::`, `;`, `?`, `{`, `}`, or an operator, found `Messaging`
[INFO] [stdout]  --> src/generated/google/api/mod.rs:132:9
[INFO] [stdout]   |
[INFO] [stdout] 3 | service Messaging {
[INFO] [stdout]   |         ^^^^^^^^^ expected one of 8 possible tokens
[INFO] [stdout] 
[INFO] [stdout] error: aborting due to previous error
[INFO] [stdout] 
[INFO] [stdout] Couldn't compile the test.
[INFO] [stdout] ---- src/generated/google/api/mod.rs - generated::google::api::HttpBody (line 336) stdout ----
[INFO] [stdout] error: expected one of `!`, `.`, `::`, `;`, `?`, `{`, `}`, or an operator, found `CaldavService`
[INFO] [stdout]  --> src/generated/google/api/mod.rs:337:9
[INFO] [stdout]   |
[INFO] [stdout] 3 | service CaldavService {
[INFO] [stdout]   |         ^^^^^^^^^^^^^ expected one of 8 possible tokens
[INFO] [stdout] 
[INFO] [stdout] error: aborting due to previous error
[INFO] [stdout] 
[INFO] [stdout] Couldn't compile the test.
[INFO] [stdout] ---- src/generated/google/api/mod.rs - generated::google::api::HttpBody (line 320) stdout ----
[INFO] [stdout] error: expected one of `!`, `.`, `::`, `;`, `?`, `{`, `}`, or an operator, found `GetResourceRequest`
[INFO] [stdout]  --> src/generated/google/api/mod.rs:321:9
[INFO] [stdout]   |
[INFO] [stdout] 3 | message GetResourceRequest {
[INFO] [stdout]   |         ^^^^^^^^^^^^^^^^^^ expected one of 8 possible tokens
[INFO] [stdout] 
[INFO] [stdout] error: aborting due to previous error
[INFO] [stdout] 
[INFO] [stdout] Couldn't compile the test.
[INFO] [stdout] ---- src/generated/google/api/mod.rs - generated::google::api::HttpRule (line 202) stdout ----
[INFO] [stdout] error: expected one of `.`, `;`, `?`, `}`, or an operator, found `Segments`
[INFO] [stdout]  --> src/generated/google/api/mod.rs:203:16
[INFO] [stdout]   |
[INFO] [stdout] 3 | Template = "/" Segments [ Verb ] ;
[INFO] [stdout]   |                ^^^^^^^^ expected one of `.`, `;`, `?`, `}`, or an operator
[INFO] [stdout] 
[INFO] [stdout] error: aborting due to previous error
[INFO] [stdout] 
[INFO] [stdout] Couldn't compile the test.
[INFO] [stdout] ---- src/generated/google/api/mod.rs - generated::google::api::HttpRule (line 104) stdout ----
[INFO] [stdout] error: expected one of `!`, `.`, `::`, `;`, `?`, `{`, `}`, or an operator, found `Messaging`
[INFO] [stdout]  --> src/generated/google/api/mod.rs:105:9
[INFO] [stdout]   |
[INFO] [stdout] 3 | service Messaging {
[INFO] [stdout]   |         ^^^^^^^^^ expected one of 8 possible tokens
[INFO] [stdout] 
[INFO] [stdout] error: aborting due to previous error
[INFO] [stdout] 
[INFO] [stdout] Couldn't compile the test.
[INFO] [stdout] ---- src/generated/google/api/mod.rs - generated::google::api::HttpRule (line 160) stdout ----
[INFO] [stdout] error: expected one of `!`, `.`, `::`, `;`, `?`, `{`, `}`, or an operator, found `Messaging`
[INFO] [stdout]  --> src/generated/google/api/mod.rs:161:9
[INFO] [stdout]   |
[INFO] [stdout] 3 | service Messaging {
[INFO] [stdout]   |         ^^^^^^^^^ expected one of 8 possible tokens
[INFO] [stdout] 
[INFO] [stdout] error: aborting due to previous error
[INFO] [stdout] 
[INFO] [stdout] Couldn't compile the test.
[INFO] [stdout] ---- src/generated/google/api/mod.rs - generated::google::api::HttpRule (line 33) stdout ----
[INFO] [stdout] error: expected one of `!`, `.`, `::`, `;`, `?`, `{`, `}`, or an operator, found `Messaging`
[INFO] [stdout]  --> src/generated/google/api/mod.rs:34:9
[INFO] [stdout]   |
[INFO] [stdout] 3 | service Messaging {
[INFO] [stdout]   |         ^^^^^^^^^ expected one of 8 possible tokens
[INFO] [stdout] 
[INFO] [stdout] error: aborting due to previous error
[INFO] [stdout] 
[INFO] [stdout] Couldn't compile the test.
[INFO] [stdout] ---- src/generated/google/api/mod.rs - generated::google::api::HttpRule (line 52) stdout ----
[INFO] [stdout] error: expected identifier, found `:`
[INFO] [stdout]  --> src/generated/google/api/mod.rs:53:5
[INFO] [stdout]   |
[INFO] [stdout] 3 | http:
[INFO] [stdout]   |     ^ expected identifier
[INFO] [stdout] 
[INFO] [stdout] error: aborting due to previous error
[INFO] [stdout] 
[INFO] [stdout] Couldn't compile the test.
[INFO] [stdout] 
[INFO] [stdout] failures:
[INFO] [stdout]     src/generated/google/api/mod.rs - generated::google::api::HttpBody (line 320)
[INFO] [stdout]     src/generated/google/api/mod.rs - generated::google::api::HttpBody (line 336)
[INFO] [stdout]     src/generated/google/api/mod.rs - generated::google::api::HttpRule (line 104)
[INFO] [stdout]     src/generated/google/api/mod.rs - generated::google::api::HttpRule (line 131)
[INFO] [stdout]     src/generated/google/api/mod.rs - generated::google::api::HttpRule (line 160)
[INFO] [stdout]     src/generated/google/api/mod.rs - generated::google::api::HttpRule (line 202)
[INFO] [stdout]     src/generated/google/api/mod.rs - generated::google::api::HttpRule (line 33)
[INFO] [stdout]     src/generated/google/api/mod.rs - generated::google::api::HttpRule (line 52)
[INFO] [stdout]     src/generated/google/api/mod.rs - generated::google::api::HttpRule (line 73)
[INFO] [stdout] 
[INFO] [stdout] test result: FAILED. 0 passed; 9 failed; 0 ignored; 0 measured; 0 filtered out; finished in 0.04s
[INFO] [stdout] 
[INFO] [stderr] error: doctest failed, to rerun pass `--doc`
[INFO] running `Command { std: "docker" "inspect" "01347f7ceec57b92b4f3cd190af499d1f8e9a6c6d4cf78147ce7d144307becbd", kill_on_drop: false }`
[INFO] running `Command { std: "docker" "rm" "-f" "01347f7ceec57b92b4f3cd190af499d1f8e9a6c6d4cf78147ce7d144307becbd", kill_on_drop: false }`
[INFO] [stdout] 01347f7ceec57b92b4f3cd190af499d1f8e9a6c6d4cf78147ce7d144307becbd
