[INFO] fetching crate termstatus 0.2.0...
[INFO] testing termstatus-0.2.0 against 1.75.0 for beta-1.76-1
[INFO] extracting crate termstatus 0.2.0 into /workspace/builds/worker-2-tc1/source
[INFO] validating manifest of crates.io crate termstatus 0.2.0 on toolchain 1.75.0
[INFO] running `Command { std: CARGO_HOME="/workspace/cargo-home" RUSTUP_HOME="/workspace/rustup-home" "/workspace/cargo-home/bin/cargo" "+1.75.0" "metadata" "--manifest-path" "Cargo.toml" "--no-deps", kill_on_drop: false }`
[INFO] started tweaking crates.io crate termstatus 0.2.0
[INFO] finished tweaking crates.io crate termstatus 0.2.0
[INFO] tweaked toml for crates.io crate termstatus 0.2.0 written to /workspace/builds/worker-2-tc1/source/Cargo.toml
[INFO] crate crates.io crate termstatus 0.2.0 already has a lockfile, it will not be regenerated
[INFO] running `Command { std: CARGO_HOME="/workspace/cargo-home" RUSTUP_HOME="/workspace/rustup-home" "/workspace/cargo-home/bin/cargo" "+1.75.0" "fetch" "--manifest-path" "Cargo.toml", kill_on_drop: false }`
[INFO] running `Command { std: "docker" "create" "-v" "/var/lib/crater-agent-workspace/builds/worker-2-tc1/target:/opt/rustwide/target:rw,Z" "-v" "/var/lib/crater-agent-workspace/builds/worker-2-tc1/source:/opt/rustwide/workdir:ro,Z" "-v" "/var/lib/crater-agent-workspace/cargo-home:/opt/rustwide/cargo-home:ro,Z" "-v" "/var/lib/crater-agent-workspace/rustup-home:/opt/rustwide/rustup-home:ro,Z" "-e" "SOURCE_DIR=/opt/rustwide/workdir" "-e" "CARGO_TARGET_DIR=/opt/rustwide/target" "-e" "CARGO_HOME=/opt/rustwide/cargo-home" "-e" "RUSTUP_HOME=/opt/rustwide/rustup-home" "-w" "/opt/rustwide/workdir" "-m" "1610612736" "--user" "0:0" "--network" "none" "ghcr.io/rust-lang/crates-build-env/linux@sha256:2788e3201cd34a07e3172128adcd8b3090168a8e3bcc40d7c032b9dda1df7d1c" "/opt/rustwide/cargo-home/bin/cargo" "+1.75.0" "metadata" "--no-deps" "--format-version=1", kill_on_drop: false }`
[INFO] [stdout] e44ebde78e9f506dbd1f8e1166a6004103b969800ef04e15c94eded5fbf5c28c
[INFO] running `Command { std: "docker" "start" "-a" "e44ebde78e9f506dbd1f8e1166a6004103b969800ef04e15c94eded5fbf5c28c", kill_on_drop: false }`
[INFO] running `Command { std: "docker" "inspect" "e44ebde78e9f506dbd1f8e1166a6004103b969800ef04e15c94eded5fbf5c28c", kill_on_drop: false }`
[INFO] running `Command { std: "docker" "rm" "-f" "e44ebde78e9f506dbd1f8e1166a6004103b969800ef04e15c94eded5fbf5c28c", kill_on_drop: false }`
[INFO] [stdout] e44ebde78e9f506dbd1f8e1166a6004103b969800ef04e15c94eded5fbf5c28c
[INFO] running `Command { std: "docker" "create" "-v" "/var/lib/crater-agent-workspace/builds/worker-2-tc1/target:/opt/rustwide/target:rw,Z" "-v" "/var/lib/crater-agent-workspace/builds/worker-2-tc1/source:/opt/rustwide/workdir:ro,Z" "-v" "/var/lib/crater-agent-workspace/cargo-home:/opt/rustwide/cargo-home:ro,Z" "-v" "/var/lib/crater-agent-workspace/rustup-home:/opt/rustwide/rustup-home:ro,Z" "-e" "SOURCE_DIR=/opt/rustwide/workdir" "-e" "CARGO_TARGET_DIR=/opt/rustwide/target" "-e" "CARGO_INCREMENTAL=0" "-e" "RUST_BACKTRACE=full" "-e" "RUSTFLAGS=--cap-lints=warn" "-e" "RUSTDOCFLAGS=--cap-lints=warn" "-e" "CARGO_HOME=/opt/rustwide/cargo-home" "-e" "RUSTUP_HOME=/opt/rustwide/rustup-home" "-w" "/opt/rustwide/workdir" "-m" "1610612736" "--user" "0:0" "--network" "none" "ghcr.io/rust-lang/crates-build-env/linux@sha256:2788e3201cd34a07e3172128adcd8b3090168a8e3bcc40d7c032b9dda1df7d1c" "/opt/rustwide/cargo-home/bin/cargo" "+1.75.0" "build" "--frozen" "--message-format=json", kill_on_drop: false }`
[INFO] [stdout] 9137e7a0bc1883ba573ef6c33c67aa0246d550827fdc499ac1c7c10a40c9c63b
[INFO] running `Command { std: "docker" "start" "-a" "9137e7a0bc1883ba573ef6c33c67aa0246d550827fdc499ac1c7c10a40c9c63b", kill_on_drop: false }`
[INFO] [stderr]    Compiling proc-macro2 v1.0.59
[INFO] [stderr]    Compiling quote v1.0.28
[INFO] [stderr]    Compiling unicode-ident v1.0.9
[INFO] [stderr]    Compiling syn v2.0.18
[INFO] [stderr]    Compiling termstatus v0.2.0 (/opt/rustwide/workdir)
[INFO] [stderr]     Finished dev [unoptimized + debuginfo] target(s) in 2.51s
[INFO] running `Command { std: "docker" "inspect" "9137e7a0bc1883ba573ef6c33c67aa0246d550827fdc499ac1c7c10a40c9c63b", kill_on_drop: false }`
[INFO] running `Command { std: "docker" "rm" "-f" "9137e7a0bc1883ba573ef6c33c67aa0246d550827fdc499ac1c7c10a40c9c63b", kill_on_drop: false }`
[INFO] [stdout] 9137e7a0bc1883ba573ef6c33c67aa0246d550827fdc499ac1c7c10a40c9c63b
[INFO] running `Command { std: "docker" "create" "-v" "/var/lib/crater-agent-workspace/builds/worker-2-tc1/target:/opt/rustwide/target:rw,Z" "-v" "/var/lib/crater-agent-workspace/builds/worker-2-tc1/source:/opt/rustwide/workdir:ro,Z" "-v" "/var/lib/crater-agent-workspace/cargo-home:/opt/rustwide/cargo-home:ro,Z" "-v" "/var/lib/crater-agent-workspace/rustup-home:/opt/rustwide/rustup-home:ro,Z" "-e" "SOURCE_DIR=/opt/rustwide/workdir" "-e" "CARGO_TARGET_DIR=/opt/rustwide/target" "-e" "CARGO_INCREMENTAL=0" "-e" "RUST_BACKTRACE=full" "-e" "RUSTFLAGS=--cap-lints=warn" "-e" "RUSTDOCFLAGS=--cap-lints=warn" "-e" "CARGO_HOME=/opt/rustwide/cargo-home" "-e" "RUSTUP_HOME=/opt/rustwide/rustup-home" "-w" "/opt/rustwide/workdir" "-m" "1610612736" "--user" "0:0" "--network" "none" "ghcr.io/rust-lang/crates-build-env/linux@sha256:2788e3201cd34a07e3172128adcd8b3090168a8e3bcc40d7c032b9dda1df7d1c" "/opt/rustwide/cargo-home/bin/cargo" "+1.75.0" "test" "--frozen" "--no-run" "--message-format=json", kill_on_drop: false }`
[INFO] [stdout] 795a1d3c65a30069150d29183449ec78471713c92f3f77d71d2272d5e88d1df2
[INFO] running `Command { std: "docker" "start" "-a" "795a1d3c65a30069150d29183449ec78471713c92f3f77d71d2272d5e88d1df2", kill_on_drop: false }`
[INFO] [stderr]    Compiling proc-macro2 v1.0.59
[INFO] [stderr]    Compiling unicode-ident v1.0.9
[INFO] [stderr]    Compiling quote v1.0.28
[INFO] [stderr]    Compiling syn v2.0.18
[INFO] [stderr]    Compiling termstatus v0.2.0 (/opt/rustwide/workdir)
[INFO] [stderr]     Finished test [unoptimized + debuginfo] target(s) in 2.83s
[INFO] running `Command { std: "docker" "inspect" "795a1d3c65a30069150d29183449ec78471713c92f3f77d71d2272d5e88d1df2", kill_on_drop: false }`
[INFO] running `Command { std: "docker" "rm" "-f" "795a1d3c65a30069150d29183449ec78471713c92f3f77d71d2272d5e88d1df2", kill_on_drop: false }`
[INFO] [stdout] 795a1d3c65a30069150d29183449ec78471713c92f3f77d71d2272d5e88d1df2
[INFO] running `Command { std: "docker" "create" "-v" "/var/lib/crater-agent-workspace/builds/worker-2-tc1/target:/opt/rustwide/target:rw,Z" "-v" "/var/lib/crater-agent-workspace/builds/worker-2-tc1/source:/opt/rustwide/workdir:ro,Z" "-v" "/var/lib/crater-agent-workspace/cargo-home:/opt/rustwide/cargo-home:ro,Z" "-v" "/var/lib/crater-agent-workspace/rustup-home:/opt/rustwide/rustup-home:ro,Z" "-e" "SOURCE_DIR=/opt/rustwide/workdir" "-e" "CARGO_TARGET_DIR=/opt/rustwide/target" "-e" "CARGO_INCREMENTAL=0" "-e" "RUST_BACKTRACE=full" "-e" "RUSTFLAGS=--cap-lints=warn" "-e" "RUSTDOCFLAGS=--cap-lints=warn" "-e" "CARGO_HOME=/opt/rustwide/cargo-home" "-e" "RUSTUP_HOME=/opt/rustwide/rustup-home" "-w" "/opt/rustwide/workdir" "-m" "1610612736" "--user" "0:0" "--network" "none" "ghcr.io/rust-lang/crates-build-env/linux@sha256:2788e3201cd34a07e3172128adcd8b3090168a8e3bcc40d7c032b9dda1df7d1c" "/opt/rustwide/cargo-home/bin/cargo" "+1.75.0" "test" "--frozen", kill_on_drop: false }`
[INFO] [stdout] 8fe088049835e5f68509e02ab600ae0692277a4901ca67f5b7175b90045410b8
[INFO] running `Command { std: "docker" "start" "-a" "8fe088049835e5f68509e02ab600ae0692277a4901ca67f5b7175b90045410b8", kill_on_drop: false }`
[INFO] [stderr]     Finished test [unoptimized + debuginfo] target(s) in 0.00s
[INFO] [stderr]      Running unittests src/lib.rs (/opt/rustwide/target/debug/deps/termstatus-46488a22b88e4e69)
[INFO] [stdout] 
[INFO] [stdout] running 0 tests
[INFO] [stdout] 
[INFO] [stdout] test result: ok. 0 passed; 0 failed; 0 ignored; 0 measured; 0 filtered out; finished in 0.00s
[INFO] [stdout] 
[INFO] [stderr]    Doc-tests termstatus
[INFO] [stdout] 
[INFO] [stdout] running 3 tests
[INFO] [stdout] test src/lib.rs - (line 48) ... FAILED
[INFO] [stdout] test src/lib.rs - (line 25) ... ok
[INFO] [stdout] test src/lib.rs - generate_format (line 22) ... ok
[INFO] [stdout] 
[INFO] [stdout] failures:
[INFO] [stdout] 
[INFO] [stdout] ---- src/lib.rs - (line 48) stdout ----
[INFO] [stdout] error[E0433]: failed to resolve: use of undeclared type `Status`
[INFO] [stdout]  --> src/lib.rs:49:20
[INFO] [stdout]   |
[INFO] [stdout] 3 | println!("{} foo", Status::Building);
[INFO] [stdout]   |                    ^^^^^^ use of undeclared type `Status`
[INFO] [stdout] 
[INFO] [stdout] error[E0433]: failed to resolve: use of undeclared type `Status`
[INFO] [stdout]  --> src/lib.rs:50:20
[INFO] [stdout]   |
[INFO] [stdout] 4 | println!("{} foo", Status::Built);
[INFO] [stdout]   |                    ^^^^^^ use of undeclared type `Status`
[INFO] [stdout] 
[INFO] [stdout] error[E0433]: failed to resolve: use of undeclared type `Status`
[INFO] [stdout]  --> src/lib.rs:51:20
[INFO] [stdout]   |
[INFO] [stdout] 5 | println!("{} bar", Status::Compiling);
[INFO] [stdout]   |                    ^^^^^^ use of undeclared type `Status`
[INFO] [stdout] 
[INFO] [stdout] error[E0433]: failed to resolve: use of undeclared type `Status`
[INFO] [stdout]  --> src/lib.rs:52:20
[INFO] [stdout]   |
[INFO] [stdout] 6 | println!("{} bar", Status::Compiled);
[INFO] [stdout]   |                    ^^^^^^ use of undeclared type `Status`
[INFO] [stdout] 
[INFO] [stdout] error[E0433]: failed to resolve: use of undeclared type `Status`
[INFO] [stdout]  --> src/lib.rs:53:33
[INFO] [stdout]   |
[INFO] [stdout] 7 | println!("{} build of project", Status::Finished);
[INFO] [stdout]   |                                 ^^^^^^ use of undeclared type `Status`
[INFO] [stdout] 
[INFO] [stdout] error: aborting due to 5 previous errors
[INFO] [stdout] 
[INFO] [stdout] For more information about this error, try `rustc --explain E0433`.
[INFO] [stdout] Couldn't compile the test.
[INFO] [stdout] 
[INFO] [stdout] failures:
[INFO] [stdout]     src/lib.rs - (line 48)
[INFO] [stdout] 
[INFO] [stdout] test result: FAILED. 2 passed; 1 failed; 0 ignored; 0 measured; 0 filtered out; finished in 0.13s
[INFO] [stdout] 
[INFO] [stderr] error: doctest failed, to rerun pass `--doc`
[INFO] running `Command { std: "docker" "inspect" "8fe088049835e5f68509e02ab600ae0692277a4901ca67f5b7175b90045410b8", kill_on_drop: false }`
[INFO] running `Command { std: "docker" "rm" "-f" "8fe088049835e5f68509e02ab600ae0692277a4901ca67f5b7175b90045410b8", kill_on_drop: false }`
[INFO] [stdout] 8fe088049835e5f68509e02ab600ae0692277a4901ca67f5b7175b90045410b8
[INFO] testing termstatus-0.2.0 against beta-2023-12-22 for beta-1.76-1
[INFO] extracting crate termstatus 0.2.0 into /workspace/builds/worker-2-tc2/source
[INFO] validating manifest of crates.io crate termstatus 0.2.0 on toolchain beta-2023-12-22
[INFO] running `Command { std: CARGO_HOME="/workspace/cargo-home" RUSTUP_HOME="/workspace/rustup-home" "/workspace/cargo-home/bin/cargo" "+beta-2023-12-22" "metadata" "--manifest-path" "Cargo.toml" "--no-deps", kill_on_drop: false }`
[INFO] started tweaking crates.io crate termstatus 0.2.0
[INFO] finished tweaking crates.io crate termstatus 0.2.0
[INFO] tweaked toml for crates.io crate termstatus 0.2.0 written to /workspace/builds/worker-2-tc2/source/Cargo.toml
[INFO] crate crates.io crate termstatus 0.2.0 already has a lockfile, it will not be regenerated
[INFO] running `Command { std: CARGO_HOME="/workspace/cargo-home" RUSTUP_HOME="/workspace/rustup-home" "/workspace/cargo-home/bin/cargo" "+beta-2023-12-22" "fetch" "--manifest-path" "Cargo.toml", kill_on_drop: false }`
[INFO] running `Command { std: "docker" "create" "-v" "/var/lib/crater-agent-workspace/builds/worker-2-tc2/target:/opt/rustwide/target:rw,Z" "-v" "/var/lib/crater-agent-workspace/builds/worker-2-tc2/source:/opt/rustwide/workdir:ro,Z" "-v" "/var/lib/crater-agent-workspace/cargo-home:/opt/rustwide/cargo-home:ro,Z" "-v" "/var/lib/crater-agent-workspace/rustup-home:/opt/rustwide/rustup-home:ro,Z" "-e" "SOURCE_DIR=/opt/rustwide/workdir" "-e" "CARGO_TARGET_DIR=/opt/rustwide/target" "-e" "CARGO_HOME=/opt/rustwide/cargo-home" "-e" "RUSTUP_HOME=/opt/rustwide/rustup-home" "-w" "/opt/rustwide/workdir" "-m" "1610612736" "--user" "0:0" "--network" "none" "ghcr.io/rust-lang/crates-build-env/linux@sha256:2788e3201cd34a07e3172128adcd8b3090168a8e3bcc40d7c032b9dda1df7d1c" "/opt/rustwide/cargo-home/bin/cargo" "+beta-2023-12-22" "metadata" "--no-deps" "--format-version=1", kill_on_drop: false }`
[INFO] [stdout] 42c71697be3e4cc29ced1852ceec646dee9321fea1f4577a58eaaa8f53b1e341
[INFO] running `Command { std: "docker" "start" "-a" "42c71697be3e4cc29ced1852ceec646dee9321fea1f4577a58eaaa8f53b1e341", kill_on_drop: false }`
[INFO] running `Command { std: "docker" "inspect" "42c71697be3e4cc29ced1852ceec646dee9321fea1f4577a58eaaa8f53b1e341", kill_on_drop: false }`
[INFO] running `Command { std: "docker" "rm" "-f" "42c71697be3e4cc29ced1852ceec646dee9321fea1f4577a58eaaa8f53b1e341", kill_on_drop: false }`
[INFO] [stdout] 42c71697be3e4cc29ced1852ceec646dee9321fea1f4577a58eaaa8f53b1e341
[INFO] running `Command { std: "docker" "create" "-v" "/var/lib/crater-agent-workspace/builds/worker-2-tc2/target:/opt/rustwide/target:rw,Z" "-v" "/var/lib/crater-agent-workspace/builds/worker-2-tc2/source:/opt/rustwide/workdir:ro,Z" "-v" "/var/lib/crater-agent-workspace/cargo-home:/opt/rustwide/cargo-home:ro,Z" "-v" "/var/lib/crater-agent-workspace/rustup-home:/opt/rustwide/rustup-home:ro,Z" "-e" "SOURCE_DIR=/opt/rustwide/workdir" "-e" "CARGO_TARGET_DIR=/opt/rustwide/target" "-e" "CARGO_INCREMENTAL=0" "-e" "RUST_BACKTRACE=full" "-e" "RUSTFLAGS=--cap-lints=warn" "-e" "RUSTDOCFLAGS=--cap-lints=warn" "-e" "CARGO_HOME=/opt/rustwide/cargo-home" "-e" "RUSTUP_HOME=/opt/rustwide/rustup-home" "-w" "/opt/rustwide/workdir" "-m" "1610612736" "--user" "0:0" "--network" "none" "ghcr.io/rust-lang/crates-build-env/linux@sha256:2788e3201cd34a07e3172128adcd8b3090168a8e3bcc40d7c032b9dda1df7d1c" "/opt/rustwide/cargo-home/bin/cargo" "+beta-2023-12-22" "build" "--frozen" "--message-format=json", kill_on_drop: false }`
[INFO] [stdout] 41af1f923118b9608d146442113acf728fb778b3a952bae2bdb462daa421c820
[INFO] running `Command { std: "docker" "start" "-a" "41af1f923118b9608d146442113acf728fb778b3a952bae2bdb462daa421c820", kill_on_drop: false }`
[INFO] [stderr]    Compiling proc-macro2 v1.0.59
[INFO] [stderr]    Compiling unicode-ident v1.0.9
[INFO] [stderr]    Compiling quote v1.0.28
[INFO] [stderr]    Compiling syn v2.0.18
[INFO] [stderr]    Compiling termstatus v0.2.0 (/opt/rustwide/workdir)
[INFO] [stderr]     Finished dev [unoptimized + debuginfo] target(s) in 2.48s
[INFO] running `Command { std: "docker" "inspect" "41af1f923118b9608d146442113acf728fb778b3a952bae2bdb462daa421c820", kill_on_drop: false }`
[INFO] running `Command { std: "docker" "rm" "-f" "41af1f923118b9608d146442113acf728fb778b3a952bae2bdb462daa421c820", kill_on_drop: false }`
[INFO] [stdout] 41af1f923118b9608d146442113acf728fb778b3a952bae2bdb462daa421c820
[INFO] running `Command { std: "docker" "create" "-v" "/var/lib/crater-agent-workspace/builds/worker-2-tc2/target:/opt/rustwide/target:rw,Z" "-v" "/var/lib/crater-agent-workspace/builds/worker-2-tc2/source:/opt/rustwide/workdir:ro,Z" "-v" "/var/lib/crater-agent-workspace/cargo-home:/opt/rustwide/cargo-home:ro,Z" "-v" "/var/lib/crater-agent-workspace/rustup-home:/opt/rustwide/rustup-home:ro,Z" "-e" "SOURCE_DIR=/opt/rustwide/workdir" "-e" "CARGO_TARGET_DIR=/opt/rustwide/target" "-e" "CARGO_INCREMENTAL=0" "-e" "RUST_BACKTRACE=full" "-e" "RUSTFLAGS=--cap-lints=warn" "-e" "RUSTDOCFLAGS=--cap-lints=warn" "-e" "CARGO_HOME=/opt/rustwide/cargo-home" "-e" "RUSTUP_HOME=/opt/rustwide/rustup-home" "-w" "/opt/rustwide/workdir" "-m" "1610612736" "--user" "0:0" "--network" "none" "ghcr.io/rust-lang/crates-build-env/linux@sha256:2788e3201cd34a07e3172128adcd8b3090168a8e3bcc40d7c032b9dda1df7d1c" "/opt/rustwide/cargo-home/bin/cargo" "+beta-2023-12-22" "test" "--frozen" "--no-run" "--message-format=json", kill_on_drop: false }`
[INFO] [stdout] d6b2d3947b1d9b765a6104300490d02ed79822740c32662ecba6b94c2063b477
[INFO] running `Command { std: "docker" "start" "-a" "d6b2d3947b1d9b765a6104300490d02ed79822740c32662ecba6b94c2063b477", kill_on_drop: false }`
[INFO] [stderr]    Compiling proc-macro2 v1.0.59
[INFO] [stderr]    Compiling unicode-ident v1.0.9
[INFO] [stderr]    Compiling quote v1.0.28
[INFO] [stderr]    Compiling syn v2.0.18
[INFO] [stderr]    Compiling termstatus v0.2.0 (/opt/rustwide/workdir)
[INFO] [stderr]     Finished test [unoptimized + debuginfo] target(s) in 2.94s
[INFO] running `Command { std: "docker" "inspect" "d6b2d3947b1d9b765a6104300490d02ed79822740c32662ecba6b94c2063b477", kill_on_drop: false }`
[INFO] running `Command { std: "docker" "rm" "-f" "d6b2d3947b1d9b765a6104300490d02ed79822740c32662ecba6b94c2063b477", kill_on_drop: false }`
[INFO] [stdout] d6b2d3947b1d9b765a6104300490d02ed79822740c32662ecba6b94c2063b477
[INFO] running `Command { std: "docker" "create" "-v" "/var/lib/crater-agent-workspace/builds/worker-2-tc2/target:/opt/rustwide/target:rw,Z" "-v" "/var/lib/crater-agent-workspace/builds/worker-2-tc2/source:/opt/rustwide/workdir:ro,Z" "-v" "/var/lib/crater-agent-workspace/cargo-home:/opt/rustwide/cargo-home:ro,Z" "-v" "/var/lib/crater-agent-workspace/rustup-home:/opt/rustwide/rustup-home:ro,Z" "-e" "SOURCE_DIR=/opt/rustwide/workdir" "-e" "CARGO_TARGET_DIR=/opt/rustwide/target" "-e" "CARGO_INCREMENTAL=0" "-e" "RUST_BACKTRACE=full" "-e" "RUSTFLAGS=--cap-lints=warn" "-e" "RUSTDOCFLAGS=--cap-lints=warn" "-e" "CARGO_HOME=/opt/rustwide/cargo-home" "-e" "RUSTUP_HOME=/opt/rustwide/rustup-home" "-w" "/opt/rustwide/workdir" "-m" "1610612736" "--user" "0:0" "--network" "none" "ghcr.io/rust-lang/crates-build-env/linux@sha256:2788e3201cd34a07e3172128adcd8b3090168a8e3bcc40d7c032b9dda1df7d1c" "/opt/rustwide/cargo-home/bin/cargo" "+beta-2023-12-22" "test" "--frozen", kill_on_drop: false }`
[INFO] [stdout] 4f4bb29a5f900295b75ebc94d6e5414c3664ce6aa3780bec8b15b6d0fed5ad24
[INFO] running `Command { std: "docker" "start" "-a" "4f4bb29a5f900295b75ebc94d6e5414c3664ce6aa3780bec8b15b6d0fed5ad24", kill_on_drop: false }`
[INFO] [stderr]     Finished test [unoptimized + debuginfo] target(s) in 0.01s
[INFO] [stderr]      Running unittests src/lib.rs (/opt/rustwide/target/debug/deps/termstatus-99f562fc0a4945a5)
[INFO] [stdout] 
[INFO] [stdout] running 0 tests
[INFO] [stdout] 
[INFO] [stdout] test result: ok. 0 passed; 0 failed; 0 ignored; 0 measured; 0 filtered out; finished in 0.00s
[INFO] [stdout] 
[INFO] [stderr]    Doc-tests termstatus
[INFO] [stdout] 
[INFO] [stdout] running 3 tests
[INFO] [stdout] test src/lib.rs - (line 48) ... FAILED
[INFO] [stdout] test src/lib.rs - (line 25) ... ok
[INFO] [stdout] test src/lib.rs - generate_format (line 22) ... ok
[INFO] [stdout] 
[INFO] [stdout] failures:
[INFO] [stdout] 
[INFO] [stdout] ---- src/lib.rs - (line 48) stdout ----
[INFO] [stdout] error[E0433]: failed to resolve: use of undeclared type `Status`
[INFO] [stdout]  --> src/lib.rs:49:20
[INFO] [stdout]   |
[INFO] [stdout] 3 | println!("{} foo", Status::Building);
[INFO] [stdout]   |                    ^^^^^^ use of undeclared type `Status`
[INFO] [stdout] 
[INFO] [stdout] error[E0433]: failed to resolve: use of undeclared type `Status`
[INFO] [stdout]  --> src/lib.rs:50:20
[INFO] [stdout]   |
[INFO] [stdout] 4 | println!("{} foo", Status::Built);
[INFO] [stdout]   |                    ^^^^^^ use of undeclared type `Status`
[INFO] [stdout] 
[INFO] [stdout] error[E0433]: failed to resolve: use of undeclared type `Status`
[INFO] [stdout]  --> src/lib.rs:51:20
[INFO] [stdout]   |
[INFO] [stdout] 5 | println!("{} bar", Status::Compiling);
[INFO] [stdout]   |                    ^^^^^^ use of undeclared type `Status`
[INFO] [stdout] 
[INFO] [stdout] error[E0433]: failed to resolve: use of undeclared type `Status`
[INFO] [stdout]  --> src/lib.rs:52:20
[INFO] [stdout]   |
[INFO] [stdout] 6 | println!("{} bar", Status::Compiled);
[INFO] [stdout]   |                    ^^^^^^ use of undeclared type `Status`
[INFO] [stdout] 
[INFO] [stdout] error[E0433]: failed to resolve: use of undeclared type `Status`
[INFO] [stdout]  --> src/lib.rs:53:33
[INFO] [stdout]   |
[INFO] [stdout] 7 | println!("{} build of project", Status::Finished);
[INFO] [stdout]   |                                 ^^^^^^ use of undeclared type `Status`
[INFO] [stdout] 
[INFO] [stdout] error: aborting due to 5 previous errors
[INFO] [stdout] 
[INFO] [stdout] For more information about this error, try `rustc --explain E0433`.
[INFO] [stdout] Couldn't compile the test.
[INFO] [stdout] 
[INFO] [stdout] failures:
[INFO] [stdout]     src/lib.rs - (line 48)
[INFO] [stdout] 
[INFO] [stdout] test result: FAILED. 2 passed; 1 failed; 0 ignored; 0 measured; 0 filtered out; finished in 0.13s
[INFO] [stdout] 
[INFO] [stderr] error: doctest failed, to rerun pass `--doc`
[INFO] running `Command { std: "docker" "inspect" "4f4bb29a5f900295b75ebc94d6e5414c3664ce6aa3780bec8b15b6d0fed5ad24", kill_on_drop: false }`
[INFO] running `Command { std: "docker" "rm" "-f" "4f4bb29a5f900295b75ebc94d6e5414c3664ce6aa3780bec8b15b6d0fed5ad24", kill_on_drop: false }`
[INFO] [stdout] 4f4bb29a5f900295b75ebc94d6e5414c3664ce6aa3780bec8b15b6d0fed5ad24
