[INFO] fetching crate termspin 0.1.0...
[INFO] testing termspin-0.1.0 against 1.75.0 for beta-1.76-1
[INFO] extracting crate termspin 0.1.0 into /workspace/builds/worker-5-tc1/source
[INFO] validating manifest of crates.io crate termspin 0.1.0 on toolchain 1.75.0
[INFO] running `Command { std: CARGO_HOME="/workspace/cargo-home" RUSTUP_HOME="/workspace/rustup-home" "/workspace/cargo-home/bin/cargo" "+1.75.0" "metadata" "--manifest-path" "Cargo.toml" "--no-deps", kill_on_drop: false }`
[INFO] started tweaking crates.io crate termspin 0.1.0
[INFO] finished tweaking crates.io crate termspin 0.1.0
[INFO] tweaked toml for crates.io crate termspin 0.1.0 written to /workspace/builds/worker-5-tc1/source/Cargo.toml
[INFO] crate crates.io crate termspin 0.1.0 already has a lockfile, it will not be regenerated
[INFO] running `Command { std: CARGO_HOME="/workspace/cargo-home" RUSTUP_HOME="/workspace/rustup-home" "/workspace/cargo-home/bin/cargo" "+1.75.0" "fetch" "--manifest-path" "Cargo.toml", kill_on_drop: false }`
[INFO] running `Command { std: "docker" "create" "-v" "/var/lib/crater-agent-workspace/builds/worker-5-tc1/target:/opt/rustwide/target:rw,Z" "-v" "/var/lib/crater-agent-workspace/builds/worker-5-tc1/source:/opt/rustwide/workdir:ro,Z" "-v" "/var/lib/crater-agent-workspace/cargo-home:/opt/rustwide/cargo-home:ro,Z" "-v" "/var/lib/crater-agent-workspace/rustup-home:/opt/rustwide/rustup-home:ro,Z" "-e" "SOURCE_DIR=/opt/rustwide/workdir" "-e" "CARGO_TARGET_DIR=/opt/rustwide/target" "-e" "CARGO_HOME=/opt/rustwide/cargo-home" "-e" "RUSTUP_HOME=/opt/rustwide/rustup-home" "-w" "/opt/rustwide/workdir" "-m" "1610612736" "--user" "0:0" "--network" "none" "ghcr.io/rust-lang/crates-build-env/linux@sha256:2788e3201cd34a07e3172128adcd8b3090168a8e3bcc40d7c032b9dda1df7d1c" "/opt/rustwide/cargo-home/bin/cargo" "+1.75.0" "metadata" "--no-deps" "--format-version=1", kill_on_drop: false }`
[INFO] [stdout] 4b14fd47d3a99b9788f6cbe7583192b0af0b6bb69c68d400083470c29047705e
[INFO] running `Command { std: "docker" "start" "-a" "4b14fd47d3a99b9788f6cbe7583192b0af0b6bb69c68d400083470c29047705e", kill_on_drop: false }`
[INFO] running `Command { std: "docker" "inspect" "4b14fd47d3a99b9788f6cbe7583192b0af0b6bb69c68d400083470c29047705e", kill_on_drop: false }`
[INFO] running `Command { std: "docker" "rm" "-f" "4b14fd47d3a99b9788f6cbe7583192b0af0b6bb69c68d400083470c29047705e", kill_on_drop: false }`
[INFO] [stdout] 4b14fd47d3a99b9788f6cbe7583192b0af0b6bb69c68d400083470c29047705e
[INFO] running `Command { std: "docker" "create" "-v" "/var/lib/crater-agent-workspace/builds/worker-5-tc1/target:/opt/rustwide/target:rw,Z" "-v" "/var/lib/crater-agent-workspace/builds/worker-5-tc1/source:/opt/rustwide/workdir:ro,Z" "-v" "/var/lib/crater-agent-workspace/cargo-home:/opt/rustwide/cargo-home:ro,Z" "-v" "/var/lib/crater-agent-workspace/rustup-home:/opt/rustwide/rustup-home:ro,Z" "-e" "SOURCE_DIR=/opt/rustwide/workdir" "-e" "CARGO_TARGET_DIR=/opt/rustwide/target" "-e" "CARGO_INCREMENTAL=0" "-e" "RUST_BACKTRACE=full" "-e" "RUSTFLAGS=--cap-lints=warn" "-e" "RUSTDOCFLAGS=--cap-lints=warn" "-e" "CARGO_HOME=/opt/rustwide/cargo-home" "-e" "RUSTUP_HOME=/opt/rustwide/rustup-home" "-w" "/opt/rustwide/workdir" "-m" "1610612736" "--user" "0:0" "--network" "none" "ghcr.io/rust-lang/crates-build-env/linux@sha256:2788e3201cd34a07e3172128adcd8b3090168a8e3bcc40d7c032b9dda1df7d1c" "/opt/rustwide/cargo-home/bin/cargo" "+1.75.0" "build" "--frozen" "--message-format=json", kill_on_drop: false }`
[INFO] [stdout] ffb8051364bfe256bc05c202b943c681789eb505a9082a27118ec221137774b4
[INFO] running `Command { std: "docker" "start" "-a" "ffb8051364bfe256bc05c202b943c681789eb505a9082a27118ec221137774b4", kill_on_drop: false }`
[INFO] [stderr]    Compiling downcast v0.11.0
[INFO] [stderr]    Compiling termspin v0.1.0 (/opt/rustwide/workdir)
[INFO] [stderr]     Finished dev [unoptimized + debuginfo] target(s) in 0.19s
[INFO] running `Command { std: "docker" "inspect" "ffb8051364bfe256bc05c202b943c681789eb505a9082a27118ec221137774b4", kill_on_drop: false }`
[INFO] running `Command { std: "docker" "rm" "-f" "ffb8051364bfe256bc05c202b943c681789eb505a9082a27118ec221137774b4", kill_on_drop: false }`
[INFO] [stdout] ffb8051364bfe256bc05c202b943c681789eb505a9082a27118ec221137774b4
[INFO] running `Command { std: "docker" "create" "-v" "/var/lib/crater-agent-workspace/builds/worker-5-tc1/target:/opt/rustwide/target:rw,Z" "-v" "/var/lib/crater-agent-workspace/builds/worker-5-tc1/source:/opt/rustwide/workdir:ro,Z" "-v" "/var/lib/crater-agent-workspace/cargo-home:/opt/rustwide/cargo-home:ro,Z" "-v" "/var/lib/crater-agent-workspace/rustup-home:/opt/rustwide/rustup-home:ro,Z" "-e" "SOURCE_DIR=/opt/rustwide/workdir" "-e" "CARGO_TARGET_DIR=/opt/rustwide/target" "-e" "CARGO_INCREMENTAL=0" "-e" "RUST_BACKTRACE=full" "-e" "RUSTFLAGS=--cap-lints=warn" "-e" "RUSTDOCFLAGS=--cap-lints=warn" "-e" "CARGO_HOME=/opt/rustwide/cargo-home" "-e" "RUSTUP_HOME=/opt/rustwide/rustup-home" "-w" "/opt/rustwide/workdir" "-m" "1610612736" "--user" "0:0" "--network" "none" "ghcr.io/rust-lang/crates-build-env/linux@sha256:2788e3201cd34a07e3172128adcd8b3090168a8e3bcc40d7c032b9dda1df7d1c" "/opt/rustwide/cargo-home/bin/cargo" "+1.75.0" "test" "--frozen" "--no-run" "--message-format=json", kill_on_drop: false }`
[INFO] [stdout] b19e166fb14b934e4f7b76c60d2c96f640204652fd9b6c528ea78d03fa77c73b
[INFO] running `Command { std: "docker" "start" "-a" "b19e166fb14b934e4f7b76c60d2c96f640204652fd9b6c528ea78d03fa77c73b", kill_on_drop: false }`
[INFO] [stderr]    Compiling termspin v0.1.0 (/opt/rustwide/workdir)
[INFO] [stderr]     Finished test [unoptimized + debuginfo] target(s) in 0.31s
[INFO] running `Command { std: "docker" "inspect" "b19e166fb14b934e4f7b76c60d2c96f640204652fd9b6c528ea78d03fa77c73b", kill_on_drop: false }`
[INFO] running `Command { std: "docker" "rm" "-f" "b19e166fb14b934e4f7b76c60d2c96f640204652fd9b6c528ea78d03fa77c73b", kill_on_drop: false }`
[INFO] [stdout] b19e166fb14b934e4f7b76c60d2c96f640204652fd9b6c528ea78d03fa77c73b
[INFO] running `Command { std: "docker" "create" "-v" "/var/lib/crater-agent-workspace/builds/worker-5-tc1/target:/opt/rustwide/target:rw,Z" "-v" "/var/lib/crater-agent-workspace/builds/worker-5-tc1/source:/opt/rustwide/workdir:ro,Z" "-v" "/var/lib/crater-agent-workspace/cargo-home:/opt/rustwide/cargo-home:ro,Z" "-v" "/var/lib/crater-agent-workspace/rustup-home:/opt/rustwide/rustup-home:ro,Z" "-e" "SOURCE_DIR=/opt/rustwide/workdir" "-e" "CARGO_TARGET_DIR=/opt/rustwide/target" "-e" "CARGO_INCREMENTAL=0" "-e" "RUST_BACKTRACE=full" "-e" "RUSTFLAGS=--cap-lints=warn" "-e" "RUSTDOCFLAGS=--cap-lints=warn" "-e" "CARGO_HOME=/opt/rustwide/cargo-home" "-e" "RUSTUP_HOME=/opt/rustwide/rustup-home" "-w" "/opt/rustwide/workdir" "-m" "1610612736" "--user" "0:0" "--network" "none" "ghcr.io/rust-lang/crates-build-env/linux@sha256:2788e3201cd34a07e3172128adcd8b3090168a8e3bcc40d7c032b9dda1df7d1c" "/opt/rustwide/cargo-home/bin/cargo" "+1.75.0" "test" "--frozen", kill_on_drop: false }`
[INFO] [stdout] c2bc18e74e17fa2a813643e78f93482efbbef684e470a346f9ba36bf3e50198e
[INFO] running `Command { std: "docker" "start" "-a" "c2bc18e74e17fa2a813643e78f93482efbbef684e470a346f9ba36bf3e50198e", kill_on_drop: false }`
[INFO] [stderr]     Finished test [unoptimized + debuginfo] target(s) in 0.00s
[INFO] [stderr]      Running unittests src/lib.rs (/opt/rustwide/target/debug/deps/termspin-8957ac9051929bb8)
[INFO] [stdout] 
[INFO] [stdout] running 0 tests
[INFO] [stdout] 
[INFO] [stdout] test result: ok. 0 passed; 0 failed; 0 ignored; 0 measured; 0 filtered out; finished in 0.00s
[INFO] [stdout] 
[INFO] [stderr]    Doc-tests termspin
[INFO] [stdout] 
[INFO] [stdout] running 5 tests
[INFO] [stdout] test src/loops.rs - loops::Loop (line 17) - compile ... FAILED
[INFO] [stdout] test src/loops.rs - loops::Loop<F>::run (line 65) - compile ... FAILED
[INFO] [stdout] test src/lib.rs - Group::clear (line 137) ... ok
[INFO] [stdout] test src/spinner.rs - spinner::from_iter (line 9) ... ok
[INFO] [stdout] test src/lib.rs - Line::clear (line 265) ... ok
[INFO] [stdout] 
[INFO] [stdout] failures:
[INFO] [stdout] 
[INFO] [stdout] ---- src/loops.rs - loops::Loop (line 17) stdout ----
[INFO] [stdout] error[E0308]: mismatched types
[INFO] [stdout]   --> src/loops.rs:29:13
[INFO] [stdout]    |
[INFO] [stdout] 15 | l.run(|out| print!("{out}"));
[INFO] [stdout]    |             ^^^^^^^^^^^^^^^ expected `Result<(), Error>`, found `()`
[INFO] [stdout]    |
[INFO] [stdout]    = note:   expected enum `Result<(), std::io::Error>`
[INFO] [stdout]            found unit type `()`
[INFO] [stdout]    = note: this error originates in the macro `print` (in Nightly builds, run with -Z macro-backtrace for more info)
[INFO] [stdout] 
[INFO] [stdout] error: aborting due to previous error
[INFO] [stdout] 
[INFO] [stdout] For more information about this error, try `rustc --explain E0308`.
[INFO] [stdout] Couldn't compile the test.
[INFO] [stdout] ---- src/loops.rs - loops::Loop<F>::run (line 65) stdout ----
[INFO] [stdout] error[E0308]: mismatched types
[INFO] [stdout]   --> src/loops.rs:77:13
[INFO] [stdout]    |
[INFO] [stdout] 15 | l.run(|out| print!("{out}"));
[INFO] [stdout]    |             ^^^^^^^^^^^^^^^ expected `Result<(), Error>`, found `()`
[INFO] [stdout]    |
[INFO] [stdout]    = note:   expected enum `Result<(), std::io::Error>`
[INFO] [stdout]            found unit type `()`
[INFO] [stdout]    = note: this error originates in the macro `print` (in Nightly builds, run with -Z macro-backtrace for more info)
[INFO] [stdout] 
[INFO] [stdout] error: aborting due to previous error
[INFO] [stdout] 
[INFO] [stdout] For more information about this error, try `rustc --explain E0308`.
[INFO] [stdout] Couldn't compile the test.
[INFO] [stdout] 
[INFO] [stdout] failures:
[INFO] [stdout]     src/loops.rs - loops::Loop (line 17)
[INFO] [stdout]     src/loops.rs - loops::Loop<F>::run (line 65)
[INFO] [stdout] 
[INFO] [stdout] test result: FAILED. 3 passed; 2 failed; 0 ignored; 0 measured; 0 filtered out; finished in 0.17s
[INFO] [stdout] 
[INFO] [stderr] error: doctest failed, to rerun pass `--doc`
[INFO] running `Command { std: "docker" "inspect" "c2bc18e74e17fa2a813643e78f93482efbbef684e470a346f9ba36bf3e50198e", kill_on_drop: false }`
[INFO] running `Command { std: "docker" "rm" "-f" "c2bc18e74e17fa2a813643e78f93482efbbef684e470a346f9ba36bf3e50198e", kill_on_drop: false }`
[INFO] [stdout] c2bc18e74e17fa2a813643e78f93482efbbef684e470a346f9ba36bf3e50198e
[INFO] testing termspin-0.1.0 against beta-2023-12-22 for beta-1.76-1
[INFO] extracting crate termspin 0.1.0 into /workspace/builds/worker-5-tc2/source
[INFO] validating manifest of crates.io crate termspin 0.1.0 on toolchain beta-2023-12-22
[INFO] running `Command { std: CARGO_HOME="/workspace/cargo-home" RUSTUP_HOME="/workspace/rustup-home" "/workspace/cargo-home/bin/cargo" "+beta-2023-12-22" "metadata" "--manifest-path" "Cargo.toml" "--no-deps", kill_on_drop: false }`
[INFO] started tweaking crates.io crate termspin 0.1.0
[INFO] finished tweaking crates.io crate termspin 0.1.0
[INFO] tweaked toml for crates.io crate termspin 0.1.0 written to /workspace/builds/worker-5-tc2/source/Cargo.toml
[INFO] crate crates.io crate termspin 0.1.0 already has a lockfile, it will not be regenerated
[INFO] running `Command { std: CARGO_HOME="/workspace/cargo-home" RUSTUP_HOME="/workspace/rustup-home" "/workspace/cargo-home/bin/cargo" "+beta-2023-12-22" "fetch" "--manifest-path" "Cargo.toml", kill_on_drop: false }`
[INFO] running `Command { std: "docker" "create" "-v" "/var/lib/crater-agent-workspace/builds/worker-5-tc2/target:/opt/rustwide/target:rw,Z" "-v" "/var/lib/crater-agent-workspace/builds/worker-5-tc2/source:/opt/rustwide/workdir:ro,Z" "-v" "/var/lib/crater-agent-workspace/cargo-home:/opt/rustwide/cargo-home:ro,Z" "-v" "/var/lib/crater-agent-workspace/rustup-home:/opt/rustwide/rustup-home:ro,Z" "-e" "SOURCE_DIR=/opt/rustwide/workdir" "-e" "CARGO_TARGET_DIR=/opt/rustwide/target" "-e" "CARGO_HOME=/opt/rustwide/cargo-home" "-e" "RUSTUP_HOME=/opt/rustwide/rustup-home" "-w" "/opt/rustwide/workdir" "-m" "1610612736" "--user" "0:0" "--network" "none" "ghcr.io/rust-lang/crates-build-env/linux@sha256:2788e3201cd34a07e3172128adcd8b3090168a8e3bcc40d7c032b9dda1df7d1c" "/opt/rustwide/cargo-home/bin/cargo" "+beta-2023-12-22" "metadata" "--no-deps" "--format-version=1", kill_on_drop: false }`
[INFO] [stdout] 809246688cf907425ff587590a97a970ab3891f60f2a7e10cc921b349ceae955
[INFO] running `Command { std: "docker" "start" "-a" "809246688cf907425ff587590a97a970ab3891f60f2a7e10cc921b349ceae955", kill_on_drop: false }`
[INFO] running `Command { std: "docker" "inspect" "809246688cf907425ff587590a97a970ab3891f60f2a7e10cc921b349ceae955", kill_on_drop: false }`
[INFO] running `Command { std: "docker" "rm" "-f" "809246688cf907425ff587590a97a970ab3891f60f2a7e10cc921b349ceae955", kill_on_drop: false }`
[INFO] [stdout] 809246688cf907425ff587590a97a970ab3891f60f2a7e10cc921b349ceae955
[INFO] running `Command { std: "docker" "create" "-v" "/var/lib/crater-agent-workspace/builds/worker-5-tc2/target:/opt/rustwide/target:rw,Z" "-v" "/var/lib/crater-agent-workspace/builds/worker-5-tc2/source:/opt/rustwide/workdir:ro,Z" "-v" "/var/lib/crater-agent-workspace/cargo-home:/opt/rustwide/cargo-home:ro,Z" "-v" "/var/lib/crater-agent-workspace/rustup-home:/opt/rustwide/rustup-home:ro,Z" "-e" "SOURCE_DIR=/opt/rustwide/workdir" "-e" "CARGO_TARGET_DIR=/opt/rustwide/target" "-e" "CARGO_INCREMENTAL=0" "-e" "RUST_BACKTRACE=full" "-e" "RUSTFLAGS=--cap-lints=warn" "-e" "RUSTDOCFLAGS=--cap-lints=warn" "-e" "CARGO_HOME=/opt/rustwide/cargo-home" "-e" "RUSTUP_HOME=/opt/rustwide/rustup-home" "-w" "/opt/rustwide/workdir" "-m" "1610612736" "--user" "0:0" "--network" "none" "ghcr.io/rust-lang/crates-build-env/linux@sha256:2788e3201cd34a07e3172128adcd8b3090168a8e3bcc40d7c032b9dda1df7d1c" "/opt/rustwide/cargo-home/bin/cargo" "+beta-2023-12-22" "build" "--frozen" "--message-format=json", kill_on_drop: false }`
[INFO] [stdout] dbfc6b428fdab440bff615d1bcc1a764b9dbf2a580eca2f62baa5b617b30492f
[INFO] running `Command { std: "docker" "start" "-a" "dbfc6b428fdab440bff615d1bcc1a764b9dbf2a580eca2f62baa5b617b30492f", kill_on_drop: false }`
[INFO] [stderr]    Compiling downcast v0.11.0
[INFO] [stderr]    Compiling termspin v0.1.0 (/opt/rustwide/workdir)
[INFO] [stderr]     Finished dev [unoptimized + debuginfo] target(s) in 0.19s
[INFO] running `Command { std: "docker" "inspect" "dbfc6b428fdab440bff615d1bcc1a764b9dbf2a580eca2f62baa5b617b30492f", kill_on_drop: false }`
[INFO] running `Command { std: "docker" "rm" "-f" "dbfc6b428fdab440bff615d1bcc1a764b9dbf2a580eca2f62baa5b617b30492f", kill_on_drop: false }`
[INFO] [stdout] dbfc6b428fdab440bff615d1bcc1a764b9dbf2a580eca2f62baa5b617b30492f
[INFO] running `Command { std: "docker" "create" "-v" "/var/lib/crater-agent-workspace/builds/worker-5-tc2/target:/opt/rustwide/target:rw,Z" "-v" "/var/lib/crater-agent-workspace/builds/worker-5-tc2/source:/opt/rustwide/workdir:ro,Z" "-v" "/var/lib/crater-agent-workspace/cargo-home:/opt/rustwide/cargo-home:ro,Z" "-v" "/var/lib/crater-agent-workspace/rustup-home:/opt/rustwide/rustup-home:ro,Z" "-e" "SOURCE_DIR=/opt/rustwide/workdir" "-e" "CARGO_TARGET_DIR=/opt/rustwide/target" "-e" "CARGO_INCREMENTAL=0" "-e" "RUST_BACKTRACE=full" "-e" "RUSTFLAGS=--cap-lints=warn" "-e" "RUSTDOCFLAGS=--cap-lints=warn" "-e" "CARGO_HOME=/opt/rustwide/cargo-home" "-e" "RUSTUP_HOME=/opt/rustwide/rustup-home" "-w" "/opt/rustwide/workdir" "-m" "1610612736" "--user" "0:0" "--network" "none" "ghcr.io/rust-lang/crates-build-env/linux@sha256:2788e3201cd34a07e3172128adcd8b3090168a8e3bcc40d7c032b9dda1df7d1c" "/opt/rustwide/cargo-home/bin/cargo" "+beta-2023-12-22" "test" "--frozen" "--no-run" "--message-format=json", kill_on_drop: false }`
[INFO] [stdout] 807c4e38ceb9c98f31414a52983ad54b7d96289342dbb106694cdc27c0acf1ea
[INFO] running `Command { std: "docker" "start" "-a" "807c4e38ceb9c98f31414a52983ad54b7d96289342dbb106694cdc27c0acf1ea", kill_on_drop: false }`
[INFO] [stderr]    Compiling termspin v0.1.0 (/opt/rustwide/workdir)
[INFO] [stderr]     Finished test [unoptimized + debuginfo] target(s) in 0.30s
[INFO] running `Command { std: "docker" "inspect" "807c4e38ceb9c98f31414a52983ad54b7d96289342dbb106694cdc27c0acf1ea", kill_on_drop: false }`
[INFO] running `Command { std: "docker" "rm" "-f" "807c4e38ceb9c98f31414a52983ad54b7d96289342dbb106694cdc27c0acf1ea", kill_on_drop: false }`
[INFO] [stdout] 807c4e38ceb9c98f31414a52983ad54b7d96289342dbb106694cdc27c0acf1ea
[INFO] running `Command { std: "docker" "create" "-v" "/var/lib/crater-agent-workspace/builds/worker-5-tc2/target:/opt/rustwide/target:rw,Z" "-v" "/var/lib/crater-agent-workspace/builds/worker-5-tc2/source:/opt/rustwide/workdir:ro,Z" "-v" "/var/lib/crater-agent-workspace/cargo-home:/opt/rustwide/cargo-home:ro,Z" "-v" "/var/lib/crater-agent-workspace/rustup-home:/opt/rustwide/rustup-home:ro,Z" "-e" "SOURCE_DIR=/opt/rustwide/workdir" "-e" "CARGO_TARGET_DIR=/opt/rustwide/target" "-e" "CARGO_INCREMENTAL=0" "-e" "RUST_BACKTRACE=full" "-e" "RUSTFLAGS=--cap-lints=warn" "-e" "RUSTDOCFLAGS=--cap-lints=warn" "-e" "CARGO_HOME=/opt/rustwide/cargo-home" "-e" "RUSTUP_HOME=/opt/rustwide/rustup-home" "-w" "/opt/rustwide/workdir" "-m" "1610612736" "--user" "0:0" "--network" "none" "ghcr.io/rust-lang/crates-build-env/linux@sha256:2788e3201cd34a07e3172128adcd8b3090168a8e3bcc40d7c032b9dda1df7d1c" "/opt/rustwide/cargo-home/bin/cargo" "+beta-2023-12-22" "test" "--frozen", kill_on_drop: false }`
[INFO] [stdout] 85a7668a91ee05ff747928df14ccffd9c3740ad29fd005d9de2b73177f895add
[INFO] running `Command { std: "docker" "start" "-a" "85a7668a91ee05ff747928df14ccffd9c3740ad29fd005d9de2b73177f895add", kill_on_drop: false }`
[INFO] [stderr]     Finished test [unoptimized + debuginfo] target(s) in 0.00s
[INFO] [stderr]      Running unittests src/lib.rs (/opt/rustwide/target/debug/deps/termspin-9bc1e914add75107)
[INFO] [stdout] 
[INFO] [stdout] running 0 tests
[INFO] [stdout] 
[INFO] [stdout] test result: ok. 0 passed; 0 failed; 0 ignored; 0 measured; 0 filtered out; finished in 0.00s
[INFO] [stdout] 
[INFO] [stderr]    Doc-tests termspin
[INFO] [stdout] 
[INFO] [stdout] running 5 tests
[INFO] [stdout] test src/loops.rs - loops::Loop (line 17) - compile ... FAILED
[INFO] [stdout] test src/loops.rs - loops::Loop<F>::run (line 65) - compile ... FAILED
[INFO] [stdout] test src/lib.rs - Group::clear (line 137) ... ok
[INFO] [stdout] test src/spinner.rs - spinner::from_iter (line 9) ... ok
[INFO] [stdout] test src/lib.rs - Line::clear (line 265) ... ok
[INFO] [stdout] 
[INFO] [stdout] failures:
[INFO] [stdout] 
[INFO] [stdout] ---- src/loops.rs - loops::Loop (line 17) stdout ----
[INFO] [stdout] error[E0308]: mismatched types
[INFO] [stdout]   --> src/loops.rs:29:13
[INFO] [stdout]    |
[INFO] [stdout] 15 | l.run(|out| print!("{out}"));
[INFO] [stdout]    |             ^^^^^^^^^^^^^^^ expected `Result<(), Error>`, found `()`
[INFO] [stdout]    |
[INFO] [stdout]    = note:   expected enum `Result<(), std::io::Error>`
[INFO] [stdout]            found unit type `()`
[INFO] [stdout]    = note: this error originates in the macro `print` (in Nightly builds, run with -Z macro-backtrace for more info)
[INFO] [stdout] 
[INFO] [stdout] error: aborting due to 1 previous error
[INFO] [stdout] 
[INFO] [stdout] For more information about this error, try `rustc --explain E0308`.
[INFO] [stdout] Couldn't compile the test.
[INFO] [stdout] ---- src/loops.rs - loops::Loop<F>::run (line 65) stdout ----
[INFO] [stdout] error[E0308]: mismatched types
[INFO] [stdout]   --> src/loops.rs:77:13
[INFO] [stdout]    |
[INFO] [stdout] 15 | l.run(|out| print!("{out}"));
[INFO] [stdout]    |             ^^^^^^^^^^^^^^^ expected `Result<(), Error>`, found `()`
[INFO] [stdout]    |
[INFO] [stdout]    = note:   expected enum `Result<(), std::io::Error>`
[INFO] [stdout]            found unit type `()`
[INFO] [stdout]    = note: this error originates in the macro `print` (in Nightly builds, run with -Z macro-backtrace for more info)
[INFO] [stdout] 
[INFO] [stdout] error: aborting due to 1 previous error
[INFO] [stdout] 
[INFO] [stdout] For more information about this error, try `rustc --explain E0308`.
[INFO] [stdout] Couldn't compile the test.
[INFO] [stdout] 
[INFO] [stdout] failures:
[INFO] [stdout]     src/loops.rs - loops::Loop (line 17)
[INFO] [stdout]     src/loops.rs - loops::Loop<F>::run (line 65)
[INFO] [stdout] 
[INFO] [stdout] test result: FAILED. 3 passed; 2 failed; 0 ignored; 0 measured; 0 filtered out; finished in 0.25s
[INFO] [stdout] 
[INFO] [stderr] error: doctest failed, to rerun pass `--doc`
[INFO] running `Command { std: "docker" "inspect" "85a7668a91ee05ff747928df14ccffd9c3740ad29fd005d9de2b73177f895add", kill_on_drop: false }`
[INFO] running `Command { std: "docker" "rm" "-f" "85a7668a91ee05ff747928df14ccffd9c3740ad29fd005d9de2b73177f895add", kill_on_drop: false }`
[INFO] [stdout] 85a7668a91ee05ff747928df14ccffd9c3740ad29fd005d9de2b73177f895add
