[INFO] fetching crate termscp 0.12.3...
[INFO] testing termscp-0.12.3 against 1.75.0 for beta-1.76-1
[INFO] extracting crate termscp 0.12.3 into /workspace/builds/worker-5-tc1/source
[INFO] validating manifest of crates.io crate termscp 0.12.3 on toolchain 1.75.0
[INFO] running `Command { std: CARGO_HOME="/workspace/cargo-home" RUSTUP_HOME="/workspace/rustup-home" "/workspace/cargo-home/bin/cargo" "+1.75.0" "metadata" "--manifest-path" "Cargo.toml" "--no-deps", kill_on_drop: false }`
[INFO] started tweaking crates.io crate termscp 0.12.3
[INFO] finished tweaking crates.io crate termscp 0.12.3
[INFO] tweaked toml for crates.io crate termscp 0.12.3 written to /workspace/builds/worker-5-tc1/source/Cargo.toml
[INFO] crate crates.io crate termscp 0.12.3 already has a lockfile, it will not be regenerated
[INFO] running `Command { std: CARGO_HOME="/workspace/cargo-home" RUSTUP_HOME="/workspace/rustup-home" "/workspace/cargo-home/bin/cargo" "+1.75.0" "fetch" "--manifest-path" "Cargo.toml", kill_on_drop: false }`
[INFO] [stderr]     Updating crates.io index
[INFO] [stderr]     Blocking waiting for file lock on package cache
[INFO] [stderr]  Downloading crates ...
[INFO] [stderr]   Downloaded xml-rs v0.8.15
[INFO] [stderr]   Downloaded magic-crypt v3.1.12
[INFO] [stderr]   Downloaded edit v0.1.4
[INFO] [stderr]   Downloaded remotefs-smb v0.2.0
[INFO] [stderr]   Downloaded path-slash v0.1.5
[INFO] [stderr]   Downloaded remotefs-ssh v0.2.1
[INFO] [stderr]   Downloaded tui-realm-stdlib v1.2.0
[INFO] [stderr]   Downloaded bytesize v1.2.0
[INFO] [stderr]   Downloaded rust-ini v0.17.0
[INFO] [stderr]   Downloaded open v5.0.0
[INFO] [stderr]   Downloaded tiger v0.1.0
[INFO] [stderr]   Downloaded rust-s3 v0.28.1
[INFO] [stderr]   Downloaded suppaftp v5.1.2
[INFO] [stderr]   Downloaded attohttpc v0.18.0
[INFO] [stderr]   Downloaded keyring v2.0.4
[INFO] [stderr]   Downloaded self_update v0.37.0
[INFO] [stderr]   Downloaded serde_repr v0.1.14
[INFO] [stderr]   Downloaded ordered-multimap v0.3.1
[INFO] [stderr]   Downloaded remotefs v0.2.0
[INFO] [stderr]   Downloaded dlv-list v0.2.3
[INFO] [stderr]   Downloaded async-trait v0.1.71
[INFO] [stderr]   Downloaded serde-xml-rs v0.5.1
[INFO] [stderr]   Downloaded aws-region v0.23.5
[INFO] [stderr]   Downloaded aws-creds v0.27.1
[INFO] [stderr]   Downloaded remotefs-aws-s3 v0.2.1
[INFO] [stderr]   Downloaded remotefs-ftp v0.1.3
[INFO] [stderr]   Downloaded tuirealm_derive v1.0.0
[INFO] [stderr]   Downloaded tuirealm v1.8.0
[INFO] [stderr]   Downloaded pavao v0.2.3
[INFO] [stderr]   Downloaded ssh2-config v0.2.0
[INFO] running `Command { std: "docker" "create" "-v" "/var/lib/crater-agent-workspace/builds/worker-5-tc1/target:/opt/rustwide/target:rw,Z" "-v" "/var/lib/crater-agent-workspace/builds/worker-5-tc1/source:/opt/rustwide/workdir:ro,Z" "-v" "/var/lib/crater-agent-workspace/cargo-home:/opt/rustwide/cargo-home:ro,Z" "-v" "/var/lib/crater-agent-workspace/rustup-home:/opt/rustwide/rustup-home:ro,Z" "-e" "SOURCE_DIR=/opt/rustwide/workdir" "-e" "CARGO_TARGET_DIR=/opt/rustwide/target" "-e" "CARGO_HOME=/opt/rustwide/cargo-home" "-e" "RUSTUP_HOME=/opt/rustwide/rustup-home" "-w" "/opt/rustwide/workdir" "-m" "1610612736" "--user" "0:0" "--network" "none" "ghcr.io/rust-lang/crates-build-env/linux@sha256:2788e3201cd34a07e3172128adcd8b3090168a8e3bcc40d7c032b9dda1df7d1c" "/opt/rustwide/cargo-home/bin/cargo" "+1.75.0" "metadata" "--no-deps" "--format-version=1", kill_on_drop: false }`
[INFO] [stdout] 0be39694344968c09968b140653bc421459ba5c4fe77630c09512d5ff376984c
[INFO] running `Command { std: "docker" "start" "-a" "0be39694344968c09968b140653bc421459ba5c4fe77630c09512d5ff376984c", kill_on_drop: false }`
[INFO] running `Command { std: "docker" "inspect" "0be39694344968c09968b140653bc421459ba5c4fe77630c09512d5ff376984c", kill_on_drop: false }`
[INFO] running `Command { std: "docker" "rm" "-f" "0be39694344968c09968b140653bc421459ba5c4fe77630c09512d5ff376984c", kill_on_drop: false }`
[INFO] [stdout] 0be39694344968c09968b140653bc421459ba5c4fe77630c09512d5ff376984c
[INFO] running `Command { std: "docker" "create" "-v" "/var/lib/crater-agent-workspace/builds/worker-5-tc1/target:/opt/rustwide/target:rw,Z" "-v" "/var/lib/crater-agent-workspace/builds/worker-5-tc1/source:/opt/rustwide/workdir:ro,Z" "-v" "/var/lib/crater-agent-workspace/cargo-home:/opt/rustwide/cargo-home:ro,Z" "-v" "/var/lib/crater-agent-workspace/rustup-home:/opt/rustwide/rustup-home:ro,Z" "-e" "SOURCE_DIR=/opt/rustwide/workdir" "-e" "CARGO_TARGET_DIR=/opt/rustwide/target" "-e" "CARGO_INCREMENTAL=0" "-e" "RUST_BACKTRACE=full" "-e" "RUSTFLAGS=--cap-lints=warn" "-e" "RUSTDOCFLAGS=--cap-lints=warn" "-e" "CARGO_HOME=/opt/rustwide/cargo-home" "-e" "RUSTUP_HOME=/opt/rustwide/rustup-home" "-w" "/opt/rustwide/workdir" "-m" "1610612736" "--user" "0:0" "--network" "none" "ghcr.io/rust-lang/crates-build-env/linux@sha256:2788e3201cd34a07e3172128adcd8b3090168a8e3bcc40d7c032b9dda1df7d1c" "/opt/rustwide/cargo-home/bin/cargo" "+1.75.0" "build" "--frozen" "--message-format=json", kill_on_drop: false }`
[INFO] [stdout] c3ea549d7bf794ab9559dcafd2e9f62b8a2c635bac11f269998e8fb8f3e3f1b0
[INFO] running `Command { std: "docker" "start" "-a" "c3ea549d7bf794ab9559dcafd2e9f62b8a2c635bac11f269998e8fb8f3e3f1b0", kill_on_drop: false }`
[INFO] [stderr]    Compiling libc v0.2.147
[INFO] [stderr]    Compiling proc-macro2 v1.0.63
[INFO] [stderr]    Compiling unicode-ident v1.0.10
[INFO] [stderr]    Compiling quote v1.0.29
[INFO] [stderr]    Compiling log v0.4.19
[INFO] [stderr]    Compiling cc v1.0.79
[INFO] [stderr]    Compiling pkg-config v0.3.27
[INFO] [stderr]    Compiling generic-array v0.14.7
[INFO] [stderr]    Compiling futures-core v0.3.28
[INFO] [stderr]    Compiling pin-project-lite v0.2.10
[INFO] [stderr]    Compiling serde v1.0.166
[INFO] [stderr]    Compiling aho-corasick v1.0.2
[INFO] [stderr]    Compiling regex-syntax v0.7.3
[INFO] [stderr]    Compiling slab v0.4.8
[INFO] [stderr]    Compiling itoa v1.0.8
[INFO] [stderr]    Compiling thiserror v1.0.41
[INFO] [stderr]    Compiling bytes v1.4.0
[INFO] [stderr]    Compiling syn v2.0.23
[INFO] [stderr]    Compiling syn v1.0.109
[INFO] [stderr]    Compiling ring v0.16.20
[INFO] [stderr]    Compiling futures-io v0.3.28
[INFO] [stderr]    Compiling openssl-src v111.26.0+1.1.1u
[INFO] [stderr]    Compiling mio v0.8.8
[INFO] [stderr]    Compiling socket2 v0.4.9
[INFO] [stderr]    Compiling openssl-sys v0.9.90
[INFO] [stderr]    Compiling regex-automata v0.3.0
[INFO] [stderr]    Compiling getrandom v0.2.10
[INFO] [stderr]    Compiling tokio v1.29.1
[INFO] [stderr]    Compiling hashbrown v0.14.0
[INFO] [stderr]    Compiling equivalent v1.0.0
[INFO] [stderr]    Compiling rand_core v0.6.4
[INFO] [stderr]    Compiling num_cpus v1.16.0
[INFO] [stderr]    Compiling indexmap v2.0.0
[INFO] [stderr]    Compiling winnow v0.4.7
[INFO] [stderr]    Compiling futures-task v0.3.28
[INFO] [stderr]    Compiling crossbeam-utils v0.8.16
[INFO] [stderr]    Compiling rand_chacha v0.3.1
[INFO] [stderr]    Compiling regex v1.9.0
[INFO] [stderr]    Compiling sct v0.7.0
[INFO] [stderr]    Compiling http v0.2.9
[INFO] [stderr]    Compiling lock_api v0.4.10
[INFO] [stderr]    Compiling tracing-core v0.1.31
[INFO] [stderr]    Compiling block-padding v0.2.1
[INFO] [stderr]    Compiling futures-util v0.3.28
[INFO] [stderr]    Compiling futures-sink v0.3.28
[INFO] [stderr]    Compiling smallvec v1.11.0
[INFO] [stderr]    Compiling rand v0.8.5
[INFO] [stderr]    Compiling rustix v0.37.23
[INFO] [stderr]    Compiling scopeguard v1.1.0
[INFO] [stderr]    Compiling wildmatch v2.1.1
[INFO] [stderr]    Compiling toml_datetime v0.6.3
[INFO] [stderr]    Compiling toml_edit v0.19.12
[INFO] [stderr]    Compiling serde_derive v1.0.166
[INFO] [stderr]    Compiling thiserror-impl v1.0.41
[INFO] [stderr]    Compiling tracing-attributes v0.1.26
[INFO] [stderr]    Compiling futures-macro v0.3.28
[INFO] [stderr]    Compiling concurrent-queue v2.2.0
[INFO] [stderr]    Compiling io-lifetimes v1.0.11
[INFO] [stderr]    Compiling webpki v0.22.0
[INFO] [stderr]    Compiling time v0.1.45
[INFO] [stderr]    Compiling crypto-common v0.1.6
[INFO] [stderr]    Compiling block-buffer v0.10.4
[INFO] [stderr]    Compiling waker-fn v1.1.0
[INFO] [stderr]    Compiling iana-time-zone v0.1.57
[INFO] [stderr]    Compiling serde_json v1.0.100
[INFO] [stderr]    Compiling tracing v0.1.37
[INFO] [stderr]    Compiling parking v2.1.0
[INFO] [stderr]    Compiling ryu v1.0.14
[INFO] [stderr]    Compiling futures-lite v1.13.0
[INFO] [stderr]    Compiling proc-macro-crate v1.3.1
[INFO] [stderr]    Compiling chrono v0.4.26
[INFO] [stderr]    Compiling ahash v0.7.6
[INFO] [stderr]    Compiling digest v0.10.7
[INFO] [stderr]    Compiling async-lock v2.7.0
[INFO] [stderr]    Compiling zvariant_utils v1.0.1
[INFO] [stderr]    Compiling digest v0.9.0
[INFO] [stderr]    Compiling memoffset v0.7.1
[INFO] [stderr]    Compiling indexmap v1.9.3
[INFO] [stderr]    Compiling signal-hook v0.3.15
[INFO] [stderr]    Compiling parking_lot_core v0.9.8
[INFO] [stderr]    Compiling async-trait v0.1.71
[INFO] [stderr]    Compiling url v2.4.0
[INFO] [stderr]    Compiling webpki-roots v0.22.6
[INFO] [stderr]    Compiling enumflags2_derive v0.7.7
[INFO] [stderr]    Compiling block-buffer v0.9.0
[INFO] [stderr]    Compiling signal-hook-registry v1.4.1
[INFO] [stderr]    Compiling libz-sys v1.1.9
[INFO] [stderr]    Compiling cipher v0.3.0
[INFO] [stderr]    Compiling num-bigint v0.4.3
[INFO] [stderr]    Compiling ahash v0.4.7
[INFO] [stderr]    Compiling anyhow v1.0.71
[INFO] [stderr]    Compiling futures-channel v0.3.28
[INFO] [stderr]    Compiling rustls v0.21.3
[INFO] [stderr]    Compiling rustls v0.20.8
[INFO] [stderr]    Compiling async-task v4.4.0
[INFO] [stderr]    Compiling hashbrown v0.9.1
[INFO] [stderr]    Compiling hashbrown v0.12.3
[INFO] [stderr]    Compiling zvariant_derive v3.15.0
[INFO] [stderr]    Compiling tokio-util v0.7.8
[INFO] [stderr]    Compiling async-channel v1.8.0
[INFO] [stderr]    Compiling lazy-regex-proc_macros v2.4.1
[INFO] [stderr]    Compiling dlv-list v0.2.3
[INFO] [stderr]    Compiling rustls-webpki v0.101.1
[INFO] [stderr]    Compiling async-fs v1.6.0
[INFO] [stderr]    Compiling try-lock v0.2.4
[INFO] [stderr]    Compiling atomic-waker v1.1.1
[INFO] [stderr]    Compiling openssl v0.10.55
[INFO] [stderr]    Compiling time-core v0.1.1
[INFO] [stderr]    Compiling time-macros v0.2.9
[INFO] [stderr]    Compiling blocking v1.3.1
[INFO] [stderr]    Compiling want v0.3.1
[INFO] [stderr]    Compiling ordered-multimap v0.3.1
[INFO] [stderr]    Compiling h2 v0.3.20
[INFO] [stderr]    Compiling enumflags2 v0.7.7
[INFO] [stderr]    Compiling lazy-regex v2.5.0
[INFO] [stderr]    Compiling unicode-linebreak v0.1.4
[INFO] [stderr]    Compiling nix v0.26.2
[INFO] [stderr]    Compiling zvariant v3.15.0
[INFO] [stderr]    Compiling parking_lot v0.12.1
[INFO] [stderr]    Compiling signal-hook-mio v0.2.3
[INFO] [stderr]    Compiling polling v2.8.0
[INFO] [stderr]    Compiling remotefs v0.2.0
[INFO] [stderr]    Compiling openssl-macros v0.1.1
[INFO] [stderr]    Compiling http-body v0.4.5
[INFO] [stderr]    Compiling dirs-sys v0.3.7
[INFO] [stderr]    Compiling libssh2-sys v0.3.0
[INFO] [stderr]    Compiling libdbus-sys v0.2.5
[INFO] [stderr]    Compiling tempfile v3.6.0
[INFO] [stderr]    Compiling httpdate v1.0.2
[INFO] [stderr]    Compiling native-tls v0.2.11
[INFO] [stderr]    Compiling option-ext v0.2.0
[INFO] [stderr]    Compiling xml-rs v0.8.15
[INFO] [stderr]    Compiling cfg_aliases v0.1.1
[INFO] [stderr]    Compiling portable-atomic v1.3.3
[INFO] [stderr]    Compiling pavao v0.2.3
[INFO] [stderr]    Compiling dirs-sys v0.4.1
[INFO] [stderr]    Compiling net2 v0.2.39
[INFO] [stderr]    Compiling hyper v0.14.27
[INFO] [stderr]    Compiling serde-xml-rs v0.5.1
[INFO] [stderr]    Compiling time v0.3.22
[INFO] [stderr]    Compiling attohttpc v0.18.0
[INFO] [stderr]    Compiling num-rational v0.4.1
[INFO] [stderr]    Compiling parking_lot_core v0.8.6
[INFO] [stderr]    Compiling dirs v4.0.0
[INFO] [stderr]    Compiling zbus_names v2.6.0
[INFO] [stderr]    Compiling async-io v1.13.0
[INFO] [stderr]    Compiling crossterm v0.25.0
[INFO] [stderr]    Compiling tokio-rustls v0.24.1
[INFO] [stderr]    Compiling xdg-home v1.0.0
[INFO] [stderr]    Compiling rust-ini v0.17.0
[INFO] [stderr]    Compiling async-executor v1.5.1
[INFO] [stderr]    Compiling block-modes v0.8.1
[INFO] [stderr]    Compiling aes v0.7.5
[INFO] [stderr]    Compiling sha2 v0.9.9
[INFO] [stderr]    Compiling zbus_macros v3.14.1
[INFO] [stderr]    Compiling hmac v0.12.1
[INFO] [stderr]    Compiling sha1 v0.10.5
[INFO] [stderr]    Compiling derivative v2.2.0
[INFO] [stderr]    Compiling async-recursion v1.0.4
[INFO] [stderr]    Compiling serde_repr v0.1.14
[INFO] [stderr]    Compiling async-broadcast v0.5.1
[INFO] [stderr]    Compiling crypto-mac v0.11.1
[INFO] [stderr]    Compiling iovec v0.1.4
[INFO] [stderr]    Compiling filetime v0.2.21
[INFO] [stderr]    Compiling users v0.11.0
[INFO] [stderr]    Compiling ordered-stream v0.2.0
[INFO] [stderr]    Compiling semver v1.0.17
[INFO] [stderr]    Compiling cassowary v0.3.0
[INFO] [stderr]    Compiling base64 v0.21.2
[INFO] [stderr]    Compiling tui v0.19.0
[INFO] [stderr]    Compiling num v0.4.0
[INFO] [stderr]    Compiling mio v0.6.23
[INFO] [stderr]    Compiling hmac v0.11.0
[INFO] [stderr]    Compiling rustls-pemfile v1.0.3
[INFO] [stderr]    Compiling hkdf v0.12.3
[INFO] [stderr]    Compiling hyper-rustls v0.24.1
[INFO] [stderr]    Compiling flate2 v1.0.26
[INFO] [stderr]    Compiling aws-creds v0.27.1
[INFO] [stderr]    Compiling parking_lot v0.11.2
[INFO] [stderr]    Compiling dirs v5.0.1
[INFO] [stderr]    Compiling aws-region v0.23.5
[INFO] [stderr]    Compiling serde_urlencoded v0.7.1
[INFO] [stderr]    Compiling serde_spanned v0.6.3
[INFO] [stderr]    Compiling console v0.15.7
[INFO] [stderr]    Compiling sha2 v0.10.7
[INFO] [stderr]    Compiling tokio-stream v0.1.14
[INFO] [stderr]    Compiling maybe-async v0.2.7
[INFO] [stderr]    Compiling tuirealm_derive v1.0.0
[INFO] [stderr]    Compiling inotify-sys v0.1.5
[INFO] [stderr]    Compiling xattr v0.2.3
[INFO] [stderr]    Compiling encoding_rs v0.8.32
[INFO] [stderr]    Compiling is-docker v0.2.0
[INFO] [stderr]    Compiling md5 v0.7.0
[INFO] [stderr]    Compiling debug-helper v0.3.13
[INFO] [stderr]    Compiling bitflags v2.3.3
[INFO] [stderr]    Compiling ipnet v2.8.0
[INFO] [stderr]    Compiling smawk v0.3.1
[INFO] [stderr]    Compiling same-file v1.0.6
[INFO] [stderr]    Compiling number_prefix v0.4.0
[INFO] [stderr]    Compiling self_update v0.37.0
[INFO] [stderr]    Compiling argh_shared v0.1.10
[INFO] [stderr]    Compiling lazycell v1.3.0
[INFO] [stderr]    Compiling rust-s3 v0.28.1
[INFO] [stderr]    Compiling argh_derive v0.1.10
[INFO] [stderr]    Compiling mio-extras v2.0.6
[INFO] [stderr]    Compiling indicatif v0.17.5
[INFO] [stderr]    Compiling textwrap v0.15.2
[INFO] [stderr]    Compiling reqwest v0.11.18
[INFO] [stderr]    Compiling walkdir v2.3.3
[INFO] [stderr]    Compiling zbus v3.14.1
[INFO] [stderr]    Compiling ssh2-config v0.2.0
[INFO] [stderr]    Compiling tuirealm v1.8.0
[INFO] [stderr]    Compiling crc-any v2.4.3
[INFO] [stderr]    Compiling tar v0.4.38
[INFO] [stderr]    Compiling is-wsl v0.4.0
[INFO] [stderr]    Compiling inotify v0.7.1
[INFO] [stderr]    Compiling dbus v0.9.7
[INFO] [stderr]    Compiling zip v0.6.6
[INFO] [stderr]    Compiling which v4.4.0
[INFO] [stderr]    Compiling des v0.7.0
[INFO] [stderr]    Compiling tiger v0.1.0
[INFO] [stderr]    Compiling md-5 v0.9.1
[INFO] [stderr]    Compiling linux-keyutils v0.2.3
[INFO] [stderr]    Compiling rtoolbox v0.0.1
[INFO] [stderr]    Compiling quick-xml v0.23.1
[INFO] [stderr]    Compiling termcolor v1.1.3
[INFO] [stderr]    Compiling match_cfg v0.1.0
[INFO] [stderr]    Compiling pathdiff v0.2.1
[INFO] [stderr]    Compiling urlencoding v2.1.2
[INFO] [stderr]    Compiling open v5.0.0
[INFO] [stderr]    Compiling simplelog v0.12.1
[INFO] [stderr]    Compiling hostname v0.3.1
[INFO] [stderr]    Compiling notify-rust v4.8.0
[INFO] [stderr]    Compiling rpassword v7.2.0
[INFO] [stderr]    Compiling magic-crypt v3.1.12
[INFO] [stderr]    Compiling toml v0.7.6
[INFO] [stderr]    Compiling edit v0.1.4
[INFO] [stderr]    Compiling remotefs-smb v0.2.0
[INFO] [stderr]    Compiling secret-service v3.0.1
[INFO] [stderr]    Compiling notify v4.0.17
[INFO] [stderr]    Compiling tui-realm-stdlib v1.2.0
[INFO] [stderr]    Compiling argh v0.1.10
[INFO] [stderr]    Compiling keyring v2.0.4
[INFO] [stderr]    Compiling remotefs-aws-s3 v0.2.1
[INFO] [stderr]    Compiling content_inspector v0.2.4
[INFO] [stderr]    Compiling bytesize v1.2.0
[INFO] [stderr]    Compiling version-compare v0.1.1
[INFO] [stderr]    Compiling whoami v1.4.1
[INFO] [stderr]    Compiling suppaftp v5.1.2
[INFO] [stderr]    Compiling remotefs-ftp v0.1.3
[INFO] [stderr]    Compiling ssh2 v0.9.4
[INFO] [stderr]    Compiling remotefs-ssh v0.2.1
[INFO] [stderr]    Compiling termscp v0.12.3 (/opt/rustwide/workdir)
[INFO] [stdout] warning: unused import: `params::*`
[INFO] [stdout]  --> src/config/mod.rs:6:9
[INFO] [stdout]   |
[INFO] [stdout] 6 | pub use params::*;
[INFO] [stdout]   |         ^^^^^^^^^
[INFO] [stdout]   |
[INFO] [stdout]   = note: `#[warn(unused_imports)]` on by default
[INFO] [stdout] 
[INFO] [stdout] 
[INFO] [stdout] warning: unused import: `setup::*`
[INFO] [stdout]   --> src/ui/activities/setup/view/mod.rs:10:9
[INFO] [stdout]    |
[INFO] [stdout] 10 | pub use setup::*;
[INFO] [stdout]    |         ^^^^^^^^
[INFO] [stdout] 
[INFO] [stdout] 
[INFO] [stdout] warning: unused import: `ssh_keys::*`
[INFO] [stdout]   --> src/ui/activities/setup/view/mod.rs:11:9
[INFO] [stdout]    |
[INFO] [stdout] 11 | pub use ssh_keys::*;
[INFO] [stdout]    |         ^^^^^^^^^^^
[INFO] [stdout] 
[INFO] [stdout] 
[INFO] [stdout] warning: unused import: `theme::*`
[INFO] [stdout]   --> src/ui/activities/setup/view/mod.rs:12:9
[INFO] [stdout]    |
[INFO] [stdout] 12 | pub use theme::*;
[INFO] [stdout]    |         ^^^^^^^^
[INFO] [stdout] 
[INFO] [stdout] 
[INFO] [stdout] warning: 4 warnings emitted
[INFO] [stdout] 
[INFO] [stdout] 
[INFO] [stderr]     Finished dev [unoptimized + debuginfo] target(s) in 2m 40s
[INFO] running `Command { std: "docker" "inspect" "c3ea549d7bf794ab9559dcafd2e9f62b8a2c635bac11f269998e8fb8f3e3f1b0", kill_on_drop: false }`
[INFO] running `Command { std: "docker" "rm" "-f" "c3ea549d7bf794ab9559dcafd2e9f62b8a2c635bac11f269998e8fb8f3e3f1b0", kill_on_drop: false }`
[INFO] [stdout] c3ea549d7bf794ab9559dcafd2e9f62b8a2c635bac11f269998e8fb8f3e3f1b0
[INFO] running `Command { std: "docker" "create" "-v" "/var/lib/crater-agent-workspace/builds/worker-5-tc1/target:/opt/rustwide/target:rw,Z" "-v" "/var/lib/crater-agent-workspace/builds/worker-5-tc1/source:/opt/rustwide/workdir:ro,Z" "-v" "/var/lib/crater-agent-workspace/cargo-home:/opt/rustwide/cargo-home:ro,Z" "-v" "/var/lib/crater-agent-workspace/rustup-home:/opt/rustwide/rustup-home:ro,Z" "-e" "SOURCE_DIR=/opt/rustwide/workdir" "-e" "CARGO_TARGET_DIR=/opt/rustwide/target" "-e" "CARGO_INCREMENTAL=0" "-e" "RUST_BACKTRACE=full" "-e" "RUSTFLAGS=--cap-lints=warn" "-e" "RUSTDOCFLAGS=--cap-lints=warn" "-e" "CARGO_HOME=/opt/rustwide/cargo-home" "-e" "RUSTUP_HOME=/opt/rustwide/rustup-home" "-w" "/opt/rustwide/workdir" "-m" "1610612736" "--user" "0:0" "--network" "none" "ghcr.io/rust-lang/crates-build-env/linux@sha256:2788e3201cd34a07e3172128adcd8b3090168a8e3bcc40d7c032b9dda1df7d1c" "/opt/rustwide/cargo-home/bin/cargo" "+1.75.0" "test" "--frozen" "--no-run" "--message-format=json", kill_on_drop: false }`
[INFO] [stdout] e73cb0c68fae94bf54cbc4b3cff82ef309d50c92d21c1b398cea1ed3e5834500
[INFO] running `Command { std: "docker" "start" "-a" "e73cb0c68fae94bf54cbc4b3cff82ef309d50c92d21c1b398cea1ed3e5834500", kill_on_drop: false }`
[INFO] [stderr]    Compiling futures-channel v0.3.28
[INFO] [stderr]    Compiling futures-util v0.3.28
[INFO] [stderr]    Compiling dashmap v5.4.0
[INFO] [stderr]    Compiling serial_test_derive v2.0.0
[INFO] [stderr]    Compiling pretty_assertions v1.3.0
[INFO] [stderr]    Compiling h2 v0.3.20
[INFO] [stderr]    Compiling futures-executor v0.3.28
[INFO] [stderr]    Compiling zbus v3.14.1
[INFO] [stderr]    Compiling futures v0.3.28
[INFO] [stderr]    Compiling serial_test v2.0.0
[INFO] [stderr]    Compiling hyper v0.14.27
[INFO] [stderr]    Compiling hyper-rustls v0.24.1
[INFO] [stderr]    Compiling reqwest v0.11.18
[INFO] [stderr]    Compiling secret-service v3.0.1
[INFO] [stderr]    Compiling keyring v2.0.4
[INFO] [stderr]    Compiling self_update v0.37.0
[INFO] [stderr]    Compiling termscp v0.12.3 (/opt/rustwide/workdir)
[INFO] [stdout] warning: unused import: `setup::*`
[INFO] [stdout]   --> src/ui/activities/setup/view/mod.rs:10:9
[INFO] [stdout]    |
[INFO] [stdout] 10 | pub use setup::*;
[INFO] [stdout]    |         ^^^^^^^^
[INFO] [stdout]    |
[INFO] [stdout]    = note: `#[warn(unused_imports)]` on by default
[INFO] [stdout] 
[INFO] [stdout] 
[INFO] [stdout] warning: unused import: `ssh_keys::*`
[INFO] [stdout]   --> src/ui/activities/setup/view/mod.rs:11:9
[INFO] [stdout]    |
[INFO] [stdout] 11 | pub use ssh_keys::*;
[INFO] [stdout]    |         ^^^^^^^^^^^
[INFO] [stdout] 
[INFO] [stdout] 
[INFO] [stdout] warning: unused import: `theme::*`
[INFO] [stdout]   --> src/ui/activities/setup/view/mod.rs:12:9
[INFO] [stdout]    |
[INFO] [stdout] 12 | pub use theme::*;
[INFO] [stdout]    |         ^^^^^^^^
[INFO] [stdout] 
[INFO] [stdout] 
[INFO] [stdout] warning: 3 warnings emitted
[INFO] [stdout] 
[INFO] [stdout] 
[INFO] [stderr]     Finished test [unoptimized + debuginfo] target(s) in 51.35s
[INFO] running `Command { std: "docker" "inspect" "e73cb0c68fae94bf54cbc4b3cff82ef309d50c92d21c1b398cea1ed3e5834500", kill_on_drop: false }`
[INFO] running `Command { std: "docker" "rm" "-f" "e73cb0c68fae94bf54cbc4b3cff82ef309d50c92d21c1b398cea1ed3e5834500", kill_on_drop: false }`
[INFO] [stdout] e73cb0c68fae94bf54cbc4b3cff82ef309d50c92d21c1b398cea1ed3e5834500
[INFO] running `Command { std: "docker" "create" "-v" "/var/lib/crater-agent-workspace/builds/worker-5-tc1/target:/opt/rustwide/target:rw,Z" "-v" "/var/lib/crater-agent-workspace/builds/worker-5-tc1/source:/opt/rustwide/workdir:ro,Z" "-v" "/var/lib/crater-agent-workspace/cargo-home:/opt/rustwide/cargo-home:ro,Z" "-v" "/var/lib/crater-agent-workspace/rustup-home:/opt/rustwide/rustup-home:ro,Z" "-e" "SOURCE_DIR=/opt/rustwide/workdir" "-e" "CARGO_TARGET_DIR=/opt/rustwide/target" "-e" "CARGO_INCREMENTAL=0" "-e" "RUST_BACKTRACE=full" "-e" "RUSTFLAGS=--cap-lints=warn" "-e" "RUSTDOCFLAGS=--cap-lints=warn" "-e" "CARGO_HOME=/opt/rustwide/cargo-home" "-e" "RUSTUP_HOME=/opt/rustwide/rustup-home" "-w" "/opt/rustwide/workdir" "-m" "1610612736" "--user" "0:0" "--network" "none" "ghcr.io/rust-lang/crates-build-env/linux@sha256:2788e3201cd34a07e3172128adcd8b3090168a8e3bcc40d7c032b9dda1df7d1c" "/opt/rustwide/cargo-home/bin/cargo" "+1.75.0" "test" "--frozen", kill_on_drop: false }`
[INFO] [stdout] c1496fc0473f2686fca760bd994cec558468339471a9f9ddb8ec8485e3f0c137
[INFO] running `Command { std: "docker" "start" "-a" "c1496fc0473f2686fca760bd994cec558468339471a9f9ddb8ec8485e3f0c137", kill_on_drop: false }`
[INFO] [stderr] warning: unused import: `setup::*`
[INFO] [stderr]   --> src/ui/activities/setup/view/mod.rs:10:9
[INFO] [stderr]    |
[INFO] [stderr] 10 | pub use setup::*;
[INFO] [stderr]    |         ^^^^^^^^
[INFO] [stderr]    |
[INFO] [stderr]    = note: `#[warn(unused_imports)]` on by default
[INFO] [stderr] 
[INFO] [stderr] warning: unused import: `ssh_keys::*`
[INFO] [stderr]   --> src/ui/activities/setup/view/mod.rs:11:9
[INFO] [stderr]    |
[INFO] [stderr] 11 | pub use ssh_keys::*;
[INFO] [stderr]    |         ^^^^^^^^^^^
[INFO] [stderr] 
[INFO] [stderr] warning: unused import: `theme::*`
[INFO] [stderr]   --> src/ui/activities/setup/view/mod.rs:12:9
[INFO] [stderr]    |
[INFO] [stderr] 12 | pub use theme::*;
[INFO] [stderr]    |         ^^^^^^^^
[INFO] [stderr] 
[INFO] [stderr] warning: `termscp` (bin "termscp" test) generated 3 warnings (run `cargo fix --bin "termscp" --tests` to apply 3 suggestions)
[INFO] [stderr]     Finished test [unoptimized + debuginfo] target(s) in 0.66s
[INFO] [stderr]      Running unittests src/main.rs (/opt/rustwide/target/debug/deps/termscp-5a0dd833afa5cffa)
[INFO] [stdout] 
[INFO] [stdout] running 190 tests
[INFO] [stdout] test config::bookmarks::tests::bookmark_from_generic_ftparams ... ok
[INFO] [stdout] test config::bookmarks::tests::test_bookmarks_default ... ok
[INFO] [stdout] test config::serialization::tests::test_config_serialization_errors ... ok
[INFO] [stdout] test config::bookmarks::tests::ftparams_from_s3_bookmark ... ok
[INFO] [stdout] test config::bookmarks::tests::bookmark_from_s3_ftparams ... ok
[INFO] [stdout] test config::bookmarks::tests::test_bookmarks_bookmark_new ... ok
[INFO] [stdout] test config::serialization::tests::test_config_serialization_params_fail_write ... ok
[INFO] [stdout] test config::serialization::tests::test_config_serialization_params_deserialize_nok ... ok
[INFO] [stdout] test config::params::tests::test_config_mod_new ... ok
[INFO] [stdout] test config::bookmarks::tests::ftparams_from_generic_bookmark ... ok
[INFO] [stdout] test config::bookmarks::tests::should_get_ftparams_from_smb_bookmark ... ok
[INFO] [stdout] test config::serialization::tests::test_config_serialization_params_deserialize_ok ... ok
[INFO] [stdout] test config::serialization::tests::test_config_serialization_params_deserialize_ok_no_opts ... ok
[INFO] [stdout] test config::serialization::tests::test_config_serialization_params_serialize ... ok
[INFO] [stdout] test config::themes::test::test_config_themes_default ... ok
[INFO] [stdout] test config::serialization::tests::test_config_serialization_params_fail_read ... ok
[INFO] [stdout] test config::serialization::tests::test_config_serializer_bookmarks_serializer_serialize ... ok
[INFO] [stdout] test config::serialization::tests::test_config_serializer_bookmarks_serializer_deserialize_nok ... ok
[INFO] [stdout] test config::serialization::tests::test_config_serialization_theme_serialize ... ok
[INFO] [stdout] test explorer::formatter::tests::should_fmt_long_utf8_name ... ok
[INFO] [stdout] test config::serialization::tests::test_config_serializer_bookmarks_serializer_deserialize_ok ... ok
[INFO] [stdout] test explorer::builder::tests::test_fs_explorer_builder_new_default ... ok
[INFO] [stdout] test explorer::formatter::tests::should_fmt_short_utf8_name ... ok
[INFO] [stdout] test explorer::formatter::tests::should_fmt_path ... ok
[INFO] [stdout] test explorer::formatter::tests::should_fmt_exceeding_length_ascii_name ... ok
[INFO] [stdout] test explorer::formatter::tests::should_fmt_short_ascii_name ... ok
[INFO] [stdout] test explorer::formatter::tests::test_fs_explorer_formatter_callchain ... ok
[INFO] [stdout] test explorer::formatter::tests::should_fmt_utf8_path ... ok
[INFO] [stdout] test explorer::tests::test_fs_explorer_files ... ok
[INFO] [stdout] test explorer::formatter::tests::test_fs_explorer_formatter_format_dirs ... ok
[INFO] [stdout] test explorer::builder::tests::test_fs_explorer_builder_new_all ... ok
[INFO] [stdout] test explorer::tests::test_fs_explorer_del_entry ... ok
[INFO] [stdout] test explorer::formatter::tests::test_fs_explorer_formatter_format_files ... ok
[INFO] [stdout] test explorer::tests::test_fs_explorer_new ... ok
[INFO] [stdout] test explorer::tests::test_fs_explorer_sort_by_name_and_dirs_first ... ok
[INFO] [stdout] test explorer::formatter::tests::test_fs_explorer_formatter_all_together_now ... ok
[INFO] [stdout] test explorer::tests::test_fs_explorer_stack ... ok
[INFO] [stdout] test explorer::tests::test_fs_explorer_sort_by_name ... ok
[INFO] [stdout] test explorer::tests::test_fs_explorer_sort_by_name_and_dirs_last ... ok
[INFO] [stdout] test explorer::tests::test_fs_explorer_sort_by_size ... ok
[INFO] [stdout] test explorer::tests::test_fs_explorer_fmt ... ok
[INFO] [stdout] test config::serialization::tests::test_config_serialization_theme_deserialize ... ok
[INFO] [stdout] test filetransfer::builder::test::should_build_aws_s3_fs ... ok
[INFO] [stdout] test explorer::tests::test_fs_explorer_to_string_from_str_traits ... ok
[INFO] [stdout] test filetransfer::builder::test::should_build_ftp_fs ... ok
[INFO] [stdout] test filetransfer::builder::test::should_build_sftp_fs ... ok
[INFO] [stdout] test filetransfer::params::test::params_default ... ok
[INFO] [stdout] test filetransfer::params::test::password_missing ... ok
[INFO] [stdout] test filetransfer::builder::test::should_build_scp_fs ... ok
[INFO] [stdout] test filetransfer::params::test::references ... ok
[INFO] [stdout] test filetransfer::params::test::set_default_secret_aws_s3 ... ok
[INFO] [stdout] test filetransfer::params::test::set_default_secret_generic ... ok
[INFO] [stdout] test filetransfer::params::test::should_init_aws_s3_params ... ok
[INFO] [stdout] test filetransfer::params::test::should_init_aws_s3_params_with_optionals ... ok
[INFO] [stdout] test filetransfer::params::test::test_filetransfer_params ... ok
[INFO] [stdout] test filetransfer::params::test::should_init_smb_params_with_optionals ... ok
[INFO] [stdout] test filetransfer::tests::test_filetransfer_mod_protocol ... ok
[INFO] [stdout] test host::tests::should_setstat ... ok
[INFO] [stdout] test filetransfer::params::test::should_init_smb_params ... ok
[INFO] [stdout] test host::tests::test_host_chmod ... ok
[INFO] [stdout] test host::tests::should_create_symlink ... ok
[INFO] [stdout] test host::tests::test_host_copy_file_relative ... ok
[INFO] [stdout] test host::tests::test_host_copy_file_absolute ... ok
[INFO] [stdout] test host::tests::test_host_copy_directory_relative ... ok
[INFO] [stdout] test host::tests::test_host_error_new ... ok
[INFO] [stdout] test host::tests::test_host_copy_directory_absolute ... ok
[INFO] [stdout] test host::tests::test_host_localhost_change_dir ... ok
[INFO] [stdout] test host::tests::test_host_find ... ok
[INFO] [stdout] test host::tests::test_host_fmt_error ... ok
[INFO] [stdout] test host::tests::test_host_localhost_new ... ok
[INFO] [stdout] test host::tests::test_host_localhost_mkdir ... ok
[INFO] [stdout] test host::tests::test_host_exec ... ok
[INFO] [stdout] test host::tests::test_host_localhost_open_read ... ok
[INFO] [stdout] test host::tests::test_host_localhost_list_files ... ok
[INFO] [stdout] test host::tests::test_host_localhost_open_write ... ok
[INFO] [stdout] test filetransfer::builder::test::should_not_build_fs - should panic ... ok
[INFO] [stdout] test host::tests::test_host_localhost_pwd ... ok
[INFO] [stdout] test host::tests::test_host_localhost_change_dir_failed - should panic ... ok
[INFO] [stdout] test host::tests::test_host_localhost_remove ... ok
[INFO] [stdout] test host::tests::test_host_localhost_rename ... ok
[INFO] [stdout] test host::tests::test_host_localhost_symlinks ... ok
[INFO] [stdout] test system::auto_update::test::auto_update_default ... ok
[INFO] [stdout] test host::tests::test_host_localhost_new_bad - should panic ... ok
[INFO] [stdout] test host::tests::test_host_localhost_open_read_err_no_such_file - should panic ... ok
[INFO] [stdout] test host::tests::test_host_localhost_open_read_err_not_accessible ... FAILED
[INFO] [stdout] test system::auto_update::test::auto_update ... FAILED
[INFO] [stdout] test host::tests::test_host_localhost_open_write_err ... FAILED
[INFO] [stdout] test system::auto_update::test::update_status ... ok
[INFO] [stdout] test system::auto_update::test::should_tell_that_version_is_higher ... ok
[INFO] [stdout] test system::auto_update::test::release ... ok
[INFO] [stdout] test system::bookmarks_client::tests::test_system_bookmarks_add_bookmark_empty - should panic ... ok
[INFO] [stdout] test system::bookmarks_client::tests::should_make_s3_bookmark_without_secrets ... ok
[INFO] [stdout] test system::bookmarks_client::tests::should_make_s3_recent ... ok
[INFO] [stdout] test system::bookmarks_client::tests::save_bookmark_wno_password ... ok
[INFO] [stdout] test system::bookmarks_client::tests::should_make_s3_bookmark_with_secrets ... ok
[INFO] [stdout] test system::bookmarks_client::tests::test_system_bookmarks_decrypt_str ... ok
[INFO] [stdout] test system::bookmarks_client::tests::test_system_bookmarks_dup_recent ... ok
[INFO] [stdout] test system::bookmarks_client::tests::test_system_bookmarks_bad_bookmark_name - should panic ... ok
[INFO] [stdout] test system::bookmarks_client::tests::test_system_bookmarks_new ... ok
[INFO] [stdout] test system::bookmarks_client::tests::test_system_bookmarks_new_from_existing ... ok
[INFO] [stdout] test system::bookmarks_client::tests::test_system_bookmarks_manipulate_bookmarks ... ok
[INFO] [stdout] test system::bookmarks_client::tests::test_system_bookmarks_manipulate_recents ... ok
[INFO] [stdout] test system::config_client::tests::should_get_and_set_ssh_config_dir ... ok
[INFO] [stdout] test system::config_client::tests::test_system_config_default_protocol ... ok
[INFO] [stdout] test system::config_client::tests::test_system_config_check_for_updates ... ok
[INFO] [stdout] test system::auto_update::test::check_for_updates ... FAILED
[INFO] [stdout] test system::config_client::tests::test_system_config_degraded ... ok
[INFO] [stdout] test system::config_client::tests::test_system_config_group_dirs ... ok
[INFO] [stdout] test system::config_client::tests::test_system_config_local_file_fmt ... ok
[INFO] [stdout] test system::config_client::tests::test_system_config_make_io_err ... ok
[INFO] [stdout] test system::config_client::tests::test_system_config_make_key ... ok
[INFO] [stdout] test system::config_client::tests::test_system_config_prompt_on_file_replace ... ok
[INFO] [stdout] test system::config_client::tests::test_system_config_from_existing ... ok
[INFO] [stdout] test system::config_client::tests::test_system_config_remote_file_fmt ... ok
[INFO] [stdout] test system::config_client::tests::test_system_config_new_err ... ok
[INFO] [stdout] test system::config_client::tests::test_system_config_new ... ok
[INFO] [stdout] test system::config_client::tests::test_system_config_remote_notification_threshold ... ok
[INFO] [stdout] test system::config_client::tests::test_system_config_notifications ... ok
[INFO] [stdout] test system::config_client::tests::test_system_config_show_hidden_files ... ok
[INFO] [stdout] test system::environment::tests::should_get_cache_dir ... ok
[INFO] [stdout] test system::environment::tests::test_system_environment_get_config_dir ... ok
[INFO] [stdout] test system::environment::tests::test_system_environment_get_config_dir_err ... ok
[INFO] [stdout] test system::environment::tests::test_system_environment_get_config_paths ... ok
[INFO] [stdout] test system::config_client::tests::test_system_config_ssh_keys ... ok
[INFO] [stdout] test system::environment::tests::test_system_environment_get_log_paths ... ok
[INFO] [stdout] test system::environment::tests::test_system_environment_get_theme_path ... ok
[INFO] [stdout] test system::keys::filestorage::tests::test_system_keys_filestorage_make_dir ... ok
[INFO] [stdout] test system::keys::filestorage::tests::test_system_keys_filestorage_ok ... ok
[INFO] [stdout] test system::config_client::tests::test_system_config_text_editor ... ok
[INFO] [stdout] test system::environment::tests::test_system_environment_get_bookmarks_paths ... ok
[INFO] [stdout] test system::keys::filestorage::tests::test_system_keys_filestorage_err ... ok
[INFO] [stdout] test system::keys::keyringstorage::tests::test_system_keys_keyringstorage ... FAILED
[INFO] [stdout] test system::keys::tests::test_system_keys_mod_errors ... ok
[INFO] [stdout] test system::logging::test::test_system_logging_setup ... ok
[INFO] [stdout] test system::sshkey_storage::tests::test_system_sshkey_storage_empty ... ok
[INFO] [stdout] test system::sshkey_storage::tests::test_system_sshkey_storage_add ... ok
[INFO] [stdout] test system::theme_provider::test::test_system_theme_provider_err ... ok
[INFO] [stdout] test system::theme_provider::test::test_system_theme_provider_degraded ... ok
[INFO] [stdout] test system::watcher::change::test::should_get_remote_relative_path_from_subdir ... ok
[INFO] [stdout] test system::watcher::change::test::should_get_remote_relative_path_same_path ... ok
[INFO] [stdout] test system::watcher::change::test::should_make_fs_change_move_from_same_directory ... ok
[INFO] [stdout] test system::theme_provider::test::test_system_theme_provider_new ... ok
[INFO] [stdout] test system::sshkey_storage::tests::test_system_sshkey_storage_new ... ok
[INFO] [stdout] test system::watcher::change::test::should_make_fs_change_remove_from_same_directory ... ok
[INFO] [stdout] test system::watcher::change::test::should_make_fs_change_remove_from_subdirectory ... ok
[INFO] [stdout] test system::watcher::change::test::should_make_fs_change_move_from_subdirectory ... ok
[INFO] [stdout] test system::watcher::change::test::should_make_fs_change_update_from_same_directory ... ok
[INFO] [stdout] test system::watcher::change::test::should_make_fs_change_update_from_subdirectory ... ok
[INFO] [stdout] test system::watcher::test::should_init_fswatcher ... ok
[INFO] [stdout] test system::watcher::test::should_return_err_when_unwatching_unwatched_path ... ok
[INFO] [stdout] test system::watcher::test::should_not_watch_path_if_subdir_of_watched_path ... ok
[INFO] [stdout] test system::sshkey_storage::tests::sould_resolve_key_from_ssh2_config ... ok
[INFO] [stdout] test system::theme_provider::test::test_system_theme_provider_load_and_save ... ok
[INFO] [stdout] test system::watcher::test::should_tell_whether_path_is_watched ... ok
[INFO] [stdout] test ui::activities::filetransfer::lib::transfer::test::test_ui_activities_filetransfer_lib_transfer_progress_states ... ok
[INFO] [stdout] test system::watcher::test::should_watch_path ... ok
[INFO] [stdout] test system::watcher::test::should_unwatch_path_when_subdir ... ok
[INFO] [stdout] test ui::activities::filetransfer::lib::transfer::test::transfer_opts ... ok
[INFO] [stdout] test ui::store::tests::test_ui_store ... ok
[INFO] [stdout] test utils::crypto::tests::test_utils_crypto_aes128 ... ok
[INFO] [stdout] test utils::file::tests::test_utils_file_open ... ok
[INFO] [stdout] test utils::fmt::tests::format_bytes ... ok
[INFO] [stdout] test utils::fmt::tests::test_utils_fmt_millis ... ok
[INFO] [stdout] test utils::fmt::tests::test_utils_fmt_path_elide ... ok
[INFO] [stdout] test utils::fmt::tests::test_utils_fmt_pex ... ok
[INFO] [stdout] test utils::fmt::tests::test_utils_fmt_shadow_password ... ok
[INFO] [stdout] test utils::fmt::tests::test_utils_fmt_color ... ok
[INFO] [stdout] test utils::fmt::tests::test_utils_fmt_time ... ok
[INFO] [stdout] test ui::activities::filetransfer::lib::transfer::test::test_ui_activities_filetransfer_lib_transfer_states ... ok
[INFO] [stdout] test utils::parser::tests::parse_byteunit ... ok
[INFO] [stdout] test system::watcher::test::should_unwatch_path ... ok
[INFO] [stdout] test utils::parser::tests::test_utils_parse_color ... ok
[INFO] [stdout] test utils::parser::tests::test_utils_parse_semver ... ok
[INFO] [stdout] test utils::path::test::absolutize_path ... ok
[INFO] [stdout] test utils::parser::tests::test_utils_parse_remote_opt ... ok
[INFO] [stdout] test utils::parser::tests::parse_str_as_bytesize ... ok
[INFO] [stdout] test utils::path::test::calc_diff_paths ... ok
[INFO] [stdout] test utils::random::tests::test_utils_random_alphanumeric_with_len ... ok
[INFO] [stdout] test utils::ssh::test::should_parse_ssh2_config ... ok
[INFO] [stdout] test utils::parser::tests::parse_aws_s3_opt ... ok
[INFO] [stdout] test utils::path::test::should_tell_whether_path_is_child_of ... ok
[INFO] [stdout] test utils::test_helpers::test::test_utils_test_helpers_create_file_ioers ... ok
[INFO] [stdout] test utils::test_helpers::test::test_utils_test_helpers_make_fsentry ... ok
[INFO] [stdout] test utils::string::test::should_get_secure_substring ... ok
[INFO] [stdout] test utils::test_helpers::test::test_utils_test_helpers_sample_file ... ok
[INFO] [stdout] test utils::test_helpers::test::test_utils_test_helpers_make_samples ... ok
[INFO] [stdout] test utils::ui::tests::test_utils_ui_draw_area_in ... ok
[INFO] [stdout] test explorer::tests::test_fs_explorer_sort_by_creation_time ... ok
[INFO] [stdout] test explorer::tests::test_fs_explorer_sort_by_mtime ... ok
[INFO] [stdout] test system::bookmarks_client::tests::test_system_bookmarks_recents_more_than_limit ... ok
[INFO] [stdout] 
[INFO] [stdout] failures:
[INFO] [stdout] 
[INFO] [stdout] ---- host::tests::test_host_localhost_open_read_err_not_accessible stdout ----
[INFO] [stdout] thread 'host::tests::test_host_localhost_open_read_err_not_accessible' panicked at src/host/mod.rs:779:9:
[INFO] [stdout] assertion failed: host.open_file_read(file.path()).is_err()
[INFO] [stdout] stack backtrace:
[INFO] [stdout]    0:     0x556af59e4f1c - std::backtrace_rs::backtrace::libunwind::trace::ha637c64ce894333a
[INFO] [stdout]                                at /rustc/82e1608dfa6e0b5569232559e3d385fea5a93112/library/std/src/../../backtrace/src/backtrace/libunwind.rs:104:5
[INFO] [stdout]    1:     0x556af59e4f1c - std::backtrace_rs::backtrace::trace_unsynchronized::h47f62dea28e0c88d
[INFO] [stdout]                                at /rustc/82e1608dfa6e0b5569232559e3d385fea5a93112/library/std/src/../../backtrace/src/backtrace/mod.rs:66:5
[INFO] [stdout]    2:     0x556af59e4f1c - std::sys_common::backtrace::_print_fmt::h9eef0abe20ede486
[INFO] [stdout]                                at /rustc/82e1608dfa6e0b5569232559e3d385fea5a93112/library/std/src/sys_common/backtrace.rs:67:5
[INFO] [stdout]    3:     0x556af59e4f1c - <std::sys_common::backtrace::_print::DisplayBacktrace as core::fmt::Display>::fmt::hed7f999df88cc644
[INFO] [stdout]                                at /rustc/82e1608dfa6e0b5569232559e3d385fea5a93112/library/std/src/sys_common/backtrace.rs:44:22
[INFO] [stdout]    4:     0x556af5a17640 - core::fmt::rt::Argument::fmt::h1539a9308b8d058d
[INFO] [stdout]                                at /rustc/82e1608dfa6e0b5569232559e3d385fea5a93112/library/core/src/fmt/rt.rs:142:9
[INFO] [stdout]    5:     0x556af5a17640 - core::fmt::write::h3a39390d8560d9c9
[INFO] [stdout]                                at /rustc/82e1608dfa6e0b5569232559e3d385fea5a93112/library/core/src/fmt/mod.rs:1120:17
[INFO] [stdout]    6:     0x556af59e072f - std::io::Write::write_fmt::h040b369f3a0f9cbc
[INFO] [stdout]                                at /rustc/82e1608dfa6e0b5569232559e3d385fea5a93112/library/std/src/io/mod.rs:1762:15
[INFO] [stdout]    7:     0x556af59e4d04 - std::sys_common::backtrace::_print::h894006fb5c6f3d45
[INFO] [stdout]                                at /rustc/82e1608dfa6e0b5569232559e3d385fea5a93112/library/std/src/sys_common/backtrace.rs:47:5
[INFO] [stdout]    8:     0x556af59e4d04 - std::sys_common::backtrace::print::h23a2d212c6fff936
[INFO] [stdout]                                at /rustc/82e1608dfa6e0b5569232559e3d385fea5a93112/library/std/src/sys_common/backtrace.rs:34:9
[INFO] [stdout]    9:     0x556af59e69c7 - std::panicking::default_hook::{{closure}}::h8a1d2ee00185001a
[INFO] [stdout]   10:     0x556af59e66b3 - std::panicking::default_hook::h6038f2eba384e475
[INFO] [stdout]                                at /rustc/82e1608dfa6e0b5569232559e3d385fea5a93112/library/std/src/panicking.rs:289:9
[INFO] [stdout]   11:     0x556af4615797 - <alloc::boxed::Box<F,A> as core::ops::function::Fn<Args>>::call::h0ad024c9bdc6d768
[INFO] [stdout]                                at /rustc/82e1608dfa6e0b5569232559e3d385fea5a93112/library/alloc/src/boxed.rs:2021:9
[INFO] [stdout]   12:     0x556af4615797 - test::test_main::{{closure}}::h7500b54257359db6
[INFO] [stdout]                                at /rustc/82e1608dfa6e0b5569232559e3d385fea5a93112/library/test/src/lib.rs:138:21
[INFO] [stdout]   13:     0x556af59e6fd8 - <alloc::boxed::Box<F,A> as core::ops::function::Fn<Args>>::call::h1f8f335eaa9cfaee
[INFO] [stdout]                                at /rustc/82e1608dfa6e0b5569232559e3d385fea5a93112/library/alloc/src/boxed.rs:2021:9
[INFO] [stdout]   14:     0x556af59e6fd8 - std::panicking::rust_panic_with_hook::h2b5517d590cab22e
[INFO] [stdout]                                at /rustc/82e1608dfa6e0b5569232559e3d385fea5a93112/library/std/src/panicking.rs:783:13
[INFO] [stdout]   15:     0x556af59e6cf9 - std::panicking::begin_panic_handler::{{closure}}::h233112c06e0ef43e
[INFO] [stdout]                                at /rustc/82e1608dfa6e0b5569232559e3d385fea5a93112/library/std/src/panicking.rs:649:13
[INFO] [stdout]   16:     0x556af59e53e6 - std::sys_common::backtrace::__rust_end_short_backtrace::h6e893f24d7ebbff8
[INFO] [stdout]                                at /rustc/82e1608dfa6e0b5569232559e3d385fea5a93112/library/std/src/sys_common/backtrace.rs:170:18
[INFO] [stdout]   17:     0x556af59e6a92 - rust_begin_unwind
[INFO] [stdout]                                at /rustc/82e1608dfa6e0b5569232559e3d385fea5a93112/library/std/src/panicking.rs:645:5
[INFO] [stdout]   18:     0x556af42b44c5 - core::panicking::panic_fmt::hbf0e066aabfa482c
[INFO] [stdout]                                at /rustc/82e1608dfa6e0b5569232559e3d385fea5a93112/library/core/src/panicking.rs:72:14
[INFO] [stdout]   19:     0x556af42b4563 - core::panicking::panic::h195fc2a96298d4c3
[INFO] [stdout]                                at /rustc/82e1608dfa6e0b5569232559e3d385fea5a93112/library/core/src/panicking.rs:127:5
[INFO] [stdout]   20:     0x556af433ae6a - termscp::host::tests::test_host_localhost_open_read_err_not_accessible::h6af4b22205006e60
[INFO] [stdout]                                at /opt/rustwide/workdir/src/host/mod.rs:779:9
[INFO] [stdout]   21:     0x556af433ac57 - termscp::host::tests::test_host_localhost_open_read_err_not_accessible::{{closure}}::h46a9c8a7ddfe949f
[INFO] [stdout]                                at /opt/rustwide/workdir/src/host/mod.rs:773:58
[INFO] [stdout]   22:     0x556af4459e86 - core::ops::function::FnOnce::call_once::h17893a693a34afbd
[INFO] [stdout]                                at /rustc/82e1608dfa6e0b5569232559e3d385fea5a93112/library/core/src/ops/function.rs:250:5
[INFO] [stdout]   23:     0x556af461adef - core::ops::function::FnOnce::call_once::h2b5d431d5046312d
[INFO] [stdout]                                at /rustc/82e1608dfa6e0b5569232559e3d385fea5a93112/library/core/src/ops/function.rs:250:5
[INFO] [stdout]   24:     0x556af461adef - test::__rust_begin_short_backtrace::h7714669af176e207
[INFO] [stdout]                                at /rustc/82e1608dfa6e0b5569232559e3d385fea5a93112/library/test/src/lib.rs:628:18
[INFO] [stdout]   25:     0x556af4619e05 - test::run_test_in_process::{{closure}}::h85218797dcbcec12
[INFO] [stdout]                                at /rustc/82e1608dfa6e0b5569232559e3d385fea5a93112/library/test/src/lib.rs:651:60
[INFO] [stdout]   26:     0x556af4619e05 - <core::panic::unwind_safe::AssertUnwindSafe<F> as core::ops::function::FnOnce<()>>::call_once::h76c106ea31c14d7b
[INFO] [stdout]                                at /rustc/82e1608dfa6e0b5569232559e3d385fea5a93112/library/core/src/panic/unwind_safe.rs:272:9
[INFO] [stdout]   27:     0x556af4619e05 - std::panicking::try::do_call::h3bd5d0f6620ee946
[INFO] [stdout]                                at /rustc/82e1608dfa6e0b5569232559e3d385fea5a93112/library/std/src/panicking.rs:552:40
[INFO] [stdout]   28:     0x556af4619e05 - std::panicking::try::h232e535e4744fe31
[INFO] [stdout]                                at /rustc/82e1608dfa6e0b5569232559e3d385fea5a93112/library/std/src/panicking.rs:516:19
[INFO] [stdout]   29:     0x556af4619e05 - std::panic::catch_unwind::h3ce3bd6ca8dbac68
[INFO] [stdout]                                at /rustc/82e1608dfa6e0b5569232559e3d385fea5a93112/library/std/src/panic.rs:142:14
[INFO] [stdout]   30:     0x556af4619e05 - test::run_test_in_process::hc97b257c9621286a
[INFO] [stdout]                                at /rustc/82e1608dfa6e0b5569232559e3d385fea5a93112/library/test/src/lib.rs:651:27
[INFO] [stdout]   31:     0x556af4619e05 - test::run_test::{{closure}}::h2aa798823a438d38
[INFO] [stdout]                                at /rustc/82e1608dfa6e0b5569232559e3d385fea5a93112/library/test/src/lib.rs:574:43
[INFO] [stdout]   32:     0x556af45e20c6 - test::run_test::{{closure}}::h87d231c78fb59832
[INFO] [stdout]                                at /rustc/82e1608dfa6e0b5569232559e3d385fea5a93112/library/test/src/lib.rs:602:41
[INFO] [stdout]   33:     0x556af45e20c6 - std::sys_common::backtrace::__rust_begin_short_backtrace::he6df152596625789
[INFO] [stdout]                                at /rustc/82e1608dfa6e0b5569232559e3d385fea5a93112/library/std/src/sys_common/backtrace.rs:154:18
[INFO] [stdout]   34:     0x556af45e7177 - std::thread::Builder::spawn_unchecked_::{{closure}}::{{closure}}::ha94be15d1e0acf36
[INFO] [stdout]                                at /rustc/82e1608dfa6e0b5569232559e3d385fea5a93112/library/std/src/thread/mod.rs:529:17
[INFO] [stdout]   35:     0x556af45e7177 - <core::panic::unwind_safe::AssertUnwindSafe<F> as core::ops::function::FnOnce<()>>::call_once::h9dc6bd6372f16606
[INFO] [stdout]                                at /rustc/82e1608dfa6e0b5569232559e3d385fea5a93112/library/core/src/panic/unwind_safe.rs:272:9
[INFO] [stdout]   36:     0x556af45e7177 - std::panicking::try::do_call::h9057517f80303cd4
[INFO] [stdout]                                at /rustc/82e1608dfa6e0b5569232559e3d385fea5a93112/library/std/src/panicking.rs:552:40
[INFO] [stdout]   37:     0x556af45e7177 - std::panicking::try::he3a30b11ee45340c
[INFO] [stdout]                                at /rustc/82e1608dfa6e0b5569232559e3d385fea5a93112/library/std/src/panicking.rs:516:19
[INFO] [stdout]   38:     0x556af45e7177 - std::panic::catch_unwind::h410458cfd3528b8b
[INFO] [stdout]                                at /rustc/82e1608dfa6e0b5569232559e3d385fea5a93112/library/std/src/panic.rs:142:14
[INFO] [stdout]   39:     0x556af45e7177 - std::thread::Builder::spawn_unchecked_::{{closure}}::h72ac3bdb567b737b
[INFO] [stdout]                                at /rustc/82e1608dfa6e0b5569232559e3d385fea5a93112/library/std/src/thread/mod.rs:528:30
[INFO] [stdout]   40:     0x556af45e7177 - core::ops::function::FnOnce::call_once{{vtable.shim}}::h38f34da3654a8344
[INFO] [stdout]                                at /rustc/82e1608dfa6e0b5569232559e3d385fea5a93112/library/core/src/ops/function.rs:250:5
[INFO] [stdout]   41:     0x556af59ed985 - <alloc::boxed::Box<F,A> as core::ops::function::FnOnce<Args>>::call_once::hc7eafaff61e32df9
[INFO] [stdout]                                at /rustc/82e1608dfa6e0b5569232559e3d385fea5a93112/library/alloc/src/boxed.rs:2007:9
[INFO] [stdout]   42:     0x556af59ed985 - <alloc::boxed::Box<F,A> as core::ops::function::FnOnce<Args>>::call_once::h6ba4a5de48dd2304
[INFO] [stdout]                                at /rustc/82e1608dfa6e0b5569232559e3d385fea5a93112/library/alloc/src/boxed.rs:2007:9
[INFO] [stdout]   43:     0x556af59ed985 - std::sys::unix::thread::Thread::new::thread_start::he469335aef763e45
[INFO] [stdout]                                at /rustc/82e1608dfa6e0b5569232559e3d385fea5a93112/library/std/src/sys/unix/thread.rs:108:17
[INFO] [stdout]   44:     0x7ff53aef6ac3 - <unknown>
[INFO] [stdout]   45:     0x7ff53af87bf4 - __clone
[INFO] [stdout]   46:                0x0 - <unknown>
[INFO] [stdout] 
[INFO] [stdout] ---- system::auto_update::test::auto_update stdout ----
[INFO] [stdout] Checking target-arch... x86_64-unknown-linux-gnu
[INFO] [stdout] Checking current version... v0.12.3
[INFO] [stdout] Checking latest released version... thread 'system::auto_update::test::auto_update' panicked at src/system/auto_update.rs:159:18:
[INFO] [stdout] called `Option::unwrap()` on a `None` value
[INFO] [stdout] stack backtrace:
[INFO] [stdout]    0:     0x556af59e4f1c - std::backtrace_rs::backtrace::libunwind::trace::ha637c64ce894333a
[INFO] [stdout]                                at /rustc/82e1608dfa6e0b5569232559e3d385fea5a93112/library/std/src/../../backtrace/src/backtrace/libunwind.rs:104:5
[INFO] [stdout]    1:     0x556af59e4f1c - std::backtrace_rs::backtrace::trace_unsynchronized::h47f62dea28e0c88d
[INFO] [stdout]                                at /rustc/82e1608dfa6e0b5569232559e3d385fea5a93112/library/std/src/../../backtrace/src/backtrace/mod.rs:66:5
[INFO] [stdout]    2:     0x556af59e4f1c - std::sys_common::backtrace::_print_fmt::h9eef0abe20ede486
[INFO] [stdout]                                at /rustc/82e1608dfa6e0b5569232559e3d385fea5a93112/library/std/src/sys_common/backtrace.rs:67:5
[INFO] [stdout]    3:     0x556af59e4f1c - <std::sys_common::backtrace::_print::DisplayBacktrace as core::fmt::Display>::fmt::hed7f999df88cc644
[INFO] [stdout]                                at /rustc/82e1608dfa6e0b5569232559e3d385fea5a93112/library/std/src/sys_common/backtrace.rs:44:22
[INFO] [stdout]    4:     0x556af5a17640 - core::fmt::rt::Argument::fmt::h1539a9308b8d058d
[INFO] [stdout]                                at /rustc/82e1608dfa6e0b5569232559e3d385fea5a93112/library/core/src/fmt/rt.rs:142:9
[INFO] [stdout]    5:     0x556af5a17640 - core::fmt::write::h3a39390d8560d9c9
[INFO] [stdout]                                at /rustc/82e1608dfa6e0b5569232559e3d385fea5a93112/library/core/src/fmt/mod.rs:1120:17
[INFO] [stdout]    6:     0x556af59e072f - std::io::Write::write_fmt::h040b369f3a0f9cbc
[INFO] [stdout]                                at /rustc/82e1608dfa6e0b5569232559e3d385fea5a93112/library/std/src/io/mod.rs:1762:15
[INFO] [stdout]    7:     0x556af59e4d04 - std::sys_common::backtrace::_print::h894006fb5c6f3d45
[INFO] [stdout]                                at /rustc/82e1608dfa6e0b5569232559e3d385fea5a93112/library/std/src/sys_common/backtrace.rs:47:5
[INFO] [stdout]    8:     0x556af59e4d04 - std::sys_common::backtrace::print::h23a2d212c6fff936
[INFO] [stdout]                                at /rustc/82e1608dfa6e0b5569232559e3d385fea5a93112/library/std/src/sys_common/backtrace.rs:34:9
[INFO] [stdout]    9:     0x556af59e69c7 - std::panicking::default_hook::{{closure}}::h8a1d2ee00185001a
[INFO] [stdout]   10:     0x556af59e66b3 - std::panicking::default_hook::h6038f2eba384e475
[INFO] [stdout]                                at /rustc/82e1608dfa6e0b5569232559e3d385fea5a93112/library/std/src/panicking.rs:289:9
[INFO] [stdout]   11:     0x556af4615797 - <alloc::boxed::Box<F,A> as core::ops::function::Fn<Args>>::call::h0ad024c9bdc6d768
[INFO] [stdout]                                at /rustc/82e1608dfa6e0b5569232559e3d385fea5a93112/library/alloc/src/boxed.rs:2021:9
[INFO] [stdout]   12:     0x556af4615797 - test::test_main::{{closure}}::h7500b54257359db6
[INFO] [stdout]                                at /rustc/82e1608dfa6e0b5569232559e3d385fea5a93112/library/test/src/lib.rs:138:21
[INFO] [stdout]   13:     0x556af59e6fd8 - <alloc::boxed::Box<F,A> as core::ops::function::Fn<Args>>::call::h1f8f335eaa9cfaee
[INFO] [stdout]                                at /rustc/82e1608dfa6e0b5569232559e3d385fea5a93112/library/alloc/src/boxed.rs:2021:9
[INFO] [stdout]   14:     0x556af59e6fd8 - std::panicking::rust_panic_with_hook::h2b5517d590cab22e
[INFO] [stdout]                                at /rustc/82e1608dfa6e0b5569232559e3d385fea5a93112/library/std/src/panicking.rs:783:13
[INFO] [stdout]   15:     0x556af59e6cf9 - std::panicking::begin_panic_handler::{{closure}}::h233112c06e0ef43e
[INFO] [stdout]                                at /rustc/82e1608dfa6e0b5569232559e3d385fea5a93112/library/std/src/panicking.rs:649:13
[INFO] [stdout]   16:     0x556af59e53e6 - std::sys_common::backtrace::__rust_end_short_backtrace::h6e893f24d7ebbff8
[INFO] [stdout]                                at /rustc/82e1608dfa6e0b5569232559e3d385fea5a93112/library/std/src/sys_common/backtrace.rs:170:18
[INFO] [stdout]   17:     0x556af59e6a92 - rust_begin_unwind
[INFO] [stdout]                                at /rustc/82e1608dfa6e0b5569232559e3d385fea5a93112/library/std/src/panicking.rs:645:5
[INFO] [stdout]   18:     0x556af42b44c5 - core::panicking::panic_fmt::hbf0e066aabfa482c
[INFO] [stdout]                                at /rustc/82e1608dfa6e0b5569232559e3d385fea5a93112/library/core/src/panicking.rs:72:14
[INFO] [stdout]   19:     0x556af42b4563 - core::panicking::panic::h195fc2a96298d4c3
[INFO] [stdout]                                at /rustc/82e1608dfa6e0b5569232559e3d385fea5a93112/library/core/src/panicking.rs:127:5
[INFO] [stdout]   20:     0x556af43296f8 - core::option::Option<T>::unwrap::h34553935affd5bc0
[INFO] [stdout]                                at /rustc/82e1608dfa6e0b5569232559e3d385fea5a93112/library/core/src/option.rs:931:21
[INFO] [stdout]   21:     0x556af443ce8f - termscp::system::auto_update::test::auto_update::h23a12c8e1fc3fc65
[INFO] [stdout]                                at /opt/rustwide/workdir/src/system/auto_update.rs:155:13
[INFO] [stdout]   22:     0x556af443ce07 - termscp::system::auto_update::test::auto_update::{{closure}}::h310a3250554aa76e
[INFO] [stdout]                                at /opt/rustwide/workdir/src/system/auto_update.rs:152:21
[INFO] [stdout]   23:     0x556af445abf6 - core::ops::function::FnOnce::call_once::h4846ca87902e5d64
[INFO] [stdout]                                at /rustc/82e1608dfa6e0b5569232559e3d385fea5a93112/library/core/src/ops/function.rs:250:5
[INFO] [stdout]   24:     0x556af461adef - core::ops::function::FnOnce::call_once::h2b5d431d5046312d
[INFO] [stdout]                                at /rustc/82e1608dfa6e0b5569232559e3d385fea5a93112/library/core/src/ops/function.rs:250:5
[INFO] [stdout]   25:     0x556af461adef - test::__rust_begin_short_backtrace::h7714669af176e207
[INFO] [stdout]                                at /rustc/82e1608dfa6e0b5569232559e3d385fea5a93112/library/test/src/lib.rs:628:18
[INFO] [stdout]   26:     0x556af4619e05 - test::run_test_in_process::{{closure}}::h85218797dcbcec12
[INFO] [stdout]                                at /rustc/82e1608dfa6e0b5569232559e3d385fea5a93112/library/test/src/lib.rs:651:60
[INFO] [stdout]   27:     0x556af4619e05 - <core::panic::unwind_safe::AssertUnwindSafe<F> as core::ops::function::FnOnce<()>>::call_once::h76c106ea31c14d7b
[INFO] [stdout]                                at /rustc/82e1608dfa6e0b5569232559e3d385fea5a93112/library/core/src/panic/unwind_safe.rs:272:9
[INFO] [stdout]   28:     0x556af4619e05 - std::panicking::try::do_call::h3bd5d0f6620ee946
[INFO] [stdout]                                at /rustc/82e1608dfa6e0b5569232559e3d385fea5a93112/library/std/src/panicking.rs:552:40
[INFO] [stdout]   29:     0x556af4619e05 - std::panicking::try::h232e535e4744fe31
[INFO] [stdout]                                at /rustc/82e1608dfa6e0b5569232559e3d385fea5a93112/library/std/src/panicking.rs:516:19
[INFO] [stdout]   30:     0x556af4619e05 - std::panic::catch_unwind::h3ce3bd6ca8dbac68
[INFO] [stdout]                                at /rustc/82e1608dfa6e0b5569232559e3d385fea5a93112/library/std/src/panic.rs:142:14
[INFO] [stdout]   31:     0x556af4619e05 - test::run_test_in_process::hc97b257c9621286a
[INFO] [stdout]                                at /rustc/82e1608dfa6e0b5569232559e3d385fea5a93112/library/test/src/lib.rs:651:27
[INFO] [stdout]   32:     0x556af4619e05 - test::run_test::{{closure}}::h2aa798823a438d38
[INFO] [stdout]                                at /rustc/82e1608dfa6e0b5569232559e3d385fea5a93112/library/test/src/lib.rs:574:43
[INFO] [stdout]   33:     0x556af45e20c6 - test::run_test::{{closure}}::h87d231c78fb59832
[INFO] [stdout]                                at /rustc/82e1608dfa6e0b5569232559e3d385fea5a93112/library/test/src/lib.rs:602:41
[INFO] [stdout]   34:     0x556af45e20c6 - std::sys_common::backtrace::__rust_begin_short_backtrace::he6df152596625789
[INFO] [stdout]                                at /rustc/82e1608dfa6e0b5569232559e3d385fea5a93112/library/std/src/sys_common/backtrace.rs:154:18
[INFO] [stdout]   35:     0x556af45e7177 - std::thread::Builder::spawn_unchecked_::{{closure}}::{{closure}}::ha94be15d1e0acf36
[INFO] [stdout]                                at /rustc/82e1608dfa6e0b5569232559e3d385fea5a93112/library/std/src/thread/mod.rs:529:17
[INFO] [stdout]   36:     0x556af45e7177 - <core::panic::unwind_safe::AssertUnwindSafe<F> as core::ops::function::FnOnce<()>>::call_once::h9dc6bd6372f16606
[INFO] [stdout]                                at /rustc/82e1608dfa6e0b5569232559e3d385fea5a93112/library/core/src/panic/unwind_safe.rs:272:9
[INFO] [stdout]   37:     0x556af45e7177 - std::panicking::try::do_call::h9057517f80303cd4
[INFO] [stdout]                                at /rustc/82e1608dfa6e0b5569232559e3d385fea5a93112/library/std/src/panicking.rs:552:40
[INFO] [stdout]   38:     0x556af45e7177 - std::panicking::try::he3a30b11ee45340c
[INFO] [stdout]                                at /rustc/82e1608dfa6e0b5569232559e3d385fea5a93112/library/std/src/panicking.rs:516:19
[INFO] [stdout]   39:     0x556af45e7177 - std::panic::catch_unwind::h410458cfd3528b8b
[INFO] [stdout]                                at /rustc/82e1608dfa6e0b5569232559e3d385fea5a93112/library/std/src/panic.rs:142:14
[INFO] [stdout]   40:     0x556af45e7177 - std::thread::Builder::spawn_unchecked_::{{closure}}::h72ac3bdb567b737b
[INFO] [stdout]                                at /rustc/82e1608dfa6e0b5569232559e3d385fea5a93112/library/std/src/thread/mod.rs:528:30
[INFO] [stdout]   41:     0x556af45e7177 - core::ops::function::FnOnce::call_once{{vtable.shim}}::h38f34da3654a8344
[INFO] [stdout]                                at /rustc/82e1608dfa6e0b5569232559e3d385fea5a93112/library/core/src/ops/function.rs:250:5
[INFO] [stdout]   42:     0x556af59ed985 - <alloc::boxed::Box<F,A> as core::ops::function::FnOnce<Args>>::call_once::hc7eafaff61e32df9
[INFO] [stdout]                                at /rustc/82e1608dfa6e0b5569232559e3d385fea5a93112/library/alloc/src/boxed.rs:2007:9
[INFO] [stdout]   43:     0x556af59ed985 - <alloc::boxed::Box<F,A> as core::ops::function::FnOnce<Args>>::call_once::h6ba4a5de48dd2304
[INFO] [stdout]                                at /rustc/82e1608dfa6e0b5569232559e3d385fea5a93112/library/alloc/src/boxed.rs:2007:9
[INFO] [stdout]   44:     0x556af59ed985 - std::sys::unix::thread::Thread::new::thread_start::he469335aef763e45
[INFO] [stdout]                                at /rustc/82e1608dfa6e0b5569232559e3d385fea5a93112/library/std/src/sys/unix/thread.rs:108:17
[INFO] [stdout]   45:     0x7ff53aef6ac3 - <unknown>
[INFO] [stdout]   46:     0x7ff53af87bf4 - __clone
[INFO] [stdout]   47:                0x0 - <unknown>
[INFO] [stdout] 
[INFO] [stdout] ---- host::tests::test_host_localhost_open_write_err stdout ----
[INFO] [stdout] thread 'host::tests::test_host_localhost_open_write_err' panicked at src/host/mod.rs:799:9:
[INFO] [stdout] assertion failed: host.open_file_write(file.path()).is_err()
[INFO] [stdout] stack backtrace:
[INFO] [stdout]    0:     0x556af59e4f1c - std::backtrace_rs::backtrace::libunwind::trace::ha637c64ce894333a
[INFO] [stdout]                                at /rustc/82e1608dfa6e0b5569232559e3d385fea5a93112/library/std/src/../../backtrace/src/backtrace/libunwind.rs:104:5
[INFO] [stdout]    1:     0x556af59e4f1c - std::backtrace_rs::backtrace::trace_unsynchronized::h47f62dea28e0c88d
[INFO] [stdout]                                at /rustc/82e1608dfa6e0b5569232559e3d385fea5a93112/library/std/src/../../backtrace/src/backtrace/mod.rs:66:5
[INFO] [stdout]    2:     0x556af59e4f1c - std::sys_common::backtrace::_print_fmt::h9eef0abe20ede486
[INFO] [stdout]                                at /rustc/82e1608dfa6e0b5569232559e3d385fea5a93112/library/std/src/sys_common/backtrace.rs:67:5
[INFO] [stdout]    3:     0x556af59e4f1c - <std::sys_common::backtrace::_print::DisplayBacktrace as core::fmt::Display>::fmt::hed7f999df88cc644
[INFO] [stdout]                                at /rustc/82e1608dfa6e0b5569232559e3d385fea5a93112/library/std/src/sys_common/backtrace.rs:44:22
[INFO] [stdout]    4:     0x556af5a17640 - core::fmt::rt::Argument::fmt::h1539a9308b8d058d
[INFO] [stdout]                                at /rustc/82e1608dfa6e0b5569232559e3d385fea5a93112/library/core/src/fmt/rt.rs:142:9
[INFO] [stdout]    5:     0x556af5a17640 - core::fmt::write::h3a39390d8560d9c9
[INFO] [stdout]                                at /rustc/82e1608dfa6e0b5569232559e3d385fea5a93112/library/core/src/fmt/mod.rs:1120:17
[INFO] [stdout]    6:     0x556af59e072f - std::io::Write::write_fmt::h040b369f3a0f9cbc
[INFO] [stdout]                                at /rustc/82e1608dfa6e0b5569232559e3d385fea5a93112/library/std/src/io/mod.rs:1762:15
[INFO] [stdout]    7:     0x556af59e4d04 - std::sys_common::backtrace::_print::h894006fb5c6f3d45
[INFO] [stdout]                                at /rustc/82e1608dfa6e0b5569232559e3d385fea5a93112/library/std/src/sys_common/backtrace.rs:47:5
[INFO] [stdout]    8:     0x556af59e4d04 - std::sys_common::backtrace::print::h23a2d212c6fff936
[INFO] [stdout]                                at /rustc/82e1608dfa6e0b5569232559e3d385fea5a93112/library/std/src/sys_common/backtrace.rs:34:9
[INFO] [stdout]    9:     0x556af59e69c7 - std::panicking::default_hook::{{closure}}::h8a1d2ee00185001a
[INFO] [stdout]   10:     0x556af59e66b3 - std::panicking::default_hook::h6038f2eba384e475
[INFO] [stdout]                                at /rustc/82e1608dfa6e0b5569232559e3d385fea5a93112/library/std/src/panicking.rs:289:9
[INFO] [stdout]   11:     0x556af4615797 - <alloc::boxed::Box<F,A> as core::ops::function::Fn<Args>>::call::h0ad024c9bdc6d768
[INFO] [stdout]                                at /rustc/82e1608dfa6e0b5569232559e3d385fea5a93112/library/alloc/src/boxed.rs:2021:9
[INFO] [stdout]   12:     0x556af4615797 - test::test_main::{{closure}}::h7500b54257359db6
[INFO] [stdout]                                at /rustc/82e1608dfa6e0b5569232559e3d385fea5a93112/library/test/src/lib.rs:138:21
[INFO] [stdout]   13:     0x556af59e6fd8 - <alloc::boxed::Box<F,A> as core::ops::function::Fn<Args>>::call::h1f8f335eaa9cfaee
[INFO] [stdout]                                at /rustc/82e1608dfa6e0b5569232559e3d385fea5a93112/library/alloc/src/boxed.rs:2021:9
[INFO] [stdout]   14:     0x556af59e6fd8 - std::panicking::rust_panic_with_hook::h2b5517d590cab22e
[INFO] [stdout]                                at /rustc/82e1608dfa6e0b5569232559e3d385fea5a93112/library/std/src/panicking.rs:783:13
[INFO] [stdout]   15:     0x556af59e6cf9 - std::panicking::begin_panic_handler::{{closure}}::h233112c06e0ef43e
[INFO] [stdout]                                at /rustc/82e1608dfa6e0b5569232559e3d385fea5a93112/library/std/src/panicking.rs:649:13
[INFO] [stdout]   16:     0x556af59e53e6 - std::sys_common::backtrace::__rust_end_short_backtrace::h6e893f24d7ebbff8
[INFO] [stdout]                                at /rustc/82e1608dfa6e0b5569232559e3d385fea5a93112/library/std/src/sys_common/backtrace.rs:170:18
[INFO] [stdout]   17:     0x556af59e6a92 - rust_begin_unwind
[INFO] [stdout]                                at /rustc/82e1608dfa6e0b5569232559e3d385fea5a93112/library/std/src/panicking.rs:645:5
[INFO] [stdout]   18:     0x556af42b44c5 - core::panicking::panic_fmt::hbf0e066aabfa482c
[INFO] [stdout]                                at /rustc/82e1608dfa6e0b5569232559e3d385fea5a93112/library/core/src/panicking.rs:72:14
[INFO] [stdout]   19:     0x556af42b4563 - core::panicking::panic::h195fc2a96298d4c3
[INFO] [stdout]                                at /rustc/82e1608dfa6e0b5569232559e3d385fea5a93112/library/core/src/panicking.rs:127:5
[INFO] [stdout]   20:     0x556af433b2da - termscp::host::tests::test_host_localhost_open_write_err::hda33055a672f0ac0
[INFO] [stdout]                                at /opt/rustwide/workdir/src/host/mod.rs:799:9
[INFO] [stdout]   21:     0x556af433b0c7 - termscp::host::tests::test_host_localhost_open_write_err::{{closure}}::hb2c2e62230044be2
[INFO] [stdout]                                at /opt/rustwide/workdir/src/host/mod.rs:793:44
[INFO] [stdout]   22:     0x556af445a5c6 - core::ops::function::FnOnce::call_once::h30f721122e8f6809
[INFO] [stdout]                                at /rustc/82e1608dfa6e0b5569232559e3d385fea5a93112/library/core/src/ops/function.rs:250:5
[INFO] [stdout]   23:     0x556af461adef - core::ops::function::FnOnce::call_once::h2b5d431d5046312d
[INFO] [stdout]                                at /rustc/82e1608dfa6e0b5569232559e3d385fea5a93112/library/core/src/ops/function.rs:250:5
[INFO] [stdout]   24:     0x556af461adef - test::__rust_begin_short_backtrace::h7714669af176e207
[INFO] [stdout]                                at /rustc/82e1608dfa6e0b5569232559e3d385fea5a93112/library/test/src/lib.rs:628:18
[INFO] [stdout]   25:     0x556af4619e05 - test::run_test_in_process::{{closure}}::h85218797dcbcec12
[INFO] [stdout]                                at /rustc/82e1608dfa6e0b5569232559e3d385fea5a93112/library/test/src/lib.rs:651:60
[INFO] [stdout]   26:     0x556af4619e05 - <core::panic::unwind_safe::AssertUnwindSafe<F> as core::ops::function::FnOnce<()>>::call_once::h76c106ea31c14d7b
[INFO] [stdout]                                at /rustc/82e1608dfa6e0b5569232559e3d385fea5a93112/library/core/src/panic/unwind_safe.rs:272:9
[INFO] [stdout]   27:     0x556af4619e05 - std::panicking::try::do_call::h3bd5d0f6620ee946
[INFO] [stdout]                                at /rustc/82e1608dfa6e0b5569232559e3d385fea5a93112/library/std/src/panicking.rs:552:40
[INFO] [stdout]   28:     0x556af4619e05 - std::panicking::try::h232e535e4744fe31
[INFO] [stdout]                                at /rustc/82e1608dfa6e0b5569232559e3d385fea5a93112/library/std/src/panicking.rs:516:19
[INFO] [stdout]   29:     0x556af4619e05 - std::panic::catch_unwind::h3ce3bd6ca8dbac68
[INFO] [stdout]                                at /rustc/82e1608dfa6e0b5569232559e3d385fea5a93112/library/std/src/panic.rs:142:14
[INFO] [stdout]   30:     0x556af4619e05 - test::run_test_in_process::hc97b257c9621286a
[INFO] [stdout]                                at /rustc/82e1608dfa6e0b5569232559e3d385fea5a93112/library/test/src/lib.rs:651:27
[INFO] [stdout]   31:     0x556af4619e05 - test::run_test::{{closure}}::h2aa798823a438d38
[INFO] [stdout]                                at /rustc/82e1608dfa6e0b5569232559e3d385fea5a93112/library/test/src/lib.rs:574:43
[INFO] [stdout]   32:     0x556af45e20c6 - test::run_test::{{closure}}::h87d231c78fb59832
[INFO] [stdout]                                at /rustc/82e1608dfa6e0b5569232559e3d385fea5a93112/library/test/src/lib.rs:602:41
[INFO] [stdout]   33:     0x556af45e20c6 - std::sys_common::backtrace::__rust_begin_short_backtrace::he6df152596625789
[INFO] [stdout]                                at /rustc/82e1608dfa6e0b5569232559e3d385fea5a93112/library/std/src/sys_common/backtrace.rs:154:18
[INFO] [stdout]   34:     0x556af45e7177 - std::thread::Builder::spawn_unchecked_::{{closure}}::{{closure}}::ha94be15d1e0acf36
[INFO] [stdout]                                at /rustc/82e1608dfa6e0b5569232559e3d385fea5a93112/library/std/src/thread/mod.rs:529:17
[INFO] [stdout]   35:     0x556af45e7177 - <core::panic::unwind_safe::AssertUnwindSafe<F> as core::ops::function::FnOnce<()>>::call_once::h9dc6bd6372f16606
[INFO] [stdout]                                at /rustc/82e1608dfa6e0b5569232559e3d385fea5a93112/library/core/src/panic/unwind_safe.rs:272:9
[INFO] [stdout]   36:     0x556af45e7177 - std::panicking::try::do_call::h9057517f80303cd4
[INFO] [stdout]                                at /rustc/82e1608dfa6e0b5569232559e3d385fea5a93112/library/std/src/panicking.rs:552:40
[INFO] [stdout]   37:     0x556af45e7177 - std::panicking::try::he3a30b11ee45340c
[INFO] [stdout]                                at /rustc/82e1608dfa6e0b5569232559e3d385fea5a93112/library/std/src/panicking.rs:516:19
[INFO] [stdout]   38:     0x556af45e7177 - std::panic::catch_unwind::h410458cfd3528b8b
[INFO] [stdout]                                at /rustc/82e1608dfa6e0b5569232559e3d385fea5a93112/library/std/src/panic.rs:142:14
[INFO] [stdout]   39:     0x556af45e7177 - std::thread::Builder::spawn_unchecked_::{{closure}}::h72ac3bdb567b737b
[INFO] [stdout]                                at /rustc/82e1608dfa6e0b5569232559e3d385fea5a93112/library/std/src/thread/mod.rs:528:30
[INFO] [stdout]   40:     0x556af45e7177 - core::ops::function::FnOnce::call_once{{vtable.shim}}::h38f34da3654a8344
[INFO] [stdout]                                at /rustc/82e1608dfa6e0b5569232559e3d385fea5a93112/library/core/src/ops/function.rs:250:5
[INFO] [stdout]   41:     0x556af59ed985 - <alloc::boxed::Box<F,A> as core::ops::function::FnOnce<Args>>::call_once::hc7eafaff61e32df9
[INFO] [stdout]                                at /rustc/82e1608dfa6e0b5569232559e3d385fea5a93112/library/alloc/src/boxed.rs:2007:9
[INFO] [stdout]   42:     0x556af59ed985 - <alloc::boxed::Box<F,A> as core::ops::function::FnOnce<Args>>::call_once::h6ba4a5de48dd2304
[INFO] [stdout]                                at /rustc/82e1608dfa6e0b5569232559e3d385fea5a93112/library/alloc/src/boxed.rs:2007:9
[INFO] [stdout]   43:     0x556af59ed985 - std::sys::unix::thread::Thread::new::thread_start::he469335aef763e45
[INFO] [stdout]                                at /rustc/82e1608dfa6e0b5569232559e3d385fea5a93112/library/std/src/sys/unix/thread.rs:108:17
[INFO] [stdout]   44:     0x7ff53aef6ac3 - <unknown>
[INFO] [stdout]   45:     0x7ff53af87bf4 - __clone
[INFO] [stdout]   46:                0x0 - <unknown>
[INFO] [stdout] 
[INFO] [stdout] ---- system::auto_update::test::check_for_updates stdout ----
[INFO] [stdout] Err(Reqwest(reqwest::Error { kind: Request, url: Url { scheme: "https", cannot_be_a_base: false, username: "", password: None, host: Some(Domain("api.github.com")), port: None, path: "/repos/veeso/termscp/releases/latest", query: None, fragment: None }, source: hyper::Error(Connect, ConnectError("dns error", Custom { kind: Uncategorized, error: "failed to lookup address information: Temporary failure in name resolution" })) }))
[INFO] [stdout] thread 'system::auto_update::test::check_for_updates' panicked at src/system/auto_update.rs:171:9:
[INFO] [stdout] assertion failed: Update::is_new_version_available().is_ok()
[INFO] [stdout] stack backtrace:
[INFO] [stdout]    0:     0x556af59e4f1c - std::backtrace_rs::backtrace::libunwind::trace::ha637c64ce894333a
[INFO] [stdout]                                at /rustc/82e1608dfa6e0b5569232559e3d385fea5a93112/library/std/src/../../backtrace/src/backtrace/libunwind.rs:104:5
[INFO] [stdout]    1:     0x556af59e4f1c - std::backtrace_rs::backtrace::trace_unsynchronized::h47f62dea28e0c88d
[INFO] [stdout]                                at /rustc/82e1608dfa6e0b5569232559e3d385fea5a93112/library/std/src/../../backtrace/src/backtrace/mod.rs:66:5
[INFO] [stdout]    2:     0x556af59e4f1c - std::sys_common::backtrace::_print_fmt::h9eef0abe20ede486
[INFO] [stdout]                                at /rustc/82e1608dfa6e0b5569232559e3d385fea5a93112/library/std/src/sys_common/backtrace.rs:67:5
[INFO] [stdout]    3:     0x556af59e4f1c - <std::sys_common::backtrace::_print::DisplayBacktrace as core::fmt::Display>::fmt::hed7f999df88cc644
[INFO] [stdout]                                at /rustc/82e1608dfa6e0b5569232559e3d385fea5a93112/library/std/src/sys_common/backtrace.rs:44:22
[INFO] [stdout]    4:     0x556af5a17640 - core::fmt::rt::Argument::fmt::h1539a9308b8d058d
[INFO] [stdout]                                at /rustc/82e1608dfa6e0b5569232559e3d385fea5a93112/library/core/src/fmt/rt.rs:142:9
[INFO] [stdout]    5:     0x556af5a17640 - core::fmt::write::h3a39390d8560d9c9
[INFO] [stdout]                                at /rustc/82e1608dfa6e0b5569232559e3d385fea5a93112/library/core/src/fmt/mod.rs:1120:17
[INFO] [stdout]    6:     0x556af59e072f - std::io::Write::write_fmt::h040b369f3a0f9cbc
[INFO] [stdout]                                at /rustc/82e1608dfa6e0b5569232559e3d385fea5a93112/library/std/src/io/mod.rs:1762:15
[INFO] [stdout]    7:     0x556af59e4d04 - std::sys_common::backtrace::_print::h894006fb5c6f3d45
[INFO] [stdout]                                at /rustc/82e1608dfa6e0b5569232559e3d385fea5a93112/library/std/src/sys_common/backtrace.rs:47:5
[INFO] [stdout]    8:     0x556af59e4d04 - std::sys_common::backtrace::print::h23a2d212c6fff936
[INFO] [stdout]                                at /rustc/82e1608dfa6e0b5569232559e3d385fea5a93112/library/std/src/sys_common/backtrace.rs:34:9
[INFO] [stdout]    9:     0x556af59e69c7 - std::panicking::default_hook::{{closure}}::h8a1d2ee00185001a
[INFO] [stdout]   10:     0x556af59e66b3 - std::panicking::default_hook::h6038f2eba384e475
[INFO] [stdout]                                at /rustc/82e1608dfa6e0b5569232559e3d385fea5a93112/library/std/src/panicking.rs:289:9
[INFO] [stdout]   11:     0x556af4615797 - <alloc::boxed::Box<F,A> as core::ops::function::Fn<Args>>::call::h0ad024c9bdc6d768
[INFO] [stdout]                                at /rustc/82e1608dfa6e0b5569232559e3d385fea5a93112/library/alloc/src/boxed.rs:2021:9
[INFO] [stdout]   12:     0x556af4615797 - test::test_main::{{closure}}::h7500b54257359db6
[INFO] [stdout]                                at /rustc/82e1608dfa6e0b5569232559e3d385fea5a93112/library/test/src/lib.rs:138:21
[INFO] [stdout]   13:     0x556af59e6fd8 - <alloc::boxed::Box<F,A> as core::ops::function::Fn<Args>>::call::h1f8f335eaa9cfaee
[INFO] [stdout]                                at /rustc/82e1608dfa6e0b5569232559e3d385fea5a93112/library/alloc/src/boxed.rs:2021:9
[INFO] [stdout]   14:     0x556af59e6fd8 - std::panicking::rust_panic_with_hook::h2b5517d590cab22e
[INFO] [stdout]                                at /rustc/82e1608dfa6e0b5569232559e3d385fea5a93112/library/std/src/panicking.rs:783:13
[INFO] [stdout]   15:     0x556af59e6cf9 - std::panicking::begin_panic_handler::{{closure}}::h233112c06e0ef43e
[INFO] [stdout]                                at /rustc/82e1608dfa6e0b5569232559e3d385fea5a93112/library/std/src/panicking.rs:649:13
[INFO] [stdout]   16:     0x556af59e53e6 - std::sys_common::backtrace::__rust_end_short_backtrace::h6e893f24d7ebbff8
[INFO] [stdout]                                at /rustc/82e1608dfa6e0b5569232559e3d385fea5a93112/library/std/src/sys_common/backtrace.rs:170:18
[INFO] [stdout]   17:     0x556af59e6a92 - rust_begin_unwind
[INFO] [stdout]                                at /rustc/82e1608dfa6e0b5569232559e3d385fea5a93112/library/std/src/panicking.rs:645:5
[INFO] [stdout]   18:     0x556af42b44c5 - core::panicking::panic_fmt::hbf0e066aabfa482c
[INFO] [stdout]                                at /rustc/82e1608dfa6e0b5569232559e3d385fea5a93112/library/core/src/panicking.rs:72:14
[INFO] [stdout]   19:     0x556af42b4563 - core::panicking::panic::h195fc2a96298d4c3
[INFO] [stdout]                                at /rustc/82e1608dfa6e0b5569232559e3d385fea5a93112/library/core/src/panicking.rs:127:5
[INFO] [stdout]   20:     0x556af443d1ac - termscp::system::auto_update::test::check_for_updates::hd63595d7790097d4
[INFO] [stdout]                                at /opt/rustwide/workdir/src/system/auto_update.rs:171:9
[INFO] [stdout]   21:     0x556af443d047 - termscp::system::auto_update::test::check_for_updates::{{closure}}::h5d16805ea1ace00a
[INFO] [stdout]                                at /opt/rustwide/workdir/src/system/auto_update.rs:169:27
[INFO] [stdout]   22:     0x556af445a856 - core::ops::function::FnOnce::call_once::h3a25e91e43a69e6a
[INFO] [stdout]                                at /rustc/82e1608dfa6e0b5569232559e3d385fea5a93112/library/core/src/ops/function.rs:250:5
[INFO] [stdout]   23:     0x556af461adef - core::ops::function::FnOnce::call_once::h2b5d431d5046312d
[INFO] [stdout]                                at /rustc/82e1608dfa6e0b5569232559e3d385fea5a93112/library/core/src/ops/function.rs:250:5
[INFO] [stdout]   24:     0x556af461adef - test::__rust_begin_short_backtrace::h7714669af176e207
[INFO] [stdout]                                at /rustc/82e1608dfa6e0b5569232559e3d385fea5a93112/library/test/src/lib.rs:628:18
[INFO] [stdout]   25:     0x556af4619e05 - test::run_test_in_process::{{closure}}::h85218797dcbcec12
[INFO] [stdout]                                at /rustc/82e1608dfa6e0b5569232559e3d385fea5a93112/library/test/src/lib.rs:651:60
[INFO] [stdout]   26:     0x556af4619e05 - <core::panic::unwind_safe::AssertUnwindSafe<F> as core::ops::function::FnOnce<()>>::call_once::h76c106ea31c14d7b
[INFO] [stdout]                                at /rustc/82e1608dfa6e0b5569232559e3d385fea5a93112/library/core/src/panic/unwind_safe.rs:272:9
[INFO] [stdout]   27:     0x556af4619e05 - std::panicking::try::do_call::h3bd5d0f6620ee946
[INFO] [stdout]                                at /rustc/82e1608dfa6e0b5569232559e3d385fea5a93112/library/std/src/panicking.rs:552:40
[INFO] [stdout]   28:     0x556af4619e05 - std::panicking::try::h232e535e4744fe31
[INFO] [stdout]                                at /rustc/82e1608dfa6e0b5569232559e3d385fea5a93112/library/std/src/panicking.rs:516:19
[INFO] [stdout]   29:     0x556af4619e05 - std::panic::catch_unwind::h3ce3bd6ca8dbac68
[INFO] [stdout]                                at /rustc/82e1608dfa6e0b5569232559e3d385fea5a93112/library/std/src/panic.rs:142:14
[INFO] [stdout]   30:     0x556af4619e05 - test::run_test_in_process::hc97b257c9621286a
[INFO] [stdout]                                at /rustc/82e1608dfa6e0b5569232559e3d385fea5a93112/library/test/src/lib.rs:651:27
[INFO] [stdout]   31:     0x556af4619e05 - test::run_test::{{closure}}::h2aa798823a438d38
[INFO] [stdout]                                at /rustc/82e1608dfa6e0b5569232559e3d385fea5a93112/library/test/src/lib.rs:574:43
[INFO] [stdout]   32:     0x556af45e20c6 - test::run_test::{{closure}}::h87d231c78fb59832
[INFO] [stdout]                                at /rustc/82e1608dfa6e0b5569232559e3d385fea5a93112/library/test/src/lib.rs:602:41
[INFO] [stdout]   33:     0x556af45e20c6 - std::sys_common::backtrace::__rust_begin_short_backtrace::he6df152596625789
[INFO] [stdout]                                at /rustc/82e1608dfa6e0b5569232559e3d385fea5a93112/library/std/src/sys_common/backtrace.rs:154:18
[INFO] [stdout]   34:     0x556af45e7177 - std::thread::Builder::spawn_unchecked_::{{closure}}::{{closure}}::ha94be15d1e0acf36
[INFO] [stdout]                                at /rustc/82e1608dfa6e0b5569232559e3d385fea5a93112/library/std/src/thread/mod.rs:529:17
[INFO] [stdout]   35:     0x556af45e7177 - <core::panic::unwind_safe::AssertUnwindSafe<F> as core::ops::function::FnOnce<()>>::call_once::h9dc6bd6372f16606
[INFO] [stdout]                                at /rustc/82e1608dfa6e0b5569232559e3d385fea5a93112/library/core/src/panic/unwind_safe.rs:272:9
[INFO] [stdout]   36:     0x556af45e7177 - std::panicking::try::do_call::h9057517f80303cd4
[INFO] [stdout]                                at /rustc/82e1608dfa6e0b5569232559e3d385fea5a93112/library/std/src/panicking.rs:552:40
[INFO] [stdout]   37:     0x556af45e7177 - std::panicking::try::he3a30b11ee45340c
[INFO] [stdout]                                at /rustc/82e1608dfa6e0b5569232559e3d385fea5a93112/library/std/src/panicking.rs:516:19
[INFO] [stdout]   38:     0x556af45e7177 - std::panic::catch_unwind::h410458cfd3528b8b
[INFO] [stdout]                                at /rustc/82e1608dfa6e0b5569232559e3d385fea5a93112/library/std/src/panic.rs:142:14
[INFO] [stdout]   39:     0x556af45e7177 - std::thread::Builder::spawn_unchecked_::{{closure}}::h72ac3bdb567b737b
[INFO] [stdout]                                at /rustc/82e1608dfa6e0b5569232559e3d385fea5a93112/library/std/src/thread/mod.rs:528:30
[INFO] [stdout]   40:     0x556af45e7177 - core::ops::function::FnOnce::call_once{{vtable.shim}}::h38f34da3654a8344
[INFO] [stdout]                                at /rustc/82e1608dfa6e0b5569232559e3d385fea5a93112/library/core/src/ops/function.rs:250:5
[INFO] [stdout]   41:     0x556af59ed985 - <alloc::boxed::Box<F,A> as core::ops::function::FnOnce<Args>>::call_once::hc7eafaff61e32df9
[INFO] [stdout]                                at /rustc/82e1608dfa6e0b5569232559e3d385fea5a93112/library/alloc/src/boxed.rs:2007:9
[INFO] [stdout]   42:     0x556af59ed985 - <alloc::boxed::Box<F,A> as core::ops::function::FnOnce<Args>>::call_once::h6ba4a5de48dd2304
[INFO] [stdout]                                at /rustc/82e1608dfa6e0b5569232559e3d385fea5a93112/library/alloc/src/boxed.rs:2007:9
[INFO] [stdout]   43:     0x556af59ed985 - std::sys::unix::thread::Thread::new::thread_start::he469335aef763e45
[INFO] [stdout]                                at /rustc/82e1608dfa6e0b5569232559e3d385fea5a93112/library/std/src/sys/unix/thread.rs:108:17
[INFO] [stdout]   44:     0x7ff53aef6ac3 - <unknown>
[INFO] [stdout]   45:     0x7ff53af87bf4 - __clone
[INFO] [stdout]   46:                0x0 - <unknown>
[INFO] [stdout] 
[INFO] [stdout] ---- system::keys::keyringstorage::tests::test_system_keys_keyringstorage stdout ----
[INFO] [stdout] thread 'system::keys::keyringstorage::tests::test_system_keys_keyringstorage' panicked at src/system/keys/keyringstorage.rs:88:9:
[INFO] [stdout] assertion failed: storage.is_supported()
[INFO] [stdout] stack backtrace:
[INFO] [stdout]    0:     0x556af59e4f1c - std::backtrace_rs::backtrace::libunwind::trace::ha637c64ce894333a
[INFO] [stdout]                                at /rustc/82e1608dfa6e0b5569232559e3d385fea5a93112/library/std/src/../../backtrace/src/backtrace/libunwind.rs:104:5
[INFO] [stdout]    1:     0x556af59e4f1c - std::backtrace_rs::backtrace::trace_unsynchronized::h47f62dea28e0c88d
[INFO] [stdout]                                at /rustc/82e1608dfa6e0b5569232559e3d385fea5a93112/library/std/src/../../backtrace/src/backtrace/mod.rs:66:5
[INFO] [stdout]    2:     0x556af59e4f1c - std::sys_common::backtrace::_print_fmt::h9eef0abe20ede486
[INFO] [stdout]                                at /rustc/82e1608dfa6e0b5569232559e3d385fea5a93112/library/std/src/sys_common/backtrace.rs:67:5
[INFO] [stdout]    3:     0x556af59e4f1c - <std::sys_common::backtrace::_print::DisplayBacktrace as core::fmt::Display>::fmt::hed7f999df88cc644
[INFO] [stdout]                                at /rustc/82e1608dfa6e0b5569232559e3d385fea5a93112/library/std/src/sys_common/backtrace.rs:44:22
[INFO] [stdout]    4:     0x556af5a17640 - core::fmt::rt::Argument::fmt::h1539a9308b8d058d
[INFO] [stdout]                                at /rustc/82e1608dfa6e0b5569232559e3d385fea5a93112/library/core/src/fmt/rt.rs:142:9
[INFO] [stdout]    5:     0x556af5a17640 - core::fmt::write::h3a39390d8560d9c9
[INFO] [stdout]                                at /rustc/82e1608dfa6e0b5569232559e3d385fea5a93112/library/core/src/fmt/mod.rs:1120:17
[INFO] [stdout]    6:     0x556af59e072f - std::io::Write::write_fmt::h040b369f3a0f9cbc
[INFO] [stdout]                                at /rustc/82e1608dfa6e0b5569232559e3d385fea5a93112/library/std/src/io/mod.rs:1762:15
[INFO] [stdout]    7:     0x556af59e4d04 - std::sys_common::backtrace::_print::h894006fb5c6f3d45
[INFO] [stdout]                                at /rustc/82e1608dfa6e0b5569232559e3d385fea5a93112/library/std/src/sys_common/backtrace.rs:47:5
[INFO] [stdout]    8:     0x556af59e4d04 - std::sys_common::backtrace::print::h23a2d212c6fff936
[INFO] [stdout]                                at /rustc/82e1608dfa6e0b5569232559e3d385fea5a93112/library/std/src/sys_common/backtrace.rs:34:9
[INFO] [stdout]    9:     0x556af59e69c7 - std::panicking::default_hook::{{closure}}::h8a1d2ee00185001a
[INFO] [stdout]   10:     0x556af59e66b3 - std::panicking::default_hook::h6038f2eba384e475
[INFO] [stdout]                                at /rustc/82e1608dfa6e0b5569232559e3d385fea5a93112/library/std/src/panicking.rs:289:9
[INFO] [stdout]   11:     0x556af4615797 - <alloc::boxed::Box<F,A> as core::ops::function::Fn<Args>>::call::h0ad024c9bdc6d768
[INFO] [stdout]                                at /rustc/82e1608dfa6e0b5569232559e3d385fea5a93112/library/alloc/src/boxed.rs:2021:9
[INFO] [stdout]   12:     0x556af4615797 - test::test_main::{{closure}}::h7500b54257359db6
[INFO] [stdout]                                at /rustc/82e1608dfa6e0b5569232559e3d385fea5a93112/library/test/src/lib.rs:138:21
[INFO] [stdout]   13:     0x556af59e6fd8 - <alloc::boxed::Box<F,A> as core::ops::function::Fn<Args>>::call::h1f8f335eaa9cfaee
[INFO] [stdout]                                at /rustc/82e1608dfa6e0b5569232559e3d385fea5a93112/library/alloc/src/boxed.rs:2021:9
[INFO] [stdout]   14:     0x556af59e6fd8 - std::panicking::rust_panic_with_hook::h2b5517d590cab22e
[INFO] [stdout]                                at /rustc/82e1608dfa6e0b5569232559e3d385fea5a93112/library/std/src/panicking.rs:783:13
[INFO] [stdout]   15:     0x556af59e6cf9 - std::panicking::begin_panic_handler::{{closure}}::h233112c06e0ef43e
[INFO] [stdout]                                at /rustc/82e1608dfa6e0b5569232559e3d385fea5a93112/library/std/src/panicking.rs:649:13
[INFO] [stdout]   16:     0x556af59e53e6 - std::sys_common::backtrace::__rust_end_short_backtrace::h6e893f24d7ebbff8
[INFO] [stdout]                                at /rustc/82e1608dfa6e0b5569232559e3d385fea5a93112/library/std/src/sys_common/backtrace.rs:170:18
[INFO] [stdout]   17:     0x556af59e6a92 - rust_begin_unwind
[INFO] [stdout]                                at /rustc/82e1608dfa6e0b5569232559e3d385fea5a93112/library/std/src/panicking.rs:645:5
[INFO] [stdout]   18:     0x556af42b44c5 - core::panicking::panic_fmt::hbf0e066aabfa482c
[INFO] [stdout]                                at /rustc/82e1608dfa6e0b5569232559e3d385fea5a93112/library/core/src/panicking.rs:72:14
[INFO] [stdout]   19:     0x556af42b4563 - core::panicking::panic::h195fc2a96298d4c3
[INFO] [stdout]                                at /rustc/82e1608dfa6e0b5569232559e3d385fea5a93112/library/core/src/panicking.rs:127:5
[INFO] [stdout]   20:     0x556af443df01 - termscp::system::keys::keyringstorage::tests::test_system_keys_keyringstorage::h3933826699a6a612
[INFO] [stdout]                                at /opt/rustwide/workdir/src/system/keys/keyringstorage.rs:88:9
[INFO] [stdout]   21:     0x556af443ddd7 - termscp::system::keys::keyringstorage::tests::test_system_keys_keyringstorage::{{closure}}::h7e2f724373ee6103
[INFO] [stdout]                                at /opt/rustwide/workdir/src/system/keys/keyringstorage.rs:85:41
[INFO] [stdout]   22:     0x556af445a1c6 - core::ops::function::FnOnce::call_once::h2381744faf7f8b0d
[INFO] [stdout]                                at /rustc/82e1608dfa6e0b5569232559e3d385fea5a93112/library/core/src/ops/function.rs:250:5
[INFO] [stdout]   23:     0x556af461adef - core::ops::function::FnOnce::call_once::h2b5d431d5046312d
[INFO] [stdout]                                at /rustc/82e1608dfa6e0b5569232559e3d385fea5a93112/library/core/src/ops/function.rs:250:5
[INFO] [stdout]   24:     0x556af461adef - test::__rust_begin_short_backtrace::h7714669af176e207
[INFO] [stdout]                                at /rustc/82e1608dfa6e0b5569232559e3d385fea5a93112/library/test/src/lib.rs:628:18
[INFO] [stdout]   25:     0x556af4619e05 - test::run_test_in_process::{{closure}}::h85218797dcbcec12
[INFO] [stdout]                                at /rustc/82e1608dfa6e0b5569232559e3d385fea5a93112/library/test/src/lib.rs:651:60
[INFO] [stdout]   26:     0x556af4619e05 - <core::panic::unwind_safe::AssertUnwindSafe<F> as core::ops::function::FnOnce<()>>::call_once::h76c106ea31c14d7b
[INFO] [stdout]                                at /rustc/82e1608dfa6e0b5569232559e3d385fea5a93112/library/core/src/panic/unwind_safe.rs:272:9
[INFO] [stdout]   27:     0x556af4619e05 - std::panicking::try::do_call::h3bd5d0f6620ee946
[INFO] [stdout]                                at /rustc/82e1608dfa6e0b5569232559e3d385fea5a93112/library/std/src/panicking.rs:552:40
[INFO] [stdout]   28:     0x556af4619e05 - std::panicking::try::h232e535e4744fe31
[INFO] [stdout]                                at /rustc/82e1608dfa6e0b5569232559e3d385fea5a93112/library/std/src/panicking.rs:516:19
[INFO] [stdout]   29:     0x556af4619e05 - std::panic::catch_unwind::h3ce3bd6ca8dbac68
[INFO] [stdout]                                at /rustc/82e1608dfa6e0b5569232559e3d385fea5a93112/library/std/src/panic.rs:142:14
[INFO] [stdout]   30:     0x556af4619e05 - test::run_test_in_process::hc97b257c9621286a
[INFO] [stdout]                                at /rustc/82e1608dfa6e0b5569232559e3d385fea5a93112/library/test/src/lib.rs:651:27
[INFO] [stdout]   31:     0x556af4619e05 - test::run_test::{{closure}}::h2aa798823a438d38
[INFO] [stdout]                                at /rustc/82e1608dfa6e0b5569232559e3d385fea5a93112/library/test/src/lib.rs:574:43
[INFO] [stdout]   32:     0x556af45e20c6 - test::run_test::{{closure}}::h87d231c78fb59832
[INFO] [stdout]                                at /rustc/82e1608dfa6e0b5569232559e3d385fea5a93112/library/test/src/lib.rs:602:41
[INFO] [stdout]   33:     0x556af45e20c6 - std::sys_common::backtrace::__rust_begin_short_backtrace::he6df152596625789
[INFO] [stdout]                                at /rustc/82e1608dfa6e0b5569232559e3d385fea5a93112/library/std/src/sys_common/backtrace.rs:154:18
[INFO] [stdout]   34:     0x556af45e7177 - std::thread::Builder::spawn_unchecked_::{{closure}}::{{closure}}::ha94be15d1e0acf36
[INFO] [stdout]                                at /rustc/82e1608dfa6e0b5569232559e3d385fea5a93112/library/std/src/thread/mod.rs:529:17
[INFO] [stdout]   35:     0x556af45e7177 - <core::panic::unwind_safe::AssertUnwindSafe<F> as core::ops::function::FnOnce<()>>::call_once::h9dc6bd6372f16606
[INFO] [stdout]                                at /rustc/82e1608dfa6e0b5569232559e3d385fea5a93112/library/core/src/panic/unwind_safe.rs:272:9
[INFO] [stdout]   36:     0x556af45e7177 - std::panicking::try::do_call::h9057517f80303cd4
[INFO] [stdout]                                at /rustc/82e1608dfa6e0b5569232559e3d385fea5a93112/library/std/src/panicking.rs:552:40
[INFO] [stdout]   37:     0x556af45e7177 - std::panicking::try::he3a30b11ee45340c
[INFO] [stdout]                                at /rustc/82e1608dfa6e0b5569232559e3d385fea5a93112/library/std/src/panicking.rs:516:19
[INFO] [stdout]   38:     0x556af45e7177 - std::panic::catch_unwind::h410458cfd3528b8b
[INFO] [stdout]                                at /rustc/82e1608dfa6e0b5569232559e3d385fea5a93112/library/std/src/panic.rs:142:14
[INFO] [stdout]   39:     0x556af45e7177 - std::thread::Builder::spawn_unchecked_::{{closure}}::h72ac3bdb567b737b
[INFO] [stdout]                                at /rustc/82e1608dfa6e0b5569232559e3d385fea5a93112/library/std/src/thread/mod.rs:528:30
[INFO] [stdout]   40:     0x556af45e7177 - core::ops::function::FnOnce::call_once{{vtable.shim}}::h38f34da3654a8344
[INFO] [stdout]                                at /rustc/82e1608dfa6e0b5569232559e3d385fea5a93112/library/core/src/ops/function.rs:250:5
[INFO] [stdout]   41:     0x556af59ed985 - <alloc::boxed::Box<F,A> as core::ops::function::FnOnce<Args>>::call_once::hc7eafaff61e32df9
[INFO] [stdout]                                at /rustc/82e1608dfa6e0b5569232559e3d385fea5a93112/library/alloc/src/boxed.rs:2007:9
[INFO] [stdout]   42:     0x556af59ed985 - <alloc::boxed::Box<F,A> as core::ops::function::FnOnce<Args>>::call_once::h6ba4a5de48dd2304
[INFO] [stdout]                                at /rustc/82e1608dfa6e0b5569232559e3d385fea5a93112/library/alloc/src/boxed.rs:2007:9
[INFO] [stdout]   43:     0x556af59ed985 - std::sys::unix::thread::Thread::new::thread_start::he469335aef763e45
[INFO] [stdout]                                at /rustc/82e1608dfa6e0b5569232559e3d385fea5a93112/library/std/src/sys/unix/thread.rs:108:17
[INFO] [stdout]   44:     0x7ff53aef6ac3 - <unknown>
[INFO] [stdout]   45:     0x7ff53af87bf4 - __clone
[INFO] [stdout]   46:                0x0 - <unknown>
[INFO] [stdout] 
[INFO] [stdout] 
[INFO] [stdout] failures:
[INFO] [stdout]     host::tests::test_host_localhost_open_read_err_not_accessible
[INFO] [stdout]     host::tests::test_host_localhost_open_write_err
[INFO] [stdout]     system::auto_update::test::auto_update
[INFO] [stdout]     system::auto_update::test::check_for_updates
[INFO] [stdout]     system::keys::keyringstorage::tests::test_system_keys_keyringstorage
[INFO] [stdout] 
[INFO] [stdout] test result: FAILED. 185 passed; 5 failed; 0 ignored; 0 measured; 0 filtered out; finished in 2.39s
[INFO] [stdout] 
[INFO] [stderr] error: test failed, to rerun pass `--bin termscp`
[INFO] running `Command { std: "docker" "inspect" "c1496fc0473f2686fca760bd994cec558468339471a9f9ddb8ec8485e3f0c137", kill_on_drop: false }`
[INFO] running `Command { std: "docker" "rm" "-f" "c1496fc0473f2686fca760bd994cec558468339471a9f9ddb8ec8485e3f0c137", kill_on_drop: false }`
[INFO] [stdout] c1496fc0473f2686fca760bd994cec558468339471a9f9ddb8ec8485e3f0c137
[INFO] testing termscp-0.12.3 against beta-2023-12-22 for beta-1.76-1
[INFO] extracting crate termscp 0.12.3 into /workspace/builds/worker-5-tc2/source
[INFO] validating manifest of crates.io crate termscp 0.12.3 on toolchain beta-2023-12-22
[INFO] running `Command { std: CARGO_HOME="/workspace/cargo-home" RUSTUP_HOME="/workspace/rustup-home" "/workspace/cargo-home/bin/cargo" "+beta-2023-12-22" "metadata" "--manifest-path" "Cargo.toml" "--no-deps", kill_on_drop: false }`
[INFO] started tweaking crates.io crate termscp 0.12.3
[INFO] finished tweaking crates.io crate termscp 0.12.3
[INFO] tweaked toml for crates.io crate termscp 0.12.3 written to /workspace/builds/worker-5-tc2/source/Cargo.toml
[INFO] crate crates.io crate termscp 0.12.3 already has a lockfile, it will not be regenerated
[INFO] running `Command { std: CARGO_HOME="/workspace/cargo-home" RUSTUP_HOME="/workspace/rustup-home" "/workspace/cargo-home/bin/cargo" "+beta-2023-12-22" "fetch" "--manifest-path" "Cargo.toml", kill_on_drop: false }`
[INFO] running `Command { std: "docker" "create" "-v" "/var/lib/crater-agent-workspace/builds/worker-5-tc2/target:/opt/rustwide/target:rw,Z" "-v" "/var/lib/crater-agent-workspace/builds/worker-5-tc2/source:/opt/rustwide/workdir:ro,Z" "-v" "/var/lib/crater-agent-workspace/cargo-home:/opt/rustwide/cargo-home:ro,Z" "-v" "/var/lib/crater-agent-workspace/rustup-home:/opt/rustwide/rustup-home:ro,Z" "-e" "SOURCE_DIR=/opt/rustwide/workdir" "-e" "CARGO_TARGET_DIR=/opt/rustwide/target" "-e" "CARGO_HOME=/opt/rustwide/cargo-home" "-e" "RUSTUP_HOME=/opt/rustwide/rustup-home" "-w" "/opt/rustwide/workdir" "-m" "1610612736" "--user" "0:0" "--network" "none" "ghcr.io/rust-lang/crates-build-env/linux@sha256:2788e3201cd34a07e3172128adcd8b3090168a8e3bcc40d7c032b9dda1df7d1c" "/opt/rustwide/cargo-home/bin/cargo" "+beta-2023-12-22" "metadata" "--no-deps" "--format-version=1", kill_on_drop: false }`
[INFO] [stdout] 85ce8de7c52ccb7415ef0e4591b6fd04feea75e717b8ae947bbc262ca2c23770
[INFO] running `Command { std: "docker" "start" "-a" "85ce8de7c52ccb7415ef0e4591b6fd04feea75e717b8ae947bbc262ca2c23770", kill_on_drop: false }`
[INFO] running `Command { std: "docker" "inspect" "85ce8de7c52ccb7415ef0e4591b6fd04feea75e717b8ae947bbc262ca2c23770", kill_on_drop: false }`
[INFO] running `Command { std: "docker" "rm" "-f" "85ce8de7c52ccb7415ef0e4591b6fd04feea75e717b8ae947bbc262ca2c23770", kill_on_drop: false }`
[INFO] [stdout] 85ce8de7c52ccb7415ef0e4591b6fd04feea75e717b8ae947bbc262ca2c23770
[INFO] running `Command { std: "docker" "create" "-v" "/var/lib/crater-agent-workspace/builds/worker-5-tc2/target:/opt/rustwide/target:rw,Z" "-v" "/var/lib/crater-agent-workspace/builds/worker-5-tc2/source:/opt/rustwide/workdir:ro,Z" "-v" "/var/lib/crater-agent-workspace/cargo-home:/opt/rustwide/cargo-home:ro,Z" "-v" "/var/lib/crater-agent-workspace/rustup-home:/opt/rustwide/rustup-home:ro,Z" "-e" "SOURCE_DIR=/opt/rustwide/workdir" "-e" "CARGO_TARGET_DIR=/opt/rustwide/target" "-e" "CARGO_INCREMENTAL=0" "-e" "RUST_BACKTRACE=full" "-e" "RUSTFLAGS=--cap-lints=warn" "-e" "RUSTDOCFLAGS=--cap-lints=warn" "-e" "CARGO_HOME=/opt/rustwide/cargo-home" "-e" "RUSTUP_HOME=/opt/rustwide/rustup-home" "-w" "/opt/rustwide/workdir" "-m" "1610612736" "--user" "0:0" "--network" "none" "ghcr.io/rust-lang/crates-build-env/linux@sha256:2788e3201cd34a07e3172128adcd8b3090168a8e3bcc40d7c032b9dda1df7d1c" "/opt/rustwide/cargo-home/bin/cargo" "+beta-2023-12-22" "build" "--frozen" "--message-format=json", kill_on_drop: false }`
[INFO] [stdout] 7028a5262250c71d5a04f879b56b5928f8a485571db5e09cd3e5426378d868f0
[INFO] running `Command { std: "docker" "start" "-a" "7028a5262250c71d5a04f879b56b5928f8a485571db5e09cd3e5426378d868f0", kill_on_drop: false }`
[INFO] [stderr]    Compiling libc v0.2.147
[INFO] [stderr]    Compiling proc-macro2 v1.0.63
[INFO] [stderr]    Compiling quote v1.0.29
[INFO] [stderr]    Compiling unicode-ident v1.0.10
[INFO] [stderr]    Compiling log v0.4.19
[INFO] [stderr]    Compiling cc v1.0.79
[INFO] [stderr]    Compiling pkg-config v0.3.27
[INFO] [stderr]    Compiling generic-array v0.14.7
[INFO] [stderr]    Compiling futures-core v0.3.28
[INFO] [stderr]    Compiling pin-project-lite v0.2.10
[INFO] [stderr]    Compiling serde v1.0.166
[INFO] [stderr]    Compiling aho-corasick v1.0.2
[INFO] [stderr]    Compiling regex-syntax v0.7.3
[INFO] [stderr]    Compiling slab v0.4.8
[INFO] [stderr]    Compiling itoa v1.0.8
[INFO] [stderr]    Compiling thiserror v1.0.41
[INFO] [stderr]    Compiling bytes v1.4.0
[INFO] [stderr]    Compiling syn v2.0.23
[INFO] [stderr]    Compiling syn v1.0.109
[INFO] [stderr]    Compiling futures-io v0.3.28
[INFO] [stderr]    Compiling ring v0.16.20
[INFO] [stderr]    Compiling openssl-src v111.26.0+1.1.1u
[INFO] [stderr]    Compiling tokio v1.29.1
[INFO] [stderr]    Compiling openssl-sys v0.9.90
[INFO] [stderr]    Compiling hashbrown v0.14.0
[INFO] [stderr]    Compiling regex-automata v0.3.0
[INFO] [stderr]    Compiling mio v0.8.8
[INFO] [stderr]    Compiling socket2 v0.4.9
[INFO] [stderr]    Compiling getrandom v0.2.10
[INFO] [stderr]    Compiling equivalent v1.0.0
[INFO] [stderr]    Compiling indexmap v2.0.0
[INFO] [stderr]    Compiling rand_core v0.6.4
[INFO] [stderr]    Compiling num_cpus v1.16.0
[INFO] [stderr]    Compiling winnow v0.4.7
[INFO] [stderr]    Compiling crossbeam-utils v0.8.16
[INFO] [stderr]    Compiling futures-task v0.3.28
[INFO] [stderr]    Compiling rand_chacha v0.3.1
[INFO] [stderr]    Compiling http v0.2.9
[INFO] [stderr]    Compiling regex v1.9.0
[INFO] [stderr]    Compiling sct v0.7.0
[INFO] [stderr]    Compiling tracing-core v0.1.31
[INFO] [stderr]    Compiling lock_api v0.4.10
[INFO] [stderr]    Compiling futures-util v0.3.28
[INFO] [stderr]    Compiling smallvec v1.11.0
[INFO] [stderr]    Compiling futures-sink v0.3.28
[INFO] [stderr]    Compiling block-padding v0.2.1
[INFO] [stderr]    Compiling rand v0.8.5
[INFO] [stderr]    Compiling toml_datetime v0.6.3
[INFO] [stderr]    Compiling scopeguard v1.1.0
[INFO] [stderr]    Compiling wildmatch v2.1.1
[INFO] [stderr]    Compiling rustix v0.37.23
[INFO] [stderr]    Compiling serde_derive v1.0.166
[INFO] [stderr]    Compiling thiserror-impl v1.0.41
[INFO] [stderr]    Compiling tracing-attributes v0.1.26
[INFO] [stderr]    Compiling futures-macro v0.3.28
[INFO] [stderr]    Compiling toml_edit v0.19.12
[INFO] [stderr]    Compiling concurrent-queue v2.2.0
[INFO] [stderr]    Compiling io-lifetimes v1.0.11
[INFO] [stderr]    Compiling webpki v0.22.0
[INFO] [stderr]    Compiling tracing v0.1.37
[INFO] [stderr]    Compiling time v0.1.45
[INFO] [stderr]    Compiling crypto-common v0.1.6
[INFO] [stderr]    Compiling block-buffer v0.10.4
[INFO] [stderr]    Compiling serde_json v1.0.100
[INFO] [stderr]    Compiling parking v2.1.0
[INFO] [stderr]    Compiling ryu v1.0.14
[INFO] [stderr]    Compiling waker-fn v1.1.0
[INFO] [stderr]    Compiling iana-time-zone v0.1.57
[INFO] [stderr]    Compiling futures-lite v1.13.0
[INFO] [stderr]    Compiling chrono v0.4.26
[INFO] [stderr]    Compiling digest v0.10.7
[INFO] [stderr]    Compiling ahash v0.7.6
[INFO] [stderr]    Compiling proc-macro-crate v1.3.1
[INFO] [stderr]    Compiling async-lock v2.7.0
[INFO] [stderr]    Compiling zvariant_utils v1.0.1
[INFO] [stderr]    Compiling digest v0.9.0
[INFO] [stderr]    Compiling memoffset v0.7.1
[INFO] [stderr]    Compiling indexmap v1.9.3
[INFO] [stderr]    Compiling async-trait v0.1.71
[INFO] [stderr]    Compiling signal-hook v0.3.15
[INFO] [stderr]    Compiling parking_lot_core v0.9.8
[INFO] [stderr]    Compiling url v2.4.0
[INFO] [stderr]    Compiling webpki-roots v0.22.6
[INFO] [stderr]    Compiling enumflags2_derive v0.7.7
[INFO] [stderr]    Compiling block-buffer v0.9.0
[INFO] [stderr]    Compiling signal-hook-registry v1.4.1
[INFO] [stderr]    Compiling libz-sys v1.1.9
[INFO] [stderr]    Compiling cipher v0.3.0
[INFO] [stderr]    Compiling num-bigint v0.4.3
[INFO] [stderr]    Compiling anyhow v1.0.71
[INFO] [stderr]    Compiling futures-channel v0.3.28
[INFO] [stderr]    Compiling async-task v4.4.0
[INFO] [stderr]    Compiling rustls v0.20.8
[INFO] [stderr]    Compiling rustls v0.21.3
[INFO] [stderr]    Compiling ahash v0.4.7
[INFO] [stderr]    Compiling hashbrown v0.9.1
[INFO] [stderr]    Compiling hashbrown v0.12.3
[INFO] [stderr]    Compiling zvariant_derive v3.15.0
[INFO] [stderr]    Compiling tokio-util v0.7.8
[INFO] [stderr]    Compiling async-channel v1.8.0
[INFO] [stderr]    Compiling lazy-regex-proc_macros v2.4.1
[INFO] [stderr]    Compiling dlv-list v0.2.3
[INFO] [stderr]    Compiling rustls-webpki v0.101.1
[INFO] [stderr]    Compiling async-fs v1.6.0
[INFO] [stderr]    Compiling atomic-waker v1.1.1
[INFO] [stderr]    Compiling openssl v0.10.55
[INFO] [stderr]    Compiling time-core v0.1.1
[INFO] [stderr]    Compiling try-lock v0.2.4
[INFO] [stderr]    Compiling time-macros v0.2.9
[INFO] [stderr]    Compiling want v0.3.1
[INFO] [stderr]    Compiling enumflags2 v0.7.7
[INFO] [stderr]    Compiling lazy-regex v2.5.0
[INFO] [stderr]    Compiling blocking v1.3.1
[INFO] [stderr]    Compiling ordered-multimap v0.3.1
[INFO] [stderr]    Compiling zvariant v3.15.0
[INFO] [stderr]    Compiling h2 v0.3.20
[INFO] [stderr]    Compiling unicode-linebreak v0.1.4
[INFO] [stderr]    Compiling parking_lot v0.12.1
[INFO] [stderr]    Compiling nix v0.26.2
[INFO] [stderr]    Compiling signal-hook-mio v0.2.3
[INFO] [stderr]    Compiling polling v2.8.0
[INFO] [stderr]    Compiling remotefs v0.2.0
[INFO] [stderr]    Compiling openssl-macros v0.1.1
[INFO] [stderr]    Compiling http-body v0.4.5
[INFO] [stderr]    Compiling dirs-sys v0.3.7
[INFO] [stderr]    Compiling libssh2-sys v0.3.0
[INFO] [stderr]    Compiling libdbus-sys v0.2.5
[INFO] [stderr]    Compiling tempfile v3.6.0
[INFO] [stderr]    Compiling xml-rs v0.8.15
[INFO] [stderr]    Compiling portable-atomic v1.3.3
[INFO] [stderr]    Compiling cfg_aliases v0.1.1
[INFO] [stderr]    Compiling httpdate v1.0.2
[INFO] [stderr]    Compiling option-ext v0.2.0
[INFO] [stderr]    Compiling native-tls v0.2.11
[INFO] [stderr]    Compiling hyper v0.14.27
[INFO] [stderr]    Compiling serde-xml-rs v0.5.1
[INFO] [stderr]    Compiling dirs-sys v0.4.1
[INFO] [stderr]    Compiling time v0.3.22
[INFO] [stderr]    Compiling pavao v0.2.3
[INFO] [stderr]    Compiling attohttpc v0.18.0
[INFO] [stderr]    Compiling net2 v0.2.39
[INFO] [stderr]    Compiling parking_lot_core v0.8.6
[INFO] [stderr]    Compiling dirs v4.0.0
[INFO] [stderr]    Compiling num-rational v0.4.1
[INFO] [stderr]    Compiling xdg-home v1.0.0
[INFO] [stderr]    Compiling async-io v1.13.0
[INFO] [stderr]    Compiling zbus_names v2.6.0
[INFO] [stderr]    Compiling crossterm v0.25.0
[INFO] [stderr]    Compiling tokio-rustls v0.24.1
[INFO] [stderr]    Compiling rust-ini v0.17.0
[INFO] [stderr]    Compiling async-executor v1.5.1
[INFO] [stderr]    Compiling aes v0.7.5
[INFO] [stderr]    Compiling block-modes v0.8.1
[INFO] [stderr]    Compiling sha2 v0.9.9
[INFO] [stderr]    Compiling zbus_macros v3.14.1
[INFO] [stderr]    Compiling sha1 v0.10.5
[INFO] [stderr]    Compiling hmac v0.12.1
[INFO] [stderr]    Compiling derivative v2.2.0
[INFO] [stderr]    Compiling async-recursion v1.0.4
[INFO] [stderr]    Compiling serde_repr v0.1.14
[INFO] [stderr]    Compiling async-broadcast v0.5.1
[INFO] [stderr]    Compiling users v0.11.0
[INFO] [stderr]    Compiling iovec v0.1.4
[INFO] [stderr]    Compiling filetime v0.2.21
[INFO] [stderr]    Compiling crypto-mac v0.11.1
[INFO] [stderr]    Compiling ordered-stream v0.2.0
[INFO] [stderr]    Compiling cassowary v0.3.0
[INFO] [stderr]    Compiling semver v1.0.17
[INFO] [stderr]    Compiling base64 v0.21.2
[INFO] [stderr]    Compiling tui v0.19.0
[INFO] [stderr]    Compiling rustls-pemfile v1.0.3
[INFO] [stderr]    Compiling num v0.4.0
[INFO] [stderr]    Compiling hmac v0.11.0
[INFO] [stderr]    Compiling mio v0.6.23
[INFO] [stderr]    Compiling hkdf v0.12.3
[INFO] [stderr]    Compiling hyper-rustls v0.24.1
[INFO] [stderr]    Compiling aws-creds v0.27.1
[INFO] [stderr]    Compiling flate2 v1.0.26
[INFO] [stderr]    Compiling parking_lot v0.11.2
[INFO] [stderr]    Compiling dirs v5.0.1
[INFO] [stderr]    Compiling aws-region v0.23.5
[INFO] [stderr]    Compiling serde_spanned v0.6.3
[INFO] [stderr]    Compiling serde_urlencoded v0.7.1
[INFO] [stderr]    Compiling console v0.15.7
[INFO] [stderr]    Compiling sha2 v0.10.7
[INFO] [stderr]    Compiling tokio-stream v0.1.14
[INFO] [stderr]    Compiling maybe-async v0.2.7
[INFO] [stderr]    Compiling tuirealm_derive v1.0.0
[INFO] [stderr]    Compiling inotify-sys v0.1.5
[INFO] [stderr]    Compiling xattr v0.2.3
[INFO] [stderr]    Compiling is-docker v0.2.0
[INFO] [stderr]    Compiling encoding_rs v0.8.32
[INFO] [stderr]    Compiling argh_shared v0.1.10
[INFO] [stderr]    Compiling self_update v0.37.0
[INFO] [stderr]    Compiling number_prefix v0.4.0
[INFO] [stderr]    Compiling md5 v0.7.0
[INFO] [stderr]    Compiling lazycell v1.3.0
[INFO] [stderr]    Compiling ipnet v2.8.0
[INFO] [stderr]    Compiling smawk v0.3.1
[INFO] [stderr]    Compiling debug-helper v0.3.13
[INFO] [stderr]    Compiling bitflags v2.3.3
[INFO] [stderr]    Compiling same-file v1.0.6
[INFO] [stderr]    Compiling textwrap v0.15.2
[INFO] [stderr]    Compiling walkdir v2.3.3
[INFO] [stderr]    Compiling ssh2-config v0.2.0
[INFO] [stderr]    Compiling rust-s3 v0.28.1
[INFO] [stderr]    Compiling crc-any v2.4.3
[INFO] [stderr]    Compiling tuirealm v1.8.0
[INFO] [stderr]    Compiling mio-extras v2.0.6
[INFO] [stderr]    Compiling argh_derive v0.1.10
[INFO] [stderr]    Compiling indicatif v0.17.5
[INFO] [stderr]    Compiling is-wsl v0.4.0
[INFO] [stderr]    Compiling reqwest v0.11.18
[INFO] [stderr]    Compiling tar v0.4.38
[INFO] [stderr]    Compiling zbus v3.14.1
[INFO] [stderr]    Compiling inotify v0.7.1
[INFO] [stderr]    Compiling dbus v0.9.7
[INFO] [stderr]    Compiling zip v0.6.6
[INFO] [stderr]    Compiling which v4.4.0
[INFO] [stderr]    Compiling des v0.7.0
[INFO] [stderr]    Compiling md-5 v0.9.1
[INFO] [stderr]    Compiling tiger v0.1.0
[INFO] [stderr]    Compiling rtoolbox v0.0.1
[INFO] [stderr]    Compiling linux-keyutils v0.2.3
[INFO] [stderr]    Compiling quick-xml v0.23.1
[INFO] [stderr]    Compiling termcolor v1.1.3
[INFO] [stderr]    Compiling urlencoding v2.1.2
[INFO] [stderr]    Compiling match_cfg v0.1.0
[INFO] [stderr]    Compiling pathdiff v0.2.1
[INFO] [stderr]    Compiling hostname v0.3.1
[INFO] [stderr]    Compiling toml v0.7.6
[INFO] [stderr]    Compiling open v5.0.0
[INFO] [stderr]    Compiling simplelog v0.12.1
[INFO] [stderr]    Compiling notify-rust v4.8.0
[INFO] [stderr]    Compiling rpassword v7.2.0
[INFO] [stderr]    Compiling magic-crypt v3.1.12
[INFO] [stderr]    Compiling edit v0.1.4
[INFO] [stderr]    Compiling remotefs-smb v0.2.0
[INFO] [stderr]    Compiling notify v4.0.17
[INFO] [stderr]    Compiling argh v0.1.10
[INFO] [stderr]    Compiling remotefs-aws-s3 v0.2.1
[INFO] [stderr]    Compiling tui-realm-stdlib v1.2.0
[INFO] [stderr]    Compiling secret-service v3.0.1
[INFO] [stderr]    Compiling content_inspector v0.2.4
[INFO] [stderr]    Compiling version-compare v0.1.1
[INFO] [stderr]    Compiling whoami v1.4.1
[INFO] [stderr]    Compiling bytesize v1.2.0
[INFO] [stderr]    Compiling keyring v2.0.4
[INFO] [stderr]    Compiling suppaftp v5.1.2
[INFO] [stderr]    Compiling remotefs-ftp v0.1.3
[INFO] [stderr]    Compiling ssh2 v0.9.4
[INFO] [stderr]    Compiling remotefs-ssh v0.2.1
[INFO] [stderr]    Compiling termscp v0.12.3 (/opt/rustwide/workdir)
[INFO] [stdout] warning: unused import: `params::*`
[INFO] [stdout]  --> src/config/mod.rs:6:9
[INFO] [stdout]   |
[INFO] [stdout] 6 | pub use params::*;
[INFO] [stdout]   |         ^^^^^^^^^
[INFO] [stdout]   |
[INFO] [stdout]   = note: `#[warn(unused_imports)]` on by default
[INFO] [stdout] 
[INFO] [stdout] 
[INFO] [stdout] warning: unused import: `setup::*`
[INFO] [stdout]   --> src/ui/activities/setup/view/mod.rs:10:9
[INFO] [stdout]    |
[INFO] [stdout] 10 | pub use setup::*;
[INFO] [stdout]    |         ^^^^^^^^
[INFO] [stdout] 
[INFO] [stdout] 
[INFO] [stdout] warning: unused import: `ssh_keys::*`
[INFO] [stdout]   --> src/ui/activities/setup/view/mod.rs:11:9
[INFO] [stdout]    |
[INFO] [stdout] 11 | pub use ssh_keys::*;
[INFO] [stdout]    |         ^^^^^^^^^^^
[INFO] [stdout] 
[INFO] [stdout] 
[INFO] [stdout] warning: unused import: `theme::*`
[INFO] [stdout]   --> src/ui/activities/setup/view/mod.rs:12:9
[INFO] [stdout]    |
[INFO] [stdout] 12 | pub use theme::*;
[INFO] [stdout]    |         ^^^^^^^^
[INFO] [stdout] 
[INFO] [stdout] 
[INFO] [stdout] warning: 4 warnings emitted
[INFO] [stdout] 
[INFO] [stdout] 
[INFO] [stderr]     Finished dev [unoptimized + debuginfo] target(s) in 2m 44s
[INFO] running `Command { std: "docker" "inspect" "7028a5262250c71d5a04f879b56b5928f8a485571db5e09cd3e5426378d868f0", kill_on_drop: false }`
[INFO] running `Command { std: "docker" "rm" "-f" "7028a5262250c71d5a04f879b56b5928f8a485571db5e09cd3e5426378d868f0", kill_on_drop: false }`
[INFO] [stdout] 7028a5262250c71d5a04f879b56b5928f8a485571db5e09cd3e5426378d868f0
[INFO] running `Command { std: "docker" "create" "-v" "/var/lib/crater-agent-workspace/builds/worker-5-tc2/target:/opt/rustwide/target:rw,Z" "-v" "/var/lib/crater-agent-workspace/builds/worker-5-tc2/source:/opt/rustwide/workdir:ro,Z" "-v" "/var/lib/crater-agent-workspace/cargo-home:/opt/rustwide/cargo-home:ro,Z" "-v" "/var/lib/crater-agent-workspace/rustup-home:/opt/rustwide/rustup-home:ro,Z" "-e" "SOURCE_DIR=/opt/rustwide/workdir" "-e" "CARGO_TARGET_DIR=/opt/rustwide/target" "-e" "CARGO_INCREMENTAL=0" "-e" "RUST_BACKTRACE=full" "-e" "RUSTFLAGS=--cap-lints=warn" "-e" "RUSTDOCFLAGS=--cap-lints=warn" "-e" "CARGO_HOME=/opt/rustwide/cargo-home" "-e" "RUSTUP_HOME=/opt/rustwide/rustup-home" "-w" "/opt/rustwide/workdir" "-m" "1610612736" "--user" "0:0" "--network" "none" "ghcr.io/rust-lang/crates-build-env/linux@sha256:2788e3201cd34a07e3172128adcd8b3090168a8e3bcc40d7c032b9dda1df7d1c" "/opt/rustwide/cargo-home/bin/cargo" "+beta-2023-12-22" "test" "--frozen" "--no-run" "--message-format=json", kill_on_drop: false }`
[INFO] [stdout] 54800d194ce11b16adaab98459846046422abeeecc71842310c00f67a1c3b004
[INFO] running `Command { std: "docker" "start" "-a" "54800d194ce11b16adaab98459846046422abeeecc71842310c00f67a1c3b004", kill_on_drop: false }`
[INFO] [stderr]    Compiling futures-channel v0.3.28
[INFO] [stderr]    Compiling futures-util v0.3.28
[INFO] [stderr]    Compiling dashmap v5.4.0
[INFO] [stderr]    Compiling serial_test_derive v2.0.0
[INFO] [stderr]    Compiling pretty_assertions v1.3.0
[INFO] [stderr]    Compiling h2 v0.3.20
[INFO] [stderr]    Compiling zbus v3.14.1
[INFO] [stderr]    Compiling futures-executor v0.3.28
[INFO] [stderr]    Compiling futures v0.3.28
[INFO] [stderr]    Compiling serial_test v2.0.0
[INFO] [stderr]    Compiling hyper v0.14.27
[INFO] [stderr]    Compiling hyper-rustls v0.24.1
[INFO] [stderr]    Compiling reqwest v0.11.18
[INFO] [stderr]    Compiling secret-service v3.0.1
[INFO] [stderr]    Compiling self_update v0.37.0
[INFO] [stderr]    Compiling keyring v2.0.4
[INFO] [stderr]    Compiling termscp v0.12.3 (/opt/rustwide/workdir)
[INFO] [stdout] warning: unused import: `setup::*`
[INFO] [stdout]   --> src/ui/activities/setup/view/mod.rs:10:9
[INFO] [stdout]    |
[INFO] [stdout] 10 | pub use setup::*;
[INFO] [stdout]    |         ^^^^^^^^
[INFO] [stdout]    |
[INFO] [stdout]    = note: `#[warn(unused_imports)]` on by default
[INFO] [stdout] 
[INFO] [stdout] 
[INFO] [stdout] warning: unused import: `ssh_keys::*`
[INFO] [stdout]   --> src/ui/activities/setup/view/mod.rs:11:9
[INFO] [stdout]    |
[INFO] [stdout] 11 | pub use ssh_keys::*;
[INFO] [stdout]    |         ^^^^^^^^^^^
[INFO] [stdout] 
[INFO] [stdout] 
[INFO] [stdout] warning: unused import: `theme::*`
[INFO] [stdout]   --> src/ui/activities/setup/view/mod.rs:12:9
[INFO] [stdout]    |
[INFO] [stdout] 12 | pub use theme::*;
[INFO] [stdout]    |         ^^^^^^^^
[INFO] [stdout] 
[INFO] [stdout] 
[INFO] [stdout] warning: 3 warnings emitted
[INFO] [stdout] 
[INFO] [stdout] 
[INFO] [stderr]     Finished test [unoptimized + debuginfo] target(s) in 34.45s
[INFO] running `Command { std: "docker" "inspect" "54800d194ce11b16adaab98459846046422abeeecc71842310c00f67a1c3b004", kill_on_drop: false }`
[INFO] running `Command { std: "docker" "rm" "-f" "54800d194ce11b16adaab98459846046422abeeecc71842310c00f67a1c3b004", kill_on_drop: false }`
[INFO] [stdout] 54800d194ce11b16adaab98459846046422abeeecc71842310c00f67a1c3b004
[INFO] running `Command { std: "docker" "create" "-v" "/var/lib/crater-agent-workspace/builds/worker-5-tc2/target:/opt/rustwide/target:rw,Z" "-v" "/var/lib/crater-agent-workspace/builds/worker-5-tc2/source:/opt/rustwide/workdir:ro,Z" "-v" "/var/lib/crater-agent-workspace/cargo-home:/opt/rustwide/cargo-home:ro,Z" "-v" "/var/lib/crater-agent-workspace/rustup-home:/opt/rustwide/rustup-home:ro,Z" "-e" "SOURCE_DIR=/opt/rustwide/workdir" "-e" "CARGO_TARGET_DIR=/opt/rustwide/target" "-e" "CARGO_INCREMENTAL=0" "-e" "RUST_BACKTRACE=full" "-e" "RUSTFLAGS=--cap-lints=warn" "-e" "RUSTDOCFLAGS=--cap-lints=warn" "-e" "CARGO_HOME=/opt/rustwide/cargo-home" "-e" "RUSTUP_HOME=/opt/rustwide/rustup-home" "-w" "/opt/rustwide/workdir" "-m" "1610612736" "--user" "0:0" "--network" "none" "ghcr.io/rust-lang/crates-build-env/linux@sha256:2788e3201cd34a07e3172128adcd8b3090168a8e3bcc40d7c032b9dda1df7d1c" "/opt/rustwide/cargo-home/bin/cargo" "+beta-2023-12-22" "test" "--frozen", kill_on_drop: false }`
[INFO] [stdout] 9bfc1e874acc3ad6e08491b129b6f63027dc232d4d197003c3cd628cd9fde5f1
[INFO] running `Command { std: "docker" "start" "-a" "9bfc1e874acc3ad6e08491b129b6f63027dc232d4d197003c3cd628cd9fde5f1", kill_on_drop: false }`
[INFO] [stderr] warning: unused import: `setup::*`
[INFO] [stderr]   --> src/ui/activities/setup/view/mod.rs:10:9
[INFO] [stderr]    |
[INFO] [stderr] 10 | pub use setup::*;
[INFO] [stderr]    |         ^^^^^^^^
[INFO] [stderr]    |
[INFO] [stderr]    = note: `#[warn(unused_imports)]` on by default
[INFO] [stderr] 
[INFO] [stderr] warning: unused import: `ssh_keys::*`
[INFO] [stderr]   --> src/ui/activities/setup/view/mod.rs:11:9
[INFO] [stderr]    |
[INFO] [stderr] 11 | pub use ssh_keys::*;
[INFO] [stderr]    |         ^^^^^^^^^^^
[INFO] [stderr] 
[INFO] [stderr] warning: unused import: `theme::*`
[INFO] [stderr]   --> src/ui/activities/setup/view/mod.rs:12:9
[INFO] [stderr]    |
[INFO] [stderr] 12 | pub use theme::*;
[INFO] [stderr]    |         ^^^^^^^^
[INFO] [stderr] 
[INFO] [stderr] warning: `termscp` (bin "termscp" test) generated 3 warnings (run `cargo fix --bin "termscp" --tests` to apply 3 suggestions)
[INFO] [stderr]     Finished test [unoptimized + debuginfo] target(s) in 0.49s
[INFO] [stderr]      Running unittests src/main.rs (/opt/rustwide/target/debug/deps/termscp-ba65a495b4bb4751)
[INFO] [stdout] 
[INFO] [stdout] running 190 tests
[INFO] [stdout] test config::bookmarks::tests::bookmark_from_generic_ftparams ... ok
[INFO] [stdout] test config::bookmarks::tests::bookmark_from_s3_ftparams ... ok
[INFO] [stdout] test config::bookmarks::tests::ftparams_from_generic_bookmark ... ok
[INFO] [stdout] test config::bookmarks::tests::ftparams_from_s3_bookmark ... ok
[INFO] [stdout] test config::bookmarks::tests::should_get_ftparams_from_smb_bookmark ... ok
[INFO] [stdout] test config::bookmarks::tests::test_bookmarks_default ... ok
[INFO] [stdout] test config::bookmarks::tests::test_bookmarks_bookmark_new ... ok
[INFO] [stdout] test config::serialization::tests::test_config_serialization_errors ... ok
[INFO] [stdout] test config::params::tests::test_config_mod_new ... ok
[INFO] [stdout] test config::serialization::tests::test_config_serialization_params_fail_read ... ok
[INFO] [stdout] test config::serialization::tests::test_config_serialization_params_fail_write ... ok
[INFO] [stdout] test config::serialization::tests::test_config_serialization_params_deserialize_ok ... ok
[INFO] [stdout] test config::serialization::tests::test_config_serialization_params_deserialize_nok ... ok
[INFO] [stdout] test config::serialization::tests::test_config_serialization_params_deserialize_ok_no_opts ... ok
[INFO] [stdout] test config::themes::test::test_config_themes_default ... ok
[INFO] [stdout] test config::serialization::tests::test_config_serializer_bookmarks_serializer_serialize ... ok
[INFO] [stdout] test config::serialization::tests::test_config_serialization_params_serialize ... ok
[INFO] [stdout] test config::serialization::tests::test_config_serializer_bookmarks_serializer_deserialize_nok ... ok
[INFO] [stdout] test config::serialization::tests::test_config_serializer_bookmarks_serializer_deserialize_ok ... ok
[INFO] [stdout] test config::serialization::tests::test_config_serialization_theme_serialize ... ok
[INFO] [stdout] test explorer::formatter::tests::should_fmt_exceeding_length_ascii_name ... ok
[INFO] [stdout] test explorer::formatter::tests::should_fmt_long_utf8_name ... ok
[INFO] [stdout] test explorer::formatter::tests::should_fmt_short_utf8_name ... ok
[INFO] [stdout] test explorer::builder::tests::test_fs_explorer_builder_new_default ... ok
[INFO] [stdout] test explorer::formatter::tests::should_fmt_short_ascii_name ... ok
[INFO] [stdout] test explorer::builder::tests::test_fs_explorer_builder_new_all ... ok
[INFO] [stdout] test explorer::formatter::tests::should_fmt_utf8_path ... ok
[INFO] [stdout] test explorer::formatter::tests::test_fs_explorer_formatter_callchain ... ok
[INFO] [stdout] test explorer::formatter::tests::should_fmt_path ... ok
[INFO] [stdout] test explorer::tests::test_fs_explorer_del_entry ... ok
[INFO] [stdout] test explorer::tests::test_fs_explorer_files ... ok
[INFO] [stdout] test explorer::tests::test_fs_explorer_new ... ok
[INFO] [stdout] test explorer::tests::test_fs_explorer_sort_by_name ... ok
[INFO] [stdout] test explorer::tests::test_fs_explorer_fmt ... ok
[INFO] [stdout] test explorer::formatter::tests::test_fs_explorer_formatter_format_dirs ... ok
[INFO] [stdout] test explorer::formatter::tests::test_fs_explorer_formatter_format_files ... ok
[INFO] [stdout] test explorer::formatter::tests::test_fs_explorer_formatter_all_together_now ... ok
[INFO] [stdout] test explorer::tests::test_fs_explorer_sort_by_name_and_dirs_last ... ok
[INFO] [stdout] test explorer::tests::test_fs_explorer_sort_by_name_and_dirs_first ... ok
[INFO] [stdout] test explorer::tests::test_fs_explorer_to_string_from_str_traits ... ok
[INFO] [stdout] test explorer::tests::test_fs_explorer_stack ... ok
[INFO] [stdout] test explorer::tests::test_fs_explorer_sort_by_size ... ok
[INFO] [stdout] test filetransfer::builder::test::should_build_aws_s3_fs ... ok
[INFO] [stdout] test filetransfer::params::test::params_default ... ok
[INFO] [stdout] test filetransfer::builder::test::should_build_scp_fs ... ok
[INFO] [stdout] test filetransfer::builder::test::should_build_sftp_fs ... ok
[INFO] [stdout] test filetransfer::builder::test::should_build_ftp_fs ... ok
[INFO] [stdout] test filetransfer::params::test::password_missing ... ok
[INFO] [stdout] test filetransfer::params::test::references ... ok
[INFO] [stdout] test filetransfer::params::test::set_default_secret_aws_s3 ... ok
[INFO] [stdout] test filetransfer::params::test::should_init_aws_s3_params ... ok
[INFO] [stdout] test filetransfer::params::test::should_init_aws_s3_params_with_optionals ... ok
[INFO] [stdout] test filetransfer::params::test::set_default_secret_generic ... ok
[INFO] [stdout] test filetransfer::params::test::should_init_smb_params_with_optionals ... ok
[INFO] [stdout] test filetransfer::params::test::should_init_smb_params ... ok
[INFO] [stdout] test filetransfer::params::test::test_filetransfer_params ... ok
[INFO] [stdout] test filetransfer::tests::test_filetransfer_mod_protocol ... ok
[INFO] [stdout] test host::tests::should_create_symlink ... ok
[INFO] [stdout] test host::tests::test_host_chmod ... ok
[INFO] [stdout] test host::tests::test_host_copy_directory_absolute ... ok
[INFO] [stdout] test host::tests::should_setstat ... ok
[INFO] [stdout] test host::tests::test_host_error_new ... ok
[INFO] [stdout] test host::tests::test_host_copy_directory_relative ... ok
[INFO] [stdout] test host::tests::test_host_copy_file_absolute ... ok
[INFO] [stdout] test host::tests::test_host_copy_file_relative ... ok
[INFO] [stdout] test host::tests::test_host_fmt_error ... ok
[INFO] [stdout] test host::tests::test_host_localhost_change_dir ... ok
[INFO] [stdout] test host::tests::test_host_localhost_list_files ... ok
[INFO] [stdout] test host::tests::test_host_find ... ok
[INFO] [stdout] test host::tests::test_host_exec ... ok
[INFO] [stdout] test config::serialization::tests::test_config_serialization_theme_deserialize ... ok
[INFO] [stdout] test host::tests::test_host_localhost_mkdir ... ok
[INFO] [stdout] test host::tests::test_host_localhost_new ... ok
[INFO] [stdout] test host::tests::test_host_localhost_open_read ... ok
[INFO] [stdout] test host::tests::test_host_localhost_open_write ... ok
[INFO] [stdout] test filetransfer::builder::test::should_not_build_fs - should panic ... ok
[INFO] [stdout] test host::tests::test_host_localhost_pwd ... ok
[INFO] [stdout] test host::tests::test_host_localhost_change_dir_failed - should panic ... ok
[INFO] [stdout] test host::tests::test_host_localhost_remove ... ok
[INFO] [stdout] test host::tests::test_host_localhost_rename ... ok
[INFO] [stdout] test host::tests::test_host_localhost_symlinks ... ok
[INFO] [stdout] test system::auto_update::test::auto_update_default ... ok
[INFO] [stdout] test host::tests::test_host_localhost_new_bad - should panic ... ok
[INFO] [stdout] test host::tests::test_host_localhost_open_read_err_no_such_file - should panic ... ok
[INFO] [stdout] test system::auto_update::test::release ... ok
[INFO] [stdout] test system::auto_update::test::update_status ... ok
[INFO] [stdout] test host::tests::test_host_localhost_open_read_err_not_accessible ... FAILED
[INFO] [stdout] test system::auto_update::test::should_tell_that_version_is_higher ... ok
[INFO] [stdout] test host::tests::test_host_localhost_open_write_err ... FAILED
[INFO] [stdout] test system::bookmarks_client::tests::save_bookmark_wno_password ... ok
[INFO] [stdout] test system::bookmarks_client::tests::should_make_s3_bookmark_without_secrets ... ok
[INFO] [stdout] test system::bookmarks_client::tests::should_make_s3_bookmark_with_secrets ... ok
[INFO] [stdout] test system::bookmarks_client::tests::should_make_s3_recent ... ok
[INFO] [stdout] test system::bookmarks_client::tests::test_system_bookmarks_dup_recent ... ok
[INFO] [stdout] test system::bookmarks_client::tests::test_system_bookmarks_decrypt_str ... ok
[INFO] [stdout] test system::auto_update::test::auto_update ... FAILED
[INFO] [stdout] test system::bookmarks_client::tests::test_system_bookmarks_add_bookmark_empty - should panic ... ok
[INFO] [stdout] test system::bookmarks_client::tests::test_system_bookmarks_bad_bookmark_name - should panic ... ok
[INFO] [stdout] test system::auto_update::test::check_for_updates ... FAILED
[INFO] [stdout] test system::bookmarks_client::tests::test_system_bookmarks_new ... ok
[INFO] [stdout] test system::bookmarks_client::tests::test_system_bookmarks_manipulate_recents ... ok
[INFO] [stdout] test system::bookmarks_client::tests::test_system_bookmarks_manipulate_bookmarks ... ok
[INFO] [stdout] test system::config_client::tests::should_get_and_set_ssh_config_dir ... ok
[INFO] [stdout] test system::config_client::tests::test_system_config_check_for_updates ... ok
[INFO] [stdout] test system::bookmarks_client::tests::test_system_bookmarks_new_from_existing ... ok
[INFO] [stdout] test system::config_client::tests::test_system_config_degraded ... ok
[INFO] [stdout] test system::config_client::tests::test_system_config_default_protocol ... ok
[INFO] [stdout] test system::config_client::tests::test_system_config_make_io_err ... ok
[INFO] [stdout] test system::config_client::tests::test_system_config_make_key ... ok
[INFO] [stdout] test system::config_client::tests::test_system_config_group_dirs ... ok
[INFO] [stdout] test system::config_client::tests::test_system_config_local_file_fmt ... ok
[INFO] [stdout] test system::config_client::tests::test_system_config_new ... ok
[INFO] [stdout] test system::config_client::tests::test_system_config_notifications ... ok
[INFO] [stdout] test system::config_client::tests::test_system_config_prompt_on_file_replace ... ok
[INFO] [stdout] test system::config_client::tests::test_system_config_new_err ... ok
[INFO] [stdout] test system::config_client::tests::test_system_config_remote_file_fmt ... ok
[INFO] [stdout] test system::config_client::tests::test_system_config_from_existing ... ok
[INFO] [stdout] test system::config_client::tests::test_system_config_remote_notification_threshold ... ok
[INFO] [stdout] test system::environment::tests::test_system_environment_get_bookmarks_paths ... ok
[INFO] [stdout] test system::config_client::tests::test_system_config_show_hidden_files ... ok
[INFO] [stdout] test system::environment::tests::test_system_environment_get_config_dir ... ok
[INFO] [stdout] test system::environment::tests::should_get_cache_dir ... ok
[INFO] [stdout] test system::environment::tests::test_system_environment_get_config_dir_err ... ok
[INFO] [stdout] test system::environment::tests::test_system_environment_get_config_paths ... ok
[INFO] [stdout] test system::config_client::tests::test_system_config_text_editor ... ok
[INFO] [stdout] test system::environment::tests::test_system_environment_get_log_paths ... ok
[INFO] [stdout] test system::keys::filestorage::tests::test_system_keys_filestorage_err ... ok
[INFO] [stdout] test system::environment::tests::test_system_environment_get_theme_path ... ok
[INFO] [stdout] test system::keys::filestorage::tests::test_system_keys_filestorage_make_dir ... ok
[INFO] [stdout] test system::keys::tests::test_system_keys_mod_errors ... ok
[INFO] [stdout] test system::keys::filestorage::tests::test_system_keys_filestorage_ok ... ok
[INFO] [stdout] test system::keys::keyringstorage::tests::test_system_keys_keyringstorage ... FAILED
[INFO] [stdout] test system::sshkey_storage::tests::test_system_sshkey_storage_add ... ok
[INFO] [stdout] test system::sshkey_storage::tests::test_system_sshkey_storage_empty ... ok
[INFO] [stdout] test system::theme_provider::test::test_system_theme_provider_degraded ... ok
[INFO] [stdout] test system::logging::test::test_system_logging_setup ... ok
[INFO] [stdout] test system::config_client::tests::test_system_config_ssh_keys ... ok
[INFO] [stdout] test system::theme_provider::test::test_system_theme_provider_err ... ok
[INFO] [stdout] test system::watcher::change::test::should_get_remote_relative_path_from_subdir ... ok
[INFO] [stdout] test system::watcher::change::test::should_get_remote_relative_path_same_path ... ok
[INFO] [stdout] test system::watcher::change::test::should_make_fs_change_move_from_same_directory ... ok
[INFO] [stdout] test system::watcher::change::test::should_make_fs_change_move_from_subdirectory ... ok
[INFO] [stdout] test system::watcher::change::test::should_make_fs_change_remove_from_same_directory ... ok
[INFO] [stdout] test system::watcher::change::test::should_make_fs_change_remove_from_subdirectory ... ok
[INFO] [stdout] test system::watcher::change::test::should_make_fs_change_update_from_same_directory ... ok
[INFO] [stdout] test system::watcher::change::test::should_make_fs_change_update_from_subdirectory ... ok
[INFO] [stdout] test system::watcher::test::should_init_fswatcher ... ok
[INFO] [stdout] test system::watcher::test::should_not_watch_path_if_subdir_of_watched_path ... ok
[INFO] [stdout] test system::watcher::test::should_return_err_when_unwatching_unwatched_path ... ok
[INFO] [stdout] test system::sshkey_storage::tests::test_system_sshkey_storage_new ... ok
[INFO] [stdout] test system::watcher::test::should_tell_whether_path_is_watched ... ok
[INFO] [stdout] test system::watcher::test::should_unwatch_path ... ok
[INFO] [stdout] test system::sshkey_storage::tests::sould_resolve_key_from_ssh2_config ... ok
[INFO] [stdout] test system::theme_provider::test::test_system_theme_provider_new ... ok
[INFO] [stdout] test ui::activities::filetransfer::lib::transfer::test::test_ui_activities_filetransfer_lib_transfer_states ... ok
[INFO] [stdout] test ui::activities::filetransfer::lib::transfer::test::test_ui_activities_filetransfer_lib_transfer_progress_states ... ok
[INFO] [stdout] test ui::activities::filetransfer::lib::transfer::test::transfer_opts ... ok
[INFO] [stdout] test ui::store::tests::test_ui_store ... ok
[INFO] [stdout] test utils::crypto::tests::test_utils_crypto_aes128 ... ok
[INFO] [stdout] test utils::fmt::tests::format_bytes ... ok
[INFO] [stdout] test utils::file::tests::test_utils_file_open ... ok
[INFO] [stdout] test system::watcher::test::should_unwatch_path_when_subdir ... ok
[INFO] [stdout] test utils::fmt::tests::test_utils_fmt_color ... ok
[INFO] [stdout] test utils::fmt::tests::test_utils_fmt_millis ... ok
[INFO] [stdout] test utils::fmt::tests::test_utils_fmt_path_elide ... ok
[INFO] [stdout] test utils::fmt::tests::test_utils_fmt_shadow_password ... ok
[INFO] [stdout] test utils::fmt::tests::test_utils_fmt_pex ... ok
[INFO] [stdout] test utils::fmt::tests::test_utils_fmt_time ... ok
[INFO] [stdout] test system::theme_provider::test::test_system_theme_provider_load_and_save ... ok
[INFO] [stdout] test utils::parser::tests::parse_byteunit ... ok
[INFO] [stdout] test system::watcher::test::should_watch_path ... ok
[INFO] [stdout] test utils::parser::tests::test_utils_parse_color ... ok
[INFO] [stdout] test utils::parser::tests::parse_str_as_bytesize ... ok
[INFO] [stdout] test utils::path::test::absolutize_path ... ok
[INFO] [stdout] test utils::path::test::should_tell_whether_path_is_child_of ... ok
[INFO] [stdout] test utils::random::tests::test_utils_random_alphanumeric_with_len ... ok
[INFO] [stdout] test utils::path::test::calc_diff_paths ... ok
[INFO] [stdout] test utils::string::test::should_get_secure_substring ... ok
[INFO] [stdout] test utils::parser::tests::test_utils_parse_semver ... ok
[INFO] [stdout] test utils::test_helpers::test::test_utils_test_helpers_create_file_ioers ... ok
[INFO] [stdout] test utils::test_helpers::test::test_utils_test_helpers_make_samples ... ok
[INFO] [stdout] test utils::ssh::test::should_parse_ssh2_config ... ok
[INFO] [stdout] test utils::parser::tests::parse_aws_s3_opt ... ok
[INFO] [stdout] test utils::test_helpers::test::test_utils_test_helpers_make_fsentry ... ok
[INFO] [stdout] test utils::test_helpers::test::test_utils_test_helpers_sample_file ... ok
[INFO] [stdout] test utils::ui::tests::test_utils_ui_draw_area_in ... ok
[INFO] [stdout] test utils::parser::tests::test_utils_parse_remote_opt ... ok
[INFO] [stdout] test explorer::tests::test_fs_explorer_sort_by_creation_time ... ok
[INFO] [stdout] test explorer::tests::test_fs_explorer_sort_by_mtime ... ok
[INFO] [stdout] test system::bookmarks_client::tests::test_system_bookmarks_recents_more_than_limit ... ok
[INFO] [stdout] 
[INFO] [stdout] failures:
[INFO] [stdout] 
[INFO] [stdout] ---- host::tests::test_host_localhost_open_read_err_not_accessible stdout ----
[INFO] [stdout] thread 'host::tests::test_host_localhost_open_read_err_not_accessible' panicked at src/host/mod.rs:779:9:
[INFO] [stdout] assertion failed: host.open_file_read(file.path()).is_err()
[INFO] [stdout] stack backtrace:
[INFO] [stdout]    0:     0x55a2059b9396 - std::backtrace_rs::backtrace::libunwind::trace::h261606ad26a499c1
[INFO] [stdout]                                at /rustc/0e09125c6c3c2fd70d7de961bcf0e51575235fad/library/std/src/../../backtrace/src/backtrace/libunwind.rs:104:5
[INFO] [stdout]    1:     0x55a2059b9396 - std::backtrace_rs::backtrace::trace_unsynchronized::hd183f0625477fb28
[INFO] [stdout]                                at /rustc/0e09125c6c3c2fd70d7de961bcf0e51575235fad/library/std/src/../../backtrace/src/backtrace/mod.rs:66:5
[INFO] [stdout]    2:     0x55a2059b9396 - std::sys_common::backtrace::_print_fmt::hd7f8fef21b4eda67
[INFO] [stdout]                                at /rustc/0e09125c6c3c2fd70d7de961bcf0e51575235fad/library/std/src/sys_common/backtrace.rs:68:5
[INFO] [stdout]    3:     0x55a2059b9396 - <std::sys_common::backtrace::_print::DisplayBacktrace as core::fmt::Display>::fmt::h623d9b51f2f453f1
[INFO] [stdout]                                at /rustc/0e09125c6c3c2fd70d7de961bcf0e51575235fad/library/std/src/sys_common/backtrace.rs:44:22
[INFO] [stdout]    4:     0x55a2059ead90 - core::fmt::rt::Argument::fmt::h9f417ac76a86f368
[INFO] [stdout]                                at /rustc/0e09125c6c3c2fd70d7de961bcf0e51575235fad/library/core/src/fmt/rt.rs:142:9
[INFO] [stdout]    5:     0x55a2059ead90 - core::fmt::write::hc9b6faf4ac2aeff7
[INFO] [stdout]                                at /rustc/0e09125c6c3c2fd70d7de961bcf0e51575235fad/library/core/src/fmt/mod.rs:1120:17
[INFO] [stdout]    6:     0x55a2059b4c8f - std::io::Write::write_fmt::he04625a3a989fec3
[INFO] [stdout]                                at /rustc/0e09125c6c3c2fd70d7de961bcf0e51575235fad/library/std/src/io/mod.rs:1810:15
[INFO] [stdout]    7:     0x55a2059b9174 - std::sys_common::backtrace::_print::hd5d66399c7df88a2
[INFO] [stdout]                                at /rustc/0e09125c6c3c2fd70d7de961bcf0e51575235fad/library/std/src/sys_common/backtrace.rs:47:5
[INFO] [stdout]    8:     0x55a2059b9174 - std::sys_common::backtrace::print::he81ed2da642d37e5
[INFO] [stdout]                                at /rustc/0e09125c6c3c2fd70d7de961bcf0e51575235fad/library/std/src/sys_common/backtrace.rs:34:9
[INFO] [stdout]    9:     0x55a2059baee7 - std::panicking::default_hook::{{closure}}::h85773f4fa117163d
[INFO] [stdout]   10:     0x55a2059babcd - std::panicking::default_hook::h6a1694a91d09b278
[INFO] [stdout]                                at /rustc/0e09125c6c3c2fd70d7de961bcf0e51575235fad/library/std/src/panicking.rs:289:9
[INFO] [stdout]   11:     0x55a2045dfef7 - <alloc::boxed::Box<F,A> as core::ops::function::Fn<Args>>::call::h616ac37fa3cd6c8f
[INFO] [stdout]                                at /rustc/0e09125c6c3c2fd70d7de961bcf0e51575235fad/library/alloc/src/boxed.rs:2029:9
[INFO] [stdout]   12:     0x55a2045dfef7 - test::test_main::{{closure}}::h00d84697cefdcbb6
[INFO] [stdout]                                at /rustc/0e09125c6c3c2fd70d7de961bcf0e51575235fad/library/test/src/lib.rs:138:21
[INFO] [stdout]   13:     0x55a2059bb506 - <alloc::boxed::Box<F,A> as core::ops::function::Fn<Args>>::call::hcb3fe3b9bb537ba8
[INFO] [stdout]                                at /rustc/0e09125c6c3c2fd70d7de961bcf0e51575235fad/library/alloc/src/boxed.rs:2029:9
[INFO] [stdout]   14:     0x55a2059bb506 - std::panicking::rust_panic_with_hook::h0a7ad96e90f7145b
[INFO] [stdout]                                at /rustc/0e09125c6c3c2fd70d7de961bcf0e51575235fad/library/std/src/panicking.rs:783:13
[INFO] [stdout]   15:     0x55a2059bb219 - std::panicking::begin_panic_handler::{{closure}}::h7919090525c6485e
[INFO] [stdout]                                at /rustc/0e09125c6c3c2fd70d7de961bcf0e51575235fad/library/std/src/panicking.rs:649:13
[INFO] [stdout]   16:     0x55a2059b9896 - std::sys_common::backtrace::__rust_end_short_backtrace::hf3289479464f7dfe
[INFO] [stdout]                                at /rustc/0e09125c6c3c2fd70d7de961bcf0e51575235fad/library/std/src/sys_common/backtrace.rs:171:18
[INFO] [stdout]   17:     0x55a2059bafb0 - rust_begin_unwind
[INFO] [stdout]                                at /rustc/0e09125c6c3c2fd70d7de961bcf0e51575235fad/library/std/src/panicking.rs:645:5
[INFO] [stdout]   18:     0x55a204279545 - core::panicking::panic_fmt::hcc9f77c5c132af55
[INFO] [stdout]                                at /rustc/0e09125c6c3c2fd70d7de961bcf0e51575235fad/library/core/src/panicking.rs:72:14
[INFO] [stdout]   19:     0x55a204279603 - core::panicking::panic::h5a1259c1164bd480
[INFO] [stdout]                                at /rustc/0e09125c6c3c2fd70d7de961bcf0e51575235fad/library/core/src/panicking.rs:144:5
[INFO] [stdout]   20:     0x55a20432b7fa - termscp::host::tests::test_host_localhost_open_read_err_not_accessible::h8db603b270c26b51
[INFO] [stdout]                                at /opt/rustwide/workdir/src/host/mod.rs:779:9
[INFO] [stdout]   21:     0x55a20432b5e7 - termscp::host::tests::test_host_localhost_open_read_err_not_accessible::{{closure}}::h5015c7cb831ae540
[INFO] [stdout]                                at /opt/rustwide/workdir/src/host/mod.rs:773:58
[INFO] [stdout]   22:     0x55a2042ffe66 - core::ops::function::FnOnce::call_once::h1a2e017591fae334
[INFO] [stdout]                                at /rustc/0e09125c6c3c2fd70d7de961bcf0e51575235fad/library/core/src/ops/function.rs:250:5
[INFO] [stdout]   23:     0x55a2045e57cf - core::ops::function::FnOnce::call_once::hd64d26f405258157
[INFO] [stdout]                                at /rustc/0e09125c6c3c2fd70d7de961bcf0e51575235fad/library/core/src/ops/function.rs:250:5
[INFO] [stdout]   24:     0x55a2045e57cf - test::__rust_begin_short_backtrace::he21b0b7a6d731bf9
[INFO] [stdout]                                at /rustc/0e09125c6c3c2fd70d7de961bcf0e51575235fad/library/test/src/lib.rs:627:18
[INFO] [stdout]   25:     0x55a2045e4551 - test::run_test_in_process::{{closure}}::hf5c73986d7bdfde2
[INFO] [stdout]                                at /rustc/0e09125c6c3c2fd70d7de961bcf0e51575235fad/library/test/src/lib.rs:650:60
[INFO] [stdout]   26:     0x55a2045e4551 - <core::panic::unwind_safe::AssertUnwindSafe<F> as core::ops::function::FnOnce<()>>::call_once::h330011ad032aadc0
[INFO] [stdout]                                at /rustc/0e09125c6c3c2fd70d7de961bcf0e51575235fad/library/core/src/panic/unwind_safe.rs:272:9
[INFO] [stdout]   27:     0x55a2045e4551 - std::panicking::try::do_call::he61b0a958b795a41
[INFO] [stdout]                                at /rustc/0e09125c6c3c2fd70d7de961bcf0e51575235fad/library/std/src/panicking.rs:552:40
[INFO] [stdout]   28:     0x55a2045e4551 - std::panicking::try::h7309da130f906eb7
[INFO] [stdout]                                at /rustc/0e09125c6c3c2fd70d7de961bcf0e51575235fad/library/std/src/panicking.rs:516:19
[INFO] [stdout]   29:     0x55a2045e4551 - std::panic::catch_unwind::hc5c3a06fdaf0a92a
[INFO] [stdout]                                at /rustc/0e09125c6c3c2fd70d7de961bcf0e51575235fad/library/std/src/panic.rs:142:14
[INFO] [stdout]   30:     0x55a2045e4551 - test::run_test_in_process::h7e7b7c71c3324e0f
[INFO] [stdout]                                at /rustc/0e09125c6c3c2fd70d7de961bcf0e51575235fad/library/test/src/lib.rs:650:27
[INFO] [stdout]   31:     0x55a2045e4551 - test::run_test::{{closure}}::h1f509f28f5cf20b1
[INFO] [stdout]                                at /rustc/0e09125c6c3c2fd70d7de961bcf0e51575235fad/library/test/src/lib.rs:573:43
[INFO] [stdout]   32:     0x55a2045ab886 - test::run_test::{{closure}}::h1754218abf443f6d
[INFO] [stdout]                                at /rustc/0e09125c6c3c2fd70d7de961bcf0e51575235fad/library/test/src/lib.rs:601:41
[INFO] [stdout]   33:     0x55a2045ab886 - std::sys_common::backtrace::__rust_begin_short_backtrace::h2ee174b9d5954948
[INFO] [stdout]                                at /rustc/0e09125c6c3c2fd70d7de961bcf0e51575235fad/library/std/src/sys_common/backtrace.rs:155:18
[INFO] [stdout]   34:     0x55a2045b08e7 - std::thread::Builder::spawn_unchecked_::{{closure}}::{{closure}}::hf60bee9c1a17ef09
[INFO] [stdout]                                at /rustc/0e09125c6c3c2fd70d7de961bcf0e51575235fad/library/std/src/thread/mod.rs:529:17
[INFO] [stdout]   35:     0x55a2045b08e7 - <core::panic::unwind_safe::AssertUnwindSafe<F> as core::ops::function::FnOnce<()>>::call_once::h33d0dddec5216160
[INFO] [stdout]                                at /rustc/0e09125c6c3c2fd70d7de961bcf0e51575235fad/library/core/src/panic/unwind_safe.rs:272:9
[INFO] [stdout]   36:     0x55a2045b08e7 - std::panicking::try::do_call::h144b3048b546f835
[INFO] [stdout]                                at /rustc/0e09125c6c3c2fd70d7de961bcf0e51575235fad/library/std/src/panicking.rs:552:40
[INFO] [stdout]   37:     0x55a2045b08e7 - std::panicking::try::h978244d04646189f
[INFO] [stdout]                                at /rustc/0e09125c6c3c2fd70d7de961bcf0e51575235fad/library/std/src/panicking.rs:516:19
[INFO] [stdout]   38:     0x55a2045b08e7 - std::panic::catch_unwind::hdf436369d188fe86
[INFO] [stdout]                                at /rustc/0e09125c6c3c2fd70d7de961bcf0e51575235fad/library/std/src/panic.rs:142:14
[INFO] [stdout]   39:     0x55a2045b08e7 - std::thread::Builder::spawn_unchecked_::{{closure}}::h87329cbdd33c79ec
[INFO] [stdout]                                at /rustc/0e09125c6c3c2fd70d7de961bcf0e51575235fad/library/std/src/thread/mod.rs:528:30
[INFO] [stdout]   40:     0x55a2045b08e7 - core::ops::function::FnOnce::call_once{{vtable.shim}}::h401abbe67897d450
[INFO] [stdout]                                at /rustc/0e09125c6c3c2fd70d7de961bcf0e51575235fad/library/core/src/ops/function.rs:250:5
[INFO] [stdout]   41:     0x55a2059c1f15 - <alloc::boxed::Box<F,A> as core::ops::function::FnOnce<Args>>::call_once::h5d7c8f150ab9c84c
[INFO] [stdout]                                at /rustc/0e09125c6c3c2fd70d7de961bcf0e51575235fad/library/alloc/src/boxed.rs:2015:9
[INFO] [stdout]   42:     0x55a2059c1f15 - <alloc::boxed::Box<F,A> as core::ops::function::FnOnce<Args>>::call_once::h570d5b005c242c15
[INFO] [stdout]                                at /rustc/0e09125c6c3c2fd70d7de961bcf0e51575235fad/library/alloc/src/boxed.rs:2015:9
[INFO] [stdout]   43:     0x55a2059c1f15 - std::sys::unix::thread::Thread::new::thread_start::h36b0a20c0b2361ad
[INFO] [stdout]                                at /rustc/0e09125c6c3c2fd70d7de961bcf0e51575235fad/library/std/src/sys/unix/thread.rs:108:17
[INFO] [stdout]   44:     0x7f0c70195ac3 - <unknown>
[INFO] [stdout]   45:     0x7f0c70226bf4 - __clone
[INFO] [stdout]   46:                0x0 - <unknown>
[INFO] [stdout] 
[INFO] [stdout] ---- host::tests::test_host_localhost_open_write_err stdout ----
[INFO] [stdout] thread 'host::tests::test_host_localhost_open_write_err' panicked at src/host/mod.rs:799:9:
[INFO] [stdout] assertion failed: host.open_file_write(file.path()).is_err()
[INFO] [stdout] stack backtrace:
[INFO] [stdout]    0:     0x55a2059b9396 - std::backtrace_rs::backtrace::libunwind::trace::h261606ad26a499c1
[INFO] [stdout]                                at /rustc/0e09125c6c3c2fd70d7de961bcf0e51575235fad/library/std/src/../../backtrace/src/backtrace/libunwind.rs:104:5
[INFO] [stdout]    1:     0x55a2059b9396 - std::backtrace_rs::backtrace::trace_unsynchronized::hd183f0625477fb28
[INFO] [stdout]                                at /rustc/0e09125c6c3c2fd70d7de961bcf0e51575235fad/library/std/src/../../backtrace/src/backtrace/mod.rs:66:5
[INFO] [stdout]    2:     0x55a2059b9396 - std::sys_common::backtrace::_print_fmt::hd7f8fef21b4eda67
[INFO] [stdout]                                at /rustc/0e09125c6c3c2fd70d7de961bcf0e51575235fad/library/std/src/sys_common/backtrace.rs:68:5
[INFO] [stdout]    3:     0x55a2059b9396 - <std::sys_common::backtrace::_print::DisplayBacktrace as core::fmt::Display>::fmt::h623d9b51f2f453f1
[INFO] [stdout]                                at /rustc/0e09125c6c3c2fd70d7de961bcf0e51575235fad/library/std/src/sys_common/backtrace.rs:44:22
[INFO] [stdout]    4:     0x55a2059ead90 - core::fmt::rt::Argument::fmt::h9f417ac76a86f368
[INFO] [stdout]                                at /rustc/0e09125c6c3c2fd70d7de961bcf0e51575235fad/library/core/src/fmt/rt.rs:142:9
[INFO] [stdout]    5:     0x55a2059ead90 - core::fmt::write::hc9b6faf4ac2aeff7
[INFO] [stdout]                                at /rustc/0e09125c6c3c2fd70d7de961bcf0e51575235fad/library/core/src/fmt/mod.rs:1120:17
[INFO] [stdout]    6:     0x55a2059b4c8f - std::io::Write::write_fmt::he04625a3a989fec3
[INFO] [stdout]                                at /rustc/0e09125c6c3c2fd70d7de961bcf0e51575235fad/library/std/src/io/mod.rs:1810:15
[INFO] [stdout]    7:     0x55a2059b9174 - std::sys_common::backtrace::_print::hd5d66399c7df88a2
[INFO] [stdout]                                at /rustc/0e09125c6c3c2fd70d7de961bcf0e51575235fad/library/std/src/sys_common/backtrace.rs:47:5
[INFO] [stdout]    8:     0x55a2059b9174 - std::sys_common::backtrace::print::he81ed2da642d37e5
[INFO] [stdout]                                at /rustc/0e09125c6c3c2fd70d7de961bcf0e51575235fad/library/std/src/sys_common/backtrace.rs:34:9
[INFO] [stdout]    9:     0x55a2059baee7 - std::panicking::default_hook::{{closure}}::h85773f4fa117163d
[INFO] [stdout]   10:     0x55a2059babcd - std::panicking::default_hook::h6a1694a91d09b278
[INFO] [stdout]                                at /rustc/0e09125c6c3c2fd70d7de961bcf0e51575235fad/library/std/src/panicking.rs:289:9
[INFO] [stdout]   11:     0x55a2045dfef7 - <alloc::boxed::Box<F,A> as core::ops::function::Fn<Args>>::call::h616ac37fa3cd6c8f
[INFO] [stdout]                                at /rustc/0e09125c6c3c2fd70d7de961bcf0e51575235fad/library/alloc/src/boxed.rs:2029:9
[INFO] [stdout]   12:     0x55a2045dfef7 - test::test_main::{{closure}}::h00d84697cefdcbb6
[INFO] [stdout]                                at /rustc/0e09125c6c3c2fd70d7de961bcf0e51575235fad/library/test/src/lib.rs:138:21
[INFO] [stdout]   13:     0x55a2059bb506 - <alloc::boxed::Box<F,A> as core::ops::function::Fn<Args>>::call::hcb3fe3b9bb537ba8
[INFO] [stdout]                                at /rustc/0e09125c6c3c2fd70d7de961bcf0e51575235fad/library/alloc/src/boxed.rs:2029:9
[INFO] [stdout]   14:     0x55a2059bb506 - std::panicking::rust_panic_with_hook::h0a7ad96e90f7145b
[INFO] [stdout]                                at /rustc/0e09125c6c3c2fd70d7de961bcf0e51575235fad/library/std/src/panicking.rs:783:13
[INFO] [stdout]   15:     0x55a2059bb219 - std::panicking::begin_panic_handler::{{closure}}::h7919090525c6485e
[INFO] [stdout]                                at /rustc/0e09125c6c3c2fd70d7de961bcf0e51575235fad/library/std/src/panicking.rs:649:13
[INFO] [stdout]   16:     0x55a2059b9896 - std::sys_common::backtrace::__rust_end_short_backtrace::hf3289479464f7dfe
[INFO] [stdout]                                at /rustc/0e09125c6c3c2fd70d7de961bcf0e51575235fad/library/std/src/sys_common/backtrace.rs:171:18
[INFO] [stdout]   17:     0x55a2059bafb0 - rust_begin_unwind
[INFO] [stdout]                                at /rustc/0e09125c6c3c2fd70d7de961bcf0e51575235fad/library/std/src/panicking.rs:645:5
[INFO] [stdout]   18:     0x55a204279545 - core::panicking::panic_fmt::hcc9f77c5c132af55
[INFO] [stdout]                                at /rustc/0e09125c6c3c2fd70d7de961bcf0e51575235fad/library/core/src/panicking.rs:72:14
[INFO] [stdout]   19:     0x55a204279603 - core::panicking::panic::h5a1259c1164bd480
[INFO] [stdout]                                at /rustc/0e09125c6c3c2fd70d7de961bcf0e51575235fad/library/core/src/panicking.rs:144:5
[INFO] [stdout]   20:     0x55a20432bc5a - termscp::host::tests::test_host_localhost_open_write_err::hccf6e6e837eb2953
[INFO] [stdout]                                at /opt/rustwide/workdir/src/host/mod.rs:799:9
[INFO] [stdout]   21:     0x55a20432ba47 - termscp::host::tests::test_host_localhost_open_write_err::{{closure}}::hd2500c40571283bf
[INFO] [stdout]                                at /opt/rustwide/workdir/src/host/mod.rs:793:44
[INFO] [stdout]   22:     0x55a2043035c6 - core::ops::function::FnOnce::call_once::he974a1063b92aa21
[INFO] [stdout]                                at /rustc/0e09125c6c3c2fd70d7de961bcf0e51575235fad/library/core/src/ops/function.rs:250:5
[INFO] [stdout]   23:     0x55a2045e57cf - core::ops::function::FnOnce::call_once::hd64d26f405258157
[INFO] [stdout]                                at /rustc/0e09125c6c3c2fd70d7de961bcf0e51575235fad/library/core/src/ops/function.rs:250:5
[INFO] [stdout]   24:     0x55a2045e57cf - test::__rust_begin_short_backtrace::he21b0b7a6d731bf9
[INFO] [stdout]                                at /rustc/0e09125c6c3c2fd70d7de961bcf0e51575235fad/library/test/src/lib.rs:627:18
[INFO] [stdout]   25:     0x55a2045e4551 - test::run_test_in_process::{{closure}}::hf5c73986d7bdfde2
[INFO] [stdout]                                at /rustc/0e09125c6c3c2fd70d7de961bcf0e51575235fad/library/test/src/lib.rs:650:60
[INFO] [stdout]   26:     0x55a2045e4551 - <core::panic::unwind_safe::AssertUnwindSafe<F> as core::ops::function::FnOnce<()>>::call_once::h330011ad032aadc0
[INFO] [stdout]                                at /rustc/0e09125c6c3c2fd70d7de961bcf0e51575235fad/library/core/src/panic/unwind_safe.rs:272:9
[INFO] [stdout]   27:     0x55a2045e4551 - std::panicking::try::do_call::he61b0a958b795a41
[INFO] [stdout]                                at /rustc/0e09125c6c3c2fd70d7de961bcf0e51575235fad/library/std/src/panicking.rs:552:40
[INFO] [stdout]   28:     0x55a2045e4551 - std::panicking::try::h7309da130f906eb7
[INFO] [stdout]                                at /rustc/0e09125c6c3c2fd70d7de961bcf0e51575235fad/library/std/src/panicking.rs:516:19
[INFO] [stdout]   29:     0x55a2045e4551 - std::panic::catch_unwind::hc5c3a06fdaf0a92a
[INFO] [stdout]                                at /rustc/0e09125c6c3c2fd70d7de961bcf0e51575235fad/library/std/src/panic.rs:142:14
[INFO] [stdout]   30:     0x55a2045e4551 - test::run_test_in_process::h7e7b7c71c3324e0f
[INFO] [stdout]                                at /rustc/0e09125c6c3c2fd70d7de961bcf0e51575235fad/library/test/src/lib.rs:650:27
[INFO] [stdout]   31:     0x55a2045e4551 - test::run_test::{{closure}}::h1f509f28f5cf20b1
[INFO] [stdout]                                at /rustc/0e09125c6c3c2fd70d7de961bcf0e51575235fad/library/test/src/lib.rs:573:43
[INFO] [stdout]   32:     0x55a2045ab886 - test::run_test::{{closure}}::h1754218abf443f6d
[INFO] [stdout]                                at /rustc/0e09125c6c3c2fd70d7de961bcf0e51575235fad/library/test/src/lib.rs:601:41
[INFO] [stdout]   33:     0x55a2045ab886 - std::sys_common::backtrace::__rust_begin_short_backtrace::h2ee174b9d5954948
[INFO] [stdout]                                at /rustc/0e09125c6c3c2fd70d7de961bcf0e51575235fad/library/std/src/sys_common/backtrace.rs:155:18
[INFO] [stdout]   34:     0x55a2045b08e7 - std::thread::Builder::spawn_unchecked_::{{closure}}::{{closure}}::hf60bee9c1a17ef09
[INFO] [stdout]                                at /rustc/0e09125c6c3c2fd70d7de961bcf0e51575235fad/library/std/src/thread/mod.rs:529:17
[INFO] [stdout]   35:     0x55a2045b08e7 - <core::panic::unwind_safe::AssertUnwindSafe<F> as core::ops::function::FnOnce<()>>::call_once::h33d0dddec5216160
[INFO] [stdout]                                at /rustc/0e09125c6c3c2fd70d7de961bcf0e51575235fad/library/core/src/panic/unwind_safe.rs:272:9
[INFO] [stdout]   36:     0x55a2045b08e7 - std::panicking::try::do_call::h144b3048b546f835
[INFO] [stdout]                                at /rustc/0e09125c6c3c2fd70d7de961bcf0e51575235fad/library/std/src/panicking.rs:552:40
[INFO] [stdout]   37:     0x55a2045b08e7 - std::panicking::try::h978244d04646189f
[INFO] [stdout]                                at /rustc/0e09125c6c3c2fd70d7de961bcf0e51575235fad/library/std/src/panicking.rs:516:19
[INFO] [stdout]   38:     0x55a2045b08e7 - std::panic::catch_unwind::hdf436369d188fe86
[INFO] [stdout]                                at /rustc/0e09125c6c3c2fd70d7de961bcf0e51575235fad/library/std/src/panic.rs:142:14
[INFO] [stdout]   39:     0x55a2045b08e7 - std::thread::Builder::spawn_unchecked_::{{closure}}::h87329cbdd33c79ec
[INFO] [stdout]                                at /rustc/0e09125c6c3c2fd70d7de961bcf0e51575235fad/library/std/src/thread/mod.rs:528:30
[INFO] [stdout]   40:     0x55a2045b08e7 - core::ops::function::FnOnce::call_once{{vtable.shim}}::h401abbe67897d450
[INFO] [stdout]                                at /rustc/0e09125c6c3c2fd70d7de961bcf0e51575235fad/library/core/src/ops/function.rs:250:5
[INFO] [stdout]   41:     0x55a2059c1f15 - <alloc::boxed::Box<F,A> as core::ops::function::FnOnce<Args>>::call_once::h5d7c8f150ab9c84c
[INFO] [stdout]                                at /rustc/0e09125c6c3c2fd70d7de961bcf0e51575235fad/library/alloc/src/boxed.rs:2015:9
[INFO] [stdout]   42:     0x55a2059c1f15 - <alloc::boxed::Box<F,A> as core::ops::function::FnOnce<Args>>::call_once::h570d5b005c242c15
[INFO] [stdout]                                at /rustc/0e09125c6c3c2fd70d7de961bcf0e51575235fad/library/alloc/src/boxed.rs:2015:9
[INFO] [stdout]   43:     0x55a2059c1f15 - std::sys::unix::thread::Thread::new::thread_start::h36b0a20c0b2361ad
[INFO] [stdout]                                at /rustc/0e09125c6c3c2fd70d7de961bcf0e51575235fad/library/std/src/sys/unix/thread.rs:108:17
[INFO] [stdout]   44:     0x7f0c70195ac3 - <unknown>
[INFO] [stdout]   45:     0x7f0c70226bf4 - __clone
[INFO] [stdout]   46:                0x0 - <unknown>
[INFO] [stdout] 
[INFO] [stdout] ---- system::auto_update::test::auto_update stdout ----
[INFO] [stdout] Checking target-arch... x86_64-unknown-linux-gnu
[INFO] [stdout] Checking current version... v0.12.3
[INFO] [stdout] Checking latest released version... thread 'system::auto_update::test::auto_update' panicked at src/system/auto_update.rs:159:18:
[INFO] [stdout] called `Option::unwrap()` on a `None` value
[INFO] [stdout] stack backtrace:
[INFO] [stdout]    0:     0x55a2059b9396 - std::backtrace_rs::backtrace::libunwind::trace::h261606ad26a499c1
[INFO] [stdout]                                at /rustc/0e09125c6c3c2fd70d7de961bcf0e51575235fad/library/std/src/../../backtrace/src/backtrace/libunwind.rs:104:5
[INFO] [stdout]    1:     0x55a2059b9396 - std::backtrace_rs::backtrace::trace_unsynchronized::hd183f0625477fb28
[INFO] [stdout]                                at /rustc/0e09125c6c3c2fd70d7de961bcf0e51575235fad/library/std/src/../../backtrace/src/backtrace/mod.rs:66:5
[INFO] [stdout]    2:     0x55a2059b9396 - std::sys_common::backtrace::_print_fmt::hd7f8fef21b4eda67
[INFO] [stdout]                                at /rustc/0e09125c6c3c2fd70d7de961bcf0e51575235fad/library/std/src/sys_common/backtrace.rs:68:5
[INFO] [stdout]    3:     0x55a2059b9396 - <std::sys_common::backtrace::_print::DisplayBacktrace as core::fmt::Display>::fmt::h623d9b51f2f453f1
[INFO] [stdout]                                at /rustc/0e09125c6c3c2fd70d7de961bcf0e51575235fad/library/std/src/sys_common/backtrace.rs:44:22
[INFO] [stdout]    4:     0x55a2059ead90 - core::fmt::rt::Argument::fmt::h9f417ac76a86f368
[INFO] [stdout]                                at /rustc/0e09125c6c3c2fd70d7de961bcf0e51575235fad/library/core/src/fmt/rt.rs:142:9
[INFO] [stdout]    5:     0x55a2059ead90 - core::fmt::write::hc9b6faf4ac2aeff7
[INFO] [stdout]                                at /rustc/0e09125c6c3c2fd70d7de961bcf0e51575235fad/library/core/src/fmt/mod.rs:1120:17
[INFO] [stdout]    6:     0x55a2059b4c8f - std::io::Write::write_fmt::he04625a3a989fec3
[INFO] [stdout]                                at /rustc/0e09125c6c3c2fd70d7de961bcf0e51575235fad/library/std/src/io/mod.rs:1810:15
[INFO] [stdout]    7:     0x55a2059b9174 - std::sys_common::backtrace::_print::hd5d66399c7df88a2
[INFO] [stdout]                                at /rustc/0e09125c6c3c2fd70d7de961bcf0e51575235fad/library/std/src/sys_common/backtrace.rs:47:5
[INFO] [stdout]    8:     0x55a2059b9174 - std::sys_common::backtrace::print::he81ed2da642d37e5
[INFO] [stdout]                                at /rustc/0e09125c6c3c2fd70d7de961bcf0e51575235fad/library/std/src/sys_common/backtrace.rs:34:9
[INFO] [stdout]    9:     0x55a2059baee7 - std::panicking::default_hook::{{closure}}::h85773f4fa117163d
[INFO] [stdout]   10:     0x55a2059babcd - std::panicking::default_hook::h6a1694a91d09b278
[INFO] [stdout]                                at /rustc/0e09125c6c3c2fd70d7de961bcf0e51575235fad/library/std/src/panicking.rs:289:9
[INFO] [stdout]   11:     0x55a2045dfef7 - <alloc::boxed::Box<F,A> as core::ops::function::Fn<Args>>::call::h616ac37fa3cd6c8f
[INFO] [stdout]                                at /rustc/0e09125c6c3c2fd70d7de961bcf0e51575235fad/library/alloc/src/boxed.rs:2029:9
[INFO] [stdout]   12:     0x55a2045dfef7 - test::test_main::{{closure}}::h00d84697cefdcbb6
[INFO] [stdout]                                at /rustc/0e09125c6c3c2fd70d7de961bcf0e51575235fad/library/test/src/lib.rs:138:21
[INFO] [stdout]   13:     0x55a2059bb506 - <alloc::boxed::Box<F,A> as core::ops::function::Fn<Args>>::call::hcb3fe3b9bb537ba8
[INFO] [stdout]                                at /rustc/0e09125c6c3c2fd70d7de961bcf0e51575235fad/library/alloc/src/boxed.rs:2029:9
[INFO] [stdout]   14:     0x55a2059bb506 - std::panicking::rust_panic_with_hook::h0a7ad96e90f7145b
[INFO] [stdout]                                at /rustc/0e09125c6c3c2fd70d7de961bcf0e51575235fad/library/std/src/panicking.rs:783:13
[INFO] [stdout]   15:     0x55a2059bb219 - std::panicking::begin_panic_handler::{{closure}}::h7919090525c6485e
[INFO] [stdout]                                at /rustc/0e09125c6c3c2fd70d7de961bcf0e51575235fad/library/std/src/panicking.rs:649:13
[INFO] [stdout]   16:     0x55a2059b9896 - std::sys_common::backtrace::__rust_end_short_backtrace::hf3289479464f7dfe
[INFO] [stdout]                                at /rustc/0e09125c6c3c2fd70d7de961bcf0e51575235fad/library/std/src/sys_common/backtrace.rs:171:18
[INFO] [stdout]   17:     0x55a2059bafb0 - rust_begin_unwind
[INFO] [stdout]                                at /rustc/0e09125c6c3c2fd70d7de961bcf0e51575235fad/library/std/src/panicking.rs:645:5
[INFO] [stdout]   18:     0x55a204279545 - core::panicking::panic_fmt::hcc9f77c5c132af55
[INFO] [stdout]                                at /rustc/0e09125c6c3c2fd70d7de961bcf0e51575235fad/library/core/src/panicking.rs:72:14
[INFO] [stdout]   19:     0x55a204279603 - core::panicking::panic::h5a1259c1164bd480
[INFO] [stdout]                                at /rustc/0e09125c6c3c2fd70d7de961bcf0e51575235fad/library/core/src/panicking.rs:144:5
[INFO] [stdout]   20:     0x55a204375500 - core::option::Option<T>::unwrap::h0081446b40b8178a
[INFO] [stdout]                                at /rustc/0e09125c6c3c2fd70d7de961bcf0e51575235fad/library/core/src/option.rs:931:21
[INFO] [stdout]   21:     0x55a2043ee522 - termscp::system::auto_update::test::auto_update::hab6fb6cb97653b2e
[INFO] [stdout]                                at /opt/rustwide/workdir/src/system/auto_update.rs:155:13
[INFO] [stdout]   22:     0x55a2043ee497 - termscp::system::auto_update::test::auto_update::{{closure}}::h1be03f5635791dce
[INFO] [stdout]                                at /opt/rustwide/workdir/src/system/auto_update.rs:152:21
[INFO] [stdout]   23:     0x55a2043012c6 - core::ops::function::FnOnce::call_once::h6bf583ce9ad93b7a
[INFO] [stdout]                                at /rustc/0e09125c6c3c2fd70d7de961bcf0e51575235fad/library/core/src/ops/function.rs:250:5
[INFO] [stdout]   24:     0x55a2045e57cf - core::ops::function::FnOnce::call_once::hd64d26f405258157
[INFO] [stdout]                                at /rustc/0e09125c6c3c2fd70d7de961bcf0e51575235fad/library/core/src/ops/function.rs:250:5
[INFO] [stdout]   25:     0x55a2045e57cf - test::__rust_begin_short_backtrace::he21b0b7a6d731bf9
[INFO] [stdout]                                at /rustc/0e09125c6c3c2fd70d7de961bcf0e51575235fad/library/test/src/lib.rs:627:18
[INFO] [stdout]   26:     0x55a2045e4551 - test::run_test_in_process::{{closure}}::hf5c73986d7bdfde2
[INFO] [stdout]                                at /rustc/0e09125c6c3c2fd70d7de961bcf0e51575235fad/library/test/src/lib.rs:650:60
[INFO] [stdout]   27:     0x55a2045e4551 - <core::panic::unwind_safe::AssertUnwindSafe<F> as core::ops::function::FnOnce<()>>::call_once::h330011ad032aadc0
[INFO] [stdout]                                at /rustc/0e09125c6c3c2fd70d7de961bcf0e51575235fad/library/core/src/panic/unwind_safe.rs:272:9
[INFO] [stdout]   28:     0x55a2045e4551 - std::panicking::try::do_call::he61b0a958b795a41
[INFO] [stdout]                                at /rustc/0e09125c6c3c2fd70d7de961bcf0e51575235fad/library/std/src/panicking.rs:552:40
[INFO] [stdout]   29:     0x55a2045e4551 - std::panicking::try::h7309da130f906eb7
[INFO] [stdout]                                at /rustc/0e09125c6c3c2fd70d7de961bcf0e51575235fad/library/std/src/panicking.rs:516:19
[INFO] [stdout]   30:     0x55a2045e4551 - std::panic::catch_unwind::hc5c3a06fdaf0a92a
[INFO] [stdout]                                at /rustc/0e09125c6c3c2fd70d7de961bcf0e51575235fad/library/std/src/panic.rs:142:14
[INFO] [stdout]   31:     0x55a2045e4551 - test::run_test_in_process::h7e7b7c71c3324e0f
[INFO] [stdout]                                at /rustc/0e09125c6c3c2fd70d7de961bcf0e51575235fad/library/test/src/lib.rs:650:27
[INFO] [stdout]   32:     0x55a2045e4551 - test::run_test::{{closure}}::h1f509f28f5cf20b1
[INFO] [stdout]                                at /rustc/0e09125c6c3c2fd70d7de961bcf0e51575235fad/library/test/src/lib.rs:573:43
[INFO] [stdout]   33:     0x55a2045ab886 - test::run_test::{{closure}}::h1754218abf443f6d
[INFO] [stdout]                                at /rustc/0e09125c6c3c2fd70d7de961bcf0e51575235fad/library/test/src/lib.rs:601:41
[INFO] [stdout]   34:     0x55a2045ab886 - std::sys_common::backtrace::__rust_begin_short_backtrace::h2ee174b9d5954948
[INFO] [stdout]                                at /rustc/0e09125c6c3c2fd70d7de961bcf0e51575235fad/library/std/src/sys_common/backtrace.rs:155:18
[INFO] [stdout]   35:     0x55a2045b08e7 - std::thread::Builder::spawn_unchecked_::{{closure}}::{{closure}}::hf60bee9c1a17ef09
[INFO] [stdout]                                at /rustc/0e09125c6c3c2fd70d7de961bcf0e51575235fad/library/std/src/thread/mod.rs:529:17
[INFO] [stdout]   36:     0x55a2045b08e7 - <core::panic::unwind_safe::AssertUnwindSafe<F> as core::ops::function::FnOnce<()>>::call_once::h33d0dddec5216160
[INFO] [stdout]                                at /rustc/0e09125c6c3c2fd70d7de961bcf0e51575235fad/library/core/src/panic/unwind_safe.rs:272:9
[INFO] [stdout]   37:     0x55a2045b08e7 - std::panicking::try::do_call::h144b3048b546f835
[INFO] [stdout]                                at /rustc/0e09125c6c3c2fd70d7de961bcf0e51575235fad/library/std/src/panicking.rs:552:40
[INFO] [stdout]   38:     0x55a2045b08e7 - std::panicking::try::h978244d04646189f
[INFO] [stdout]                                at /rustc/0e09125c6c3c2fd70d7de961bcf0e51575235fad/library/std/src/panicking.rs:516:19
[INFO] [stdout]   39:     0x55a2045b08e7 - std::panic::catch_unwind::hdf436369d188fe86
[INFO] [stdout]                                at /rustc/0e09125c6c3c2fd70d7de961bcf0e51575235fad/library/std/src/panic.rs:142:14
[INFO] [stdout]   40:     0x55a2045b08e7 - std::thread::Builder::spawn_unchecked_::{{closure}}::h87329cbdd33c79ec
[INFO] [stdout]                                at /rustc/0e09125c6c3c2fd70d7de961bcf0e51575235fad/library/std/src/thread/mod.rs:528:30
[INFO] [stdout]   41:     0x55a2045b08e7 - core::ops::function::FnOnce::call_once{{vtable.shim}}::h401abbe67897d450
[INFO] [stdout]                                at /rustc/0e09125c6c3c2fd70d7de961bcf0e51575235fad/library/core/src/ops/function.rs:250:5
[INFO] [stdout]   42:     0x55a2059c1f15 - <alloc::boxed::Box<F,A> as core::ops::function::FnOnce<Args>>::call_once::h5d7c8f150ab9c84c
[INFO] [stdout]                                at /rustc/0e09125c6c3c2fd70d7de961bcf0e51575235fad/library/alloc/src/boxed.rs:2015:9
[INFO] [stdout]   43:     0x55a2059c1f15 - <alloc::boxed::Box<F,A> as core::ops::function::FnOnce<Args>>::call_once::h570d5b005c242c15
[INFO] [stdout]                                at /rustc/0e09125c6c3c2fd70d7de961bcf0e51575235fad/library/alloc/src/boxed.rs:2015:9
[INFO] [stdout]   44:     0x55a2059c1f15 - std::sys::unix::thread::Thread::new::thread_start::h36b0a20c0b2361ad
[INFO] [stdout]                                at /rustc/0e09125c6c3c2fd70d7de961bcf0e51575235fad/library/std/src/sys/unix/thread.rs:108:17
[INFO] [stdout]   45:     0x7f0c70195ac3 - <unknown>
[INFO] [stdout]   46:     0x7f0c70226bf4 - __clone
[INFO] [stdout]   47:                0x0 - <unknown>
[INFO] [stdout] 
[INFO] [stdout] ---- system::auto_update::test::check_for_updates stdout ----
[INFO] [stdout] Err(Reqwest(reqwest::Error { kind: Request, url: Url { scheme: "https", cannot_be_a_base: false, username: "", password: None, host: Some(Domain("api.github.com")), port: None, path: "/repos/veeso/termscp/releases/latest", query: None, fragment: None }, source: hyper::Error(Connect, ConnectError("dns error", Custom { kind: Uncategorized, error: "failed to lookup address information: Temporary failure in name resolution" })) }))
[INFO] [stdout] thread 'system::auto_update::test::check_for_updates' panicked at src/system/auto_update.rs:171:9:
[INFO] [stdout] assertion failed: Update::is_new_version_available().is_ok()
[INFO] [stdout] stack backtrace:
[INFO] [stdout]    0:     0x55a2059b9396 - std::backtrace_rs::backtrace::libunwind::trace::h261606ad26a499c1
[INFO] [stdout]                                at /rustc/0e09125c6c3c2fd70d7de961bcf0e51575235fad/library/std/src/../../backtrace/src/backtrace/libunwind.rs:104:5
[INFO] [stdout]    1:     0x55a2059b9396 - std::backtrace_rs::backtrace::trace_unsynchronized::hd183f0625477fb28
[INFO] [stdout]                                at /rustc/0e09125c6c3c2fd70d7de961bcf0e51575235fad/library/std/src/../../backtrace/src/backtrace/mod.rs:66:5
[INFO] [stdout]    2:     0x55a2059b9396 - std::sys_common::backtrace::_print_fmt::hd7f8fef21b4eda67
[INFO] [stdout]                                at /rustc/0e09125c6c3c2fd70d7de961bcf0e51575235fad/library/std/src/sys_common/backtrace.rs:68:5
[INFO] [stdout]    3:     0x55a2059b9396 - <std::sys_common::backtrace::_print::DisplayBacktrace as core::fmt::Display>::fmt::h623d9b51f2f453f1
[INFO] [stdout]                                at /rustc/0e09125c6c3c2fd70d7de961bcf0e51575235fad/library/std/src/sys_common/backtrace.rs:44:22
[INFO] [stdout]    4:     0x55a2059ead90 - core::fmt::rt::Argument::fmt::h9f417ac76a86f368
[INFO] [stdout]                                at /rustc/0e09125c6c3c2fd70d7de961bcf0e51575235fad/library/core/src/fmt/rt.rs:142:9
[INFO] [stdout]    5:     0x55a2059ead90 - core::fmt::write::hc9b6faf4ac2aeff7
[INFO] [stdout]                                at /rustc/0e09125c6c3c2fd70d7de961bcf0e51575235fad/library/core/src/fmt/mod.rs:1120:17
[INFO] [stdout]    6:     0x55a2059b4c8f - std::io::Write::write_fmt::he04625a3a989fec3
[INFO] [stdout]                                at /rustc/0e09125c6c3c2fd70d7de961bcf0e51575235fad/library/std/src/io/mod.rs:1810:15
[INFO] [stdout]    7:     0x55a2059b9174 - std::sys_common::backtrace::_print::hd5d66399c7df88a2
[INFO] [stdout]                                at /rustc/0e09125c6c3c2fd70d7de961bcf0e51575235fad/library/std/src/sys_common/backtrace.rs:47:5
[INFO] [stdout]    8:     0x55a2059b9174 - std::sys_common::backtrace::print::he81ed2da642d37e5
[INFO] [stdout]                                at /rustc/0e09125c6c3c2fd70d7de961bcf0e51575235fad/library/std/src/sys_common/backtrace.rs:34:9
[INFO] [stdout]    9:     0x55a2059baee7 - std::panicking::default_hook::{{closure}}::h85773f4fa117163d
[INFO] [stdout]   10:     0x55a2059babcd - std::panicking::default_hook::h6a1694a91d09b278
[INFO] [stdout]                                at /rustc/0e09125c6c3c2fd70d7de961bcf0e51575235fad/library/std/src/panicking.rs:289:9
[INFO] [stdout]   11:     0x55a2045dfef7 - <alloc::boxed::Box<F,A> as core::ops::function::Fn<Args>>::call::h616ac37fa3cd6c8f
[INFO] [stdout]                                at /rustc/0e09125c6c3c2fd70d7de961bcf0e51575235fad/library/alloc/src/boxed.rs:2029:9
[INFO] [stdout]   12:     0x55a2045dfef7 - test::test_main::{{closure}}::h00d84697cefdcbb6
[INFO] [stdout]                                at /rustc/0e09125c6c3c2fd70d7de961bcf0e51575235fad/library/test/src/lib.rs:138:21
[INFO] [stdout]   13:     0x55a2059bb506 - <alloc::boxed::Box<F,A> as core::ops::function::Fn<Args>>::call::hcb3fe3b9bb537ba8
[INFO] [stdout]                                at /rustc/0e09125c6c3c2fd70d7de961bcf0e51575235fad/library/alloc/src/boxed.rs:2029:9
[INFO] [stdout]   14:     0x55a2059bb506 - std::panicking::rust_panic_with_hook::h0a7ad96e90f7145b
[INFO] [stdout]                                at /rustc/0e09125c6c3c2fd70d7de961bcf0e51575235fad/library/std/src/panicking.rs:783:13
[INFO] [stdout]   15:     0x55a2059bb219 - std::panicking::begin_panic_handler::{{closure}}::h7919090525c6485e
[INFO] [stdout]                                at /rustc/0e09125c6c3c2fd70d7de961bcf0e51575235fad/library/std/src/panicking.rs:649:13
[INFO] [stdout]   16:     0x55a2059b9896 - std::sys_common::backtrace::__rust_end_short_backtrace::hf3289479464f7dfe
[INFO] [stdout]                                at /rustc/0e09125c6c3c2fd70d7de961bcf0e51575235fad/library/std/src/sys_common/backtrace.rs:171:18
[INFO] [stdout]   17:     0x55a2059bafb0 - rust_begin_unwind
[INFO] [stdout]                                at /rustc/0e09125c6c3c2fd70d7de961bcf0e51575235fad/library/std/src/panicking.rs:645:5
[INFO] [stdout]   18:     0x55a204279545 - core::panicking::panic_fmt::hcc9f77c5c132af55
[INFO] [stdout]                                at /rustc/0e09125c6c3c2fd70d7de961bcf0e51575235fad/library/core/src/panicking.rs:72:14
[INFO] [stdout]   19:     0x55a204279603 - core::panicking::panic::h5a1259c1164bd480
[INFO] [stdout]                                at /rustc/0e09125c6c3c2fd70d7de961bcf0e51575235fad/library/core/src/panicking.rs:144:5
[INFO] [stdout]   20:     0x55a2043ee83c - termscp::system::auto_update::test::check_for_updates::hd46501036d972bf8
[INFO] [stdout]                                at /opt/rustwide/workdir/src/system/auto_update.rs:171:9
[INFO] [stdout]   21:     0x55a2043ee6d7 - termscp::system::auto_update::test::check_for_updates::{{closure}}::h41b168ea2a5714e1
[INFO] [stdout]                                at /opt/rustwide/workdir/src/system/auto_update.rs:169:27
[INFO] [stdout]   22:     0x55a204301ec6 - core::ops::function::FnOnce::call_once::h95d6c6b26b250a5e
[INFO] [stdout]                                at /rustc/0e09125c6c3c2fd70d7de961bcf0e51575235fad/library/core/src/ops/function.rs:250:5
[INFO] [stdout]   23:     0x55a2045e57cf - core::ops::function::FnOnce::call_once::hd64d26f405258157
[INFO] [stdout]                                at /rustc/0e09125c6c3c2fd70d7de961bcf0e51575235fad/library/core/src/ops/function.rs:250:5
[INFO] [stdout]   24:     0x55a2045e57cf - test::__rust_begin_short_backtrace::he21b0b7a6d731bf9
[INFO] [stdout]                                at /rustc/0e09125c6c3c2fd70d7de961bcf0e51575235fad/library/test/src/lib.rs:627:18
[INFO] [stdout]   25:     0x55a2045e4551 - test::run_test_in_process::{{closure}}::hf5c73986d7bdfde2
[INFO] [stdout]                                at /rustc/0e09125c6c3c2fd70d7de961bcf0e51575235fad/library/test/src/lib.rs:650:60
[INFO] [stdout]   26:     0x55a2045e4551 - <core::panic::unwind_safe::AssertUnwindSafe<F> as core::ops::function::FnOnce<()>>::call_once::h330011ad032aadc0
[INFO] [stdout]                                at /rustc/0e09125c6c3c2fd70d7de961bcf0e51575235fad/library/core/src/panic/unwind_safe.rs:272:9
[INFO] [stdout]   27:     0x55a2045e4551 - std::panicking::try::do_call::he61b0a958b795a41
[INFO] [stdout]                                at /rustc/0e09125c6c3c2fd70d7de961bcf0e51575235fad/library/std/src/panicking.rs:552:40
[INFO] [stdout]   28:     0x55a2045e4551 - std::panicking::try::h7309da130f906eb7
[INFO] [stdout]                                at /rustc/0e09125c6c3c2fd70d7de961bcf0e51575235fad/library/std/src/panicking.rs:516:19
[INFO] [stdout]   29:     0x55a2045e4551 - std::panic::catch_unwind::hc5c3a06fdaf0a92a
[INFO] [stdout]                                at /rustc/0e09125c6c3c2fd70d7de961bcf0e51575235fad/library/std/src/panic.rs:142:14
[INFO] [stdout]   30:     0x55a2045e4551 - test::run_test_in_process::h7e7b7c71c3324e0f
[INFO] [stdout]                                at /rustc/0e09125c6c3c2fd70d7de961bcf0e51575235fad/library/test/src/lib.rs:650:27
[INFO] [stdout]   31:     0x55a2045e4551 - test::run_test::{{closure}}::h1f509f28f5cf20b1
[INFO] [stdout]                                at /rustc/0e09125c6c3c2fd70d7de961bcf0e51575235fad/library/test/src/lib.rs:573:43
[INFO] [stdout]   32:     0x55a2045ab886 - test::run_test::{{closure}}::h1754218abf443f6d
[INFO] [stdout]                                at /rustc/0e09125c6c3c2fd70d7de961bcf0e51575235fad/library/test/src/lib.rs:601:41
[INFO] [stdout]   33:     0x55a2045ab886 - std::sys_common::backtrace::__rust_begin_short_backtrace::h2ee174b9d5954948
[INFO] [stdout]                                at /rustc/0e09125c6c3c2fd70d7de961bcf0e51575235fad/library/std/src/sys_common/backtrace.rs:155:18
[INFO] [stdout]   34:     0x55a2045b08e7 - std::thread::Builder::spawn_unchecked_::{{closure}}::{{closure}}::hf60bee9c1a17ef09
[INFO] [stdout]                                at /rustc/0e09125c6c3c2fd70d7de961bcf0e51575235fad/library/std/src/thread/mod.rs:529:17
[INFO] [stdout]   35:     0x55a2045b08e7 - <core::panic::unwind_safe::AssertUnwindSafe<F> as core::ops::function::FnOnce<()>>::call_once::h33d0dddec5216160
[INFO] [stdout]                                at /rustc/0e09125c6c3c2fd70d7de961bcf0e51575235fad/library/core/src/panic/unwind_safe.rs:272:9
[INFO] [stdout]   36:     0x55a2045b08e7 - std::panicking::try::do_call::h144b3048b546f835
[INFO] [stdout]                                at /rustc/0e09125c6c3c2fd70d7de961bcf0e51575235fad/library/std/src/panicking.rs:552:40
[INFO] [stdout]   37:     0x55a2045b08e7 - std::panicking::try::h978244d04646189f
[INFO] [stdout]                                at /rustc/0e09125c6c3c2fd70d7de961bcf0e51575235fad/library/std/src/panicking.rs:516:19
[INFO] [stdout]   38:     0x55a2045b08e7 - std::panic::catch_unwind::hdf436369d188fe86
[INFO] [stdout]                                at /rustc/0e09125c6c3c2fd70d7de961bcf0e51575235fad/library/std/src/panic.rs:142:14
[INFO] [stdout]   39:     0x55a2045b08e7 - std::thread::Builder::spawn_unchecked_::{{closure}}::h87329cbdd33c79ec
[INFO] [stdout]                                at /rustc/0e09125c6c3c2fd70d7de961bcf0e51575235fad/library/std/src/thread/mod.rs:528:30
[INFO] [stdout]   40:     0x55a2045b08e7 - core::ops::function::FnOnce::call_once{{vtable.shim}}::h401abbe67897d450
[INFO] [stdout]                                at /rustc/0e09125c6c3c2fd70d7de961bcf0e51575235fad/library/core/src/ops/function.rs:250:5
[INFO] [stdout]   41:     0x55a2059c1f15 - <alloc::boxed::Box<F,A> as core::ops::function::FnOnce<Args>>::call_once::h5d7c8f150ab9c84c
[INFO] [stdout]                                at /rustc/0e09125c6c3c2fd70d7de961bcf0e51575235fad/library/alloc/src/boxed.rs:2015:9
[INFO] [stdout]   42:     0x55a2059c1f15 - <alloc::boxed::Box<F,A> as core::ops::function::FnOnce<Args>>::call_once::h570d5b005c242c15
[INFO] [stdout]                                at /rustc/0e09125c6c3c2fd70d7de961bcf0e51575235fad/library/alloc/src/boxed.rs:2015:9
[INFO] [stdout]   43:     0x55a2059c1f15 - std::sys::unix::thread::Thread::new::thread_start::h36b0a20c0b2361ad
[INFO] [stdout]                                at /rustc/0e09125c6c3c2fd70d7de961bcf0e51575235fad/library/std/src/sys/unix/thread.rs:108:17
[INFO] [stdout]   44:     0x7f0c70195ac3 - <unknown>
[INFO] [stdout]   45:     0x7f0c70226bf4 - __clone
[INFO] [stdout]   46:                0x0 - <unknown>
[INFO] [stdout] 
[INFO] [stdout] ---- system::keys::keyringstorage::tests::test_system_keys_keyringstorage stdout ----
[INFO] [stdout] thread 'system::keys::keyringstorage::tests::test_system_keys_keyringstorage' panicked at src/system/keys/keyringstorage.rs:88:9:
[INFO] [stdout] assertion failed: storage.is_supported()
[INFO] [stdout] stack backtrace:
[INFO] [stdout]    0:     0x55a2059b9396 - std::backtrace_rs::backtrace::libunwind::trace::h261606ad26a499c1
[INFO] [stdout]                                at /rustc/0e09125c6c3c2fd70d7de961bcf0e51575235fad/library/std/src/../../backtrace/src/backtrace/libunwind.rs:104:5
[INFO] [stdout]    1:     0x55a2059b9396 - std::backtrace_rs::backtrace::trace_unsynchronized::hd183f0625477fb28
[INFO] [stdout]                                at /rustc/0e09125c6c3c2fd70d7de961bcf0e51575235fad/library/std/src/../../backtrace/src/backtrace/mod.rs:66:5
[INFO] [stdout]    2:     0x55a2059b9396 - std::sys_common::backtrace::_print_fmt::hd7f8fef21b4eda67
[INFO] [stdout]                                at /rustc/0e09125c6c3c2fd70d7de961bcf0e51575235fad/library/std/src/sys_common/backtrace.rs:68:5
[INFO] [stdout]    3:     0x55a2059b9396 - <std::sys_common::backtrace::_print::DisplayBacktrace as core::fmt::Display>::fmt::h623d9b51f2f453f1
[INFO] [stdout]                                at /rustc/0e09125c6c3c2fd70d7de961bcf0e51575235fad/library/std/src/sys_common/backtrace.rs:44:22
[INFO] [stdout]    4:     0x55a2059ead90 - core::fmt::rt::Argument::fmt::h9f417ac76a86f368
[INFO] [stdout]                                at /rustc/0e09125c6c3c2fd70d7de961bcf0e51575235fad/library/core/src/fmt/rt.rs:142:9
[INFO] [stdout]    5:     0x55a2059ead90 - core::fmt::write::hc9b6faf4ac2aeff7
[INFO] [stdout]                                at /rustc/0e09125c6c3c2fd70d7de961bcf0e51575235fad/library/core/src/fmt/mod.rs:1120:17
[INFO] [stdout]    6:     0x55a2059b4c8f - std::io::Write::write_fmt::he04625a3a989fec3
[INFO] [stdout]                                at /rustc/0e09125c6c3c2fd70d7de961bcf0e51575235fad/library/std/src/io/mod.rs:1810:15
[INFO] [stdout]    7:     0x55a2059b9174 - std::sys_common::backtrace::_print::hd5d66399c7df88a2
[INFO] [stdout]                                at /rustc/0e09125c6c3c2fd70d7de961bcf0e51575235fad/library/std/src/sys_common/backtrace.rs:47:5
[INFO] [stdout]    8:     0x55a2059b9174 - std::sys_common::backtrace::print::he81ed2da642d37e5
[INFO] [stdout]                                at /rustc/0e09125c6c3c2fd70d7de961bcf0e51575235fad/library/std/src/sys_common/backtrace.rs:34:9
[INFO] [stdout]    9:     0x55a2059baee7 - std::panicking::default_hook::{{closure}}::h85773f4fa117163d
[INFO] [stdout]   10:     0x55a2059babcd - std::panicking::default_hook::h6a1694a91d09b278
[INFO] [stdout]                                at /rustc/0e09125c6c3c2fd70d7de961bcf0e51575235fad/library/std/src/panicking.rs:289:9
[INFO] [stdout]   11:     0x55a2045dfef7 - <alloc::boxed::Box<F,A> as core::ops::function::Fn<Args>>::call::h616ac37fa3cd6c8f
[INFO] [stdout]                                at /rustc/0e09125c6c3c2fd70d7de961bcf0e51575235fad/library/alloc/src/boxed.rs:2029:9
[INFO] [stdout]   12:     0x55a2045dfef7 - test::test_main::{{closure}}::h00d84697cefdcbb6
[INFO] [stdout]                                at /rustc/0e09125c6c3c2fd70d7de961bcf0e51575235fad/library/test/src/lib.rs:138:21
[INFO] [stdout]   13:     0x55a2059bb506 - <alloc::boxed::Box<F,A> as core::ops::function::Fn<Args>>::call::hcb3fe3b9bb537ba8
[INFO] [stdout]                                at /rustc/0e09125c6c3c2fd70d7de961bcf0e51575235fad/library/alloc/src/boxed.rs:2029:9
[INFO] [stdout]   14:     0x55a2059bb506 - std::panicking::rust_panic_with_hook::h0a7ad96e90f7145b
[INFO] [stdout]                                at /rustc/0e09125c6c3c2fd70d7de961bcf0e51575235fad/library/std/src/panicking.rs:783:13
[INFO] [stdout]   15:     0x55a2059bb219 - std::panicking::begin_panic_handler::{{closure}}::h7919090525c6485e
[INFO] [stdout]                                at /rustc/0e09125c6c3c2fd70d7de961bcf0e51575235fad/library/std/src/panicking.rs:649:13
[INFO] [stdout]   16:     0x55a2059b9896 - std::sys_common::backtrace::__rust_end_short_backtrace::hf3289479464f7dfe
[INFO] [stdout]                                at /rustc/0e09125c6c3c2fd70d7de961bcf0e51575235fad/library/std/src/sys_common/backtrace.rs:171:18
[INFO] [stdout]   17:     0x55a2059bafb0 - rust_begin_unwind
[INFO] [stdout]                                at /rustc/0e09125c6c3c2fd70d7de961bcf0e51575235fad/library/std/src/panicking.rs:645:5
[INFO] [stdout]   18:     0x55a204279545 - core::panicking::panic_fmt::hcc9f77c5c132af55
[INFO] [stdout]                                at /rustc/0e09125c6c3c2fd70d7de961bcf0e51575235fad/library/core/src/panicking.rs:72:14
[INFO] [stdout]   19:     0x55a204279603 - core::panicking::panic::h5a1259c1164bd480
[INFO] [stdout]                                at /rustc/0e09125c6c3c2fd70d7de961bcf0e51575235fad/library/core/src/panicking.rs:144:5
[INFO] [stdout]   20:     0x55a2043ef591 - termscp::system::keys::keyringstorage::tests::test_system_keys_keyringstorage::h6fff17cd98c0c75f
[INFO] [stdout]                                at /opt/rustwide/workdir/src/system/keys/keyringstorage.rs:88:9
[INFO] [stdout]   21:     0x55a2043ef467 - termscp::system::keys::keyringstorage::tests::test_system_keys_keyringstorage::{{closure}}::h7f3a1d5617e113eb
[INFO] [stdout]                                at /opt/rustwide/workdir/src/system/keys/keyringstorage.rs:85:41
[INFO] [stdout]   22:     0x55a204301186 - core::ops::function::FnOnce::call_once::h6a27f243ff6b9235
[INFO] [stdout]                                at /rustc/0e09125c6c3c2fd70d7de961bcf0e51575235fad/library/core/src/ops/function.rs:250:5
[INFO] [stdout]   23:     0x55a2045e57cf - core::ops::function::FnOnce::call_once::hd64d26f405258157
[INFO] [stdout]                                at /rustc/0e09125c6c3c2fd70d7de961bcf0e51575235fad/library/core/src/ops/function.rs:250:5
[INFO] [stdout]   24:     0x55a2045e57cf - test::__rust_begin_short_backtrace::he21b0b7a6d731bf9
[INFO] [stdout]                                at /rustc/0e09125c6c3c2fd70d7de961bcf0e51575235fad/library/test/src/lib.rs:627:18
[INFO] [stdout]   25:     0x55a2045e4551 - test::run_test_in_process::{{closure}}::hf5c73986d7bdfde2
[INFO] [stdout]                                at /rustc/0e09125c6c3c2fd70d7de961bcf0e51575235fad/library/test/src/lib.rs:650:60
[INFO] [stdout]   26:     0x55a2045e4551 - <core::panic::unwind_safe::AssertUnwindSafe<F> as core::ops::function::FnOnce<()>>::call_once::h330011ad032aadc0
[INFO] [stdout]                                at /rustc/0e09125c6c3c2fd70d7de961bcf0e51575235fad/library/core/src/panic/unwind_safe.rs:272:9
[INFO] [stdout]   27:     0x55a2045e4551 - std::panicking::try::do_call::he61b0a958b795a41
[INFO] [stdout]                                at /rustc/0e09125c6c3c2fd70d7de961bcf0e51575235fad/library/std/src/panicking.rs:552:40
[INFO] [stdout]   28:     0x55a2045e4551 - std::panicking::try::h7309da130f906eb7
[INFO] [stdout]                                at /rustc/0e09125c6c3c2fd70d7de961bcf0e51575235fad/library/std/src/panicking.rs:516:19
[INFO] [stdout]   29:     0x55a2045e4551 - std::panic::catch_unwind::hc5c3a06fdaf0a92a
[INFO] [stdout]                                at /rustc/0e09125c6c3c2fd70d7de961bcf0e51575235fad/library/std/src/panic.rs:142:14
[INFO] [stdout]   30:     0x55a2045e4551 - test::run_test_in_process::h7e7b7c71c3324e0f
[INFO] [stdout]                                at /rustc/0e09125c6c3c2fd70d7de961bcf0e51575235fad/library/test/src/lib.rs:650:27
[INFO] [stdout]   31:     0x55a2045e4551 - test::run_test::{{closure}}::h1f509f28f5cf20b1
[INFO] [stdout]                                at /rustc/0e09125c6c3c2fd70d7de961bcf0e51575235fad/library/test/src/lib.rs:573:43
[INFO] [stdout]   32:     0x55a2045ab886 - test::run_test::{{closure}}::h1754218abf443f6d
[INFO] [stdout]                                at /rustc/0e09125c6c3c2fd70d7de961bcf0e51575235fad/library/test/src/lib.rs:601:41
[INFO] [stdout]   33:     0x55a2045ab886 - std::sys_common::backtrace::__rust_begin_short_backtrace::h2ee174b9d5954948
[INFO] [stdout]                                at /rustc/0e09125c6c3c2fd70d7de961bcf0e51575235fad/library/std/src/sys_common/backtrace.rs:155:18
[INFO] [stdout]   34:     0x55a2045b08e7 - std::thread::Builder::spawn_unchecked_::{{closure}}::{{closure}}::hf60bee9c1a17ef09
[INFO] [stdout]                                at /rustc/0e09125c6c3c2fd70d7de961bcf0e51575235fad/library/std/src/thread/mod.rs:529:17
[INFO] [stdout]   35:     0x55a2045b08e7 - <core::panic::unwind_safe::AssertUnwindSafe<F> as core::ops::function::FnOnce<()>>::call_once::h33d0dddec5216160
[INFO] [stdout]                                at /rustc/0e09125c6c3c2fd70d7de961bcf0e51575235fad/library/core/src/panic/unwind_safe.rs:272:9
[INFO] [stdout]   36:     0x55a2045b08e7 - std::panicking::try::do_call::h144b3048b546f835
[INFO] [stdout]                                at /rustc/0e09125c6c3c2fd70d7de961bcf0e51575235fad/library/std/src/panicking.rs:552:40
[INFO] [stdout]   37:     0x55a2045b08e7 - std::panicking::try::h978244d04646189f
[INFO] [stdout]                                at /rustc/0e09125c6c3c2fd70d7de961bcf0e51575235fad/library/std/src/panicking.rs:516:19
[INFO] [stdout]   38:     0x55a2045b08e7 - std::panic::catch_unwind::hdf436369d188fe86
[INFO] [stdout]                                at /rustc/0e09125c6c3c2fd70d7de961bcf0e51575235fad/library/std/src/panic.rs:142:14
[INFO] [stdout]   39:     0x55a2045b08e7 - std::thread::Builder::spawn_unchecked_::{{closure}}::h87329cbdd33c79ec
[INFO] [stdout]                                at /rustc/0e09125c6c3c2fd70d7de961bcf0e51575235fad/library/std/src/thread/mod.rs:528:30
[INFO] [stdout]   40:     0x55a2045b08e7 - core::ops::function::FnOnce::call_once{{vtable.shim}}::h401abbe67897d450
[INFO] [stdout]                                at /rustc/0e09125c6c3c2fd70d7de961bcf0e51575235fad/library/core/src/ops/function.rs:250:5
[INFO] [stdout]   41:     0x55a2059c1f15 - <alloc::boxed::Box<F,A> as core::ops::function::FnOnce<Args>>::call_once::h5d7c8f150ab9c84c
[INFO] [stdout]                                at /rustc/0e09125c6c3c2fd70d7de961bcf0e51575235fad/library/alloc/src/boxed.rs:2015:9
[INFO] [stdout]   42:     0x55a2059c1f15 - <alloc::boxed::Box<F,A> as core::ops::function::FnOnce<Args>>::call_once::h570d5b005c242c15
[INFO] [stdout]                                at /rustc/0e09125c6c3c2fd70d7de961bcf0e51575235fad/library/alloc/src/boxed.rs:2015:9
[INFO] [stdout]   43:     0x55a2059c1f15 - std::sys::unix::thread::Thread::new::thread_start::h36b0a20c0b2361ad
[INFO] [stdout]                                at /rustc/0e09125c6c3c2fd70d7de961bcf0e51575235fad/library/std/src/sys/unix/thread.rs:108:17
[INFO] [stdout]   44:     0x7f0c70195ac3 - <unknown>
[INFO] [stdout]   45:     0x7f0c70226bf4 - __clone
[INFO] [stdout]   46:                0x0 - <unknown>
[INFO] [stdout] 
[INFO] [stdout] 
[INFO] [stdout] failures:
[INFO] [stdout]     host::tests::test_host_localhost_open_read_err_not_accessible
[INFO] [stdout]     host::tests::test_host_localhost_open_write_err
[INFO] [stdout]     system::auto_update::test::auto_update
[INFO] [stdout]     system::auto_update::test::check_for_updates
[INFO] [stdout]     system::keys::keyringstorage::tests::test_system_keys_keyringstorage
[INFO] [stdout] 
[INFO] [stdout] test result: FAILED. 185 passed; 5 failed; 0 ignored; 0 measured; 0 filtered out; finished in 2.14s
[INFO] [stdout] 
[INFO] [stderr] error: test failed, to rerun pass `--bin termscp`
[INFO] running `Command { std: "docker" "inspect" "9bfc1e874acc3ad6e08491b129b6f63027dc232d4d197003c3cd628cd9fde5f1", kill_on_drop: false }`
[INFO] running `Command { std: "docker" "rm" "-f" "9bfc1e874acc3ad6e08491b129b6f63027dc232d4d197003c3cd628cd9fde5f1", kill_on_drop: false }`
[INFO] [stdout] 9bfc1e874acc3ad6e08491b129b6f63027dc232d4d197003c3cd628cd9fde5f1
