[INFO] fetching crate teon 0.0.58-alpha.3...
[INFO] testing teon-0.0.58-alpha.3 against 1.75.0 for beta-1.76-1
[INFO] extracting crate teon 0.0.58-alpha.3 into /workspace/builds/worker-4-tc1/source
[INFO] validating manifest of crates.io crate teon 0.0.58-alpha.3 on toolchain 1.75.0
[INFO] running `Command { std: CARGO_HOME="/workspace/cargo-home" RUSTUP_HOME="/workspace/rustup-home" "/workspace/cargo-home/bin/cargo" "+1.75.0" "metadata" "--manifest-path" "Cargo.toml" "--no-deps", kill_on_drop: false }`
[INFO] started tweaking crates.io crate teon 0.0.58-alpha.3
[INFO] finished tweaking crates.io crate teon 0.0.58-alpha.3
[INFO] tweaked toml for crates.io crate teon 0.0.58-alpha.3 written to /workspace/builds/worker-4-tc1/source/Cargo.toml
[INFO] running `Command { std: CARGO_HOME="/workspace/cargo-home" RUSTUP_HOME="/workspace/rustup-home" "/workspace/cargo-home/bin/cargo" "+1.75.0" "generate-lockfile" "--manifest-path" "Cargo.toml", kill_on_drop: false }`
[INFO] [stderr]     Updating crates.io index
[INFO] running `Command { std: CARGO_HOME="/workspace/cargo-home" RUSTUP_HOME="/workspace/rustup-home" "/workspace/cargo-home/bin/cargo" "+1.75.0" "fetch" "--manifest-path" "Cargo.toml", kill_on_drop: false }`
[INFO] running `Command { std: "docker" "create" "-v" "/var/lib/crater-agent-workspace/builds/worker-4-tc1/target:/opt/rustwide/target:rw,Z" "-v" "/var/lib/crater-agent-workspace/builds/worker-4-tc1/source:/opt/rustwide/workdir:ro,Z" "-v" "/var/lib/crater-agent-workspace/cargo-home:/opt/rustwide/cargo-home:ro,Z" "-v" "/var/lib/crater-agent-workspace/rustup-home:/opt/rustwide/rustup-home:ro,Z" "-e" "SOURCE_DIR=/opt/rustwide/workdir" "-e" "CARGO_TARGET_DIR=/opt/rustwide/target" "-e" "CARGO_HOME=/opt/rustwide/cargo-home" "-e" "RUSTUP_HOME=/opt/rustwide/rustup-home" "-w" "/opt/rustwide/workdir" "-m" "1610612736" "--user" "0:0" "--network" "none" "ghcr.io/rust-lang/crates-build-env/linux@sha256:2788e3201cd34a07e3172128adcd8b3090168a8e3bcc40d7c032b9dda1df7d1c" "/opt/rustwide/cargo-home/bin/cargo" "+1.75.0" "metadata" "--no-deps" "--format-version=1", kill_on_drop: false }`
[INFO] [stdout] d939917d9cd85e904185ce2f5999272eef6167ea2aa7ef8f9390ff496b695f5a
[INFO] running `Command { std: "docker" "start" "-a" "d939917d9cd85e904185ce2f5999272eef6167ea2aa7ef8f9390ff496b695f5a", kill_on_drop: false }`
[INFO] running `Command { std: "docker" "inspect" "d939917d9cd85e904185ce2f5999272eef6167ea2aa7ef8f9390ff496b695f5a", kill_on_drop: false }`
[INFO] running `Command { std: "docker" "rm" "-f" "d939917d9cd85e904185ce2f5999272eef6167ea2aa7ef8f9390ff496b695f5a", kill_on_drop: false }`
[INFO] [stdout] d939917d9cd85e904185ce2f5999272eef6167ea2aa7ef8f9390ff496b695f5a
[INFO] running `Command { std: "docker" "create" "-v" "/var/lib/crater-agent-workspace/builds/worker-4-tc1/target:/opt/rustwide/target:rw,Z" "-v" "/var/lib/crater-agent-workspace/builds/worker-4-tc1/source:/opt/rustwide/workdir:ro,Z" "-v" "/var/lib/crater-agent-workspace/cargo-home:/opt/rustwide/cargo-home:ro,Z" "-v" "/var/lib/crater-agent-workspace/rustup-home:/opt/rustwide/rustup-home:ro,Z" "-e" "SOURCE_DIR=/opt/rustwide/workdir" "-e" "CARGO_TARGET_DIR=/opt/rustwide/target" "-e" "CARGO_INCREMENTAL=0" "-e" "RUST_BACKTRACE=full" "-e" "RUSTFLAGS=--cap-lints=warn" "-e" "RUSTDOCFLAGS=--cap-lints=warn" "-e" "CARGO_HOME=/opt/rustwide/cargo-home" "-e" "RUSTUP_HOME=/opt/rustwide/rustup-home" "-w" "/opt/rustwide/workdir" "-m" "1610612736" "--user" "0:0" "--network" "none" "ghcr.io/rust-lang/crates-build-env/linux@sha256:2788e3201cd34a07e3172128adcd8b3090168a8e3bcc40d7c032b9dda1df7d1c" "/opt/rustwide/cargo-home/bin/cargo" "+1.75.0" "build" "--frozen" "--message-format=json", kill_on_drop: false }`
[INFO] [stdout] ee7014b4ebea637455fa0acae62f26ad1ce96aebeb2bce93451d06bb63a9786b
[INFO] running `Command { std: "docker" "start" "-a" "ee7014b4ebea637455fa0acae62f26ad1ce96aebeb2bce93451d06bb63a9786b", kill_on_drop: false }`
[INFO] [stderr]    Compiling syn v1.0.109
[INFO] [stderr]    Compiling libc v0.2.151
[INFO] [stderr]    Compiling num-integer v0.1.45
[INFO] [stderr]    Compiling radium v0.7.0
[INFO] [stderr]    Compiling indexmap v1.9.3
[INFO] [stderr]    Compiling tap v1.0.1
[INFO] [stderr]    Compiling serde_json v1.0.111
[INFO] [stderr]    Compiling equivalent v1.0.1
[INFO] [stderr]    Compiling powerfmt v0.2.0
[INFO] [stderr]    Compiling hashbrown v0.14.3
[INFO] [stderr]    Compiling time-core v0.1.2
[INFO] [stderr]    Compiling time-macros v0.2.16
[INFO] [stderr]    Compiling deranged v0.3.11
[INFO] [stderr]    Compiling wyz v0.5.1
[INFO] [stderr]    Compiling iana-time-zone v0.1.59
[INFO] [stderr]    Compiling funty v2.0.0
[INFO] [stderr]    Compiling indexmap v2.1.0
[INFO] [stderr]    Compiling getrandom v0.2.11
[INFO] [stderr]    Compiling chrono v0.4.31
[INFO] [stderr]    Compiling rand_core v0.6.4
[INFO] [stderr]    Compiling ahash v0.8.7
[INFO] [stderr]    Compiling rand_chacha v0.3.1
[INFO] [stderr]    Compiling uuid v1.6.1
[INFO] [stderr]    Compiling rand v0.8.5
[INFO] [stderr]    Compiling bitvec v1.0.1
[INFO] [stderr]    Compiling num-bigint v0.4.4
[INFO] [stderr]    Compiling serde_bytes v0.11.14
[INFO] [stderr]    Compiling either v1.9.0
[INFO] [stderr]    Compiling time v0.3.31
[INFO] [stderr]    Compiling itertools v0.11.0
[INFO] [stderr]    Compiling maplit v1.0.2
[INFO] [stderr]    Compiling bigdecimal v0.3.1
[INFO] [stderr]    Compiling darling_core v0.13.4
[INFO] [stderr]    Compiling darling_macro v0.13.4
[INFO] [stderr]    Compiling darling v0.13.4
[INFO] [stderr]    Compiling serde_with_macros v1.5.2
[INFO] [stderr]    Compiling serde_with v1.14.0
[INFO] [stderr]    Compiling bson v2.8.1
[INFO] [stderr]    Compiling teon v0.0.58-alpha.3 (/opt/rustwide/workdir)
[INFO] [stderr]     Finished dev [unoptimized + debuginfo] target(s) in 29.05s
[INFO] running `Command { std: "docker" "inspect" "ee7014b4ebea637455fa0acae62f26ad1ce96aebeb2bce93451d06bb63a9786b", kill_on_drop: false }`
[INFO] running `Command { std: "docker" "rm" "-f" "ee7014b4ebea637455fa0acae62f26ad1ce96aebeb2bce93451d06bb63a9786b", kill_on_drop: false }`
[INFO] [stdout] ee7014b4ebea637455fa0acae62f26ad1ce96aebeb2bce93451d06bb63a9786b
[INFO] running `Command { std: "docker" "create" "-v" "/var/lib/crater-agent-workspace/builds/worker-4-tc1/target:/opt/rustwide/target:rw,Z" "-v" "/var/lib/crater-agent-workspace/builds/worker-4-tc1/source:/opt/rustwide/workdir:ro,Z" "-v" "/var/lib/crater-agent-workspace/cargo-home:/opt/rustwide/cargo-home:ro,Z" "-v" "/var/lib/crater-agent-workspace/rustup-home:/opt/rustwide/rustup-home:ro,Z" "-e" "SOURCE_DIR=/opt/rustwide/workdir" "-e" "CARGO_TARGET_DIR=/opt/rustwide/target" "-e" "CARGO_INCREMENTAL=0" "-e" "RUST_BACKTRACE=full" "-e" "RUSTFLAGS=--cap-lints=warn" "-e" "RUSTDOCFLAGS=--cap-lints=warn" "-e" "CARGO_HOME=/opt/rustwide/cargo-home" "-e" "RUSTUP_HOME=/opt/rustwide/rustup-home" "-w" "/opt/rustwide/workdir" "-m" "1610612736" "--user" "0:0" "--network" "none" "ghcr.io/rust-lang/crates-build-env/linux@sha256:2788e3201cd34a07e3172128adcd8b3090168a8e3bcc40d7c032b9dda1df7d1c" "/opt/rustwide/cargo-home/bin/cargo" "+1.75.0" "test" "--frozen" "--no-run" "--message-format=json", kill_on_drop: false }`
[INFO] [stdout] b57288f2522607e7cb81680b164b3aac4e150fcef061be303ea79aae3d6b5be9
[INFO] running `Command { std: "docker" "start" "-a" "b57288f2522607e7cb81680b164b3aac4e150fcef061be303ea79aae3d6b5be9", kill_on_drop: false }`
[INFO] [stderr]    Compiling teon v0.0.58-alpha.3 (/opt/rustwide/workdir)
[INFO] [stderr]     Finished test [unoptimized + debuginfo] target(s) in 1.85s
[INFO] running `Command { std: "docker" "inspect" "b57288f2522607e7cb81680b164b3aac4e150fcef061be303ea79aae3d6b5be9", kill_on_drop: false }`
[INFO] running `Command { std: "docker" "rm" "-f" "b57288f2522607e7cb81680b164b3aac4e150fcef061be303ea79aae3d6b5be9", kill_on_drop: false }`
[INFO] [stdout] b57288f2522607e7cb81680b164b3aac4e150fcef061be303ea79aae3d6b5be9
[INFO] running `Command { std: "docker" "create" "-v" "/var/lib/crater-agent-workspace/builds/worker-4-tc1/target:/opt/rustwide/target:rw,Z" "-v" "/var/lib/crater-agent-workspace/builds/worker-4-tc1/source:/opt/rustwide/workdir:ro,Z" "-v" "/var/lib/crater-agent-workspace/cargo-home:/opt/rustwide/cargo-home:ro,Z" "-v" "/var/lib/crater-agent-workspace/rustup-home:/opt/rustwide/rustup-home:ro,Z" "-e" "SOURCE_DIR=/opt/rustwide/workdir" "-e" "CARGO_TARGET_DIR=/opt/rustwide/target" "-e" "CARGO_INCREMENTAL=0" "-e" "RUST_BACKTRACE=full" "-e" "RUSTFLAGS=--cap-lints=warn" "-e" "RUSTDOCFLAGS=--cap-lints=warn" "-e" "CARGO_HOME=/opt/rustwide/cargo-home" "-e" "RUSTUP_HOME=/opt/rustwide/rustup-home" "-w" "/opt/rustwide/workdir" "-m" "1610612736" "--user" "0:0" "--network" "none" "ghcr.io/rust-lang/crates-build-env/linux@sha256:2788e3201cd34a07e3172128adcd8b3090168a8e3bcc40d7c032b9dda1df7d1c" "/opt/rustwide/cargo-home/bin/cargo" "+1.75.0" "test" "--frozen", kill_on_drop: false }`
[INFO] [stdout] 58b235aea497e71f4666763863b5d249ec0447158d361058984182b9d6fd0eaa
[INFO] running `Command { std: "docker" "start" "-a" "58b235aea497e71f4666763863b5d249ec0447158d361058984182b9d6fd0eaa", kill_on_drop: false }`
[INFO] [stderr]     Finished test [unoptimized + debuginfo] target(s) in 0.08s
[INFO] [stderr]      Running unittests src/lib.rs (/opt/rustwide/target/debug/deps/teon-6fc6c491d67049f7)
[INFO] [stdout] 
[INFO] [stdout] running 0 tests
[INFO] [stdout] 
[INFO] [stdout] test result: ok. 0 passed; 0 failed; 0 ignored; 0 measured; 0 filtered out; finished in 0.00s
[INFO] [stdout] 
[INFO] [stderr]    Doc-tests teon
[INFO] [stdout] 
[INFO] [stdout] running 7 tests
[INFO] [stdout] test src/macros.rs - macros::teon (line 4) ... FAILED
[INFO] [stdout] test src/value.rs - value::Value::I64 (line 59) ... FAILED
[INFO] [stdout] test src/value.rs - value::Value::Bool (line 41) ... FAILED
[INFO] [stdout] test src/value.rs - value::Value::Null (line 32) ... FAILED
[INFO] [stdout] test src/value.rs - value::Value::F64 (line 77) ... FAILED
[INFO] [stdout] test src/value.rs - value::Value::F32 (line 68) ... FAILED
[INFO] [stdout] test src/value.rs - value::Value::I32 (line 50) ... FAILED
[INFO] [stdout] 
[INFO] [stdout] failures:
[INFO] [stdout] 
[INFO] [stdout] ---- src/macros.rs - macros::teon (line 4) stdout ----
[INFO] [stdout] error[E0432]: unresolved import `teo_teon`
[INFO] [stdout]  --> src/macros.rs:6:5
[INFO] [stderr] error: doctest failed, to rerun pass `--doc`
[INFO] [stdout]   |
[INFO] [stdout] 5 | use teo_teon::teon;
[INFO] [stdout]   |     ^^^^^^^^ use of undeclared crate or module `teo_teon`
[INFO] [stdout] 
[INFO] [stdout] error: cannot determine resolution for the macro `teon`
[INFO] [stdout]  --> src/macros.rs:8:13
[INFO] [stdout]   |
[INFO] [stdout] 7 | let value = teon!({
[INFO] [stdout]   |             ^^^^
[INFO] [stdout]   |
[INFO] [stdout]   = note: import resolution is stuck, try simplifying macro imports
[INFO] [stdout] 
[INFO] [stdout] error: aborting due to 2 previous errors
[INFO] [stdout] 
[INFO] [stdout] For more information about this error, try `rustc --explain E0432`.
[INFO] [stdout] Couldn't compile the test.
[INFO] [stdout] ---- src/value.rs - value::Value::I64 (line 59) stdout ----
[INFO] [stdout] error[E0432]: unresolved import `teo_teon`
[INFO] [stdout]  --> src/value.rs:61:5
[INFO] [stdout]   |
[INFO] [stdout] 5 | use teo_teon::teon;
[INFO] [stdout]   |     ^^^^^^^^ use of undeclared crate or module `teo_teon`
[INFO] [stdout] 
[INFO] [stdout] error: cannot determine resolution for the macro `teon`
[INFO] [stdout]  --> src/value.rs:63:9
[INFO] [stdout]   |
[INFO] [stdout] 7 | let v = teon!(12_i64);
[INFO] [stdout]   |         ^^^^
[INFO] [stdout]   |
[INFO] [stdout]   = note: import resolution is stuck, try simplifying macro imports
[INFO] [stdout] 
[INFO] [stdout] error: aborting due to 2 previous errors
[INFO] [stdout] 
[INFO] [stdout] For more information about this error, try `rustc --explain E0432`.
[INFO] [stdout] Couldn't compile the test.
[INFO] [stdout] ---- src/value.rs - value::Value::Bool (line 41) stdout ----
[INFO] [stdout] error[E0432]: unresolved import `teo_teon`
[INFO] [stdout]  --> src/value.rs:43:5
[INFO] [stdout]   |
[INFO] [stdout] 5 | use teo_teon::teon;
[INFO] [stdout]   |     ^^^^^^^^ use of undeclared crate or module `teo_teon`
[INFO] [stdout] 
[INFO] [stdout] error: cannot determine resolution for the macro `teon`
[INFO] [stdout]  --> src/value.rs:45:9
[INFO] [stdout]   |
[INFO] [stdout] 7 | let v = teon!(true);
[INFO] [stdout]   |         ^^^^
[INFO] [stdout]   |
[INFO] [stdout]   = note: import resolution is stuck, try simplifying macro imports
[INFO] [stdout] 
[INFO] [stdout] error: aborting due to 2 previous errors
[INFO] [stdout] 
[INFO] [stdout] For more information about this error, try `rustc --explain E0432`.
[INFO] [stdout] Couldn't compile the test.
[INFO] [stdout] ---- src/value.rs - value::Value::Null (line 32) stdout ----
[INFO] [stdout] error[E0432]: unresolved import `teo_teon`
[INFO] [stdout]  --> src/value.rs:34:5
[INFO] [stdout]   |
[INFO] [stdout] 5 | use teo_teon::teon;
[INFO] [stdout]   |     ^^^^^^^^ use of undeclared crate or module `teo_teon`
[INFO] [stdout] 
[INFO] [stdout] error: cannot determine resolution for the macro `teon`
[INFO] [stdout]  --> src/value.rs:36:9
[INFO] [stdout]   |
[INFO] [stdout] 7 | let v = teon!(null);
[INFO] [stdout]   |         ^^^^
[INFO] [stdout]   |
[INFO] [stdout]   = note: import resolution is stuck, try simplifying macro imports
[INFO] [stdout] 
[INFO] [stdout] error: aborting due to 2 previous errors
[INFO] [stdout] 
[INFO] [stdout] For more information about this error, try `rustc --explain E0432`.
[INFO] [stdout] Couldn't compile the test.
[INFO] [stdout] ---- src/value.rs - value::Value::F64 (line 77) stdout ----
[INFO] [stdout] error[E0432]: unresolved import `teo_teon`
[INFO] [stdout]  --> src/value.rs:79:5
[INFO] [stdout]   |
[INFO] [stdout] 5 | use teo_teon::teon;
[INFO] [stdout]   |     ^^^^^^^^ use of undeclared crate or module `teo_teon`
[INFO] [stdout] 
[INFO] [stdout] error: cannot determine resolution for the macro `teon`
[INFO] [stdout]  --> src/value.rs:81:9
[INFO] [stdout]   |
[INFO] [stdout] 7 | let v = teon!(12.5_f64);
[INFO] [stdout]   |         ^^^^
[INFO] [stdout]   |
[INFO] [stdout]   = note: import resolution is stuck, try simplifying macro imports
[INFO] [stdout] 
[INFO] [stdout] error: aborting due to 2 previous errors
[INFO] [stdout] 
[INFO] [stdout] For more information about this error, try `rustc --explain E0432`.
[INFO] [stdout] Couldn't compile the test.
[INFO] [stdout] ---- src/value.rs - value::Value::F32 (line 68) stdout ----
[INFO] [stdout] error[E0432]: unresolved import `teo_teon`
[INFO] [stdout]  --> src/value.rs:70:5
[INFO] [stdout]   |
[INFO] [stdout] 5 | use teo_teon::teon;
[INFO] [stdout]   |     ^^^^^^^^ use of undeclared crate or module `teo_teon`
[INFO] [stdout] 
[INFO] [stdout] error: cannot determine resolution for the macro `teon`
[INFO] [stdout]  --> src/value.rs:72:9
[INFO] [stdout]   |
[INFO] [stdout] 7 | let v = teon!(12.5_f32);
[INFO] [stdout]   |         ^^^^
[INFO] [stdout]   |
[INFO] [stdout]   = note: import resolution is stuck, try simplifying macro imports
[INFO] [stdout] 
[INFO] [stdout] error: aborting due to 2 previous errors
[INFO] [stdout] 
[INFO] [stdout] For more information about this error, try `rustc --explain E0432`.
[INFO] [stdout] Couldn't compile the test.
[INFO] [stdout] ---- src/value.rs - value::Value::I32 (line 50) stdout ----
[INFO] [stdout] error[E0432]: unresolved import `teo_teon`
[INFO] [stdout]  --> src/value.rs:52:5
[INFO] [stdout]   |
[INFO] [stdout] 5 | use teo_teon::teon;
[INFO] [stdout]   |     ^^^^^^^^ use of undeclared crate or module `teo_teon`
[INFO] [stdout] 
[INFO] [stdout] error: cannot determine resolution for the macro `teon`
[INFO] [stdout]  --> src/value.rs:54:9
[INFO] [stdout]   |
[INFO] [stdout] 7 | let v = teon!(12_i32);
[INFO] [stdout]   |         ^^^^
[INFO] [stdout]   |
[INFO] [stdout]   = note: import resolution is stuck, try simplifying macro imports
[INFO] [stdout] 
[INFO] [stdout] error: aborting due to 2 previous errors
[INFO] [stdout] 
[INFO] [stdout] For more information about this error, try `rustc --explain E0432`.
[INFO] [stdout] Couldn't compile the test.
[INFO] [stdout] 
[INFO] [stdout] failures:
[INFO] [stdout]     src/macros.rs - macros::teon (line 4)
[INFO] [stdout]     src/value.rs - value::Value::Bool (line 41)
[INFO] [stdout]     src/value.rs - value::Value::F32 (line 68)
[INFO] [stdout]     src/value.rs - value::Value::F64 (line 77)
[INFO] [stdout]     src/value.rs - value::Value::I32 (line 50)
[INFO] [stdout]     src/value.rs - value::Value::I64 (line 59)
[INFO] [stdout]     src/value.rs - value::Value::Null (line 32)
[INFO] [stdout] 
[INFO] [stdout] test result: FAILED. 0 passed; 7 failed; 0 ignored; 0 measured; 0 filtered out; finished in 0.33s
[INFO] [stdout] 
[INFO] running `Command { std: "docker" "inspect" "58b235aea497e71f4666763863b5d249ec0447158d361058984182b9d6fd0eaa", kill_on_drop: false }`
[INFO] running `Command { std: "docker" "rm" "-f" "58b235aea497e71f4666763863b5d249ec0447158d361058984182b9d6fd0eaa", kill_on_drop: false }`
[INFO] [stdout] 58b235aea497e71f4666763863b5d249ec0447158d361058984182b9d6fd0eaa
