[INFO] fetching crate templates 0.7.3...
[INFO] testing templates-0.7.3 against 1.75.0 for beta-1.76-1
[INFO] extracting crate templates 0.7.3 into /workspace/builds/worker-6-tc1/source
[INFO] validating manifest of crates.io crate templates 0.7.3 on toolchain 1.75.0
[INFO] running `Command { std: CARGO_HOME="/workspace/cargo-home" RUSTUP_HOME="/workspace/rustup-home" "/workspace/cargo-home/bin/cargo" "+1.75.0" "metadata" "--manifest-path" "Cargo.toml" "--no-deps", kill_on_drop: false }`
[INFO] started tweaking crates.io crate templates 0.7.3
[INFO] finished tweaking crates.io crate templates 0.7.3
[INFO] tweaked toml for crates.io crate templates 0.7.3 written to /workspace/builds/worker-6-tc1/source/Cargo.toml
[INFO] crate crates.io crate templates 0.7.3 already has a lockfile, it will not be regenerated
[INFO] running `Command { std: CARGO_HOME="/workspace/cargo-home" RUSTUP_HOME="/workspace/rustup-home" "/workspace/cargo-home/bin/cargo" "+1.75.0" "fetch" "--manifest-path" "Cargo.toml", kill_on_drop: false }`
[INFO] [stderr]     Blocking waiting for file lock on package cache
[INFO] running `Command { std: "docker" "create" "-v" "/var/lib/crater-agent-workspace/builds/worker-6-tc1/target:/opt/rustwide/target:rw,Z" "-v" "/var/lib/crater-agent-workspace/builds/worker-6-tc1/source:/opt/rustwide/workdir:ro,Z" "-v" "/var/lib/crater-agent-workspace/cargo-home:/opt/rustwide/cargo-home:ro,Z" "-v" "/var/lib/crater-agent-workspace/rustup-home:/opt/rustwide/rustup-home:ro,Z" "-e" "SOURCE_DIR=/opt/rustwide/workdir" "-e" "CARGO_TARGET_DIR=/opt/rustwide/target" "-e" "CARGO_HOME=/opt/rustwide/cargo-home" "-e" "RUSTUP_HOME=/opt/rustwide/rustup-home" "-w" "/opt/rustwide/workdir" "-m" "1610612736" "--user" "0:0" "--network" "none" "ghcr.io/rust-lang/crates-build-env/linux@sha256:2788e3201cd34a07e3172128adcd8b3090168a8e3bcc40d7c032b9dda1df7d1c" "/opt/rustwide/cargo-home/bin/cargo" "+1.75.0" "metadata" "--no-deps" "--format-version=1", kill_on_drop: false }`
[INFO] [stdout] c3b92c2b6caa2901e2bfc8a9498dc73b31419679bc0c3b4ee6c6efcb97b5da50
[INFO] running `Command { std: "docker" "start" "-a" "c3b92c2b6caa2901e2bfc8a9498dc73b31419679bc0c3b4ee6c6efcb97b5da50", kill_on_drop: false }`
[INFO] running `Command { std: "docker" "inspect" "c3b92c2b6caa2901e2bfc8a9498dc73b31419679bc0c3b4ee6c6efcb97b5da50", kill_on_drop: false }`
[INFO] running `Command { std: "docker" "rm" "-f" "c3b92c2b6caa2901e2bfc8a9498dc73b31419679bc0c3b4ee6c6efcb97b5da50", kill_on_drop: false }`
[INFO] [stdout] c3b92c2b6caa2901e2bfc8a9498dc73b31419679bc0c3b4ee6c6efcb97b5da50
[INFO] running `Command { std: "docker" "create" "-v" "/var/lib/crater-agent-workspace/builds/worker-6-tc1/target:/opt/rustwide/target:rw,Z" "-v" "/var/lib/crater-agent-workspace/builds/worker-6-tc1/source:/opt/rustwide/workdir:ro,Z" "-v" "/var/lib/crater-agent-workspace/cargo-home:/opt/rustwide/cargo-home:ro,Z" "-v" "/var/lib/crater-agent-workspace/rustup-home:/opt/rustwide/rustup-home:ro,Z" "-e" "SOURCE_DIR=/opt/rustwide/workdir" "-e" "CARGO_TARGET_DIR=/opt/rustwide/target" "-e" "CARGO_INCREMENTAL=0" "-e" "RUST_BACKTRACE=full" "-e" "RUSTFLAGS=--cap-lints=warn" "-e" "RUSTDOCFLAGS=--cap-lints=warn" "-e" "CARGO_HOME=/opt/rustwide/cargo-home" "-e" "RUSTUP_HOME=/opt/rustwide/rustup-home" "-w" "/opt/rustwide/workdir" "-m" "1610612736" "--user" "0:0" "--network" "none" "ghcr.io/rust-lang/crates-build-env/linux@sha256:2788e3201cd34a07e3172128adcd8b3090168a8e3bcc40d7c032b9dda1df7d1c" "/opt/rustwide/cargo-home/bin/cargo" "+1.75.0" "build" "--frozen" "--message-format=json", kill_on_drop: false }`
[INFO] [stdout] 06bde3560817e81270592fa9c5fbe61879e3c913cb0c69a60bbb28cee872d8c6
[INFO] running `Command { std: "docker" "start" "-a" "06bde3560817e81270592fa9c5fbe61879e3c913cb0c69a60bbb28cee872d8c6", kill_on_drop: false }`
[INFO] [stderr]    Compiling proc-macro2 v1.0.69
[INFO] [stderr]    Compiling anstyle-query v1.0.0
[INFO] [stderr]    Compiling serde v1.0.189
[INFO] [stderr]    Compiling colorchoice v1.0.0
[INFO] [stderr]    Compiling anstyle v1.0.4
[INFO] [stderr]    Compiling anyhow v1.0.75
[INFO] [stderr]    Compiling anstyle-parse v0.2.2
[INFO] [stderr]    Compiling strsim v0.10.0
[INFO] [stderr]    Compiling heck v0.4.1
[INFO] [stderr]    Compiling clap_lex v0.5.1
[INFO] [stderr]    Compiling serde_json v1.0.107
[INFO] [stderr]    Compiling anstream v0.6.4
[INFO] [stderr]    Compiling ryu v1.0.15
[INFO] [stderr]    Compiling itoa v1.0.9
[INFO] [stderr]    Compiling clap_builder v4.4.6
[INFO] [stderr]    Compiling quote v1.0.33
[INFO] [stderr]    Compiling syn v2.0.38
[INFO] [stderr]    Compiling serde_derive v1.0.189
[INFO] [stderr]    Compiling clap_derive v4.4.2
[INFO] [stderr]    Compiling clap v4.4.6
[INFO] [stderr]    Compiling templates v0.7.3 (/opt/rustwide/workdir)
[INFO] [stderr]     Finished dev [unoptimized + debuginfo] target(s) in 8.83s
[INFO] running `Command { std: "docker" "inspect" "06bde3560817e81270592fa9c5fbe61879e3c913cb0c69a60bbb28cee872d8c6", kill_on_drop: false }`
[INFO] running `Command { std: "docker" "rm" "-f" "06bde3560817e81270592fa9c5fbe61879e3c913cb0c69a60bbb28cee872d8c6", kill_on_drop: false }`
[INFO] [stdout] 06bde3560817e81270592fa9c5fbe61879e3c913cb0c69a60bbb28cee872d8c6
[INFO] running `Command { std: "docker" "create" "-v" "/var/lib/crater-agent-workspace/builds/worker-6-tc1/target:/opt/rustwide/target:rw,Z" "-v" "/var/lib/crater-agent-workspace/builds/worker-6-tc1/source:/opt/rustwide/workdir:ro,Z" "-v" "/var/lib/crater-agent-workspace/cargo-home:/opt/rustwide/cargo-home:ro,Z" "-v" "/var/lib/crater-agent-workspace/rustup-home:/opt/rustwide/rustup-home:ro,Z" "-e" "SOURCE_DIR=/opt/rustwide/workdir" "-e" "CARGO_TARGET_DIR=/opt/rustwide/target" "-e" "CARGO_INCREMENTAL=0" "-e" "RUST_BACKTRACE=full" "-e" "RUSTFLAGS=--cap-lints=warn" "-e" "RUSTDOCFLAGS=--cap-lints=warn" "-e" "CARGO_HOME=/opt/rustwide/cargo-home" "-e" "RUSTUP_HOME=/opt/rustwide/rustup-home" "-w" "/opt/rustwide/workdir" "-m" "1610612736" "--user" "0:0" "--network" "none" "ghcr.io/rust-lang/crates-build-env/linux@sha256:2788e3201cd34a07e3172128adcd8b3090168a8e3bcc40d7c032b9dda1df7d1c" "/opt/rustwide/cargo-home/bin/cargo" "+1.75.0" "test" "--frozen" "--no-run" "--message-format=json", kill_on_drop: false }`
[INFO] [stdout] 7bc5a19eb4b6615c78578d7a826e9ed817a0ac6bb9a07960028d01fc54c170f4
[INFO] running `Command { std: "docker" "start" "-a" "7bc5a19eb4b6615c78578d7a826e9ed817a0ac6bb9a07960028d01fc54c170f4", kill_on_drop: false }`
[INFO] [stderr]    Compiling templates v0.7.3 (/opt/rustwide/workdir)
[INFO] [stderr]     Finished test [unoptimized + debuginfo] target(s) in 0.56s
[INFO] running `Command { std: "docker" "inspect" "7bc5a19eb4b6615c78578d7a826e9ed817a0ac6bb9a07960028d01fc54c170f4", kill_on_drop: false }`
[INFO] running `Command { std: "docker" "rm" "-f" "7bc5a19eb4b6615c78578d7a826e9ed817a0ac6bb9a07960028d01fc54c170f4", kill_on_drop: false }`
[INFO] [stdout] 7bc5a19eb4b6615c78578d7a826e9ed817a0ac6bb9a07960028d01fc54c170f4
[INFO] running `Command { std: "docker" "create" "-v" "/var/lib/crater-agent-workspace/builds/worker-6-tc1/target:/opt/rustwide/target:rw,Z" "-v" "/var/lib/crater-agent-workspace/builds/worker-6-tc1/source:/opt/rustwide/workdir:ro,Z" "-v" "/var/lib/crater-agent-workspace/cargo-home:/opt/rustwide/cargo-home:ro,Z" "-v" "/var/lib/crater-agent-workspace/rustup-home:/opt/rustwide/rustup-home:ro,Z" "-e" "SOURCE_DIR=/opt/rustwide/workdir" "-e" "CARGO_TARGET_DIR=/opt/rustwide/target" "-e" "CARGO_INCREMENTAL=0" "-e" "RUST_BACKTRACE=full" "-e" "RUSTFLAGS=--cap-lints=warn" "-e" "RUSTDOCFLAGS=--cap-lints=warn" "-e" "CARGO_HOME=/opt/rustwide/cargo-home" "-e" "RUSTUP_HOME=/opt/rustwide/rustup-home" "-w" "/opt/rustwide/workdir" "-m" "1610612736" "--user" "0:0" "--network" "none" "ghcr.io/rust-lang/crates-build-env/linux@sha256:2788e3201cd34a07e3172128adcd8b3090168a8e3bcc40d7c032b9dda1df7d1c" "/opt/rustwide/cargo-home/bin/cargo" "+1.75.0" "test" "--frozen", kill_on_drop: false }`
[INFO] [stdout] 54473b340c900f881bd2d3789edab03433f8e1494b24830a1c21f2e4e940fe19
[INFO] running `Command { std: "docker" "start" "-a" "54473b340c900f881bd2d3789edab03433f8e1494b24830a1c21f2e4e940fe19", kill_on_drop: false }`
[INFO] [stderr]     Finished test [unoptimized + debuginfo] target(s) in 0.01s
[INFO] [stderr]      Running unittests src/lib.rs (/opt/rustwide/target/debug/deps/templates-4c90fa79b0011388)
[INFO] [stdout] 
[INFO] [stdout] running 2 tests
[INFO] [stdout] test setup::test::setup_print ... FAILED
[INFO] [stdout] test setup::test::setup_set ... ok
[INFO] [stdout] 
[INFO] [stdout] failures:
[INFO] [stdout] 
[INFO] [stdout] ---- setup::test::setup_print stdout ----
[INFO] [stdout] Error: Config file not created
[INFO] [stdout] 
[INFO] [stdout] Caused by:
[INFO] [stdout]     No such file or directory (os error 2)
[INFO] [stdout] 
[INFO] [stdout] 
[INFO] [stdout] failures:
[INFO] [stdout]     setup::test::setup_print
[INFO] [stdout] 
[INFO] [stdout] test result: FAILED. 1 passed; 1 failed; 0 ignored; 0 measured; 0 filtered out; finished in 0.00s
[INFO] [stdout] 
[INFO] [stderr] error: test failed, to rerun pass `--lib`
[INFO] running `Command { std: "docker" "inspect" "54473b340c900f881bd2d3789edab03433f8e1494b24830a1c21f2e4e940fe19", kill_on_drop: false }`
[INFO] running `Command { std: "docker" "rm" "-f" "54473b340c900f881bd2d3789edab03433f8e1494b24830a1c21f2e4e940fe19", kill_on_drop: false }`
[INFO] [stdout] 54473b340c900f881bd2d3789edab03433f8e1494b24830a1c21f2e4e940fe19
[INFO] testing templates-0.7.3 against beta-2023-12-22 for beta-1.76-1
[INFO] extracting crate templates 0.7.3 into /workspace/builds/worker-6-tc2/source
[INFO] validating manifest of crates.io crate templates 0.7.3 on toolchain beta-2023-12-22
[INFO] running `Command { std: CARGO_HOME="/workspace/cargo-home" RUSTUP_HOME="/workspace/rustup-home" "/workspace/cargo-home/bin/cargo" "+beta-2023-12-22" "metadata" "--manifest-path" "Cargo.toml" "--no-deps", kill_on_drop: false }`
[INFO] started tweaking crates.io crate templates 0.7.3
[INFO] finished tweaking crates.io crate templates 0.7.3
[INFO] tweaked toml for crates.io crate templates 0.7.3 written to /workspace/builds/worker-6-tc2/source/Cargo.toml
[INFO] crate crates.io crate templates 0.7.3 already has a lockfile, it will not be regenerated
[INFO] running `Command { std: CARGO_HOME="/workspace/cargo-home" RUSTUP_HOME="/workspace/rustup-home" "/workspace/cargo-home/bin/cargo" "+beta-2023-12-22" "fetch" "--manifest-path" "Cargo.toml", kill_on_drop: false }`
[INFO] running `Command { std: "docker" "create" "-v" "/var/lib/crater-agent-workspace/builds/worker-6-tc2/target:/opt/rustwide/target:rw,Z" "-v" "/var/lib/crater-agent-workspace/builds/worker-6-tc2/source:/opt/rustwide/workdir:ro,Z" "-v" "/var/lib/crater-agent-workspace/cargo-home:/opt/rustwide/cargo-home:ro,Z" "-v" "/var/lib/crater-agent-workspace/rustup-home:/opt/rustwide/rustup-home:ro,Z" "-e" "SOURCE_DIR=/opt/rustwide/workdir" "-e" "CARGO_TARGET_DIR=/opt/rustwide/target" "-e" "CARGO_HOME=/opt/rustwide/cargo-home" "-e" "RUSTUP_HOME=/opt/rustwide/rustup-home" "-w" "/opt/rustwide/workdir" "-m" "1610612736" "--user" "0:0" "--network" "none" "ghcr.io/rust-lang/crates-build-env/linux@sha256:2788e3201cd34a07e3172128adcd8b3090168a8e3bcc40d7c032b9dda1df7d1c" "/opt/rustwide/cargo-home/bin/cargo" "+beta-2023-12-22" "metadata" "--no-deps" "--format-version=1", kill_on_drop: false }`
[INFO] [stdout] 731cc43ea59acda90d70bce1423a3597df07687b7b20dd6d9d776b4a67c53ac6
[INFO] running `Command { std: "docker" "start" "-a" "731cc43ea59acda90d70bce1423a3597df07687b7b20dd6d9d776b4a67c53ac6", kill_on_drop: false }`
[INFO] running `Command { std: "docker" "inspect" "731cc43ea59acda90d70bce1423a3597df07687b7b20dd6d9d776b4a67c53ac6", kill_on_drop: false }`
[INFO] running `Command { std: "docker" "rm" "-f" "731cc43ea59acda90d70bce1423a3597df07687b7b20dd6d9d776b4a67c53ac6", kill_on_drop: false }`
[INFO] [stdout] 731cc43ea59acda90d70bce1423a3597df07687b7b20dd6d9d776b4a67c53ac6
[INFO] running `Command { std: "docker" "create" "-v" "/var/lib/crater-agent-workspace/builds/worker-6-tc2/target:/opt/rustwide/target:rw,Z" "-v" "/var/lib/crater-agent-workspace/builds/worker-6-tc2/source:/opt/rustwide/workdir:ro,Z" "-v" "/var/lib/crater-agent-workspace/cargo-home:/opt/rustwide/cargo-home:ro,Z" "-v" "/var/lib/crater-agent-workspace/rustup-home:/opt/rustwide/rustup-home:ro,Z" "-e" "SOURCE_DIR=/opt/rustwide/workdir" "-e" "CARGO_TARGET_DIR=/opt/rustwide/target" "-e" "CARGO_INCREMENTAL=0" "-e" "RUST_BACKTRACE=full" "-e" "RUSTFLAGS=--cap-lints=warn" "-e" "RUSTDOCFLAGS=--cap-lints=warn" "-e" "CARGO_HOME=/opt/rustwide/cargo-home" "-e" "RUSTUP_HOME=/opt/rustwide/rustup-home" "-w" "/opt/rustwide/workdir" "-m" "1610612736" "--user" "0:0" "--network" "none" "ghcr.io/rust-lang/crates-build-env/linux@sha256:2788e3201cd34a07e3172128adcd8b3090168a8e3bcc40d7c032b9dda1df7d1c" "/opt/rustwide/cargo-home/bin/cargo" "+beta-2023-12-22" "build" "--frozen" "--message-format=json", kill_on_drop: false }`
[INFO] [stdout] 1bb9867d15f940fa493a7cf5bd7614640ce85947a54a1b1ea56d80c12d2c69ed
[INFO] running `Command { std: "docker" "start" "-a" "1bb9867d15f940fa493a7cf5bd7614640ce85947a54a1b1ea56d80c12d2c69ed", kill_on_drop: false }`
[INFO] [stderr]    Compiling proc-macro2 v1.0.69
[INFO] [stderr]    Compiling anstyle-query v1.0.0
[INFO] [stderr]    Compiling colorchoice v1.0.0
[INFO] [stderr]    Compiling serde v1.0.189
[INFO] [stderr]    Compiling anstyle v1.0.4
[INFO] [stderr]    Compiling clap_lex v0.5.1
[INFO] [stderr]    Compiling strsim v0.10.0
[INFO] [stderr]    Compiling anstyle-parse v0.2.2
[INFO] [stderr]    Compiling serde_json v1.0.107
[INFO] [stderr]    Compiling anyhow v1.0.75
[INFO] [stderr]    Compiling anstream v0.6.4
[INFO] [stderr]    Compiling heck v0.4.1
[INFO] [stderr]    Compiling ryu v1.0.15
[INFO] [stderr]    Compiling itoa v1.0.9
[INFO] [stderr]    Compiling clap_builder v4.4.6
[INFO] [stderr]    Compiling quote v1.0.33
[INFO] [stderr]    Compiling syn v2.0.38
[INFO] [stderr]    Compiling serde_derive v1.0.189
[INFO] [stderr]    Compiling clap_derive v4.4.2
[INFO] [stderr]    Compiling clap v4.4.6
[INFO] [stderr]    Compiling templates v0.7.3 (/opt/rustwide/workdir)
[INFO] [stderr]     Finished dev [unoptimized + debuginfo] target(s) in 10.79s
[INFO] running `Command { std: "docker" "inspect" "1bb9867d15f940fa493a7cf5bd7614640ce85947a54a1b1ea56d80c12d2c69ed", kill_on_drop: false }`
[INFO] running `Command { std: "docker" "rm" "-f" "1bb9867d15f940fa493a7cf5bd7614640ce85947a54a1b1ea56d80c12d2c69ed", kill_on_drop: false }`
[INFO] [stdout] 1bb9867d15f940fa493a7cf5bd7614640ce85947a54a1b1ea56d80c12d2c69ed
[INFO] running `Command { std: "docker" "create" "-v" "/var/lib/crater-agent-workspace/builds/worker-6-tc2/target:/opt/rustwide/target:rw,Z" "-v" "/var/lib/crater-agent-workspace/builds/worker-6-tc2/source:/opt/rustwide/workdir:ro,Z" "-v" "/var/lib/crater-agent-workspace/cargo-home:/opt/rustwide/cargo-home:ro,Z" "-v" "/var/lib/crater-agent-workspace/rustup-home:/opt/rustwide/rustup-home:ro,Z" "-e" "SOURCE_DIR=/opt/rustwide/workdir" "-e" "CARGO_TARGET_DIR=/opt/rustwide/target" "-e" "CARGO_INCREMENTAL=0" "-e" "RUST_BACKTRACE=full" "-e" "RUSTFLAGS=--cap-lints=warn" "-e" "RUSTDOCFLAGS=--cap-lints=warn" "-e" "CARGO_HOME=/opt/rustwide/cargo-home" "-e" "RUSTUP_HOME=/opt/rustwide/rustup-home" "-w" "/opt/rustwide/workdir" "-m" "1610612736" "--user" "0:0" "--network" "none" "ghcr.io/rust-lang/crates-build-env/linux@sha256:2788e3201cd34a07e3172128adcd8b3090168a8e3bcc40d7c032b9dda1df7d1c" "/opt/rustwide/cargo-home/bin/cargo" "+beta-2023-12-22" "test" "--frozen" "--no-run" "--message-format=json", kill_on_drop: false }`
[INFO] [stdout] 2b60d5d0b8c6d721285e74a5c6e7a71abaffa30899b1e9339d728b3e154a41a9
[INFO] running `Command { std: "docker" "start" "-a" "2b60d5d0b8c6d721285e74a5c6e7a71abaffa30899b1e9339d728b3e154a41a9", kill_on_drop: false }`
[INFO] [stderr]    Compiling templates v0.7.3 (/opt/rustwide/workdir)
[INFO] [stderr]     Finished test [unoptimized + debuginfo] target(s) in 0.95s
[INFO] running `Command { std: "docker" "inspect" "2b60d5d0b8c6d721285e74a5c6e7a71abaffa30899b1e9339d728b3e154a41a9", kill_on_drop: false }`
[INFO] running `Command { std: "docker" "rm" "-f" "2b60d5d0b8c6d721285e74a5c6e7a71abaffa30899b1e9339d728b3e154a41a9", kill_on_drop: false }`
[INFO] [stdout] 2b60d5d0b8c6d721285e74a5c6e7a71abaffa30899b1e9339d728b3e154a41a9
[INFO] running `Command { std: "docker" "create" "-v" "/var/lib/crater-agent-workspace/builds/worker-6-tc2/target:/opt/rustwide/target:rw,Z" "-v" "/var/lib/crater-agent-workspace/builds/worker-6-tc2/source:/opt/rustwide/workdir:ro,Z" "-v" "/var/lib/crater-agent-workspace/cargo-home:/opt/rustwide/cargo-home:ro,Z" "-v" "/var/lib/crater-agent-workspace/rustup-home:/opt/rustwide/rustup-home:ro,Z" "-e" "SOURCE_DIR=/opt/rustwide/workdir" "-e" "CARGO_TARGET_DIR=/opt/rustwide/target" "-e" "CARGO_INCREMENTAL=0" "-e" "RUST_BACKTRACE=full" "-e" "RUSTFLAGS=--cap-lints=warn" "-e" "RUSTDOCFLAGS=--cap-lints=warn" "-e" "CARGO_HOME=/opt/rustwide/cargo-home" "-e" "RUSTUP_HOME=/opt/rustwide/rustup-home" "-w" "/opt/rustwide/workdir" "-m" "1610612736" "--user" "0:0" "--network" "none" "ghcr.io/rust-lang/crates-build-env/linux@sha256:2788e3201cd34a07e3172128adcd8b3090168a8e3bcc40d7c032b9dda1df7d1c" "/opt/rustwide/cargo-home/bin/cargo" "+beta-2023-12-22" "test" "--frozen", kill_on_drop: false }`
[INFO] [stdout] 382ef628976606e60e9870e1878866696eac99262991eca6b05e7e117874ff7f
[INFO] running `Command { std: "docker" "start" "-a" "382ef628976606e60e9870e1878866696eac99262991eca6b05e7e117874ff7f", kill_on_drop: false }`
[INFO] [stderr]     Finished test [unoptimized + debuginfo] target(s) in 0.03s
[INFO] [stderr]      Running unittests src/lib.rs (/opt/rustwide/target/debug/deps/templates-8a85036a542c76ab)
[INFO] [stdout] 
[INFO] [stdout] running 2 tests
[INFO] [stdout] test setup::test::setup_print ... FAILED
[INFO] [stdout] test setup::test::setup_set ... ok
[INFO] [stdout] 
[INFO] [stdout] failures:
[INFO] [stdout] 
[INFO] [stdout] ---- setup::test::setup_print stdout ----
[INFO] [stdout] Error: Config file not created
[INFO] [stdout] 
[INFO] [stdout] Caused by:
[INFO] [stdout]     No such file or directory (os error 2)
[INFO] [stdout] 
[INFO] [stdout] 
[INFO] [stdout] failures:
[INFO] [stdout]     setup::test::setup_print
[INFO] [stdout] 
[INFO] [stdout] test result: FAILED. 1 passed; 1 failed; 0 ignored; 0 measured; 0 filtered out; finished in 0.01s
[INFO] [stdout] 
[INFO] [stderr] error: test failed, to rerun pass `--lib`
[INFO] running `Command { std: "docker" "inspect" "382ef628976606e60e9870e1878866696eac99262991eca6b05e7e117874ff7f", kill_on_drop: false }`
[INFO] running `Command { std: "docker" "rm" "-f" "382ef628976606e60e9870e1878866696eac99262991eca6b05e7e117874ff7f", kill_on_drop: false }`
[INFO] [stdout] 382ef628976606e60e9870e1878866696eac99262991eca6b05e7e117874ff7f
