[INFO] fetching crate telexide_proc_macros 0.1.2...
[INFO] testing telexide_proc_macros-0.1.2 against 1.75.0 for beta-1.76-1
[INFO] extracting crate telexide_proc_macros 0.1.2 into /workspace/builds/worker-1-tc1/source
[INFO] validating manifest of crates.io crate telexide_proc_macros 0.1.2 on toolchain 1.75.0
[INFO] running `Command { std: CARGO_HOME="/workspace/cargo-home" RUSTUP_HOME="/workspace/rustup-home" "/workspace/cargo-home/bin/cargo" "+1.75.0" "metadata" "--manifest-path" "Cargo.toml" "--no-deps", kill_on_drop: false }`
[INFO] started tweaking crates.io crate telexide_proc_macros 0.1.2
[INFO] finished tweaking crates.io crate telexide_proc_macros 0.1.2
[INFO] tweaked toml for crates.io crate telexide_proc_macros 0.1.2 written to /workspace/builds/worker-1-tc1/source/Cargo.toml
[INFO] running `Command { std: CARGO_HOME="/workspace/cargo-home" RUSTUP_HOME="/workspace/rustup-home" "/workspace/cargo-home/bin/cargo" "+1.75.0" "generate-lockfile" "--manifest-path" "Cargo.toml", kill_on_drop: false }`
[INFO] [stderr]     Updating crates.io index
[INFO] running `Command { std: CARGO_HOME="/workspace/cargo-home" RUSTUP_HOME="/workspace/rustup-home" "/workspace/cargo-home/bin/cargo" "+1.75.0" "fetch" "--manifest-path" "Cargo.toml", kill_on_drop: false }`
[INFO] running `Command { std: "docker" "create" "-v" "/var/lib/crater-agent-workspace/builds/worker-1-tc1/target:/opt/rustwide/target:rw,Z" "-v" "/var/lib/crater-agent-workspace/builds/worker-1-tc1/source:/opt/rustwide/workdir:ro,Z" "-v" "/var/lib/crater-agent-workspace/cargo-home:/opt/rustwide/cargo-home:ro,Z" "-v" "/var/lib/crater-agent-workspace/rustup-home:/opt/rustwide/rustup-home:ro,Z" "-e" "SOURCE_DIR=/opt/rustwide/workdir" "-e" "CARGO_TARGET_DIR=/opt/rustwide/target" "-e" "CARGO_HOME=/opt/rustwide/cargo-home" "-e" "RUSTUP_HOME=/opt/rustwide/rustup-home" "-w" "/opt/rustwide/workdir" "-m" "1610612736" "--user" "0:0" "--network" "none" "ghcr.io/rust-lang/crates-build-env/linux@sha256:2788e3201cd34a07e3172128adcd8b3090168a8e3bcc40d7c032b9dda1df7d1c" "/opt/rustwide/cargo-home/bin/cargo" "+1.75.0" "metadata" "--no-deps" "--format-version=1", kill_on_drop: false }`
[INFO] [stdout] cd8617fcb471dc5291ed592dab9bc0cb0191509b8721f01179bdeb3418dee74e
[INFO] running `Command { std: "docker" "start" "-a" "cd8617fcb471dc5291ed592dab9bc0cb0191509b8721f01179bdeb3418dee74e", kill_on_drop: false }`
[INFO] running `Command { std: "docker" "inspect" "cd8617fcb471dc5291ed592dab9bc0cb0191509b8721f01179bdeb3418dee74e", kill_on_drop: false }`
[INFO] running `Command { std: "docker" "rm" "-f" "cd8617fcb471dc5291ed592dab9bc0cb0191509b8721f01179bdeb3418dee74e", kill_on_drop: false }`
[INFO] [stdout] cd8617fcb471dc5291ed592dab9bc0cb0191509b8721f01179bdeb3418dee74e
[INFO] running `Command { std: "docker" "create" "-v" "/var/lib/crater-agent-workspace/builds/worker-1-tc1/target:/opt/rustwide/target:rw,Z" "-v" "/var/lib/crater-agent-workspace/builds/worker-1-tc1/source:/opt/rustwide/workdir:ro,Z" "-v" "/var/lib/crater-agent-workspace/cargo-home:/opt/rustwide/cargo-home:ro,Z" "-v" "/var/lib/crater-agent-workspace/rustup-home:/opt/rustwide/rustup-home:ro,Z" "-e" "SOURCE_DIR=/opt/rustwide/workdir" "-e" "CARGO_TARGET_DIR=/opt/rustwide/target" "-e" "CARGO_INCREMENTAL=0" "-e" "RUST_BACKTRACE=full" "-e" "RUSTFLAGS=--cap-lints=warn" "-e" "RUSTDOCFLAGS=--cap-lints=warn" "-e" "CARGO_HOME=/opt/rustwide/cargo-home" "-e" "RUSTUP_HOME=/opt/rustwide/rustup-home" "-w" "/opt/rustwide/workdir" "-m" "1610612736" "--user" "0:0" "--network" "none" "ghcr.io/rust-lang/crates-build-env/linux@sha256:2788e3201cd34a07e3172128adcd8b3090168a8e3bcc40d7c032b9dda1df7d1c" "/opt/rustwide/cargo-home/bin/cargo" "+1.75.0" "build" "--frozen" "--message-format=json", kill_on_drop: false }`
[INFO] [stdout] 3eb5b29b70311ce0f50607ae284415852a90187d218bf98d0b456e2dfbe8c913
[INFO] running `Command { std: "docker" "start" "-a" "3eb5b29b70311ce0f50607ae284415852a90187d218bf98d0b456e2dfbe8c913", kill_on_drop: false }`
[INFO] [stderr]    Compiling syn v2.0.48
[INFO] [stderr]    Compiling telexide_proc_macros v0.1.2 (/opt/rustwide/workdir)
[INFO] [stderr]     Finished dev [unoptimized + debuginfo] target(s) in 4.34s
[INFO] running `Command { std: "docker" "inspect" "3eb5b29b70311ce0f50607ae284415852a90187d218bf98d0b456e2dfbe8c913", kill_on_drop: false }`
[INFO] running `Command { std: "docker" "rm" "-f" "3eb5b29b70311ce0f50607ae284415852a90187d218bf98d0b456e2dfbe8c913", kill_on_drop: false }`
[INFO] [stdout] 3eb5b29b70311ce0f50607ae284415852a90187d218bf98d0b456e2dfbe8c913
[INFO] running `Command { std: "docker" "create" "-v" "/var/lib/crater-agent-workspace/builds/worker-1-tc1/target:/opt/rustwide/target:rw,Z" "-v" "/var/lib/crater-agent-workspace/builds/worker-1-tc1/source:/opt/rustwide/workdir:ro,Z" "-v" "/var/lib/crater-agent-workspace/cargo-home:/opt/rustwide/cargo-home:ro,Z" "-v" "/var/lib/crater-agent-workspace/rustup-home:/opt/rustwide/rustup-home:ro,Z" "-e" "SOURCE_DIR=/opt/rustwide/workdir" "-e" "CARGO_TARGET_DIR=/opt/rustwide/target" "-e" "CARGO_INCREMENTAL=0" "-e" "RUST_BACKTRACE=full" "-e" "RUSTFLAGS=--cap-lints=warn" "-e" "RUSTDOCFLAGS=--cap-lints=warn" "-e" "CARGO_HOME=/opt/rustwide/cargo-home" "-e" "RUSTUP_HOME=/opt/rustwide/rustup-home" "-w" "/opt/rustwide/workdir" "-m" "1610612736" "--user" "0:0" "--network" "none" "ghcr.io/rust-lang/crates-build-env/linux@sha256:2788e3201cd34a07e3172128adcd8b3090168a8e3bcc40d7c032b9dda1df7d1c" "/opt/rustwide/cargo-home/bin/cargo" "+1.75.0" "test" "--frozen" "--no-run" "--message-format=json", kill_on_drop: false }`
[INFO] [stdout] d2503c852d8b79052b00a788bdc6e650c9a4223e34a4cdd21226ff4e0e0c6230
[INFO] running `Command { std: "docker" "start" "-a" "d2503c852d8b79052b00a788bdc6e650c9a4223e34a4cdd21226ff4e0e0c6230", kill_on_drop: false }`
[INFO] [stderr]    Compiling telexide_proc_macros v0.1.2 (/opt/rustwide/workdir)
[INFO] [stderr]     Finished test [unoptimized + debuginfo] target(s) in 0.77s
[INFO] running `Command { std: "docker" "inspect" "d2503c852d8b79052b00a788bdc6e650c9a4223e34a4cdd21226ff4e0e0c6230", kill_on_drop: false }`
[INFO] running `Command { std: "docker" "rm" "-f" "d2503c852d8b79052b00a788bdc6e650c9a4223e34a4cdd21226ff4e0e0c6230", kill_on_drop: false }`
[INFO] [stdout] d2503c852d8b79052b00a788bdc6e650c9a4223e34a4cdd21226ff4e0e0c6230
[INFO] running `Command { std: "docker" "create" "-v" "/var/lib/crater-agent-workspace/builds/worker-1-tc1/target:/opt/rustwide/target:rw,Z" "-v" "/var/lib/crater-agent-workspace/builds/worker-1-tc1/source:/opt/rustwide/workdir:ro,Z" "-v" "/var/lib/crater-agent-workspace/cargo-home:/opt/rustwide/cargo-home:ro,Z" "-v" "/var/lib/crater-agent-workspace/rustup-home:/opt/rustwide/rustup-home:ro,Z" "-e" "SOURCE_DIR=/opt/rustwide/workdir" "-e" "CARGO_TARGET_DIR=/opt/rustwide/target" "-e" "CARGO_INCREMENTAL=0" "-e" "RUST_BACKTRACE=full" "-e" "RUSTFLAGS=--cap-lints=warn" "-e" "RUSTDOCFLAGS=--cap-lints=warn" "-e" "CARGO_HOME=/opt/rustwide/cargo-home" "-e" "RUSTUP_HOME=/opt/rustwide/rustup-home" "-w" "/opt/rustwide/workdir" "-m" "1610612736" "--user" "0:0" "--network" "none" "ghcr.io/rust-lang/crates-build-env/linux@sha256:2788e3201cd34a07e3172128adcd8b3090168a8e3bcc40d7c032b9dda1df7d1c" "/opt/rustwide/cargo-home/bin/cargo" "+1.75.0" "test" "--frozen", kill_on_drop: false }`
[INFO] [stdout] 08604e9887ac376b1f7084de5274d7109a3b740c3209de3b321501e73cd9b516
[INFO] running `Command { std: "docker" "start" "-a" "08604e9887ac376b1f7084de5274d7109a3b740c3209de3b321501e73cd9b516", kill_on_drop: false }`
[INFO] [stderr]     Finished test [unoptimized + debuginfo] target(s) in 0.01s
[INFO] [stderr]      Running unittests src/lib.rs (/opt/rustwide/target/debug/deps/telexide_proc_macros-2f722fc04f1208ba)
[INFO] [stdout] 
[INFO] [stdout] running 0 tests
[INFO] [stdout] 
[INFO] [stdout] test result: ok. 0 passed; 0 failed; 0 ignored; 0 measured; 0 filtered out; finished in 0.00s
[INFO] [stdout] 
[INFO] [stderr]    Doc-tests telexide_proc_macros
[INFO] [stdout] 
[INFO] [stdout] running 1 test
[INFO] [stdout] test src/lib.rs - command (line 42) ... FAILED
[INFO] [stdout] 
[INFO] [stdout] failures:
[INFO] [stdout] 
[INFO] [stdout] ---- src/lib.rs - command (line 42) stdout ----
[INFO] [stdout] error: expected parameter name, found `-`
[INFO] [stdout]  --> src/lib.rs:46:3
[INFO] [stdout]   |
[INFO] [stdout] 4 | | Option      | Usage                            | Description
[INFO] [stdout]   | --------------- while parsing the body of this closure
[INFO] [stdout] 5 | |
[INFO] [stdout] 6 | |-------------|----------------------------------|---------------------------------------------------------------------------------------...
[INFO] [stdout]   |   ^ expected parameter name
[INFO] [stdout]   |
[INFO] [stdout] help: you might have meant to open the body of the closure, instead of enclosing the closure in a block
[INFO] [stdout]   |
[INFO] [stdout] 3 ~ fn main() { #[allow(non_snake_case)] fn _doctest_main_src_lib_rs_42_0() 
[INFO] [stdout] 4 ~ | Option      | { Usage                            | Description
[INFO] [stdout]   |
[INFO] [stdout] 
[INFO] [stdout] error: aborting due to previous error
[INFO] [stdout] 
[INFO] [stdout] Couldn't compile the test.
[INFO] [stdout] 
[INFO] [stdout] failures:
[INFO] [stdout]     src/lib.rs - command (line 42)
[INFO] [stdout] 
[INFO] [stdout] test result: FAILED. 0 passed; 1 failed; 0 ignored; 0 measured; 0 filtered out; finished in 0.03s
[INFO] [stdout] 
[INFO] [stderr] error: doctest failed, to rerun pass `--doc`
[INFO] running `Command { std: "docker" "inspect" "08604e9887ac376b1f7084de5274d7109a3b740c3209de3b321501e73cd9b516", kill_on_drop: false }`
[INFO] running `Command { std: "docker" "rm" "-f" "08604e9887ac376b1f7084de5274d7109a3b740c3209de3b321501e73cd9b516", kill_on_drop: false }`
[INFO] [stdout] 08604e9887ac376b1f7084de5274d7109a3b740c3209de3b321501e73cd9b516
[INFO] testing telexide_proc_macros-0.1.2 against beta-2023-12-22 for beta-1.76-1
[INFO] extracting crate telexide_proc_macros 0.1.2 into /workspace/builds/worker-1-tc2/source
[INFO] validating manifest of crates.io crate telexide_proc_macros 0.1.2 on toolchain beta-2023-12-22
[INFO] running `Command { std: CARGO_HOME="/workspace/cargo-home" RUSTUP_HOME="/workspace/rustup-home" "/workspace/cargo-home/bin/cargo" "+beta-2023-12-22" "metadata" "--manifest-path" "Cargo.toml" "--no-deps", kill_on_drop: false }`
[INFO] started tweaking crates.io crate telexide_proc_macros 0.1.2
[INFO] finished tweaking crates.io crate telexide_proc_macros 0.1.2
[INFO] tweaked toml for crates.io crate telexide_proc_macros 0.1.2 written to /workspace/builds/worker-1-tc2/source/Cargo.toml
[INFO] running `Command { std: CARGO_HOME="/workspace/cargo-home" RUSTUP_HOME="/workspace/rustup-home" "/workspace/cargo-home/bin/cargo" "+beta-2023-12-22" "generate-lockfile" "--manifest-path" "Cargo.toml", kill_on_drop: false }`
[INFO] [stderr]     Updating crates.io index
[INFO] running `Command { std: CARGO_HOME="/workspace/cargo-home" RUSTUP_HOME="/workspace/rustup-home" "/workspace/cargo-home/bin/cargo" "+beta-2023-12-22" "fetch" "--manifest-path" "Cargo.toml", kill_on_drop: false }`
[INFO] running `Command { std: "docker" "create" "-v" "/var/lib/crater-agent-workspace/builds/worker-1-tc2/target:/opt/rustwide/target:rw,Z" "-v" "/var/lib/crater-agent-workspace/builds/worker-1-tc2/source:/opt/rustwide/workdir:ro,Z" "-v" "/var/lib/crater-agent-workspace/cargo-home:/opt/rustwide/cargo-home:ro,Z" "-v" "/var/lib/crater-agent-workspace/rustup-home:/opt/rustwide/rustup-home:ro,Z" "-e" "SOURCE_DIR=/opt/rustwide/workdir" "-e" "CARGO_TARGET_DIR=/opt/rustwide/target" "-e" "CARGO_HOME=/opt/rustwide/cargo-home" "-e" "RUSTUP_HOME=/opt/rustwide/rustup-home" "-w" "/opt/rustwide/workdir" "-m" "1610612736" "--user" "0:0" "--network" "none" "ghcr.io/rust-lang/crates-build-env/linux@sha256:2788e3201cd34a07e3172128adcd8b3090168a8e3bcc40d7c032b9dda1df7d1c" "/opt/rustwide/cargo-home/bin/cargo" "+beta-2023-12-22" "metadata" "--no-deps" "--format-version=1", kill_on_drop: false }`
[INFO] [stdout] 38e88556bc14e905780041b76d0dc3ec7ae39d2f57325dd53238e25ba7e2835f
[INFO] running `Command { std: "docker" "start" "-a" "38e88556bc14e905780041b76d0dc3ec7ae39d2f57325dd53238e25ba7e2835f", kill_on_drop: false }`
[INFO] running `Command { std: "docker" "inspect" "38e88556bc14e905780041b76d0dc3ec7ae39d2f57325dd53238e25ba7e2835f", kill_on_drop: false }`
[INFO] running `Command { std: "docker" "rm" "-f" "38e88556bc14e905780041b76d0dc3ec7ae39d2f57325dd53238e25ba7e2835f", kill_on_drop: false }`
[INFO] [stdout] 38e88556bc14e905780041b76d0dc3ec7ae39d2f57325dd53238e25ba7e2835f
[INFO] running `Command { std: "docker" "create" "-v" "/var/lib/crater-agent-workspace/builds/worker-1-tc2/target:/opt/rustwide/target:rw,Z" "-v" "/var/lib/crater-agent-workspace/builds/worker-1-tc2/source:/opt/rustwide/workdir:ro,Z" "-v" "/var/lib/crater-agent-workspace/cargo-home:/opt/rustwide/cargo-home:ro,Z" "-v" "/var/lib/crater-agent-workspace/rustup-home:/opt/rustwide/rustup-home:ro,Z" "-e" "SOURCE_DIR=/opt/rustwide/workdir" "-e" "CARGO_TARGET_DIR=/opt/rustwide/target" "-e" "CARGO_INCREMENTAL=0" "-e" "RUST_BACKTRACE=full" "-e" "RUSTFLAGS=--cap-lints=warn" "-e" "RUSTDOCFLAGS=--cap-lints=warn" "-e" "CARGO_HOME=/opt/rustwide/cargo-home" "-e" "RUSTUP_HOME=/opt/rustwide/rustup-home" "-w" "/opt/rustwide/workdir" "-m" "1610612736" "--user" "0:0" "--network" "none" "ghcr.io/rust-lang/crates-build-env/linux@sha256:2788e3201cd34a07e3172128adcd8b3090168a8e3bcc40d7c032b9dda1df7d1c" "/opt/rustwide/cargo-home/bin/cargo" "+beta-2023-12-22" "build" "--frozen" "--message-format=json", kill_on_drop: false }`
[INFO] [stdout] 8e2dab4c44ebc1f0eaccf621479ca29fb4885ed2c230f514a6235422dbde5f4e
[INFO] running `Command { std: "docker" "start" "-a" "8e2dab4c44ebc1f0eaccf621479ca29fb4885ed2c230f514a6235422dbde5f4e", kill_on_drop: false }`
[INFO] [stderr]    Compiling syn v2.0.48
[INFO] [stderr]    Compiling telexide_proc_macros v0.1.2 (/opt/rustwide/workdir)
[INFO] [stderr]     Finished dev [unoptimized + debuginfo] target(s) in 4.67s
[INFO] running `Command { std: "docker" "inspect" "8e2dab4c44ebc1f0eaccf621479ca29fb4885ed2c230f514a6235422dbde5f4e", kill_on_drop: false }`
[INFO] running `Command { std: "docker" "rm" "-f" "8e2dab4c44ebc1f0eaccf621479ca29fb4885ed2c230f514a6235422dbde5f4e", kill_on_drop: false }`
[INFO] [stdout] 8e2dab4c44ebc1f0eaccf621479ca29fb4885ed2c230f514a6235422dbde5f4e
[INFO] running `Command { std: "docker" "create" "-v" "/var/lib/crater-agent-workspace/builds/worker-1-tc2/target:/opt/rustwide/target:rw,Z" "-v" "/var/lib/crater-agent-workspace/builds/worker-1-tc2/source:/opt/rustwide/workdir:ro,Z" "-v" "/var/lib/crater-agent-workspace/cargo-home:/opt/rustwide/cargo-home:ro,Z" "-v" "/var/lib/crater-agent-workspace/rustup-home:/opt/rustwide/rustup-home:ro,Z" "-e" "SOURCE_DIR=/opt/rustwide/workdir" "-e" "CARGO_TARGET_DIR=/opt/rustwide/target" "-e" "CARGO_INCREMENTAL=0" "-e" "RUST_BACKTRACE=full" "-e" "RUSTFLAGS=--cap-lints=warn" "-e" "RUSTDOCFLAGS=--cap-lints=warn" "-e" "CARGO_HOME=/opt/rustwide/cargo-home" "-e" "RUSTUP_HOME=/opt/rustwide/rustup-home" "-w" "/opt/rustwide/workdir" "-m" "1610612736" "--user" "0:0" "--network" "none" "ghcr.io/rust-lang/crates-build-env/linux@sha256:2788e3201cd34a07e3172128adcd8b3090168a8e3bcc40d7c032b9dda1df7d1c" "/opt/rustwide/cargo-home/bin/cargo" "+beta-2023-12-22" "test" "--frozen" "--no-run" "--message-format=json", kill_on_drop: false }`
[INFO] [stdout] 39cb414b0febaf7a37ee72f8e6f69048f92c978547675592778e1dc946bcb64f
[INFO] running `Command { std: "docker" "start" "-a" "39cb414b0febaf7a37ee72f8e6f69048f92c978547675592778e1dc946bcb64f", kill_on_drop: false }`
[INFO] [stderr]    Compiling telexide_proc_macros v0.1.2 (/opt/rustwide/workdir)
[INFO] [stderr]     Finished test [unoptimized + debuginfo] target(s) in 0.77s
[INFO] running `Command { std: "docker" "inspect" "39cb414b0febaf7a37ee72f8e6f69048f92c978547675592778e1dc946bcb64f", kill_on_drop: false }`
[INFO] running `Command { std: "docker" "rm" "-f" "39cb414b0febaf7a37ee72f8e6f69048f92c978547675592778e1dc946bcb64f", kill_on_drop: false }`
[INFO] [stdout] 39cb414b0febaf7a37ee72f8e6f69048f92c978547675592778e1dc946bcb64f
[INFO] running `Command { std: "docker" "create" "-v" "/var/lib/crater-agent-workspace/builds/worker-1-tc2/target:/opt/rustwide/target:rw,Z" "-v" "/var/lib/crater-agent-workspace/builds/worker-1-tc2/source:/opt/rustwide/workdir:ro,Z" "-v" "/var/lib/crater-agent-workspace/cargo-home:/opt/rustwide/cargo-home:ro,Z" "-v" "/var/lib/crater-agent-workspace/rustup-home:/opt/rustwide/rustup-home:ro,Z" "-e" "SOURCE_DIR=/opt/rustwide/workdir" "-e" "CARGO_TARGET_DIR=/opt/rustwide/target" "-e" "CARGO_INCREMENTAL=0" "-e" "RUST_BACKTRACE=full" "-e" "RUSTFLAGS=--cap-lints=warn" "-e" "RUSTDOCFLAGS=--cap-lints=warn" "-e" "CARGO_HOME=/opt/rustwide/cargo-home" "-e" "RUSTUP_HOME=/opt/rustwide/rustup-home" "-w" "/opt/rustwide/workdir" "-m" "1610612736" "--user" "0:0" "--network" "none" "ghcr.io/rust-lang/crates-build-env/linux@sha256:2788e3201cd34a07e3172128adcd8b3090168a8e3bcc40d7c032b9dda1df7d1c" "/opt/rustwide/cargo-home/bin/cargo" "+beta-2023-12-22" "test" "--frozen", kill_on_drop: false }`
[INFO] [stdout] 00fe397c234774acb9e2178ca4dfad6c57968c1ca76d7c47650eae57e312fcfb
[INFO] running `Command { std: "docker" "start" "-a" "00fe397c234774acb9e2178ca4dfad6c57968c1ca76d7c47650eae57e312fcfb", kill_on_drop: false }`
[INFO] [stderr]     Finished test [unoptimized + debuginfo] target(s) in 0.01s
[INFO] [stderr]      Running unittests src/lib.rs (/opt/rustwide/target/debug/deps/telexide_proc_macros-09c6e47f38f06cb5)
[INFO] [stdout] 
[INFO] [stdout] running 0 tests
[INFO] [stdout] 
[INFO] [stdout] test result: ok. 0 passed; 0 failed; 0 ignored; 0 measured; 0 filtered out; finished in 0.00s
[INFO] [stdout] 
[INFO] [stderr]    Doc-tests telexide_proc_macros
[INFO] [stdout] 
[INFO] [stdout] running 1 test
[INFO] [stdout] test src/lib.rs - command (line 42) ... FAILED
[INFO] [stdout] 
[INFO] [stdout] failures:
[INFO] [stdout] 
[INFO] [stdout] ---- src/lib.rs - command (line 42) stdout ----
[INFO] [stdout] error: expected parameter name, found `-`
[INFO] [stdout]  --> src/lib.rs:46:3
[INFO] [stdout]   |
[INFO] [stdout] 4 | | Option      | Usage                            | Description
[INFO] [stdout]   | --------------- while parsing the body of this closure
[INFO] [stdout] 5 | |
[INFO] [stdout] 6 | |-------------|----------------------------------|---------------------------------------------------------------------------------------...
[INFO] [stdout]   |   ^ expected parameter name
[INFO] [stdout]   |
[INFO] [stdout] help: you might have meant to open the body of the closure, instead of enclosing the closure in a block
[INFO] [stdout]   |
[INFO] [stdout] 3 ~ fn main() { #[allow(non_snake_case)] fn _doctest_main_src_lib_rs_42_0() 
[INFO] [stdout] 4 ~ | Option      | { Usage                            | Description
[INFO] [stdout]   |
[INFO] [stdout] 
[INFO] [stdout] error: aborting due to 1 previous error
[INFO] [stdout] 
[INFO] [stdout] Couldn't compile the test.
[INFO] [stdout] 
[INFO] [stdout] failures:
[INFO] [stdout]     src/lib.rs - command (line 42)
[INFO] [stdout] 
[INFO] [stdout] test result: FAILED. 0 passed; 1 failed; 0 ignored; 0 measured; 0 filtered out; finished in 0.04s
[INFO] [stdout] 
[INFO] [stderr] error: doctest failed, to rerun pass `--doc`
[INFO] running `Command { std: "docker" "inspect" "00fe397c234774acb9e2178ca4dfad6c57968c1ca76d7c47650eae57e312fcfb", kill_on_drop: false }`
[INFO] running `Command { std: "docker" "rm" "-f" "00fe397c234774acb9e2178ca4dfad6c57968c1ca76d7c47650eae57e312fcfb", kill_on_drop: false }`
[INFO] [stdout] 00fe397c234774acb9e2178ca4dfad6c57968c1ca76d7c47650eae57e312fcfb
