[INFO] fetching crate telegram-bot2 0.3.7...
[INFO] testing telegram-bot2-0.3.7 against 1.75.0 for beta-1.76-1
[INFO] extracting crate telegram-bot2 0.3.7 into /workspace/builds/worker-5-tc1/source
[INFO] validating manifest of crates.io crate telegram-bot2 0.3.7 on toolchain 1.75.0
[INFO] running `Command { std: CARGO_HOME="/workspace/cargo-home" RUSTUP_HOME="/workspace/rustup-home" "/workspace/cargo-home/bin/cargo" "+1.75.0" "metadata" "--manifest-path" "Cargo.toml" "--no-deps", kill_on_drop: false }`
[INFO] started tweaking crates.io crate telegram-bot2 0.3.7
[INFO] finished tweaking crates.io crate telegram-bot2 0.3.7
[INFO] tweaked toml for crates.io crate telegram-bot2 0.3.7 written to /workspace/builds/worker-5-tc1/source/Cargo.toml
[INFO] running `Command { std: CARGO_HOME="/workspace/cargo-home" RUSTUP_HOME="/workspace/rustup-home" "/workspace/cargo-home/bin/cargo" "+1.75.0" "generate-lockfile" "--manifest-path" "Cargo.toml", kill_on_drop: false }`
[INFO] [stderr]     Updating crates.io index
[INFO] running `Command { std: CARGO_HOME="/workspace/cargo-home" RUSTUP_HOME="/workspace/rustup-home" "/workspace/cargo-home/bin/cargo" "+1.75.0" "fetch" "--manifest-path" "Cargo.toml", kill_on_drop: false }`
[INFO] [stderr]  Downloading crates ...
[INFO] [stderr]   Downloaded telegram-bot2-macros v0.1.3
[INFO] running `Command { std: "docker" "create" "-v" "/var/lib/crater-agent-workspace/builds/worker-5-tc1/target:/opt/rustwide/target:rw,Z" "-v" "/var/lib/crater-agent-workspace/builds/worker-5-tc1/source:/opt/rustwide/workdir:ro,Z" "-v" "/var/lib/crater-agent-workspace/cargo-home:/opt/rustwide/cargo-home:ro,Z" "-v" "/var/lib/crater-agent-workspace/rustup-home:/opt/rustwide/rustup-home:ro,Z" "-e" "SOURCE_DIR=/opt/rustwide/workdir" "-e" "CARGO_TARGET_DIR=/opt/rustwide/target" "-e" "CARGO_HOME=/opt/rustwide/cargo-home" "-e" "RUSTUP_HOME=/opt/rustwide/rustup-home" "-w" "/opt/rustwide/workdir" "-m" "1610612736" "--user" "0:0" "--network" "none" "ghcr.io/rust-lang/crates-build-env/linux@sha256:2788e3201cd34a07e3172128adcd8b3090168a8e3bcc40d7c032b9dda1df7d1c" "/opt/rustwide/cargo-home/bin/cargo" "+1.75.0" "metadata" "--no-deps" "--format-version=1", kill_on_drop: false }`
[INFO] [stdout] 163e2ea2da329a8ecda5184f7ee59ad634375453e1200683d40a6f2802be6f44
[INFO] running `Command { std: "docker" "start" "-a" "163e2ea2da329a8ecda5184f7ee59ad634375453e1200683d40a6f2802be6f44", kill_on_drop: false }`
[INFO] running `Command { std: "docker" "inspect" "163e2ea2da329a8ecda5184f7ee59ad634375453e1200683d40a6f2802be6f44", kill_on_drop: false }`
[INFO] running `Command { std: "docker" "rm" "-f" "163e2ea2da329a8ecda5184f7ee59ad634375453e1200683d40a6f2802be6f44", kill_on_drop: false }`
[INFO] [stdout] 163e2ea2da329a8ecda5184f7ee59ad634375453e1200683d40a6f2802be6f44
[INFO] running `Command { std: "docker" "create" "-v" "/var/lib/crater-agent-workspace/builds/worker-5-tc1/target:/opt/rustwide/target:rw,Z" "-v" "/var/lib/crater-agent-workspace/builds/worker-5-tc1/source:/opt/rustwide/workdir:ro,Z" "-v" "/var/lib/crater-agent-workspace/cargo-home:/opt/rustwide/cargo-home:ro,Z" "-v" "/var/lib/crater-agent-workspace/rustup-home:/opt/rustwide/rustup-home:ro,Z" "-e" "SOURCE_DIR=/opt/rustwide/workdir" "-e" "CARGO_TARGET_DIR=/opt/rustwide/target" "-e" "CARGO_INCREMENTAL=0" "-e" "RUST_BACKTRACE=full" "-e" "RUSTFLAGS=--cap-lints=warn" "-e" "RUSTDOCFLAGS=--cap-lints=warn" "-e" "CARGO_HOME=/opt/rustwide/cargo-home" "-e" "RUSTUP_HOME=/opt/rustwide/rustup-home" "-w" "/opt/rustwide/workdir" "-m" "1610612736" "--user" "0:0" "--network" "none" "ghcr.io/rust-lang/crates-build-env/linux@sha256:2788e3201cd34a07e3172128adcd8b3090168a8e3bcc40d7c032b9dda1df7d1c" "/opt/rustwide/cargo-home/bin/cargo" "+1.75.0" "build" "--frozen" "--message-format=json", kill_on_drop: false }`
[INFO] [stdout] ffb8fce88b88171cd361b8611ed5d53294f896ced238bc0fab8effc1c5e59389
[INFO] running `Command { std: "docker" "start" "-a" "ffb8fce88b88171cd361b8611ed5d53294f896ced238bc0fab8effc1c5e59389", kill_on_drop: false }`
[INFO] [stderr]    Compiling libc v0.2.151
[INFO] [stderr]    Compiling parking_lot_core v0.9.9
[INFO] [stderr]    Compiling scopeguard v1.2.0
[INFO] [stderr]    Compiling smallvec v1.11.2
[INFO] [stderr]    Compiling lock_api v0.4.11
[INFO] [stderr]    Compiling unicase v2.7.0
[INFO] [stderr]    Compiling futures-task v0.3.30
[INFO] [stderr]    Compiling syn v2.0.48
[INFO] [stderr]    Compiling bitflags v2.4.1
[INFO] [stderr]    Compiling proc-macro-error-attr v1.0.4
[INFO] [stderr]    Compiling syn v1.0.109
[INFO] [stderr]    Compiling futures-channel v0.3.30
[INFO] [stderr]    Compiling proc-macro-error v1.0.4
[INFO] [stderr]    Compiling futures-util v0.3.30
[INFO] [stderr]    Compiling mime_guess v2.0.4
[INFO] [stderr]    Compiling cc v1.0.83
[INFO] [stderr]    Compiling num_cpus v1.16.0
[INFO] [stderr]    Compiling signal-hook-registry v1.4.1
[INFO] [stderr]    Compiling socket2 v0.5.5
[INFO] [stderr]    Compiling mio v0.8.10
[INFO] [stderr]    Compiling parking_lot v0.12.1
[INFO] [stderr]    Compiling openssl-sys v0.9.98
[INFO] [stderr]    Compiling openssl v0.10.62
[INFO] [stderr]    Compiling native-tls v0.2.11
[INFO] [stderr]    Compiling tokio-macros v2.2.0
[INFO] [stderr]    Compiling openssl-macros v0.1.1
[INFO] [stderr]    Compiling serde_derive v1.0.194
[INFO] [stderr]    Compiling async-trait v0.1.77
[INFO] [stderr]    Compiling telegram-bot2-macros v0.1.3
[INFO] [stderr]    Compiling tokio v1.35.1
[INFO] [stderr]    Compiling serde v1.0.194
[INFO] [stderr]    Compiling tokio-util v0.7.10
[INFO] [stderr]    Compiling tokio-native-tls v0.3.1
[INFO] [stderr]    Compiling serde_json v1.0.111
[INFO] [stderr]    Compiling serde_urlencoded v0.7.1
[INFO] [stderr]    Compiling h2 v0.3.22
[INFO] [stderr]    Compiling hyper v0.14.28
[INFO] [stderr]    Compiling hyper-tls v0.5.0
[INFO] [stderr]    Compiling reqwest v0.11.23
[INFO] [stderr]    Compiling telegram-bot2 v0.3.7 (/opt/rustwide/workdir)
[INFO] [stdout] warning: private item shadows public glob re-export
[INFO] [stdout]   --> src/models/mod.rs:3:5
[INFO] [stdout]    |
[INFO] [stdout] 3  | use crate::models::reply_markup::InlineKeyboardMarkup;
[INFO] [stdout]    |     ^^^^^^^^^^^^^^^^^^^^^^^^^^^^^^^^^^^^^^^^^^^^^^^^^
[INFO] [stdout]    |
[INFO] [stdout] note: the name `InlineKeyboardMarkup` in the type namespace is supposed to be publicly re-exported here
[INFO] [stdout]   --> src/models/mod.rs:28:9
[INFO] [stdout]    |
[INFO] [stdout] 28 | pub use reply_markup::*;
[INFO] [stdout]    |         ^^^^^^^^^^^^^^^
[INFO] [stdout] note: but the private item here shadows it
[INFO] [stdout]   --> src/models/mod.rs:3:5
[INFO] [stdout]    |
[INFO] [stdout] 3  | use crate::models::reply_markup::InlineKeyboardMarkup;
[INFO] [stdout]    |     ^^^^^^^^^^^^^^^^^^^^^^^^^^^^^^^^^^^^^^^^^^^^^^^^^
[INFO] [stdout]    = note: `#[warn(hidden_glob_reexports)]` on by default
[INFO] [stdout] 
[INFO] [stdout] 
[INFO] [stdout] warning: private item shadows public glob re-export
[INFO] [stdout]   --> src/models/mod.rs:5:5
[INFO] [stdout]    |
[INFO] [stdout] 5  | use passport::PassportData;
[INFO] [stdout]    |     ^^^^^^^^^^^^^^^^^^^^^^
[INFO] [stdout]    |
[INFO] [stdout] note: the name `PassportData` in the type namespace is supposed to be publicly re-exported here
[INFO] [stdout]   --> src/models/mod.rs:27:9
[INFO] [stdout]    |
[INFO] [stdout] 27 | pub use passport::*;
[INFO] [stdout]    |         ^^^^^^^^^^^
[INFO] [stdout] note: but the private item here shadows it
[INFO] [stdout]   --> src/models/mod.rs:5:5
[INFO] [stdout]    |
[INFO] [stdout] 5  | use passport::PassportData;
[INFO] [stdout]    |     ^^^^^^^^^^^^^^^^^^^^^^
[INFO] [stdout] 
[INFO] [stdout] 
[INFO] [stdout] warning: 2 warnings emitted
[INFO] [stdout] 
[INFO] [stdout] 
[INFO] [stderr]     Finished dev [unoptimized + debuginfo] target(s) in 22.65s
[INFO] running `Command { std: "docker" "inspect" "ffb8fce88b88171cd361b8611ed5d53294f896ced238bc0fab8effc1c5e59389", kill_on_drop: false }`
[INFO] running `Command { std: "docker" "rm" "-f" "ffb8fce88b88171cd361b8611ed5d53294f896ced238bc0fab8effc1c5e59389", kill_on_drop: false }`
[INFO] [stdout] ffb8fce88b88171cd361b8611ed5d53294f896ced238bc0fab8effc1c5e59389
[INFO] running `Command { std: "docker" "create" "-v" "/var/lib/crater-agent-workspace/builds/worker-5-tc1/target:/opt/rustwide/target:rw,Z" "-v" "/var/lib/crater-agent-workspace/builds/worker-5-tc1/source:/opt/rustwide/workdir:ro,Z" "-v" "/var/lib/crater-agent-workspace/cargo-home:/opt/rustwide/cargo-home:ro,Z" "-v" "/var/lib/crater-agent-workspace/rustup-home:/opt/rustwide/rustup-home:ro,Z" "-e" "SOURCE_DIR=/opt/rustwide/workdir" "-e" "CARGO_TARGET_DIR=/opt/rustwide/target" "-e" "CARGO_INCREMENTAL=0" "-e" "RUST_BACKTRACE=full" "-e" "RUSTFLAGS=--cap-lints=warn" "-e" "RUSTDOCFLAGS=--cap-lints=warn" "-e" "CARGO_HOME=/opt/rustwide/cargo-home" "-e" "RUSTUP_HOME=/opt/rustwide/rustup-home" "-w" "/opt/rustwide/workdir" "-m" "1610612736" "--user" "0:0" "--network" "none" "ghcr.io/rust-lang/crates-build-env/linux@sha256:2788e3201cd34a07e3172128adcd8b3090168a8e3bcc40d7c032b9dda1df7d1c" "/opt/rustwide/cargo-home/bin/cargo" "+1.75.0" "test" "--frozen" "--no-run" "--message-format=json", kill_on_drop: false }`
[INFO] [stdout] ef20705333aab356a7380e19b40e4df947438c7bacf9f02a93ca0bd888878fc6
[INFO] running `Command { std: "docker" "start" "-a" "ef20705333aab356a7380e19b40e4df947438c7bacf9f02a93ca0bd888878fc6", kill_on_drop: false }`
[INFO] [stdout] warning: private item shadows public glob re-export
[INFO] [stdout]   --> src/models/mod.rs:3:5
[INFO] [stdout]    |
[INFO] [stdout] 3  | use crate::models::reply_markup::InlineKeyboardMarkup;
[INFO] [stdout]    |     ^^^^^^^^^^^^^^^^^^^^^^^^^^^^^^^^^^^^^^^^^^^^^^^^^
[INFO] [stdout]    |
[INFO] [stdout] note: the name `InlineKeyboardMarkup` in the type namespace is supposed to be publicly re-exported here
[INFO] [stdout]   --> src/models/mod.rs:28:9
[INFO] [stdout]    |
[INFO] [stdout] 28 | pub use reply_markup::*;
[INFO] [stdout]    |         ^^^^^^^^^^^^^^^
[INFO] [stdout] note: but the private item here shadows it
[INFO] [stdout]   --> src/models/mod.rs:3:5
[INFO] [stdout]    |
[INFO] [stdout] 3  | use crate::models::reply_markup::InlineKeyboardMarkup;
[INFO] [stdout]    |     ^^^^^^^^^^^^^^^^^^^^^^^^^^^^^^^^^^^^^^^^^^^^^^^^^
[INFO] [stdout]    = note: `#[warn(hidden_glob_reexports)]` on by default
[INFO] [stdout] 
[INFO] [stdout] 
[INFO] [stderr]    Compiling telegram-bot2 v0.3.7 (/opt/rustwide/workdir)
[INFO] [stdout] warning: private item shadows public glob re-export
[INFO] [stdout]   --> src/models/mod.rs:5:5
[INFO] [stdout]    |
[INFO] [stdout] 5  | use passport::PassportData;
[INFO] [stdout]    |     ^^^^^^^^^^^^^^^^^^^^^^
[INFO] [stdout]    |
[INFO] [stdout] note: the name `PassportData` in the type namespace is supposed to be publicly re-exported here
[INFO] [stdout]   --> src/models/mod.rs:27:9
[INFO] [stdout]    |
[INFO] [stdout] 27 | pub use passport::*;
[INFO] [stdout]    |         ^^^^^^^^^^^
[INFO] [stdout] note: but the private item here shadows it
[INFO] [stdout]   --> src/models/mod.rs:5:5
[INFO] [stdout]    |
[INFO] [stdout] 5  | use passport::PassportData;
[INFO] [stdout]    |     ^^^^^^^^^^^^^^^^^^^^^^
[INFO] [stdout] 
[INFO] [stdout] 
[INFO] [stdout] warning: 2 warnings emitted
[INFO] [stdout] 
[INFO] [stdout] 
[INFO] [stdout] warning: private item shadows public glob re-export
[INFO] [stdout]   --> src/models/mod.rs:3:5
[INFO] [stdout]    |
[INFO] [stdout] 3  | use crate::models::reply_markup::InlineKeyboardMarkup;
[INFO] [stdout]    |     ^^^^^^^^^^^^^^^^^^^^^^^^^^^^^^^^^^^^^^^^^^^^^^^^^
[INFO] [stdout]    |
[INFO] [stdout] note: the name `InlineKeyboardMarkup` in the type namespace is supposed to be publicly re-exported here
[INFO] [stdout]   --> src/models/mod.rs:28:9
[INFO] [stdout]    |
[INFO] [stdout] 28 | pub use reply_markup::*;
[INFO] [stdout]    |         ^^^^^^^^^^^^^^^
[INFO] [stdout] note: but the private item here shadows it
[INFO] [stdout]   --> src/models/mod.rs:3:5
[INFO] [stdout]    |
[INFO] [stdout] 3  | use crate::models::reply_markup::InlineKeyboardMarkup;
[INFO] [stdout]    |     ^^^^^^^^^^^^^^^^^^^^^^^^^^^^^^^^^^^^^^^^^^^^^^^^^
[INFO] [stdout]    = note: `#[warn(hidden_glob_reexports)]` on by default
[INFO] [stdout] 
[INFO] [stdout] 
[INFO] [stdout] warning: private item shadows public glob re-export
[INFO] [stdout]   --> src/models/mod.rs:5:5
[INFO] [stdout]    |
[INFO] [stdout] 5  | use passport::PassportData;
[INFO] [stdout]    |     ^^^^^^^^^^^^^^^^^^^^^^
[INFO] [stdout]    |
[INFO] [stdout] note: the name `PassportData` in the type namespace is supposed to be publicly re-exported here
[INFO] [stdout]   --> src/models/mod.rs:27:9
[INFO] [stdout]    |
[INFO] [stdout] 27 | pub use passport::*;
[INFO] [stdout]    |         ^^^^^^^^^^^
[INFO] [stdout] note: but the private item here shadows it
[INFO] [stdout]   --> src/models/mod.rs:5:5
[INFO] [stdout]    |
[INFO] [stdout] 5  | use passport::PassportData;
[INFO] [stdout]    |     ^^^^^^^^^^^^^^^^^^^^^^
[INFO] [stdout] 
[INFO] [stdout] 
[INFO] [stdout] warning: 2 warnings emitted
[INFO] [stdout] 
[INFO] [stdout] 
[INFO] [stderr]     Finished test [unoptimized + debuginfo] target(s) in 8.29s
[INFO] running `Command { std: "docker" "inspect" "ef20705333aab356a7380e19b40e4df947438c7bacf9f02a93ca0bd888878fc6", kill_on_drop: false }`
[INFO] running `Command { std: "docker" "rm" "-f" "ef20705333aab356a7380e19b40e4df947438c7bacf9f02a93ca0bd888878fc6", kill_on_drop: false }`
[INFO] [stdout] ef20705333aab356a7380e19b40e4df947438c7bacf9f02a93ca0bd888878fc6
[INFO] running `Command { std: "docker" "create" "-v" "/var/lib/crater-agent-workspace/builds/worker-5-tc1/target:/opt/rustwide/target:rw,Z" "-v" "/var/lib/crater-agent-workspace/builds/worker-5-tc1/source:/opt/rustwide/workdir:ro,Z" "-v" "/var/lib/crater-agent-workspace/cargo-home:/opt/rustwide/cargo-home:ro,Z" "-v" "/var/lib/crater-agent-workspace/rustup-home:/opt/rustwide/rustup-home:ro,Z" "-e" "SOURCE_DIR=/opt/rustwide/workdir" "-e" "CARGO_TARGET_DIR=/opt/rustwide/target" "-e" "CARGO_INCREMENTAL=0" "-e" "RUST_BACKTRACE=full" "-e" "RUSTFLAGS=--cap-lints=warn" "-e" "RUSTDOCFLAGS=--cap-lints=warn" "-e" "CARGO_HOME=/opt/rustwide/cargo-home" "-e" "RUSTUP_HOME=/opt/rustwide/rustup-home" "-w" "/opt/rustwide/workdir" "-m" "1610612736" "--user" "0:0" "--network" "none" "ghcr.io/rust-lang/crates-build-env/linux@sha256:2788e3201cd34a07e3172128adcd8b3090168a8e3bcc40d7c032b9dda1df7d1c" "/opt/rustwide/cargo-home/bin/cargo" "+1.75.0" "test" "--frozen", kill_on_drop: false }`
[INFO] [stdout] e3e96d64eed9c21182a4aa8950c426b9f74c1c9a7ecd28dcd56735d1411c49bd
[INFO] running `Command { std: "docker" "start" "-a" "e3e96d64eed9c21182a4aa8950c426b9f74c1c9a7ecd28dcd56735d1411c49bd", kill_on_drop: false }`
[INFO] [stderr] warning: private item shadows public glob re-export
[INFO] [stderr]   --> src/models/mod.rs:3:5
[INFO] [stderr]    |
[INFO] [stderr] 3  | use crate::models::reply_markup::InlineKeyboardMarkup;
[INFO] [stderr]    |     ^^^^^^^^^^^^^^^^^^^^^^^^^^^^^^^^^^^^^^^^^^^^^^^^^
[INFO] [stderr]    |
[INFO] [stderr] note: the name `InlineKeyboardMarkup` in the type namespace is supposed to be publicly re-exported here
[INFO] [stderr]   --> src/models/mod.rs:28:9
[INFO] [stderr]    |
[INFO] [stderr] 28 | pub use reply_markup::*;
[INFO] [stderr]    |         ^^^^^^^^^^^^^^^
[INFO] [stderr] note: but the private item here shadows it
[INFO] [stderr]   --> src/models/mod.rs:3:5
[INFO] [stderr]    |
[INFO] [stderr] 3  | use crate::models::reply_markup::InlineKeyboardMarkup;
[INFO] [stderr]    |     ^^^^^^^^^^^^^^^^^^^^^^^^^^^^^^^^^^^^^^^^^^^^^^^^^
[INFO] [stderr]    = note: `#[warn(hidden_glob_reexports)]` on by default
[INFO] [stderr] 
[INFO] [stderr] warning: private item shadows public glob re-export
[INFO] [stderr]   --> src/models/mod.rs:5:5
[INFO] [stderr]    |
[INFO] [stderr] 5  | use passport::PassportData;
[INFO] [stderr]    |     ^^^^^^^^^^^^^^^^^^^^^^
[INFO] [stderr]    |
[INFO] [stderr] note: the name `PassportData` in the type namespace is supposed to be publicly re-exported here
[INFO] [stderr]   --> src/models/mod.rs:27:9
[INFO] [stderr]    |
[INFO] [stderr] 27 | pub use passport::*;
[INFO] [stderr]    |         ^^^^^^^^^^^
[INFO] [stderr] note: but the private item here shadows it
[INFO] [stderr]   --> src/models/mod.rs:5:5
[INFO] [stderr]    |
[INFO] [stderr] 5  | use passport::PassportData;
[INFO] [stderr]    |     ^^^^^^^^^^^^^^^^^^^^^^
[INFO] [stderr] 
[INFO] [stderr] warning: `telegram-bot2` (lib) generated 2 warnings
[INFO] [stderr] warning: `telegram-bot2` (lib test) generated 2 warnings (2 duplicates)
[INFO] [stderr]     Finished test [unoptimized + debuginfo] target(s) in 0.11s
[INFO] [stderr]      Running unittests src/lib.rs (/opt/rustwide/target/debug/deps/telegram_bot2-0bdfc53876056c63)
[INFO] [stdout] 
[INFO] [stdout] running 0 tests
[INFO] [stdout] 
[INFO] [stdout] test result: ok. 0 passed; 0 failed; 0 ignored; 0 measured; 0 filtered out; finished in 0.00s
[INFO] [stdout] 
[INFO] [stderr]    Doc-tests telegram-bot2
[INFO] [stdout] 
[INFO] [stdout] running 4 tests
[INFO] [stdout] test src/lib.rs - (line 15) ... FAILED
[INFO] [stdout] test src/lib.rs - (line 56) ... FAILED
[INFO] [stdout] test src/lib.rs - (line 76) ... FAILED
[INFO] [stdout] test src/lib.rs - (line 40) ... FAILED
[INFO] [stdout] 
[INFO] [stdout] failures:
[INFO] [stdout] 
[INFO] [stdout] ---- src/lib.rs - (line 15) stdout ----
[INFO] [stdout] error: cannot find attribute `bot` in this scope
[INFO] [stdout]  --> src/lib.rs:16:3
[INFO] [stdout]   |
[INFO] [stdout] 3 | #[bot]
[INFO] [stdout]   |   ^^^
[INFO] [stdout]   |
[INFO] [stdout]   = note: `bot` is in scope, but it is a function, not an attribute
[INFO] [stdout] help: consider importing one of these items
[INFO] [stdout]   |
[INFO] [stdout] 2 + use telegram_bot2::bot;
[INFO] [stdout]   |
[INFO] [stdout] 2 + use telegram_bot2_macros::bot;
[INFO] [stdout]   |
[INFO] [stdout] 
[INFO] [stdout] error: cannot find macro `handlers` in this scope
[INFO] [stdout]  --> src/lib.rs:21:18
[INFO] [stdout]   |
[INFO] [stdout] 8 |         .handler(handlers![handler])
[INFO] [stdout]   |                  ^^^^^^^^
[INFO] [stdout]   |
[INFO] [stdout] help: consider importing one of these items
[INFO] [stdout]   |
[INFO] [stdout] 2 + use telegram_bot2::handlers;
[INFO] [stdout]   |
[INFO] [stdout] 2 + use telegram_bot2_macros::handlers;
[INFO] [stdout]   |
[INFO] [stdout] 
[INFO] [stdout] error: cannot find macro `commands` in this scope
[INFO] [stdout]  --> src/lib.rs:22:19
[INFO] [stdout]   |
[INFO] [stdout] 9 |         .commands(commands![soup])
[INFO] [stdout]   |                   ^^^^^^^^
[INFO] [stdout]   |
[INFO] [stdout] help: consider importing this macro
[INFO] [stdout]   |
[INFO] [stdout] 2 + use telegram_bot2_macros::commands;
[INFO] [stdout]   |
[INFO] [stdout] 
[INFO] [stdout] error[E0433]: failed to resolve: use of undeclared type `BotBuilder`
[INFO] [stdout]  --> src/lib.rs:18:5
[INFO] [stdout]   |
[INFO] [stdout] 5 |     BotBuilder::new()
[INFO] [stdout]   |     ^^^^^^^^^^ use of undeclared type `BotBuilder`
[INFO] [stdout]   |
[INFO] [stdout] help: consider importing this struct
[INFO] [stdout]   |
[INFO] [stdout] 2 + use telegram_bot2::BotBuilder;
[INFO] [stdout]   |
[INFO] [stdout] 
[INFO] [stdout] error[E0433]: failed to resolve: use of undeclared type `Duration`
[INFO] [stdout]  --> src/lib.rs:19:19
[INFO] [stdout]   |
[INFO] [stdout] 6 |         .interval(Duration::from_secs(0))
[INFO] [stdout]   |                   ^^^^^^^^ use of undeclared type `Duration`
[INFO] [stdout]   |
[INFO] [stdout] help: consider importing one of these items
[INFO] [stdout]   |
[INFO] [stdout] 2 + use core::time::Duration;
[INFO] [stdout]   |
[INFO] [stdout] 2 + use std::time::Duration;
[INFO] [stdout]   |
[INFO] [stdout] 2 + use tokio::time::Duration;
[INFO] [stdout]   |
[INFO] [stdout] 
[INFO] [stdout] error[E0121]: the placeholder `_` is not allowed within types on item signatures for opaque types
[INFO] [stdout]  --> src/lib.rs:17:19
[INFO] [stdout]   |
[INFO] [stdout] 4 | async fn bot() -> _ {
[INFO] [stdout]   |                   ^ not allowed in type signatures
[INFO] [stdout] 
[INFO] [stdout] error: aborting due to 6 previous errors
[INFO] [stdout] 
[INFO] [stdout] Some errors have detailed explanations: E0121, E0433.
[INFO] [stdout] For more information about an error, try `rustc --explain E0121`.
[INFO] [stdout] Couldn't compile the test.
[INFO] [stdout] ---- src/lib.rs - (line 56) stdout ----
[INFO] [stdout] error: cannot find attribute `command` in this scope
[INFO] [stdout]  --> src/lib.rs:57:3
[INFO] [stdout]   |
[INFO] [stdout] 3 | #[command("/soup get <id>")]
[INFO] [stdout]   |   ^^^^^^^
[INFO] [stdout]   |
[INFO] [stdout] help: consider importing this attribute macro
[INFO] [stdout]   |
[INFO] [stdout] 2 + use telegram_bot2_macros::command;
[INFO] [stdout]   |
[INFO] [stdout] 
[INFO] [stdout] error[E0412]: cannot find type `Bot` in this scope
[INFO] [stdout]  --> src/lib.rs:58:21
[INFO] [stdout]   |
[INFO] [stdout] 4 |   async fn soup(bot: &Bot, chat: ChatId, id: i64) -> Result<(), ()> {
[INFO] [stdout]   |                       ^^^
[INFO] [stdout]  --> /rustc/82e1608dfa6e0b5569232559e3d385fea5a93112/library/alloc/src/boxed.rs:195:1
[INFO] [stdout]  ::: /rustc/82e1608dfa6e0b5569232559e3d385fea5a93112/library/alloc/src/boxed.rs:198:1
[INFO] [stdout]   |
[INFO] [stdout]   = note: similarly named struct `Box` defined here
[INFO] [stdout]   |
[INFO] [stdout] help: a struct with a similar name exists
[INFO] [stdout]   |
[INFO] [stdout] 4 | async fn soup(bot: &Box, chat: ChatId, id: i64) -> Result<(), ()> {
[INFO] [stdout]   |                     ~~~
[INFO] [stdout] help: consider importing this struct
[INFO] [stdout]   |
[INFO] [stdout] 2 + use telegram_bot2::Bot;
[INFO] [stdout]   |
[INFO] [stdout] 
[INFO] [stdout] error[E0412]: cannot find type `ChatId` in this scope
[INFO] [stdout]  --> src/lib.rs:58:32
[INFO] [stdout]   |
[INFO] [stdout] 4 | async fn soup(bot: &Bot, chat: ChatId, id: i64) -> Result<(), ()> {
[INFO] [stdout]   |                                ^^^^^^ not found in this scope
[INFO] [stdout]   |
[INFO] [stdout] help: consider importing this enum
[INFO] [stdout]   |
[INFO] [stdout] 2 + use telegram_bot2::models::ChatId;
[INFO] [stdout]   |
[INFO] [stdout] 
[INFO] [stdout] error[E0433]: failed to resolve: use of undeclared type `SendMessageBuilder`
[INFO] [stdout]  --> src/lib.rs:59:22
[INFO] [stdout]   |
[INFO] [stdout] 5 |     bot.send_message(SendMessageBuilder::new(chat, format!("Soup {} requested", id)).build()).await.unwrap();
[INFO] [stdout]   |                      ^^^^^^^^^^^^^^^^^^ use of undeclared type `SendMessageBuilder`
[INFO] [stdout]   |
[INFO] [stdout] help: consider importing this struct
[INFO] [stdout]   |
[INFO] [stdout] 2 + use telegram_bot2::models::SendMessageBuilder;
[INFO] [stdout]   |
[INFO] [stdout] 
[INFO] [stdout] error: aborting due to 4 previous errors
[INFO] [stdout] 
[INFO] [stdout] Some errors have detailed explanations: E0412, E0433.
[INFO] [stdout] For more information about an error, try `rustc --explain E0412`.
[INFO] [stdout] Couldn't compile the test.
[INFO] [stdout] ---- src/lib.rs - (line 76) stdout ----
[INFO] [stdout] error: cannot find attribute `daemon` in this scope
[INFO] [stdout]  --> src/lib.rs:77:3
[INFO] [stdout]   |
[INFO] [stdout] 3 | #[daemon(interval = 5)]
[INFO] [stdout]   |   ^^^^^^
[INFO] [stdout]   |
[INFO] [stdout] help: consider importing this attribute macro
[INFO] [stdout]   |
[INFO] [stdout] 2 + use telegram_bot2_macros::daemon;
[INFO] [stdout]   |
[INFO] [stdout] 
[INFO] [stdout] error[E0412]: cannot find type `BotState` in this scope
[INFO] [stdout]  --> src/lib.rs:78:24
[INFO] [stdout]   |
[INFO] [stdout] 4 | async fn hello(state: &BotState<Mutex<usize>>) {
[INFO] [stdout]   |                        ^^^^^^^^ not found in this scope
[INFO] [stdout]   |
[INFO] [stdout] help: consider importing this struct
[INFO] [stdout]   |
[INFO] [stdout] 2 + use telegram_bot2::BotState;
[INFO] [stdout]   |
[INFO] [stdout] 
[INFO] [stdout] error[E0412]: cannot find type `Mutex` in this scope
[INFO] [stdout]  --> src/lib.rs:78:33
[INFO] [stdout]   |
[INFO] [stdout] 4 | async fn hello(state: &BotState<Mutex<usize>>) {
[INFO] [stdout]   |                                 ^^^^^ not found in this scope
[INFO] [stdout]   |
[INFO] [stdout] help: consider importing one of these items
[INFO] [stdout]   |
[INFO] [stdout] 2 + use std::sync::Mutex;
[INFO] [stdout]   |
[INFO] [stdout] 2 + use tokio::sync::Mutex;
[INFO] [stdout]   |
[INFO] [stdout] 
[INFO] [stdout] error: aborting due to 3 previous errors
[INFO] [stdout] 
[INFO] [stdout] For more information about this error, try `rustc --explain E0412`.
[INFO] [stdout] Couldn't compile the test.
[INFO] [stdout] ---- src/lib.rs - (line 40) stdout ----
[INFO] [stdout] error: cannot find attribute `handler` in this scope
[INFO] [stdout]  --> src/lib.rs:41:3
[INFO] [stdout]   |
[INFO] [stdout] 3 | #[handler(rank = 1)]
[INFO] [stdout]   |   ^^^^^^^
[INFO] [stdout]   |
[INFO] [stdout]   = note: `handler` is in scope, but it is a function, not an attribute
[INFO] [stdout] help: consider importing one of these items
[INFO] [stdout]   |
[INFO] [stdout] 2 + use telegram_bot2::handler;
[INFO] [stdout]   |
[INFO] [stdout] 2 + use telegram_bot2_macros::handler;
[INFO] [stdout]   |
[INFO] [stdout] 
[INFO] [stdout] error[E0412]: cannot find type `Message` in this scope
[INFO] [stdout]  --> src/lib.rs:42:28
[INFO] [stdout]   |
[INFO] [stdout] 4 | async fn handler(message: &Message, bot: &Bot) -> Result<(), ()> {
[INFO] [stdout]   |                            ^^^^^^^ not found in this scope
[INFO] [stdout]   |
[INFO] [stdout] help: consider importing this struct
[INFO] [stdout]   |
[INFO] [stdout] 2 + use telegram_bot2::models::Message;
[INFO] [stdout]   |
[INFO] [stdout] 
[INFO] [stdout] error[E0412]: cannot find type `Bot` in this scope
[INFO] [stdout]  --> src/lib.rs:42:43
[INFO] [stdout]   |
[INFO] [stdout] 4 |   async fn handler(message: &Message, bot: &Bot) -> Result<(), ()> {
[INFO] [stdout]   |                                             ^^^
[INFO] [stdout]  --> /rustc/82e1608dfa6e0b5569232559e3d385fea5a93112/library/alloc/src/boxed.rs:195:1
[INFO] [stdout]  ::: /rustc/82e1608dfa6e0b5569232559e3d385fea5a93112/library/alloc/src/boxed.rs:198:1
[INFO] [stdout]   |
[INFO] [stdout]   = note: similarly named struct `Box` defined here
[INFO] [stdout]   |
[INFO] [stdout] help: a struct with a similar name exists
[INFO] [stdout]   |
[INFO] [stdout] 4 | async fn handler(message: &Message, bot: &Box) -> Result<(), ()> {
[INFO] [stdout]   |                                           ~~~
[INFO] [stdout] help: consider importing this struct
[INFO] [stdout]   |
[INFO] [stdout] 2 + use telegram_bot2::Bot;
[INFO] [stdout]   |
[INFO] [stdout] 
[INFO] [stdout] error[E0433]: failed to resolve: use of undeclared type `SendMessageBuilder`
[INFO] [stdout]  --> src/lib.rs:43:22
[INFO] [stdout]   |
[INFO] [stdout] 5 |     bot.send_message(SendMessageBuilder::new(ChatId::from(message.chat.id), message.text.clone().unwrap()).build()).await.unwrap();
[INFO] [stdout]   |                      ^^^^^^^^^^^^^^^^^^ use of undeclared type `SendMessageBuilder`
[INFO] [stdout]   |
[INFO] [stdout] help: consider importing this struct
[INFO] [stdout]   |
[INFO] [stdout] 2 + use telegram_bot2::models::SendMessageBuilder;
[INFO] [stdout]   |
[INFO] [stdout] 
[INFO] [stdout] error[E0433]: failed to resolve: use of undeclared type `ChatId`
[INFO] [stdout]  --> src/lib.rs:43:46
[INFO] [stdout]   |
[INFO] [stdout] 5 |     bot.send_message(SendMessageBuilder::new(ChatId::from(message.chat.id), message.text.clone().unwrap()).build()).await.unwrap();
[INFO] [stdout]   |                                              ^^^^^^ use of undeclared type `ChatId`
[INFO] [stdout]   |
[INFO] [stdout] help: consider importing this enum
[INFO] [stdout]   |
[INFO] [stdout] 2 + use telegram_bot2::models::ChatId;
[INFO] [stdout]   |
[INFO] [stdout] 
[INFO] [stdout] error: aborting due to 5 previous errors
[INFO] [stdout] 
[INFO] [stdout] Some errors have detailed explanations: E0412, E0433.
[INFO] [stdout] For more information about an error, try `rustc --explain E0412`.
[INFO] [stdout] Couldn't compile the test.
[INFO] [stdout] 
[INFO] [stdout] failures:
[INFO] [stdout]     src/lib.rs - (line 15)
[INFO] [stdout]     src/lib.rs - (line 40)
[INFO] [stdout]     src/lib.rs - (line 56)
[INFO] [stdout]     src/lib.rs - (line 76)
[INFO] [stdout] 
[INFO] [stdout] test result: FAILED. 0 passed; 4 failed; 0 ignored; 0 measured; 0 filtered out; finished in 0.13s
[INFO] [stdout] 
[INFO] [stderr] error: doctest failed, to rerun pass `--doc`
[INFO] running `Command { std: "docker" "inspect" "e3e96d64eed9c21182a4aa8950c426b9f74c1c9a7ecd28dcd56735d1411c49bd", kill_on_drop: false }`
[INFO] running `Command { std: "docker" "rm" "-f" "e3e96d64eed9c21182a4aa8950c426b9f74c1c9a7ecd28dcd56735d1411c49bd", kill_on_drop: false }`
[INFO] [stdout] e3e96d64eed9c21182a4aa8950c426b9f74c1c9a7ecd28dcd56735d1411c49bd
[INFO] testing telegram-bot2-0.3.7 against beta-2023-12-22 for beta-1.76-1
[INFO] extracting crate telegram-bot2 0.3.7 into /workspace/builds/worker-5-tc2/source
[INFO] validating manifest of crates.io crate telegram-bot2 0.3.7 on toolchain beta-2023-12-22
[INFO] running `Command { std: CARGO_HOME="/workspace/cargo-home" RUSTUP_HOME="/workspace/rustup-home" "/workspace/cargo-home/bin/cargo" "+beta-2023-12-22" "metadata" "--manifest-path" "Cargo.toml" "--no-deps", kill_on_drop: false }`
[INFO] started tweaking crates.io crate telegram-bot2 0.3.7
[INFO] finished tweaking crates.io crate telegram-bot2 0.3.7
[INFO] tweaked toml for crates.io crate telegram-bot2 0.3.7 written to /workspace/builds/worker-5-tc2/source/Cargo.toml
[INFO] running `Command { std: CARGO_HOME="/workspace/cargo-home" RUSTUP_HOME="/workspace/rustup-home" "/workspace/cargo-home/bin/cargo" "+beta-2023-12-22" "generate-lockfile" "--manifest-path" "Cargo.toml", kill_on_drop: false }`
[INFO] [stderr]     Updating crates.io index
[INFO] running `Command { std: CARGO_HOME="/workspace/cargo-home" RUSTUP_HOME="/workspace/rustup-home" "/workspace/cargo-home/bin/cargo" "+beta-2023-12-22" "fetch" "--manifest-path" "Cargo.toml", kill_on_drop: false }`
[INFO] running `Command { std: "docker" "create" "-v" "/var/lib/crater-agent-workspace/builds/worker-5-tc2/target:/opt/rustwide/target:rw,Z" "-v" "/var/lib/crater-agent-workspace/builds/worker-5-tc2/source:/opt/rustwide/workdir:ro,Z" "-v" "/var/lib/crater-agent-workspace/cargo-home:/opt/rustwide/cargo-home:ro,Z" "-v" "/var/lib/crater-agent-workspace/rustup-home:/opt/rustwide/rustup-home:ro,Z" "-e" "SOURCE_DIR=/opt/rustwide/workdir" "-e" "CARGO_TARGET_DIR=/opt/rustwide/target" "-e" "CARGO_HOME=/opt/rustwide/cargo-home" "-e" "RUSTUP_HOME=/opt/rustwide/rustup-home" "-w" "/opt/rustwide/workdir" "-m" "1610612736" "--user" "0:0" "--network" "none" "ghcr.io/rust-lang/crates-build-env/linux@sha256:2788e3201cd34a07e3172128adcd8b3090168a8e3bcc40d7c032b9dda1df7d1c" "/opt/rustwide/cargo-home/bin/cargo" "+beta-2023-12-22" "metadata" "--no-deps" "--format-version=1", kill_on_drop: false }`
[INFO] [stdout] 6beed1b1f340a1c4ebc9d85b7d716a97f6cc7ace1e9ab14f148cc575996770e4
[INFO] running `Command { std: "docker" "start" "-a" "6beed1b1f340a1c4ebc9d85b7d716a97f6cc7ace1e9ab14f148cc575996770e4", kill_on_drop: false }`
[INFO] running `Command { std: "docker" "inspect" "6beed1b1f340a1c4ebc9d85b7d716a97f6cc7ace1e9ab14f148cc575996770e4", kill_on_drop: false }`
[INFO] running `Command { std: "docker" "rm" "-f" "6beed1b1f340a1c4ebc9d85b7d716a97f6cc7ace1e9ab14f148cc575996770e4", kill_on_drop: false }`
[INFO] [stdout] 6beed1b1f340a1c4ebc9d85b7d716a97f6cc7ace1e9ab14f148cc575996770e4
[INFO] running `Command { std: "docker" "create" "-v" "/var/lib/crater-agent-workspace/builds/worker-5-tc2/target:/opt/rustwide/target:rw,Z" "-v" "/var/lib/crater-agent-workspace/builds/worker-5-tc2/source:/opt/rustwide/workdir:ro,Z" "-v" "/var/lib/crater-agent-workspace/cargo-home:/opt/rustwide/cargo-home:ro,Z" "-v" "/var/lib/crater-agent-workspace/rustup-home:/opt/rustwide/rustup-home:ro,Z" "-e" "SOURCE_DIR=/opt/rustwide/workdir" "-e" "CARGO_TARGET_DIR=/opt/rustwide/target" "-e" "CARGO_INCREMENTAL=0" "-e" "RUST_BACKTRACE=full" "-e" "RUSTFLAGS=--cap-lints=warn" "-e" "RUSTDOCFLAGS=--cap-lints=warn" "-e" "CARGO_HOME=/opt/rustwide/cargo-home" "-e" "RUSTUP_HOME=/opt/rustwide/rustup-home" "-w" "/opt/rustwide/workdir" "-m" "1610612736" "--user" "0:0" "--network" "none" "ghcr.io/rust-lang/crates-build-env/linux@sha256:2788e3201cd34a07e3172128adcd8b3090168a8e3bcc40d7c032b9dda1df7d1c" "/opt/rustwide/cargo-home/bin/cargo" "+beta-2023-12-22" "build" "--frozen" "--message-format=json", kill_on_drop: false }`
[INFO] [stdout] ea94ac367ea535ecb43d5b15e9fa1922ac94836a03a6fc0a4160a01b8f0fd5c8
[INFO] running `Command { std: "docker" "start" "-a" "ea94ac367ea535ecb43d5b15e9fa1922ac94836a03a6fc0a4160a01b8f0fd5c8", kill_on_drop: false }`
[INFO] [stderr]    Compiling libc v0.2.151
[INFO] [stderr]    Compiling parking_lot_core v0.9.9
[INFO] [stderr]    Compiling scopeguard v1.2.0
[INFO] [stderr]    Compiling smallvec v1.11.2
[INFO] [stderr]    Compiling lock_api v0.4.11
[INFO] [stderr]    Compiling unicase v2.7.0
[INFO] [stderr]    Compiling futures-task v0.3.30
[INFO] [stderr]    Compiling syn v2.0.48
[INFO] [stderr]    Compiling bitflags v2.4.1
[INFO] [stderr]    Compiling proc-macro-error-attr v1.0.4
[INFO] [stderr]    Compiling syn v1.0.109
[INFO] [stderr]    Compiling futures-channel v0.3.30
[INFO] [stderr]    Compiling proc-macro-error v1.0.4
[INFO] [stderr]    Compiling futures-util v0.3.30
[INFO] [stderr]    Compiling mime_guess v2.0.4
[INFO] [stderr]    Compiling cc v1.0.83
[INFO] [stderr]    Compiling signal-hook-registry v1.4.1
[INFO] [stderr]    Compiling socket2 v0.5.5
[INFO] [stderr]    Compiling num_cpus v1.16.0
[INFO] [stderr]    Compiling mio v0.8.10
[INFO] [stderr]    Compiling parking_lot v0.12.1
[INFO] [stderr]    Compiling openssl-sys v0.9.98
[INFO] [stderr]    Compiling openssl v0.10.62
[INFO] [stderr]    Compiling native-tls v0.2.11
[INFO] [stderr]    Compiling tokio-macros v2.2.0
[INFO] [stderr]    Compiling openssl-macros v0.1.1
[INFO] [stderr]    Compiling serde_derive v1.0.194
[INFO] [stderr]    Compiling async-trait v0.1.77
[INFO] [stderr]    Compiling telegram-bot2-macros v0.1.3
[INFO] [stderr]    Compiling tokio v1.35.1
[INFO] [stderr]    Compiling serde v1.0.194
[INFO] [stderr]    Compiling tokio-util v0.7.10
[INFO] [stderr]    Compiling tokio-native-tls v0.3.1
[INFO] [stderr]    Compiling serde_json v1.0.111
[INFO] [stderr]    Compiling serde_urlencoded v0.7.1
[INFO] [stderr]    Compiling h2 v0.3.22
[INFO] [stderr]    Compiling hyper v0.14.28
[INFO] [stderr]    Compiling hyper-tls v0.5.0
[INFO] [stderr]    Compiling reqwest v0.11.23
[INFO] [stderr]    Compiling telegram-bot2 v0.3.7 (/opt/rustwide/workdir)
[INFO] [stdout] warning: private item shadows public glob re-export
[INFO] [stdout]   --> src/models/mod.rs:3:5
[INFO] [stdout]    |
[INFO] [stdout] 3  | use crate::models::reply_markup::InlineKeyboardMarkup;
[INFO] [stdout]    |     ^^^^^^^^^^^^^^^^^^^^^^^^^^^^^^^^^^^^^^^^^^^^^^^^^
[INFO] [stdout]    |
[INFO] [stdout] note: the name `InlineKeyboardMarkup` in the type namespace is supposed to be publicly re-exported here
[INFO] [stdout]   --> src/models/mod.rs:28:9
[INFO] [stdout]    |
[INFO] [stdout] 28 | pub use reply_markup::*;
[INFO] [stdout]    |         ^^^^^^^^^^^^^^^
[INFO] [stdout] note: but the private item here shadows it
[INFO] [stdout]   --> src/models/mod.rs:3:5
[INFO] [stdout]    |
[INFO] [stdout] 3  | use crate::models::reply_markup::InlineKeyboardMarkup;
[INFO] [stdout]    |     ^^^^^^^^^^^^^^^^^^^^^^^^^^^^^^^^^^^^^^^^^^^^^^^^^
[INFO] [stdout]    = note: `#[warn(hidden_glob_reexports)]` on by default
[INFO] [stdout] 
[INFO] [stdout] 
[INFO] [stdout] warning: private item shadows public glob re-export
[INFO] [stdout]   --> src/models/mod.rs:5:5
[INFO] [stdout]    |
[INFO] [stdout] 5  | use passport::PassportData;
[INFO] [stdout]    |     ^^^^^^^^^^^^^^^^^^^^^^
[INFO] [stdout]    |
[INFO] [stdout] note: the name `PassportData` in the type namespace is supposed to be publicly re-exported here
[INFO] [stdout]   --> src/models/mod.rs:27:9
[INFO] [stdout]    |
[INFO] [stdout] 27 | pub use passport::*;
[INFO] [stdout]    |         ^^^^^^^^^^^
[INFO] [stdout] note: but the private item here shadows it
[INFO] [stdout]   --> src/models/mod.rs:5:5
[INFO] [stdout]    |
[INFO] [stdout] 5  | use passport::PassportData;
[INFO] [stdout]    |     ^^^^^^^^^^^^^^^^^^^^^^
[INFO] [stdout] 
[INFO] [stdout] 
[INFO] [stdout] warning: 2 warnings emitted
[INFO] [stdout] 
[INFO] [stdout] 
[INFO] [stderr]     Finished dev [unoptimized + debuginfo] target(s) in 18.30s
[INFO] running `Command { std: "docker" "inspect" "ea94ac367ea535ecb43d5b15e9fa1922ac94836a03a6fc0a4160a01b8f0fd5c8", kill_on_drop: false }`
[INFO] running `Command { std: "docker" "rm" "-f" "ea94ac367ea535ecb43d5b15e9fa1922ac94836a03a6fc0a4160a01b8f0fd5c8", kill_on_drop: false }`
[INFO] [stdout] ea94ac367ea535ecb43d5b15e9fa1922ac94836a03a6fc0a4160a01b8f0fd5c8
[INFO] running `Command { std: "docker" "create" "-v" "/var/lib/crater-agent-workspace/builds/worker-5-tc2/target:/opt/rustwide/target:rw,Z" "-v" "/var/lib/crater-agent-workspace/builds/worker-5-tc2/source:/opt/rustwide/workdir:ro,Z" "-v" "/var/lib/crater-agent-workspace/cargo-home:/opt/rustwide/cargo-home:ro,Z" "-v" "/var/lib/crater-agent-workspace/rustup-home:/opt/rustwide/rustup-home:ro,Z" "-e" "SOURCE_DIR=/opt/rustwide/workdir" "-e" "CARGO_TARGET_DIR=/opt/rustwide/target" "-e" "CARGO_INCREMENTAL=0" "-e" "RUST_BACKTRACE=full" "-e" "RUSTFLAGS=--cap-lints=warn" "-e" "RUSTDOCFLAGS=--cap-lints=warn" "-e" "CARGO_HOME=/opt/rustwide/cargo-home" "-e" "RUSTUP_HOME=/opt/rustwide/rustup-home" "-w" "/opt/rustwide/workdir" "-m" "1610612736" "--user" "0:0" "--network" "none" "ghcr.io/rust-lang/crates-build-env/linux@sha256:2788e3201cd34a07e3172128adcd8b3090168a8e3bcc40d7c032b9dda1df7d1c" "/opt/rustwide/cargo-home/bin/cargo" "+beta-2023-12-22" "test" "--frozen" "--no-run" "--message-format=json", kill_on_drop: false }`
[INFO] [stdout] 8858950efc6efb19ed0a4ae623891de24efc485d5726094ca5850fe2b5c43a25
[INFO] running `Command { std: "docker" "start" "-a" "8858950efc6efb19ed0a4ae623891de24efc485d5726094ca5850fe2b5c43a25", kill_on_drop: false }`
[INFO] [stdout] warning: private item shadows public glob re-export
[INFO] [stdout]   --> src/models/mod.rs:3:5
[INFO] [stdout]    |
[INFO] [stdout] 3  | use crate::models::reply_markup::InlineKeyboardMarkup;
[INFO] [stdout]    |     ^^^^^^^^^^^^^^^^^^^^^^^^^^^^^^^^^^^^^^^^^^^^^^^^^
[INFO] [stdout]    |
[INFO] [stdout] note: the name `InlineKeyboardMarkup` in the type namespace is supposed to be publicly re-exported here
[INFO] [stdout]   --> src/models/mod.rs:28:9
[INFO] [stdout]    |
[INFO] [stdout] 28 | pub use reply_markup::*;
[INFO] [stdout]    |         ^^^^^^^^^^^^^^^
[INFO] [stdout] note: but the private item here shadows it
[INFO] [stdout]   --> src/models/mod.rs:3:5
[INFO] [stdout]    |
[INFO] [stdout] 3  | use crate::models::reply_markup::InlineKeyboardMarkup;
[INFO] [stdout]    |     ^^^^^^^^^^^^^^^^^^^^^^^^^^^^^^^^^^^^^^^^^^^^^^^^^
[INFO] [stdout]    = note: `#[warn(hidden_glob_reexports)]` on by default
[INFO] [stdout] 
[INFO] [stdout] 
[INFO] [stderr]    Compiling telegram-bot2 v0.3.7 (/opt/rustwide/workdir)
[INFO] [stdout] warning: private item shadows public glob re-export
[INFO] [stdout]   --> src/models/mod.rs:5:5
[INFO] [stdout]    |
[INFO] [stdout] 5  | use passport::PassportData;
[INFO] [stdout]    |     ^^^^^^^^^^^^^^^^^^^^^^
[INFO] [stdout]    |
[INFO] [stdout] note: the name `PassportData` in the type namespace is supposed to be publicly re-exported here
[INFO] [stdout]   --> src/models/mod.rs:27:9
[INFO] [stdout]    |
[INFO] [stdout] 27 | pub use passport::*;
[INFO] [stdout]    |         ^^^^^^^^^^^
[INFO] [stdout] note: but the private item here shadows it
[INFO] [stdout]   --> src/models/mod.rs:5:5
[INFO] [stdout]    |
[INFO] [stdout] 5  | use passport::PassportData;
[INFO] [stdout]    |     ^^^^^^^^^^^^^^^^^^^^^^
[INFO] [stdout] 
[INFO] [stdout] 
[INFO] [stdout] warning: 2 warnings emitted
[INFO] [stdout] 
[INFO] [stdout] 
[INFO] [stdout] warning: private item shadows public glob re-export
[INFO] [stdout]   --> src/models/mod.rs:3:5
[INFO] [stdout]    |
[INFO] [stdout] 3  | use crate::models::reply_markup::InlineKeyboardMarkup;
[INFO] [stdout]    |     ^^^^^^^^^^^^^^^^^^^^^^^^^^^^^^^^^^^^^^^^^^^^^^^^^
[INFO] [stdout]    |
[INFO] [stdout] note: the name `InlineKeyboardMarkup` in the type namespace is supposed to be publicly re-exported here
[INFO] [stdout]   --> src/models/mod.rs:28:9
[INFO] [stdout]    |
[INFO] [stdout] 28 | pub use reply_markup::*;
[INFO] [stdout]    |         ^^^^^^^^^^^^^^^
[INFO] [stdout] note: but the private item here shadows it
[INFO] [stdout]   --> src/models/mod.rs:3:5
[INFO] [stdout]    |
[INFO] [stdout] 3  | use crate::models::reply_markup::InlineKeyboardMarkup;
[INFO] [stdout]    |     ^^^^^^^^^^^^^^^^^^^^^^^^^^^^^^^^^^^^^^^^^^^^^^^^^
[INFO] [stdout]    = note: `#[warn(hidden_glob_reexports)]` on by default
[INFO] [stdout] 
[INFO] [stdout] 
[INFO] [stdout] warning: private item shadows public glob re-export
[INFO] [stdout]   --> src/models/mod.rs:5:5
[INFO] [stdout]    |
[INFO] [stdout] 5  | use passport::PassportData;
[INFO] [stdout]    |     ^^^^^^^^^^^^^^^^^^^^^^
[INFO] [stdout]    |
[INFO] [stdout] note: the name `PassportData` in the type namespace is supposed to be publicly re-exported here
[INFO] [stdout]   --> src/models/mod.rs:27:9
[INFO] [stdout]    |
[INFO] [stdout] 27 | pub use passport::*;
[INFO] [stdout]    |         ^^^^^^^^^^^
[INFO] [stdout] note: but the private item here shadows it
[INFO] [stdout]   --> src/models/mod.rs:5:5
[INFO] [stdout]    |
[INFO] [stdout] 5  | use passport::PassportData;
[INFO] [stdout]    |     ^^^^^^^^^^^^^^^^^^^^^^
[INFO] [stdout] 
[INFO] [stdout] 
[INFO] [stdout] warning: 2 warnings emitted
[INFO] [stdout] 
[INFO] [stdout] 
[INFO] [stderr]     Finished test [unoptimized + debuginfo] target(s) in 6.13s
[INFO] running `Command { std: "docker" "inspect" "8858950efc6efb19ed0a4ae623891de24efc485d5726094ca5850fe2b5c43a25", kill_on_drop: false }`
[INFO] running `Command { std: "docker" "rm" "-f" "8858950efc6efb19ed0a4ae623891de24efc485d5726094ca5850fe2b5c43a25", kill_on_drop: false }`
[INFO] [stdout] 8858950efc6efb19ed0a4ae623891de24efc485d5726094ca5850fe2b5c43a25
[INFO] running `Command { std: "docker" "create" "-v" "/var/lib/crater-agent-workspace/builds/worker-5-tc2/target:/opt/rustwide/target:rw,Z" "-v" "/var/lib/crater-agent-workspace/builds/worker-5-tc2/source:/opt/rustwide/workdir:ro,Z" "-v" "/var/lib/crater-agent-workspace/cargo-home:/opt/rustwide/cargo-home:ro,Z" "-v" "/var/lib/crater-agent-workspace/rustup-home:/opt/rustwide/rustup-home:ro,Z" "-e" "SOURCE_DIR=/opt/rustwide/workdir" "-e" "CARGO_TARGET_DIR=/opt/rustwide/target" "-e" "CARGO_INCREMENTAL=0" "-e" "RUST_BACKTRACE=full" "-e" "RUSTFLAGS=--cap-lints=warn" "-e" "RUSTDOCFLAGS=--cap-lints=warn" "-e" "CARGO_HOME=/opt/rustwide/cargo-home" "-e" "RUSTUP_HOME=/opt/rustwide/rustup-home" "-w" "/opt/rustwide/workdir" "-m" "1610612736" "--user" "0:0" "--network" "none" "ghcr.io/rust-lang/crates-build-env/linux@sha256:2788e3201cd34a07e3172128adcd8b3090168a8e3bcc40d7c032b9dda1df7d1c" "/opt/rustwide/cargo-home/bin/cargo" "+beta-2023-12-22" "test" "--frozen", kill_on_drop: false }`
[INFO] [stdout] e4115c8eb1c60a68261799b33590d1db5ccb0f02d32c4e120469c5b8617805c7
[INFO] running `Command { std: "docker" "start" "-a" "e4115c8eb1c60a68261799b33590d1db5ccb0f02d32c4e120469c5b8617805c7", kill_on_drop: false }`
[INFO] [stderr] warning: private item shadows public glob re-export
[INFO] [stderr]   --> src/models/mod.rs:3:5
[INFO] [stderr]    |
[INFO] [stderr] 3  | use crate::models::reply_markup::InlineKeyboardMarkup;
[INFO] [stderr]    |     ^^^^^^^^^^^^^^^^^^^^^^^^^^^^^^^^^^^^^^^^^^^^^^^^^
[INFO] [stderr]    |
[INFO] [stderr] note: the name `InlineKeyboardMarkup` in the type namespace is supposed to be publicly re-exported here
[INFO] [stderr]   --> src/models/mod.rs:28:9
[INFO] [stderr]    |
[INFO] [stderr] 28 | pub use reply_markup::*;
[INFO] [stderr]    |         ^^^^^^^^^^^^^^^
[INFO] [stderr] note: but the private item here shadows it
[INFO] [stderr]   --> src/models/mod.rs:3:5
[INFO] [stderr]    |
[INFO] [stderr] 3  | use crate::models::reply_markup::InlineKeyboardMarkup;
[INFO] [stderr]    |     ^^^^^^^^^^^^^^^^^^^^^^^^^^^^^^^^^^^^^^^^^^^^^^^^^
[INFO] [stderr]    = note: `#[warn(hidden_glob_reexports)]` on by default
[INFO] [stderr] 
[INFO] [stderr] warning: private item shadows public glob re-export
[INFO] [stderr]   --> src/models/mod.rs:5:5
[INFO] [stderr]    |
[INFO] [stderr] 5  | use passport::PassportData;
[INFO] [stderr]    |     ^^^^^^^^^^^^^^^^^^^^^^
[INFO] [stderr]    |
[INFO] [stderr] note: the name `PassportData` in the type namespace is supposed to be publicly re-exported here
[INFO] [stderr]   --> src/models/mod.rs:27:9
[INFO] [stderr]    |
[INFO] [stderr] 27 | pub use passport::*;
[INFO] [stderr]    |         ^^^^^^^^^^^
[INFO] [stderr] note: but the private item here shadows it
[INFO] [stderr]   --> src/models/mod.rs:5:5
[INFO] [stderr]    |
[INFO] [stderr] 5  | use passport::PassportData;
[INFO] [stderr]    |     ^^^^^^^^^^^^^^^^^^^^^^
[INFO] [stderr] 
[INFO] [stderr] warning: `telegram-bot2` (lib) generated 2 warnings
[INFO] [stderr] warning: `telegram-bot2` (lib test) generated 2 warnings (2 duplicates)
[INFO] [stderr]     Finished test [unoptimized + debuginfo] target(s) in 0.07s
[INFO] [stderr]      Running unittests src/lib.rs (/opt/rustwide/target/debug/deps/telegram_bot2-886e089855acbd7c)
[INFO] [stdout] 
[INFO] [stdout] running 0 tests
[INFO] [stdout] 
[INFO] [stdout] test result: ok. 0 passed; 0 failed; 0 ignored; 0 measured; 0 filtered out; finished in 0.00s
[INFO] [stdout] 
[INFO] [stderr]    Doc-tests telegram-bot2
[INFO] [stdout] 
[INFO] [stdout] running 4 tests
[INFO] [stdout] test src/lib.rs - (line 15) ... FAILED
[INFO] [stdout] test src/lib.rs - (line 76) ... FAILED
[INFO] [stdout] test src/lib.rs - (line 56) ... FAILED
[INFO] [stdout] test src/lib.rs - (line 40) ... FAILED
[INFO] [stdout] 
[INFO] [stdout] failures:
[INFO] [stdout] 
[INFO] [stdout] ---- src/lib.rs - (line 15) stdout ----
[INFO] [stdout] error: cannot find attribute `bot` in this scope
[INFO] [stdout]  --> src/lib.rs:16:3
[INFO] [stdout]   |
[INFO] [stdout] 3 | #[bot]
[INFO] [stdout]   |   ^^^
[INFO] [stdout]   |
[INFO] [stdout]   = note: `bot` is in scope, but it is a function, not an attribute
[INFO] [stdout] help: consider importing one of these items
[INFO] [stdout]   |
[INFO] [stdout] 2 + use telegram_bot2::bot;
[INFO] [stdout]   |
[INFO] [stdout] 2 + use telegram_bot2_macros::bot;
[INFO] [stdout]   |
[INFO] [stdout] 
[INFO] [stdout] error: cannot find macro `handlers` in this scope
[INFO] [stdout]  --> src/lib.rs:21:18
[INFO] [stdout]   |
[INFO] [stdout] 8 |         .handler(handlers![handler])
[INFO] [stdout]   |                  ^^^^^^^^
[INFO] [stdout]   |
[INFO] [stdout] help: consider importing one of these items
[INFO] [stdout]   |
[INFO] [stdout] 2 + use telegram_bot2::handlers;
[INFO] [stdout]   |
[INFO] [stdout] 2 + use telegram_bot2_macros::handlers;
[INFO] [stdout]   |
[INFO] [stdout] 
[INFO] [stdout] error: cannot find macro `commands` in this scope
[INFO] [stdout]  --> src/lib.rs:22:19
[INFO] [stdout]   |
[INFO] [stdout] 9 |         .commands(commands![soup])
[INFO] [stdout]   |                   ^^^^^^^^
[INFO] [stdout]   |
[INFO] [stdout] help: consider importing this macro
[INFO] [stdout]   |
[INFO] [stdout] 2 + use telegram_bot2_macros::commands;
[INFO] [stdout]   |
[INFO] [stdout] 
[INFO] [stdout] error[E0433]: failed to resolve: use of undeclared type `BotBuilder`
[INFO] [stdout]  --> src/lib.rs:18:5
[INFO] [stdout]   |
[INFO] [stdout] 5 |     BotBuilder::new()
[INFO] [stdout]   |     ^^^^^^^^^^ use of undeclared type `BotBuilder`
[INFO] [stdout]   |
[INFO] [stdout] help: consider importing this struct
[INFO] [stdout]   |
[INFO] [stdout] 2 + use telegram_bot2::BotBuilder;
[INFO] [stdout]   |
[INFO] [stdout] 
[INFO] [stdout] error[E0433]: failed to resolve: use of undeclared type `Duration`
[INFO] [stdout]  --> src/lib.rs:19:19
[INFO] [stdout]   |
[INFO] [stdout] 6 |         .interval(Duration::from_secs(0))
[INFO] [stdout]   |                   ^^^^^^^^ use of undeclared type `Duration`
[INFO] [stdout]   |
[INFO] [stdout] help: consider importing one of these items
[INFO] [stdout]   |
[INFO] [stdout] 2 + use core::time::Duration;
[INFO] [stdout]   |
[INFO] [stdout] 2 + use std::time::Duration;
[INFO] [stdout]   |
[INFO] [stdout] 2 + use tokio::time::Duration;
[INFO] [stdout]   |
[INFO] [stdout] 
[INFO] [stdout] error[E0121]: the placeholder `_` is not allowed within types on item signatures for opaque types
[INFO] [stdout]  --> src/lib.rs:17:19
[INFO] [stdout]   |
[INFO] [stdout] 4 | async fn bot() -> _ {
[INFO] [stdout]   |                   ^ not allowed in type signatures
[INFO] [stdout] 
[INFO] [stdout] error: aborting due to 6 previous errors
[INFO] [stdout] 
[INFO] [stdout] Some errors have detailed explanations: E0121, E0433.
[INFO] [stdout] For more information about an error, try `rustc --explain E0121`.
[INFO] [stdout] Couldn't compile the test.
[INFO] [stdout] ---- src/lib.rs - (line 76) stdout ----
[INFO] [stdout] error: cannot find attribute `daemon` in this scope
[INFO] [stdout]  --> src/lib.rs:77:3
[INFO] [stdout]   |
[INFO] [stdout] 3 | #[daemon(interval = 5)]
[INFO] [stdout]   |   ^^^^^^
[INFO] [stdout]   |
[INFO] [stdout] help: consider importing this attribute macro
[INFO] [stdout]   |
[INFO] [stdout] 2 + use telegram_bot2_macros::daemon;
[INFO] [stdout]   |
[INFO] [stdout] 
[INFO] [stdout] error[E0412]: cannot find type `BotState` in this scope
[INFO] [stdout]  --> src/lib.rs:78:24
[INFO] [stdout]   |
[INFO] [stdout] 4 | async fn hello(state: &BotState<Mutex<usize>>) {
[INFO] [stdout]   |                        ^^^^^^^^ not found in this scope
[INFO] [stdout]   |
[INFO] [stdout] help: consider importing this struct
[INFO] [stdout]   |
[INFO] [stdout] 2 + use telegram_bot2::BotState;
[INFO] [stdout]   |
[INFO] [stdout] 
[INFO] [stdout] error[E0412]: cannot find type `Mutex` in this scope
[INFO] [stdout]  --> src/lib.rs:78:33
[INFO] [stdout]   |
[INFO] [stdout] 4 | async fn hello(state: &BotState<Mutex<usize>>) {
[INFO] [stdout]   |                                 ^^^^^ not found in this scope
[INFO] [stdout]   |
[INFO] [stdout] help: consider importing one of these items
[INFO] [stdout]   |
[INFO] [stdout] 2 + use std::sync::Mutex;
[INFO] [stdout]   |
[INFO] [stdout] 2 + use tokio::sync::Mutex;
[INFO] [stdout]   |
[INFO] [stdout] 
[INFO] [stdout] error: aborting due to 3 previous errors
[INFO] [stdout] 
[INFO] [stdout] For more information about this error, try `rustc --explain E0412`.
[INFO] [stdout] Couldn't compile the test.
[INFO] [stdout] ---- src/lib.rs - (line 56) stdout ----
[INFO] [stdout] error: cannot find attribute `command` in this scope
[INFO] [stdout]  --> src/lib.rs:57:3
[INFO] [stdout]   |
[INFO] [stdout] 3 | #[command("/soup get <id>")]
[INFO] [stdout]   |   ^^^^^^^
[INFO] [stdout]   |
[INFO] [stdout] help: consider importing this attribute macro
[INFO] [stdout]   |
[INFO] [stdout] 2 + use telegram_bot2_macros::command;
[INFO] [stdout]   |
[INFO] [stdout] 
[INFO] [stdout] error[E0412]: cannot find type `Bot` in this scope
[INFO] [stdout]  --> src/lib.rs:58:21
[INFO] [stdout]   |
[INFO] [stdout] 4 |   async fn soup(bot: &Bot, chat: ChatId, id: i64) -> Result<(), ()> {
[INFO] [stdout]   |                       ^^^
[INFO] [stdout]  --> /rustc/0e09125c6c3c2fd70d7de961bcf0e51575235fad/library/alloc/src/boxed.rs:195:1
[INFO] [stdout]  ::: /rustc/0e09125c6c3c2fd70d7de961bcf0e51575235fad/library/alloc/src/boxed.rs:198:1
[INFO] [stdout]   |
[INFO] [stdout]   = note: similarly named struct `Box` defined here
[INFO] [stdout]   |
[INFO] [stdout] help: a struct with a similar name exists
[INFO] [stdout]   |
[INFO] [stdout] 4 | async fn soup(bot: &Box, chat: ChatId, id: i64) -> Result<(), ()> {
[INFO] [stdout]   |                     ~~~
[INFO] [stdout] help: consider importing this struct
[INFO] [stdout]   |
[INFO] [stdout] 2 + use telegram_bot2::Bot;
[INFO] [stdout]   |
[INFO] [stdout] 
[INFO] [stdout] error[E0412]: cannot find type `ChatId` in this scope
[INFO] [stdout]  --> src/lib.rs:58:32
[INFO] [stdout]   |
[INFO] [stdout] 4 | async fn soup(bot: &Bot, chat: ChatId, id: i64) -> Result<(), ()> {
[INFO] [stdout]   |                                ^^^^^^ not found in this scope
[INFO] [stdout]   |
[INFO] [stdout] help: consider importing this enum
[INFO] [stdout]   |
[INFO] [stdout] 2 + use telegram_bot2::models::ChatId;
[INFO] [stdout]   |
[INFO] [stdout] 
[INFO] [stdout] error[E0433]: failed to resolve: use of undeclared type `SendMessageBuilder`
[INFO] [stdout]  --> src/lib.rs:59:22
[INFO] [stdout]   |
[INFO] [stdout] 5 |     bot.send_message(SendMessageBuilder::new(chat, format!("Soup {} requested", id)).build()).await.unwrap();
[INFO] [stdout]   |                      ^^^^^^^^^^^^^^^^^^ use of undeclared type `SendMessageBuilder`
[INFO] [stdout]   |
[INFO] [stdout] help: consider importing this struct
[INFO] [stdout]   |
[INFO] [stdout] 2 + use telegram_bot2::models::SendMessageBuilder;
[INFO] [stdout]   |
[INFO] [stdout] 
[INFO] [stdout] error: aborting due to 4 previous errors
[INFO] [stdout] 
[INFO] [stdout] Some errors have detailed explanations: E0412, E0433.
[INFO] [stdout] For more information about an error, try `rustc --explain E0412`.
[INFO] [stdout] Couldn't compile the test.
[INFO] [stdout] ---- src/lib.rs - (line 40) stdout ----
[INFO] [stdout] error: cannot find attribute `handler` in this scope
[INFO] [stdout]  --> src/lib.rs:41:3
[INFO] [stdout]   |
[INFO] [stdout] 3 | #[handler(rank = 1)]
[INFO] [stdout]   |   ^^^^^^^
[INFO] [stdout]   |
[INFO] [stdout]   = note: `handler` is in scope, but it is a function, not an attribute
[INFO] [stdout] help: consider importing one of these items
[INFO] [stdout]   |
[INFO] [stdout] 2 + use telegram_bot2::handler;
[INFO] [stdout]   |
[INFO] [stdout] 2 + use telegram_bot2_macros::handler;
[INFO] [stdout]   |
[INFO] [stdout] 
[INFO] [stdout] error[E0412]: cannot find type `Message` in this scope
[INFO] [stdout]  --> src/lib.rs:42:28
[INFO] [stdout]   |
[INFO] [stdout] 4 | async fn handler(message: &Message, bot: &Bot) -> Result<(), ()> {
[INFO] [stdout]   |                            ^^^^^^^ not found in this scope
[INFO] [stdout]   |
[INFO] [stdout] help: consider importing this struct
[INFO] [stdout]   |
[INFO] [stdout] 2 + use telegram_bot2::models::Message;
[INFO] [stdout]   |
[INFO] [stdout] 
[INFO] [stdout] error[E0412]: cannot find type `Bot` in this scope
[INFO] [stdout]  --> src/lib.rs:42:43
[INFO] [stdout]   |
[INFO] [stdout] 4 |   async fn handler(message: &Message, bot: &Bot) -> Result<(), ()> {
[INFO] [stdout]   |                                             ^^^
[INFO] [stdout]  --> /rustc/0e09125c6c3c2fd70d7de961bcf0e51575235fad/library/alloc/src/boxed.rs:195:1
[INFO] [stdout]  ::: /rustc/0e09125c6c3c2fd70d7de961bcf0e51575235fad/library/alloc/src/boxed.rs:198:1
[INFO] [stdout]   |
[INFO] [stdout]   = note: similarly named struct `Box` defined here
[INFO] [stdout]   |
[INFO] [stdout] help: a struct with a similar name exists
[INFO] [stdout]   |
[INFO] [stdout] 4 | async fn handler(message: &Message, bot: &Box) -> Result<(), ()> {
[INFO] [stdout]   |                                           ~~~
[INFO] [stdout] help: consider importing this struct
[INFO] [stdout]   |
[INFO] [stdout] 2 + use telegram_bot2::Bot;
[INFO] [stdout]   |
[INFO] [stdout] 
[INFO] [stdout] error[E0433]: failed to resolve: use of undeclared type `SendMessageBuilder`
[INFO] [stdout]  --> src/lib.rs:43:22
[INFO] [stdout]   |
[INFO] [stdout] 5 |     bot.send_message(SendMessageBuilder::new(ChatId::from(message.chat.id), message.text.clone().unwrap()).build()).await.unwrap();
[INFO] [stdout]   |                      ^^^^^^^^^^^^^^^^^^ use of undeclared type `SendMessageBuilder`
[INFO] [stdout]   |
[INFO] [stdout] help: consider importing this struct
[INFO] [stdout]   |
[INFO] [stdout] 2 + use telegram_bot2::models::SendMessageBuilder;
[INFO] [stdout]   |
[INFO] [stdout] 
[INFO] [stdout] error[E0433]: failed to resolve: use of undeclared type `ChatId`
[INFO] [stdout]  --> src/lib.rs:43:46
[INFO] [stdout]   |
[INFO] [stdout] 5 |     bot.send_message(SendMessageBuilder::new(ChatId::from(message.chat.id), message.text.clone().unwrap()).build()).await.unwrap();
[INFO] [stdout]   |                                              ^^^^^^ use of undeclared type `ChatId`
[INFO] [stdout]   |
[INFO] [stdout] help: consider importing this enum
[INFO] [stdout]   |
[INFO] [stdout] 2 + use telegram_bot2::models::ChatId;
[INFO] [stdout]   |
[INFO] [stdout] 
[INFO] [stdout] error: aborting due to 5 previous errors
[INFO] [stdout] 
[INFO] [stdout] Some errors have detailed explanations: E0412, E0433.
[INFO] [stdout] For more information about an error, try `rustc --explain E0412`.
[INFO] [stdout] Couldn't compile the test.
[INFO] [stdout] 
[INFO] [stdout] failures:
[INFO] [stdout]     src/lib.rs - (line 15)
[INFO] [stdout]     src/lib.rs - (line 40)
[INFO] [stdout]     src/lib.rs - (line 56)
[INFO] [stdout]     src/lib.rs - (line 76)
[INFO] [stdout] 
[INFO] [stdout] test result: FAILED. 0 passed; 4 failed; 0 ignored; 0 measured; 0 filtered out; finished in 0.08s
[INFO] [stdout] 
[INFO] [stderr] error: doctest failed, to rerun pass `--doc`
[INFO] running `Command { std: "docker" "inspect" "e4115c8eb1c60a68261799b33590d1db5ccb0f02d32c4e120469c5b8617805c7", kill_on_drop: false }`
[INFO] running `Command { std: "docker" "rm" "-f" "e4115c8eb1c60a68261799b33590d1db5ccb0f02d32c4e120469c5b8617805c7", kill_on_drop: false }`
[INFO] [stdout] e4115c8eb1c60a68261799b33590d1db5ccb0f02d32c4e120469c5b8617805c7
