[INFO] fetching crate telegram-bot2-macros 0.1.3...
[INFO] testing telegram-bot2-macros-0.1.3 against 1.75.0 for beta-1.76-1
[INFO] extracting crate telegram-bot2-macros 0.1.3 into /workspace/builds/worker-1-tc1/source
[INFO] validating manifest of crates.io crate telegram-bot2-macros 0.1.3 on toolchain 1.75.0
[INFO] running `Command { std: CARGO_HOME="/workspace/cargo-home" RUSTUP_HOME="/workspace/rustup-home" "/workspace/cargo-home/bin/cargo" "+1.75.0" "metadata" "--manifest-path" "Cargo.toml" "--no-deps", kill_on_drop: false }`
[INFO] started tweaking crates.io crate telegram-bot2-macros 0.1.3
[INFO] finished tweaking crates.io crate telegram-bot2-macros 0.1.3
[INFO] tweaked toml for crates.io crate telegram-bot2-macros 0.1.3 written to /workspace/builds/worker-1-tc1/source/Cargo.toml
[INFO] running `Command { std: CARGO_HOME="/workspace/cargo-home" RUSTUP_HOME="/workspace/rustup-home" "/workspace/cargo-home/bin/cargo" "+1.75.0" "generate-lockfile" "--manifest-path" "Cargo.toml", kill_on_drop: false }`
[INFO] [stderr]     Updating crates.io index
[INFO] running `Command { std: CARGO_HOME="/workspace/cargo-home" RUSTUP_HOME="/workspace/rustup-home" "/workspace/cargo-home/bin/cargo" "+1.75.0" "fetch" "--manifest-path" "Cargo.toml", kill_on_drop: false }`
[INFO] running `Command { std: "docker" "create" "-v" "/var/lib/crater-agent-workspace/builds/worker-1-tc1/target:/opt/rustwide/target:rw,Z" "-v" "/var/lib/crater-agent-workspace/builds/worker-1-tc1/source:/opt/rustwide/workdir:ro,Z" "-v" "/var/lib/crater-agent-workspace/cargo-home:/opt/rustwide/cargo-home:ro,Z" "-v" "/var/lib/crater-agent-workspace/rustup-home:/opt/rustwide/rustup-home:ro,Z" "-e" "SOURCE_DIR=/opt/rustwide/workdir" "-e" "CARGO_TARGET_DIR=/opt/rustwide/target" "-e" "CARGO_HOME=/opt/rustwide/cargo-home" "-e" "RUSTUP_HOME=/opt/rustwide/rustup-home" "-w" "/opt/rustwide/workdir" "-m" "1610612736" "--user" "0:0" "--network" "none" "ghcr.io/rust-lang/crates-build-env/linux@sha256:2788e3201cd34a07e3172128adcd8b3090168a8e3bcc40d7c032b9dda1df7d1c" "/opt/rustwide/cargo-home/bin/cargo" "+1.75.0" "metadata" "--no-deps" "--format-version=1", kill_on_drop: false }`
[INFO] [stdout] 1c6ade1a0c5b3ba102d7a2ede3a90e4ee4b21d6ce8fd258e2c9a2300534a391d
[INFO] running `Command { std: "docker" "start" "-a" "1c6ade1a0c5b3ba102d7a2ede3a90e4ee4b21d6ce8fd258e2c9a2300534a391d", kill_on_drop: false }`
[INFO] running `Command { std: "docker" "inspect" "1c6ade1a0c5b3ba102d7a2ede3a90e4ee4b21d6ce8fd258e2c9a2300534a391d", kill_on_drop: false }`
[INFO] running `Command { std: "docker" "rm" "-f" "1c6ade1a0c5b3ba102d7a2ede3a90e4ee4b21d6ce8fd258e2c9a2300534a391d", kill_on_drop: false }`
[INFO] [stdout] 1c6ade1a0c5b3ba102d7a2ede3a90e4ee4b21d6ce8fd258e2c9a2300534a391d
[INFO] running `Command { std: "docker" "create" "-v" "/var/lib/crater-agent-workspace/builds/worker-1-tc1/target:/opt/rustwide/target:rw,Z" "-v" "/var/lib/crater-agent-workspace/builds/worker-1-tc1/source:/opt/rustwide/workdir:ro,Z" "-v" "/var/lib/crater-agent-workspace/cargo-home:/opt/rustwide/cargo-home:ro,Z" "-v" "/var/lib/crater-agent-workspace/rustup-home:/opt/rustwide/rustup-home:ro,Z" "-e" "SOURCE_DIR=/opt/rustwide/workdir" "-e" "CARGO_TARGET_DIR=/opt/rustwide/target" "-e" "CARGO_INCREMENTAL=0" "-e" "RUST_BACKTRACE=full" "-e" "RUSTFLAGS=--cap-lints=warn" "-e" "RUSTDOCFLAGS=--cap-lints=warn" "-e" "CARGO_HOME=/opt/rustwide/cargo-home" "-e" "RUSTUP_HOME=/opt/rustwide/rustup-home" "-w" "/opt/rustwide/workdir" "-m" "1610612736" "--user" "0:0" "--network" "none" "ghcr.io/rust-lang/crates-build-env/linux@sha256:2788e3201cd34a07e3172128adcd8b3090168a8e3bcc40d7c032b9dda1df7d1c" "/opt/rustwide/cargo-home/bin/cargo" "+1.75.0" "build" "--frozen" "--message-format=json", kill_on_drop: false }`
[INFO] [stdout] 986135b2a3bb7498ddb0d08a2179c214f756643153ab7ec81bb6bc81fadba38d
[INFO] running `Command { std: "docker" "start" "-a" "986135b2a3bb7498ddb0d08a2179c214f756643153ab7ec81bb6bc81fadba38d", kill_on_drop: false }`
[INFO] [stderr]    Compiling syn v1.0.109
[INFO] [stderr]    Compiling proc-macro-error-attr v1.0.4
[INFO] [stderr]    Compiling proc-macro-error v1.0.4
[INFO] [stderr]    Compiling telegram-bot2-macros v0.1.3 (/opt/rustwide/workdir)
[INFO] [stderr]     Finished dev [unoptimized + debuginfo] target(s) in 5.17s
[INFO] running `Command { std: "docker" "inspect" "986135b2a3bb7498ddb0d08a2179c214f756643153ab7ec81bb6bc81fadba38d", kill_on_drop: false }`
[INFO] running `Command { std: "docker" "rm" "-f" "986135b2a3bb7498ddb0d08a2179c214f756643153ab7ec81bb6bc81fadba38d", kill_on_drop: false }`
[INFO] [stdout] 986135b2a3bb7498ddb0d08a2179c214f756643153ab7ec81bb6bc81fadba38d
[INFO] running `Command { std: "docker" "create" "-v" "/var/lib/crater-agent-workspace/builds/worker-1-tc1/target:/opt/rustwide/target:rw,Z" "-v" "/var/lib/crater-agent-workspace/builds/worker-1-tc1/source:/opt/rustwide/workdir:ro,Z" "-v" "/var/lib/crater-agent-workspace/cargo-home:/opt/rustwide/cargo-home:ro,Z" "-v" "/var/lib/crater-agent-workspace/rustup-home:/opt/rustwide/rustup-home:ro,Z" "-e" "SOURCE_DIR=/opt/rustwide/workdir" "-e" "CARGO_TARGET_DIR=/opt/rustwide/target" "-e" "CARGO_INCREMENTAL=0" "-e" "RUST_BACKTRACE=full" "-e" "RUSTFLAGS=--cap-lints=warn" "-e" "RUSTDOCFLAGS=--cap-lints=warn" "-e" "CARGO_HOME=/opt/rustwide/cargo-home" "-e" "RUSTUP_HOME=/opt/rustwide/rustup-home" "-w" "/opt/rustwide/workdir" "-m" "1610612736" "--user" "0:0" "--network" "none" "ghcr.io/rust-lang/crates-build-env/linux@sha256:2788e3201cd34a07e3172128adcd8b3090168a8e3bcc40d7c032b9dda1df7d1c" "/opt/rustwide/cargo-home/bin/cargo" "+1.75.0" "test" "--frozen" "--no-run" "--message-format=json", kill_on_drop: false }`
[INFO] [stdout] a56f077d944abafb64935bd3504e02d86cd34f068b326004f9cc899e2f110f4f
[INFO] running `Command { std: "docker" "start" "-a" "a56f077d944abafb64935bd3504e02d86cd34f068b326004f9cc899e2f110f4f", kill_on_drop: false }`
[INFO] [stderr]    Compiling telegram-bot2-macros v0.1.3 (/opt/rustwide/workdir)
[INFO] [stderr]     Finished test [unoptimized + debuginfo] target(s) in 1.04s
[INFO] running `Command { std: "docker" "inspect" "a56f077d944abafb64935bd3504e02d86cd34f068b326004f9cc899e2f110f4f", kill_on_drop: false }`
[INFO] running `Command { std: "docker" "rm" "-f" "a56f077d944abafb64935bd3504e02d86cd34f068b326004f9cc899e2f110f4f", kill_on_drop: false }`
[INFO] [stdout] a56f077d944abafb64935bd3504e02d86cd34f068b326004f9cc899e2f110f4f
[INFO] running `Command { std: "docker" "create" "-v" "/var/lib/crater-agent-workspace/builds/worker-1-tc1/target:/opt/rustwide/target:rw,Z" "-v" "/var/lib/crater-agent-workspace/builds/worker-1-tc1/source:/opt/rustwide/workdir:ro,Z" "-v" "/var/lib/crater-agent-workspace/cargo-home:/opt/rustwide/cargo-home:ro,Z" "-v" "/var/lib/crater-agent-workspace/rustup-home:/opt/rustwide/rustup-home:ro,Z" "-e" "SOURCE_DIR=/opt/rustwide/workdir" "-e" "CARGO_TARGET_DIR=/opt/rustwide/target" "-e" "CARGO_INCREMENTAL=0" "-e" "RUST_BACKTRACE=full" "-e" "RUSTFLAGS=--cap-lints=warn" "-e" "RUSTDOCFLAGS=--cap-lints=warn" "-e" "CARGO_HOME=/opt/rustwide/cargo-home" "-e" "RUSTUP_HOME=/opt/rustwide/rustup-home" "-w" "/opt/rustwide/workdir" "-m" "1610612736" "--user" "0:0" "--network" "none" "ghcr.io/rust-lang/crates-build-env/linux@sha256:2788e3201cd34a07e3172128adcd8b3090168a8e3bcc40d7c032b9dda1df7d1c" "/opt/rustwide/cargo-home/bin/cargo" "+1.75.0" "test" "--frozen", kill_on_drop: false }`
[INFO] [stdout] fc8ee0715b4b41e34c0b26a877a8bb8e2a25004d4f739e0be7f910da8e3c7b6e
[INFO] running `Command { std: "docker" "start" "-a" "fc8ee0715b4b41e34c0b26a877a8bb8e2a25004d4f739e0be7f910da8e3c7b6e", kill_on_drop: false }`
[INFO] [stderr]     Finished test [unoptimized + debuginfo] target(s) in 0.02s
[INFO] [stderr]      Running unittests src/lib.rs (/opt/rustwide/target/debug/deps/telegram_bot2_macros-32f21b834d164324)
[INFO] [stdout] 
[INFO] [stdout] running 0 tests
[INFO] [stdout] 
[INFO] [stdout] test result: ok. 0 passed; 0 failed; 0 ignored; 0 measured; 0 filtered out; finished in 0.00s
[INFO] [stdout] 
[INFO] [stderr]    Doc-tests telegram-bot2-macros
[INFO] [stdout] 
[INFO] [stdout] running 4 tests
[INFO] [stdout] test src/lib.rs - command (line 68) ... FAILED
[INFO] [stdout] test src/lib.rs - bot (line 35) ... FAILED
[INFO] [stdout] test src/lib.rs - daemon (line 130) ... FAILED
[INFO] [stdout] test src/lib.rs - command (line 78) ... FAILED
[INFO] [stdout] 
[INFO] [stdout] failures:
[INFO] [stdout] 
[INFO] [stdout] ---- src/lib.rs - command (line 68) stdout ----
[INFO] [stdout] error: cannot find attribute `bot_command` in this scope
[INFO] [stdout]  --> src/lib.rs:69:3
[INFO] [stdout]   |
[INFO] [stdout] 3 | #[bot_command("/soup <id>")]
[INFO] [stdout]   |   ^^^^^^^^^^^
[INFO] [stdout] 
[INFO] [stdout] error[E0412]: cannot find type `Bot` in this scope
[INFO] [stdout]  --> src/lib.rs:70:21
[INFO] [stdout]   |
[INFO] [stdout] 4 |   async fn soup(bot: &Bot, chat: ChatId, id: i64) -> Result<(), ()> {
[INFO] [stdout]   |                       ^^^ help: a struct with a similar name exists: `Box`
[INFO] [stdout]  --> /rustc/82e1608dfa6e0b5569232559e3d385fea5a93112/library/alloc/src/boxed.rs:195:1
[INFO] [stdout]  ::: /rustc/82e1608dfa6e0b5569232559e3d385fea5a93112/library/alloc/src/boxed.rs:198:1
[INFO] [stdout]   |
[INFO] [stdout]   = note: similarly named struct `Box` defined here
[INFO] [stdout] 
[INFO] [stdout] error[E0412]: cannot find type `ChatId` in this scope
[INFO] [stdout]  --> src/lib.rs:70:32
[INFO] [stdout]   |
[INFO] [stdout] 4 | async fn soup(bot: &Bot, chat: ChatId, id: i64) -> Result<(), ()> {
[INFO] [stdout]   |                                ^^^^^^ not found in this scope
[INFO] [stdout] 
[INFO] [stdout] error[E0433]: failed to resolve: use of undeclared type `SendMessageBuilder`
[INFO] [stdout]  --> src/lib.rs:71:22
[INFO] [stdout]   |
[INFO] [stdout] 5 |     bot.send_message(SendMessageBuilder::new(chat, format!("Soup {} requested", id)).build()).await.unwrap();
[INFO] [stdout]   |                      ^^^^^^^^^^^^^^^^^^ use of undeclared type `SendMessageBuilder`
[INFO] [stdout] 
[INFO] [stdout] error: aborting due to 4 previous errors
[INFO] [stdout] 
[INFO] [stdout] Some errors have detailed explanations: E0412, E0433.
[INFO] [stdout] For more information about an error, try `rustc --explain E0412`.
[INFO] [stdout] Couldn't compile the test.
[INFO] [stdout] ---- src/lib.rs - bot (line 35) stdout ----
[INFO] [stdout] error: cannot find attribute `bot` in this scope
[INFO] [stdout]  --> src/lib.rs:36:3
[INFO] [stdout]   |
[INFO] [stdout] 3 | #[bot]
[INFO] [stdout]   |   ^^^
[INFO] [stdout]   |
[INFO] [stdout]   = note: `bot` is in scope, but it is a function, not an attribute
[INFO] [stdout] help: consider importing this attribute macro
[INFO] [stdout]   |
[INFO] [stdout] 2 + use telegram_bot2_macros::bot;
[INFO] [stdout]   |
[INFO] [stdout] 
[INFO] [stdout] error: cannot find macro `handlers` in this scope
[INFO] [stdout]  --> src/lib.rs:41:18
[INFO] [stdout]   |
[INFO] [stdout] 8 |         .handler(handlers![handler])
[INFO] [stdout]   |                  ^^^^^^^^
[INFO] [stdout]   |
[INFO] [stdout] help: consider importing this macro
[INFO] [stdout]   |
[INFO] [stdout] 2 + use telegram_bot2_macros::handlers;
[INFO] [stdout]   |
[INFO] [stdout] 
[INFO] [stdout] error: cannot find macro `commands` in this scope
[INFO] [stdout]  --> src/lib.rs:42:19
[INFO] [stdout]   |
[INFO] [stdout] 9 |         .commands(commands![soup])
[INFO] [stdout]   |                   ^^^^^^^^
[INFO] [stdout]   |
[INFO] [stdout] help: consider importing this macro
[INFO] [stdout]   |
[INFO] [stdout] 2 + use telegram_bot2_macros::commands;
[INFO] [stdout]   |
[INFO] [stdout] 
[INFO] [stdout] error[E0433]: failed to resolve: use of undeclared type `Duration`
[INFO] [stdout]  --> src/lib.rs:39:19
[INFO] [stdout]   |
[INFO] [stdout] 6 |         .interval(Duration::from_secs(0))
[INFO] [stdout]   |                   ^^^^^^^^ use of undeclared type `Duration`
[INFO] [stdout]   |
[INFO] [stdout] help: consider importing one of these items
[INFO] [stdout]   |
[INFO] [stdout] 2 + use core::time::Duration;
[INFO] [stdout]   |
[INFO] [stdout] 2 + use std::time::Duration;
[INFO] [stdout]   |
[INFO] [stdout] 
[INFO] [stdout] error[E0121]: the placeholder `_` is not allowed within types on item signatures for opaque types
[INFO] [stdout]  --> src/lib.rs:37:19
[INFO] [stdout]   |
[INFO] [stdout] 4 | async fn bot() -> _ {
[INFO] [stdout]   |                   ^ not allowed in type signatures
[INFO] [stdout] 
[INFO] [stdout] error[E0433]: failed to resolve: use of undeclared type `BotBuilder`
[INFO] [stdout]  --> src/lib.rs:38:5
[INFO] [stdout]   |
[INFO] [stdout] 5 |     BotBuilder::new()
[INFO] [stdout]   |     ^^^^^^^^^^ use of undeclared type `BotBuilder`
[INFO] [stdout] 
[INFO] [stdout] error: aborting due to 6 previous errors
[INFO] [stdout] 
[INFO] [stdout] Some errors have detailed explanations: E0121, E0433.
[INFO] [stdout] For more information about an error, try `rustc --explain E0121`.
[INFO] [stdout] Couldn't compile the test.
[INFO] [stdout] ---- src/lib.rs - daemon (line 130) stdout ----
[INFO] [stdout] error: cannot find attribute `daemon` in this scope
[INFO] [stdout]  --> src/lib.rs:131:3
[INFO] [stdout]   |
[INFO] [stdout] 3 | #[daemon(interval = 5)]
[INFO] [stdout]   |   ^^^^^^
[INFO] [stdout]   |
[INFO] [stdout] help: consider importing this attribute macro
[INFO] [stdout]   |
[INFO] [stdout] 2 + use telegram_bot2_macros::daemon;
[INFO] [stdout]   |
[INFO] [stdout] 
[INFO] [stdout] error[E0412]: cannot find type `BotState` in this scope
[INFO] [stdout]  --> src/lib.rs:132:24
[INFO] [stdout]   |
[INFO] [stdout] 4 | async fn hello(state: &BotState<Mutex<usize>>) {
[INFO] [stdout]   |                        ^^^^^^^^ not found in this scope
[INFO] [stdout] 
[INFO] [stdout] error[E0412]: cannot find type `Mutex` in this scope
[INFO] [stdout]  --> src/lib.rs:132:33
[INFO] [stdout]   |
[INFO] [stdout] 4 | async fn hello(state: &BotState<Mutex<usize>>) {
[INFO] [stdout]   |                                 ^^^^^ not found in this scope
[INFO] [stdout]   |
[INFO] [stdout] help: consider importing this struct
[INFO] [stdout]   |
[INFO] [stdout] 2 + use std::sync::Mutex;
[INFO] [stdout]   |
[INFO] [stdout] 
[INFO] [stdout] error: aborting due to 3 previous errors
[INFO] [stdout] 
[INFO] [stdout] For more information about this error, try `rustc --explain E0412`.
[INFO] [stdout] Couldn't compile the test.
[INFO] [stdout] ---- src/lib.rs - command (line 78) stdout ----
[INFO] [stdout] error: cannot find attribute `bot_command` in this scope
[INFO] [stdout]  --> src/lib.rs:79:3
[INFO] [stdout]   |
[INFO] [stdout] 3 | #[bot_command("/soup <id> <name>")]
[INFO] [stdout]   |   ^^^^^^^^^^^
[INFO] [stdout] 
[INFO] [stdout] error[E0412]: cannot find type `Bot` in this scope
[INFO] [stdout]  --> src/lib.rs:80:21
[INFO] [stdout]   |
[INFO] [stdout] 4 |   async fn soup(bot: &Bot, chat: ChatId, id: Option<i64>, name: Option<String>) -> Result<(), ()> {
[INFO] [stdout]   |                       ^^^ help: a struct with a similar name exists: `Box`
[INFO] [stdout]  --> /rustc/82e1608dfa6e0b5569232559e3d385fea5a93112/library/alloc/src/boxed.rs:195:1
[INFO] [stdout]  ::: /rustc/82e1608dfa6e0b5569232559e3d385fea5a93112/library/alloc/src/boxed.rs:198:1
[INFO] [stdout]   |
[INFO] [stdout]   = note: similarly named struct `Box` defined here
[INFO] [stdout] 
[INFO] [stdout] error[E0412]: cannot find type `ChatId` in this scope
[INFO] [stdout]  --> src/lib.rs:80:32
[INFO] [stdout]   |
[INFO] [stdout] 4 | async fn soup(bot: &Bot, chat: ChatId, id: Option<i64>, name: Option<String>) -> Result<(), ()> {
[INFO] [stdout]   |                                ^^^^^^ not found in this scope
[INFO] [stdout] 
[INFO] [stdout] error[E0433]: failed to resolve: use of undeclared type `SendMessageBuilder`
[INFO] [stdout]  --> src/lib.rs:81:22
[INFO] [stdout]   |
[INFO] [stdout] 5 |     bot.send_message(SendMessageBuilder::new(chat, format!("Soup {}@{} requested", name.unwrap_or("None".to_string()), id.unwrap_or(0)))....
[INFO] [stdout]   |                      ^^^^^^^^^^^^^^^^^^ use of undeclared type `SendMessageBuilder`
[INFO] [stdout] 
[INFO] [stdout] error: aborting due to 4 previous errors
[INFO] [stdout] 
[INFO] [stdout] Some errors have detailed explanations: E0412, E0433.
[INFO] [stdout] For more information about an error, try `rustc --explain E0412`.
[INFO] [stdout] Couldn't compile the test.
[INFO] [stdout] 
[INFO] [stdout] failures:
[INFO] [stdout]     src/lib.rs - bot (line 35)
[INFO] [stdout]     src/lib.rs - command (line 68)
[INFO] [stdout]     src/lib.rs - command (line 78)
[INFO] [stdout]     src/lib.rs - daemon (line 130)
[INFO] [stdout] 
[INFO] [stdout] test result: FAILED. 0 passed; 4 failed; 0 ignored; 0 measured; 0 filtered out; finished in 0.08s
[INFO] [stdout] 
[INFO] [stderr] error: doctest failed, to rerun pass `--doc`
[INFO] running `Command { std: "docker" "inspect" "fc8ee0715b4b41e34c0b26a877a8bb8e2a25004d4f739e0be7f910da8e3c7b6e", kill_on_drop: false }`
[INFO] running `Command { std: "docker" "rm" "-f" "fc8ee0715b4b41e34c0b26a877a8bb8e2a25004d4f739e0be7f910da8e3c7b6e", kill_on_drop: false }`
[INFO] [stdout] fc8ee0715b4b41e34c0b26a877a8bb8e2a25004d4f739e0be7f910da8e3c7b6e
[INFO] testing telegram-bot2-macros-0.1.3 against beta-2023-12-22 for beta-1.76-1
[INFO] extracting crate telegram-bot2-macros 0.1.3 into /workspace/builds/worker-1-tc2/source
[INFO] validating manifest of crates.io crate telegram-bot2-macros 0.1.3 on toolchain beta-2023-12-22
[INFO] running `Command { std: CARGO_HOME="/workspace/cargo-home" RUSTUP_HOME="/workspace/rustup-home" "/workspace/cargo-home/bin/cargo" "+beta-2023-12-22" "metadata" "--manifest-path" "Cargo.toml" "--no-deps", kill_on_drop: false }`
[INFO] started tweaking crates.io crate telegram-bot2-macros 0.1.3
[INFO] finished tweaking crates.io crate telegram-bot2-macros 0.1.3
[INFO] tweaked toml for crates.io crate telegram-bot2-macros 0.1.3 written to /workspace/builds/worker-1-tc2/source/Cargo.toml
[INFO] running `Command { std: CARGO_HOME="/workspace/cargo-home" RUSTUP_HOME="/workspace/rustup-home" "/workspace/cargo-home/bin/cargo" "+beta-2023-12-22" "generate-lockfile" "--manifest-path" "Cargo.toml", kill_on_drop: false }`
[INFO] [stderr]     Updating crates.io index
[INFO] running `Command { std: CARGO_HOME="/workspace/cargo-home" RUSTUP_HOME="/workspace/rustup-home" "/workspace/cargo-home/bin/cargo" "+beta-2023-12-22" "fetch" "--manifest-path" "Cargo.toml", kill_on_drop: false }`
[INFO] running `Command { std: "docker" "create" "-v" "/var/lib/crater-agent-workspace/builds/worker-1-tc2/target:/opt/rustwide/target:rw,Z" "-v" "/var/lib/crater-agent-workspace/builds/worker-1-tc2/source:/opt/rustwide/workdir:ro,Z" "-v" "/var/lib/crater-agent-workspace/cargo-home:/opt/rustwide/cargo-home:ro,Z" "-v" "/var/lib/crater-agent-workspace/rustup-home:/opt/rustwide/rustup-home:ro,Z" "-e" "SOURCE_DIR=/opt/rustwide/workdir" "-e" "CARGO_TARGET_DIR=/opt/rustwide/target" "-e" "CARGO_HOME=/opt/rustwide/cargo-home" "-e" "RUSTUP_HOME=/opt/rustwide/rustup-home" "-w" "/opt/rustwide/workdir" "-m" "1610612736" "--user" "0:0" "--network" "none" "ghcr.io/rust-lang/crates-build-env/linux@sha256:2788e3201cd34a07e3172128adcd8b3090168a8e3bcc40d7c032b9dda1df7d1c" "/opt/rustwide/cargo-home/bin/cargo" "+beta-2023-12-22" "metadata" "--no-deps" "--format-version=1", kill_on_drop: false }`
[INFO] [stdout] 220ba3ec7b7aa81356f19c5ee907b638eef3cc4463f8d85fe21e96a18a7ab4b7
[INFO] running `Command { std: "docker" "start" "-a" "220ba3ec7b7aa81356f19c5ee907b638eef3cc4463f8d85fe21e96a18a7ab4b7", kill_on_drop: false }`
[INFO] running `Command { std: "docker" "inspect" "220ba3ec7b7aa81356f19c5ee907b638eef3cc4463f8d85fe21e96a18a7ab4b7", kill_on_drop: false }`
[INFO] running `Command { std: "docker" "rm" "-f" "220ba3ec7b7aa81356f19c5ee907b638eef3cc4463f8d85fe21e96a18a7ab4b7", kill_on_drop: false }`
[INFO] [stdout] 220ba3ec7b7aa81356f19c5ee907b638eef3cc4463f8d85fe21e96a18a7ab4b7
[INFO] running `Command { std: "docker" "create" "-v" "/var/lib/crater-agent-workspace/builds/worker-1-tc2/target:/opt/rustwide/target:rw,Z" "-v" "/var/lib/crater-agent-workspace/builds/worker-1-tc2/source:/opt/rustwide/workdir:ro,Z" "-v" "/var/lib/crater-agent-workspace/cargo-home:/opt/rustwide/cargo-home:ro,Z" "-v" "/var/lib/crater-agent-workspace/rustup-home:/opt/rustwide/rustup-home:ro,Z" "-e" "SOURCE_DIR=/opt/rustwide/workdir" "-e" "CARGO_TARGET_DIR=/opt/rustwide/target" "-e" "CARGO_INCREMENTAL=0" "-e" "RUST_BACKTRACE=full" "-e" "RUSTFLAGS=--cap-lints=warn" "-e" "RUSTDOCFLAGS=--cap-lints=warn" "-e" "CARGO_HOME=/opt/rustwide/cargo-home" "-e" "RUSTUP_HOME=/opt/rustwide/rustup-home" "-w" "/opt/rustwide/workdir" "-m" "1610612736" "--user" "0:0" "--network" "none" "ghcr.io/rust-lang/crates-build-env/linux@sha256:2788e3201cd34a07e3172128adcd8b3090168a8e3bcc40d7c032b9dda1df7d1c" "/opt/rustwide/cargo-home/bin/cargo" "+beta-2023-12-22" "build" "--frozen" "--message-format=json", kill_on_drop: false }`
[INFO] [stdout] d5ab07bbbb61501e60272b4cd99af28d910ec59cc2772d3bd5a5f1db4a8d12ed
[INFO] running `Command { std: "docker" "start" "-a" "d5ab07bbbb61501e60272b4cd99af28d910ec59cc2772d3bd5a5f1db4a8d12ed", kill_on_drop: false }`
[INFO] [stderr]    Compiling syn v1.0.109
[INFO] [stderr]    Compiling proc-macro-error-attr v1.0.4
[INFO] [stderr]    Compiling proc-macro-error v1.0.4
[INFO] [stderr]    Compiling telegram-bot2-macros v0.1.3 (/opt/rustwide/workdir)
[INFO] [stderr]     Finished dev [unoptimized + debuginfo] target(s) in 4.05s
[INFO] running `Command { std: "docker" "inspect" "d5ab07bbbb61501e60272b4cd99af28d910ec59cc2772d3bd5a5f1db4a8d12ed", kill_on_drop: false }`
[INFO] running `Command { std: "docker" "rm" "-f" "d5ab07bbbb61501e60272b4cd99af28d910ec59cc2772d3bd5a5f1db4a8d12ed", kill_on_drop: false }`
[INFO] [stdout] d5ab07bbbb61501e60272b4cd99af28d910ec59cc2772d3bd5a5f1db4a8d12ed
[INFO] running `Command { std: "docker" "create" "-v" "/var/lib/crater-agent-workspace/builds/worker-1-tc2/target:/opt/rustwide/target:rw,Z" "-v" "/var/lib/crater-agent-workspace/builds/worker-1-tc2/source:/opt/rustwide/workdir:ro,Z" "-v" "/var/lib/crater-agent-workspace/cargo-home:/opt/rustwide/cargo-home:ro,Z" "-v" "/var/lib/crater-agent-workspace/rustup-home:/opt/rustwide/rustup-home:ro,Z" "-e" "SOURCE_DIR=/opt/rustwide/workdir" "-e" "CARGO_TARGET_DIR=/opt/rustwide/target" "-e" "CARGO_INCREMENTAL=0" "-e" "RUST_BACKTRACE=full" "-e" "RUSTFLAGS=--cap-lints=warn" "-e" "RUSTDOCFLAGS=--cap-lints=warn" "-e" "CARGO_HOME=/opt/rustwide/cargo-home" "-e" "RUSTUP_HOME=/opt/rustwide/rustup-home" "-w" "/opt/rustwide/workdir" "-m" "1610612736" "--user" "0:0" "--network" "none" "ghcr.io/rust-lang/crates-build-env/linux@sha256:2788e3201cd34a07e3172128adcd8b3090168a8e3bcc40d7c032b9dda1df7d1c" "/opt/rustwide/cargo-home/bin/cargo" "+beta-2023-12-22" "test" "--frozen" "--no-run" "--message-format=json", kill_on_drop: false }`
[INFO] [stdout] fc4d6716037a589ca308b54cd7ae6d51cee81938adc047297c864384e886df65
[INFO] running `Command { std: "docker" "start" "-a" "fc4d6716037a589ca308b54cd7ae6d51cee81938adc047297c864384e886df65", kill_on_drop: false }`
[INFO] [stderr]    Compiling telegram-bot2-macros v0.1.3 (/opt/rustwide/workdir)
[INFO] [stderr]     Finished test [unoptimized + debuginfo] target(s) in 1.13s
[INFO] running `Command { std: "docker" "inspect" "fc4d6716037a589ca308b54cd7ae6d51cee81938adc047297c864384e886df65", kill_on_drop: false }`
[INFO] running `Command { std: "docker" "rm" "-f" "fc4d6716037a589ca308b54cd7ae6d51cee81938adc047297c864384e886df65", kill_on_drop: false }`
[INFO] [stdout] fc4d6716037a589ca308b54cd7ae6d51cee81938adc047297c864384e886df65
[INFO] running `Command { std: "docker" "create" "-v" "/var/lib/crater-agent-workspace/builds/worker-1-tc2/target:/opt/rustwide/target:rw,Z" "-v" "/var/lib/crater-agent-workspace/builds/worker-1-tc2/source:/opt/rustwide/workdir:ro,Z" "-v" "/var/lib/crater-agent-workspace/cargo-home:/opt/rustwide/cargo-home:ro,Z" "-v" "/var/lib/crater-agent-workspace/rustup-home:/opt/rustwide/rustup-home:ro,Z" "-e" "SOURCE_DIR=/opt/rustwide/workdir" "-e" "CARGO_TARGET_DIR=/opt/rustwide/target" "-e" "CARGO_INCREMENTAL=0" "-e" "RUST_BACKTRACE=full" "-e" "RUSTFLAGS=--cap-lints=warn" "-e" "RUSTDOCFLAGS=--cap-lints=warn" "-e" "CARGO_HOME=/opt/rustwide/cargo-home" "-e" "RUSTUP_HOME=/opt/rustwide/rustup-home" "-w" "/opt/rustwide/workdir" "-m" "1610612736" "--user" "0:0" "--network" "none" "ghcr.io/rust-lang/crates-build-env/linux@sha256:2788e3201cd34a07e3172128adcd8b3090168a8e3bcc40d7c032b9dda1df7d1c" "/opt/rustwide/cargo-home/bin/cargo" "+beta-2023-12-22" "test" "--frozen", kill_on_drop: false }`
[INFO] [stdout] a1e99fb344b23a143bd6194ca782929115ebcb1cd15d19a7f9ea3040b756f88a
[INFO] running `Command { std: "docker" "start" "-a" "a1e99fb344b23a143bd6194ca782929115ebcb1cd15d19a7f9ea3040b756f88a", kill_on_drop: false }`
[INFO] [stderr]     Finished test [unoptimized + debuginfo] target(s) in 0.01s
[INFO] [stderr]      Running unittests src/lib.rs (/opt/rustwide/target/debug/deps/telegram_bot2_macros-b5fcd3201e23bccc)
[INFO] [stdout] 
[INFO] [stdout] running 0 tests
[INFO] [stdout] 
[INFO] [stdout] test result: ok. 0 passed; 0 failed; 0 ignored; 0 measured; 0 filtered out; finished in 0.00s
[INFO] [stdout] 
[INFO] [stderr]    Doc-tests telegram-bot2-macros
[INFO] [stdout] 
[INFO] [stdout] running 4 tests
[INFO] [stdout] test src/lib.rs - command (line 68) ... FAILED
[INFO] [stdout] test src/lib.rs - command (line 78) ... FAILED
[INFO] [stdout] test src/lib.rs - bot (line 35) ... FAILED
[INFO] [stdout] test src/lib.rs - daemon (line 130) ... FAILED
[INFO] [stdout] 
[INFO] [stdout] failures:
[INFO] [stdout] 
[INFO] [stdout] ---- src/lib.rs - command (line 68) stdout ----
[INFO] [stdout] error: cannot find attribute `bot_command` in this scope
[INFO] [stdout]  --> src/lib.rs:69:3
[INFO] [stdout]   |
[INFO] [stdout] 3 | #[bot_command("/soup <id>")]
[INFO] [stdout]   |   ^^^^^^^^^^^
[INFO] [stdout] 
[INFO] [stdout] error[E0412]: cannot find type `Bot` in this scope
[INFO] [stdout]  --> src/lib.rs:70:21
[INFO] [stdout]   |
[INFO] [stdout] 4 |   async fn soup(bot: &Bot, chat: ChatId, id: i64) -> Result<(), ()> {
[INFO] [stdout]   |                       ^^^ help: a struct with a similar name exists: `Box`
[INFO] [stdout]  --> /rustc/0e09125c6c3c2fd70d7de961bcf0e51575235fad/library/alloc/src/boxed.rs:195:1
[INFO] [stdout]  ::: /rustc/0e09125c6c3c2fd70d7de961bcf0e51575235fad/library/alloc/src/boxed.rs:198:1
[INFO] [stdout]   |
[INFO] [stdout]   = note: similarly named struct `Box` defined here
[INFO] [stdout] 
[INFO] [stdout] error[E0412]: cannot find type `ChatId` in this scope
[INFO] [stdout]  --> src/lib.rs:70:32
[INFO] [stdout]   |
[INFO] [stdout] 4 | async fn soup(bot: &Bot, chat: ChatId, id: i64) -> Result<(), ()> {
[INFO] [stdout]   |                                ^^^^^^ not found in this scope
[INFO] [stdout] 
[INFO] [stdout] error[E0433]: failed to resolve: use of undeclared type `SendMessageBuilder`
[INFO] [stdout]  --> src/lib.rs:71:22
[INFO] [stdout]   |
[INFO] [stdout] 5 |     bot.send_message(SendMessageBuilder::new(chat, format!("Soup {} requested", id)).build()).await.unwrap();
[INFO] [stdout]   |                      ^^^^^^^^^^^^^^^^^^ use of undeclared type `SendMessageBuilder`
[INFO] [stdout] 
[INFO] [stdout] error: aborting due to 4 previous errors
[INFO] [stdout] 
[INFO] [stdout] Some errors have detailed explanations: E0412, E0433.
[INFO] [stdout] For more information about an error, try `rustc --explain E0412`.
[INFO] [stdout] Couldn't compile the test.
[INFO] [stdout] ---- src/lib.rs - command (line 78) stdout ----
[INFO] [stdout] error: cannot find attribute `bot_command` in this scope
[INFO] [stdout]  --> src/lib.rs:79:3
[INFO] [stdout]   |
[INFO] [stdout] 3 | #[bot_command("/soup <id> <name>")]
[INFO] [stdout]   |   ^^^^^^^^^^^
[INFO] [stdout] 
[INFO] [stdout] error[E0412]: cannot find type `Bot` in this scope
[INFO] [stdout]  --> src/lib.rs:80:21
[INFO] [stdout]   |
[INFO] [stdout] 4 |   async fn soup(bot: &Bot, chat: ChatId, id: Option<i64>, name: Option<String>) -> Result<(), ()> {
[INFO] [stdout]   |                       ^^^ help: a struct with a similar name exists: `Box`
[INFO] [stdout]  --> /rustc/0e09125c6c3c2fd70d7de961bcf0e51575235fad/library/alloc/src/boxed.rs:195:1
[INFO] [stdout]  ::: /rustc/0e09125c6c3c2fd70d7de961bcf0e51575235fad/library/alloc/src/boxed.rs:198:1
[INFO] [stdout]   |
[INFO] [stdout]   = note: similarly named struct `Box` defined here
[INFO] [stdout] 
[INFO] [stdout] error[E0412]: cannot find type `ChatId` in this scope
[INFO] [stdout]  --> src/lib.rs:80:32
[INFO] [stdout]   |
[INFO] [stdout] 4 | async fn soup(bot: &Bot, chat: ChatId, id: Option<i64>, name: Option<String>) -> Result<(), ()> {
[INFO] [stdout]   |                                ^^^^^^ not found in this scope
[INFO] [stdout] 
[INFO] [stdout] error[E0433]: failed to resolve: use of undeclared type `SendMessageBuilder`
[INFO] [stdout]  --> src/lib.rs:81:22
[INFO] [stdout]   |
[INFO] [stdout] 5 |     bot.send_message(SendMessageBuilder::new(chat, format!("Soup {}@{} requested", name.unwrap_or("None".to_string()), id.unwrap_or(0)))....
[INFO] [stdout]   |                      ^^^^^^^^^^^^^^^^^^ use of undeclared type `SendMessageBuilder`
[INFO] [stdout] 
[INFO] [stdout] error: aborting due to 4 previous errors
[INFO] [stdout] 
[INFO] [stdout] Some errors have detailed explanations: E0412, E0433.
[INFO] [stdout] For more information about an error, try `rustc --explain E0412`.
[INFO] [stdout] Couldn't compile the test.
[INFO] [stdout] ---- src/lib.rs - bot (line 35) stdout ----
[INFO] [stdout] error: cannot find attribute `bot` in this scope
[INFO] [stdout]  --> src/lib.rs:36:3
[INFO] [stdout]   |
[INFO] [stdout] 3 | #[bot]
[INFO] [stdout]   |   ^^^
[INFO] [stdout]   |
[INFO] [stdout]   = note: `bot` is in scope, but it is a function, not an attribute
[INFO] [stdout] help: consider importing this attribute macro
[INFO] [stdout]   |
[INFO] [stdout] 2 + use telegram_bot2_macros::bot;
[INFO] [stdout]   |
[INFO] [stdout] 
[INFO] [stdout] error: cannot find macro `handlers` in this scope
[INFO] [stdout]  --> src/lib.rs:41:18
[INFO] [stdout]   |
[INFO] [stdout] 8 |         .handler(handlers![handler])
[INFO] [stdout]   |                  ^^^^^^^^
[INFO] [stdout]   |
[INFO] [stdout] help: consider importing this macro
[INFO] [stdout]   |
[INFO] [stdout] 2 + use telegram_bot2_macros::handlers;
[INFO] [stdout]   |
[INFO] [stdout] 
[INFO] [stdout] error: cannot find macro `commands` in this scope
[INFO] [stdout]  --> src/lib.rs:42:19
[INFO] [stdout]   |
[INFO] [stdout] 9 |         .commands(commands![soup])
[INFO] [stdout]   |                   ^^^^^^^^
[INFO] [stdout]   |
[INFO] [stdout] help: consider importing this macro
[INFO] [stdout]   |
[INFO] [stdout] 2 + use telegram_bot2_macros::commands;
[INFO] [stdout]   |
[INFO] [stdout] 
[INFO] [stdout] error[E0433]: failed to resolve: use of undeclared type `Duration`
[INFO] [stdout]  --> src/lib.rs:39:19
[INFO] [stdout]   |
[INFO] [stdout] 6 |         .interval(Duration::from_secs(0))
[INFO] [stdout]   |                   ^^^^^^^^ use of undeclared type `Duration`
[INFO] [stdout]   |
[INFO] [stdout] help: consider importing one of these items
[INFO] [stdout]   |
[INFO] [stdout] 2 + use core::time::Duration;
[INFO] [stdout]   |
[INFO] [stdout] 2 + use std::time::Duration;
[INFO] [stdout]   |
[INFO] [stdout] 
[INFO] [stdout] error[E0121]: the placeholder `_` is not allowed within types on item signatures for opaque types
[INFO] [stdout]  --> src/lib.rs:37:19
[INFO] [stdout]   |
[INFO] [stdout] 4 | async fn bot() -> _ {
[INFO] [stdout]   |                   ^ not allowed in type signatures
[INFO] [stdout] 
[INFO] [stdout] error[E0433]: failed to resolve: use of undeclared type `BotBuilder`
[INFO] [stdout]  --> src/lib.rs:38:5
[INFO] [stdout]   |
[INFO] [stdout] 5 |     BotBuilder::new()
[INFO] [stdout]   |     ^^^^^^^^^^ use of undeclared type `BotBuilder`
[INFO] [stdout] 
[INFO] [stdout] error: aborting due to 6 previous errors
[INFO] [stdout] 
[INFO] [stdout] Some errors have detailed explanations: E0121, E0433.
[INFO] [stdout] For more information about an error, try `rustc --explain E0121`.
[INFO] [stdout] Couldn't compile the test.
[INFO] [stdout] ---- src/lib.rs - daemon (line 130) stdout ----
[INFO] [stdout] error: cannot find attribute `daemon` in this scope
[INFO] [stdout]  --> src/lib.rs:131:3
[INFO] [stdout]   |
[INFO] [stdout] 3 | #[daemon(interval = 5)]
[INFO] [stdout]   |   ^^^^^^
[INFO] [stdout]   |
[INFO] [stdout] help: consider importing this attribute macro
[INFO] [stdout]   |
[INFO] [stdout] 2 + use telegram_bot2_macros::daemon;
[INFO] [stdout]   |
[INFO] [stdout] 
[INFO] [stdout] error[E0412]: cannot find type `BotState` in this scope
[INFO] [stdout]  --> src/lib.rs:132:24
[INFO] [stdout]   |
[INFO] [stdout] 4 | async fn hello(state: &BotState<Mutex<usize>>) {
[INFO] [stdout]   |                        ^^^^^^^^ not found in this scope
[INFO] [stdout] 
[INFO] [stdout] error[E0412]: cannot find type `Mutex` in this scope
[INFO] [stdout]  --> src/lib.rs:132:33
[INFO] [stdout]   |
[INFO] [stdout] 4 | async fn hello(state: &BotState<Mutex<usize>>) {
[INFO] [stdout]   |                                 ^^^^^ not found in this scope
[INFO] [stdout]   |
[INFO] [stdout] help: consider importing this struct
[INFO] [stdout]   |
[INFO] [stdout] 2 + use std::sync::Mutex;
[INFO] [stdout]   |
[INFO] [stdout] 
[INFO] [stdout] error: aborting due to 3 previous errors
[INFO] [stdout] 
[INFO] [stdout] For more information about this error, try `rustc --explain E0412`.
[INFO] [stdout] Couldn't compile the test.
[INFO] [stdout] 
[INFO] [stdout] failures:
[INFO] [stdout]     src/lib.rs - bot (line 35)
[INFO] [stdout]     src/lib.rs - command (line 68)
[INFO] [stdout]     src/lib.rs - command (line 78)
[INFO] [stdout]     src/lib.rs - daemon (line 130)
[INFO] [stdout] 
[INFO] [stdout] test result: FAILED. 0 passed; 4 failed; 0 ignored; 0 measured; 0 filtered out; finished in 0.07s
[INFO] [stdout] 
[INFO] [stderr] error: doctest failed, to rerun pass `--doc`
[INFO] running `Command { std: "docker" "inspect" "a1e99fb344b23a143bd6194ca782929115ebcb1cd15d19a7f9ea3040b756f88a", kill_on_drop: false }`
[INFO] running `Command { std: "docker" "rm" "-f" "a1e99fb344b23a143bd6194ca782929115ebcb1cd15d19a7f9ea3040b756f88a", kill_on_drop: false }`
[INFO] [stdout] a1e99fb344b23a143bd6194ca782929115ebcb1cd15d19a7f9ea3040b756f88a
