[INFO] fetching crate tcl_derive 0.1.3...
[INFO] testing tcl_derive-0.1.3 against 1.75.0 for beta-1.76-1
[INFO] extracting crate tcl_derive 0.1.3 into /workspace/builds/worker-5-tc1/source
[INFO] validating manifest of crates.io crate tcl_derive 0.1.3 on toolchain 1.75.0
[INFO] running `Command { std: CARGO_HOME="/workspace/cargo-home" RUSTUP_HOME="/workspace/rustup-home" "/workspace/cargo-home/bin/cargo" "+1.75.0" "metadata" "--manifest-path" "Cargo.toml" "--no-deps", kill_on_drop: false }`
[INFO] started tweaking crates.io crate tcl_derive 0.1.3
[INFO] finished tweaking crates.io crate tcl_derive 0.1.3
[INFO] tweaked toml for crates.io crate tcl_derive 0.1.3 written to /workspace/builds/worker-5-tc1/source/Cargo.toml
[INFO] running `Command { std: CARGO_HOME="/workspace/cargo-home" RUSTUP_HOME="/workspace/rustup-home" "/workspace/cargo-home/bin/cargo" "+1.75.0" "generate-lockfile" "--manifest-path" "Cargo.toml", kill_on_drop: false }`
[INFO] [stderr]     Updating crates.io index
[INFO] running `Command { std: CARGO_HOME="/workspace/cargo-home" RUSTUP_HOME="/workspace/rustup-home" "/workspace/cargo-home/bin/cargo" "+1.75.0" "fetch" "--manifest-path" "Cargo.toml", kill_on_drop: false }`
[INFO] running `Command { std: "docker" "create" "-v" "/var/lib/crater-agent-workspace/builds/worker-5-tc1/target:/opt/rustwide/target:rw,Z" "-v" "/var/lib/crater-agent-workspace/builds/worker-5-tc1/source:/opt/rustwide/workdir:ro,Z" "-v" "/var/lib/crater-agent-workspace/cargo-home:/opt/rustwide/cargo-home:ro,Z" "-v" "/var/lib/crater-agent-workspace/rustup-home:/opt/rustwide/rustup-home:ro,Z" "-e" "SOURCE_DIR=/opt/rustwide/workdir" "-e" "CARGO_TARGET_DIR=/opt/rustwide/target" "-e" "CARGO_HOME=/opt/rustwide/cargo-home" "-e" "RUSTUP_HOME=/opt/rustwide/rustup-home" "-w" "/opt/rustwide/workdir" "-m" "1610612736" "--user" "0:0" "--network" "none" "ghcr.io/rust-lang/crates-build-env/linux@sha256:2788e3201cd34a07e3172128adcd8b3090168a8e3bcc40d7c032b9dda1df7d1c" "/opt/rustwide/cargo-home/bin/cargo" "+1.75.0" "metadata" "--no-deps" "--format-version=1", kill_on_drop: false }`
[INFO] [stdout] ab925704469280ad70a906536264df993d08fdd770528d62dd9b86951adadc12
[INFO] running `Command { std: "docker" "start" "-a" "ab925704469280ad70a906536264df993d08fdd770528d62dd9b86951adadc12", kill_on_drop: false }`
[INFO] running `Command { std: "docker" "inspect" "ab925704469280ad70a906536264df993d08fdd770528d62dd9b86951adadc12", kill_on_drop: false }`
[INFO] running `Command { std: "docker" "rm" "-f" "ab925704469280ad70a906536264df993d08fdd770528d62dd9b86951adadc12", kill_on_drop: false }`
[INFO] [stdout] ab925704469280ad70a906536264df993d08fdd770528d62dd9b86951adadc12
[INFO] running `Command { std: "docker" "create" "-v" "/var/lib/crater-agent-workspace/builds/worker-5-tc1/target:/opt/rustwide/target:rw,Z" "-v" "/var/lib/crater-agent-workspace/builds/worker-5-tc1/source:/opt/rustwide/workdir:ro,Z" "-v" "/var/lib/crater-agent-workspace/cargo-home:/opt/rustwide/cargo-home:ro,Z" "-v" "/var/lib/crater-agent-workspace/rustup-home:/opt/rustwide/rustup-home:ro,Z" "-e" "SOURCE_DIR=/opt/rustwide/workdir" "-e" "CARGO_TARGET_DIR=/opt/rustwide/target" "-e" "CARGO_INCREMENTAL=0" "-e" "RUST_BACKTRACE=full" "-e" "RUSTFLAGS=--cap-lints=warn" "-e" "RUSTDOCFLAGS=--cap-lints=warn" "-e" "CARGO_HOME=/opt/rustwide/cargo-home" "-e" "RUSTUP_HOME=/opt/rustwide/rustup-home" "-w" "/opt/rustwide/workdir" "-m" "1610612736" "--user" "0:0" "--network" "none" "ghcr.io/rust-lang/crates-build-env/linux@sha256:2788e3201cd34a07e3172128adcd8b3090168a8e3bcc40d7c032b9dda1df7d1c" "/opt/rustwide/cargo-home/bin/cargo" "+1.75.0" "build" "--frozen" "--message-format=json", kill_on_drop: false }`
[INFO] [stdout] 56e477b79f73ea81bcb44a3942d696d7832813c2cd456201668cc380de0bd8bc
[INFO] running `Command { std: "docker" "start" "-a" "56e477b79f73ea81bcb44a3942d696d7832813c2cd456201668cc380de0bd8bc", kill_on_drop: false }`
[INFO] [stderr]    Compiling cfg-if v1.0.0
[INFO] [stderr]    Compiling syn v2.0.48
[INFO] [stderr]    Compiling getrandom v0.2.11
[INFO] [stderr]    Compiling uuid v0.8.2
[INFO] [stderr]    Compiling tcl_derive v0.1.3 (/opt/rustwide/workdir)
[INFO] [stderr]     Finished dev [unoptimized + debuginfo] target(s) in 5.06s
[INFO] running `Command { std: "docker" "inspect" "56e477b79f73ea81bcb44a3942d696d7832813c2cd456201668cc380de0bd8bc", kill_on_drop: false }`
[INFO] running `Command { std: "docker" "rm" "-f" "56e477b79f73ea81bcb44a3942d696d7832813c2cd456201668cc380de0bd8bc", kill_on_drop: false }`
[INFO] [stdout] 56e477b79f73ea81bcb44a3942d696d7832813c2cd456201668cc380de0bd8bc
[INFO] running `Command { std: "docker" "create" "-v" "/var/lib/crater-agent-workspace/builds/worker-5-tc1/target:/opt/rustwide/target:rw,Z" "-v" "/var/lib/crater-agent-workspace/builds/worker-5-tc1/source:/opt/rustwide/workdir:ro,Z" "-v" "/var/lib/crater-agent-workspace/cargo-home:/opt/rustwide/cargo-home:ro,Z" "-v" "/var/lib/crater-agent-workspace/rustup-home:/opt/rustwide/rustup-home:ro,Z" "-e" "SOURCE_DIR=/opt/rustwide/workdir" "-e" "CARGO_TARGET_DIR=/opt/rustwide/target" "-e" "CARGO_INCREMENTAL=0" "-e" "RUST_BACKTRACE=full" "-e" "RUSTFLAGS=--cap-lints=warn" "-e" "RUSTDOCFLAGS=--cap-lints=warn" "-e" "CARGO_HOME=/opt/rustwide/cargo-home" "-e" "RUSTUP_HOME=/opt/rustwide/rustup-home" "-w" "/opt/rustwide/workdir" "-m" "1610612736" "--user" "0:0" "--network" "none" "ghcr.io/rust-lang/crates-build-env/linux@sha256:2788e3201cd34a07e3172128adcd8b3090168a8e3bcc40d7c032b9dda1df7d1c" "/opt/rustwide/cargo-home/bin/cargo" "+1.75.0" "test" "--frozen" "--no-run" "--message-format=json", kill_on_drop: false }`
[INFO] [stdout] ceb23fce7ec247465962497d2cd6e6592f2fb3ba794da15696b409cadfb7a1ae
[INFO] running `Command { std: "docker" "start" "-a" "ceb23fce7ec247465962497d2cd6e6592f2fb3ba794da15696b409cadfb7a1ae", kill_on_drop: false }`
[INFO] [stderr]    Compiling tcl_derive v0.1.3 (/opt/rustwide/workdir)
[INFO] [stderr]     Finished test [unoptimized + debuginfo] target(s) in 1.16s
[INFO] running `Command { std: "docker" "inspect" "ceb23fce7ec247465962497d2cd6e6592f2fb3ba794da15696b409cadfb7a1ae", kill_on_drop: false }`
[INFO] running `Command { std: "docker" "rm" "-f" "ceb23fce7ec247465962497d2cd6e6592f2fb3ba794da15696b409cadfb7a1ae", kill_on_drop: false }`
[INFO] [stdout] ceb23fce7ec247465962497d2cd6e6592f2fb3ba794da15696b409cadfb7a1ae
[INFO] running `Command { std: "docker" "create" "-v" "/var/lib/crater-agent-workspace/builds/worker-5-tc1/target:/opt/rustwide/target:rw,Z" "-v" "/var/lib/crater-agent-workspace/builds/worker-5-tc1/source:/opt/rustwide/workdir:ro,Z" "-v" "/var/lib/crater-agent-workspace/cargo-home:/opt/rustwide/cargo-home:ro,Z" "-v" "/var/lib/crater-agent-workspace/rustup-home:/opt/rustwide/rustup-home:ro,Z" "-e" "SOURCE_DIR=/opt/rustwide/workdir" "-e" "CARGO_TARGET_DIR=/opt/rustwide/target" "-e" "CARGO_INCREMENTAL=0" "-e" "RUST_BACKTRACE=full" "-e" "RUSTFLAGS=--cap-lints=warn" "-e" "RUSTDOCFLAGS=--cap-lints=warn" "-e" "CARGO_HOME=/opt/rustwide/cargo-home" "-e" "RUSTUP_HOME=/opt/rustwide/rustup-home" "-w" "/opt/rustwide/workdir" "-m" "1610612736" "--user" "0:0" "--network" "none" "ghcr.io/rust-lang/crates-build-env/linux@sha256:2788e3201cd34a07e3172128adcd8b3090168a8e3bcc40d7c032b9dda1df7d1c" "/opt/rustwide/cargo-home/bin/cargo" "+1.75.0" "test" "--frozen", kill_on_drop: false }`
[INFO] [stdout] 2c7002dd8bfe2c61ee5cd44531713588e62969e513c27bd8bd87b384985b8fea
[INFO] running `Command { std: "docker" "start" "-a" "2c7002dd8bfe2c61ee5cd44531713588e62969e513c27bd8bd87b384985b8fea", kill_on_drop: false }`
[INFO] [stderr]     Finished test [unoptimized + debuginfo] target(s) in 0.02s
[INFO] [stderr]      Running unittests src/lib.rs (/opt/rustwide/target/debug/deps/tcl_derive-a12d4ec86d9469c2)
[INFO] [stderr]    Doc-tests tcl_derive
[INFO] [stdout] 
[INFO] [stdout] running 0 tests
[INFO] [stdout] 
[INFO] [stdout] test result: ok. 0 passed; 0 failed; 0 ignored; 0 measured; 0 filtered out; finished in 0.00s
[INFO] [stdout] 
[INFO] [stdout] 
[INFO] [stdout] running 2 tests
[INFO] [stdout] test src/lib.rs - tclosure (line 425) - compile ... FAILED
[INFO] [stdout] test src/lib.rs - tclfn (line 350) - compile ... FAILED
[INFO] [stdout] 
[INFO] [stdout] failures:
[INFO] [stdout] 
[INFO] [stdout] ---- src/lib.rs - tclosure (line 425) stdout ----
[INFO] [stdout] error[E0432]: unresolved import `tcl`
[INFO] [stdout]  --> src/lib.rs:427:5
[INFO] [stdout]   |
[INFO] [stdout] 4 | use tcl::*;
[INFO] [stdout]   |     ^^^ use of undeclared crate or module `tcl`
[INFO] [stdout] 
[INFO] [stdout] error: cannot find macro `tclosure` in this scope
[INFO] [stdout]  --> src/lib.rs:432:11
[INFO] [stdout]   |
[INFO] [stdout] 9 | let cmd = tclosure!( &interpreter, /*cmd: "mul", args: "",*/
[INFO] [stdout]   |           ^^^^^^^^
[INFO] [stdout]   |
[INFO] [stdout] help: consider importing this macro
[INFO] [stdout]   |
[INFO] [stdout] 3 + use tcl_derive::tclosure;
[INFO] [stdout]   |
[INFO] [stdout] 
[INFO] [stdout] error[E0433]: failed to resolve: use of undeclared type `Interpreter`
[INFO] [stdout]  --> src/lib.rs:430:19
[INFO] [stdout]   |
[INFO] [stdout] 7 | let interpreter = Interpreter::new()?;
[INFO] [stdout]   |                   ^^^^^^^^^^^ use of undeclared type `Interpreter`
[INFO] [stdout] 
[INFO] [stdout] error: aborting due to 3 previous errors
[INFO] [stdout] 
[INFO] [stdout] Some errors have detailed explanations: E0432, E0433.
[INFO] [stdout] For more information about an error, try `rustc --explain E0432`.
[INFO] [stdout] Couldn't compile the test.
[INFO] [stdout] ---- src/lib.rs - tclfn (line 350) stdout ----
[INFO] [stdout] error[E0432]: unresolved import `tcl`
[INFO] [stdout]  --> src/lib.rs:352:5
[INFO] [stdout]   |
[INFO] [stdout] 4 | use tcl::*;
[INFO] [stdout]   |     ^^^ use of undeclared crate or module `tcl`
[INFO] [stdout] 
[INFO] [stdout] error: cannot find macro `tclfn` in this scope
[INFO] [stdout]  --> src/lib.rs:356:11
[INFO] [stdout]   |
[INFO] [stdout] 8 | let cmd = tclfn!( &interpreter, /*cmd: "mul", args: "",*/
[INFO] [stdout]   |           ^^^^^
[INFO] [stdout]   |
[INFO] [stdout] help: consider importing this macro
[INFO] [stdout]   |
[INFO] [stdout] 3 + use tcl_derive::tclfn;
[INFO] [stdout]   |
[INFO] [stdout] 
[INFO] [stdout] error[E0433]: failed to resolve: use of undeclared type `Interpreter`
[INFO] [stdout]  --> src/lib.rs:354:19
[INFO] [stdout]   |
[INFO] [stdout] 6 | let interpreter = Interpreter::new()?;
[INFO] [stdout]   |                   ^^^^^^^^^^^ use of undeclared type `Interpreter`
[INFO] [stdout] 
[INFO] [stdout] error: aborting due to 3 previous errors
[INFO] [stdout] 
[INFO] [stdout] Some errors have detailed explanations: E0432, E0433.
[INFO] [stdout] For more information about an error, try `rustc --explain E0432`.
[INFO] [stdout] Couldn't compile the test.
[INFO] [stdout] 
[INFO] [stdout] failures:
[INFO] [stdout]     src/lib.rs - tclfn (line 350)
[INFO] [stdout]     src/lib.rs - tclosure (line 425)
[INFO] [stdout] 
[INFO] [stdout] test result: FAILED. 0 passed; 2 failed; 0 ignored; 0 measured; 0 filtered out; finished in 0.12s
[INFO] [stdout] 
[INFO] [stderr] error: doctest failed, to rerun pass `--doc`
[INFO] running `Command { std: "docker" "inspect" "2c7002dd8bfe2c61ee5cd44531713588e62969e513c27bd8bd87b384985b8fea", kill_on_drop: false }`
[INFO] running `Command { std: "docker" "rm" "-f" "2c7002dd8bfe2c61ee5cd44531713588e62969e513c27bd8bd87b384985b8fea", kill_on_drop: false }`
[INFO] [stdout] 2c7002dd8bfe2c61ee5cd44531713588e62969e513c27bd8bd87b384985b8fea
[INFO] testing tcl_derive-0.1.3 against beta-2023-12-22 for beta-1.76-1
[INFO] extracting crate tcl_derive 0.1.3 into /workspace/builds/worker-5-tc2/source
[INFO] validating manifest of crates.io crate tcl_derive 0.1.3 on toolchain beta-2023-12-22
[INFO] running `Command { std: CARGO_HOME="/workspace/cargo-home" RUSTUP_HOME="/workspace/rustup-home" "/workspace/cargo-home/bin/cargo" "+beta-2023-12-22" "metadata" "--manifest-path" "Cargo.toml" "--no-deps", kill_on_drop: false }`
[INFO] started tweaking crates.io crate tcl_derive 0.1.3
[INFO] finished tweaking crates.io crate tcl_derive 0.1.3
[INFO] tweaked toml for crates.io crate tcl_derive 0.1.3 written to /workspace/builds/worker-5-tc2/source/Cargo.toml
[INFO] running `Command { std: CARGO_HOME="/workspace/cargo-home" RUSTUP_HOME="/workspace/rustup-home" "/workspace/cargo-home/bin/cargo" "+beta-2023-12-22" "generate-lockfile" "--manifest-path" "Cargo.toml", kill_on_drop: false }`
[INFO] [stderr]     Blocking waiting for file lock on package cache
[INFO] [stderr]     Updating crates.io index
[INFO] running `Command { std: CARGO_HOME="/workspace/cargo-home" RUSTUP_HOME="/workspace/rustup-home" "/workspace/cargo-home/bin/cargo" "+beta-2023-12-22" "fetch" "--manifest-path" "Cargo.toml", kill_on_drop: false }`
[INFO] running `Command { std: "docker" "create" "-v" "/var/lib/crater-agent-workspace/builds/worker-5-tc2/target:/opt/rustwide/target:rw,Z" "-v" "/var/lib/crater-agent-workspace/builds/worker-5-tc2/source:/opt/rustwide/workdir:ro,Z" "-v" "/var/lib/crater-agent-workspace/cargo-home:/opt/rustwide/cargo-home:ro,Z" "-v" "/var/lib/crater-agent-workspace/rustup-home:/opt/rustwide/rustup-home:ro,Z" "-e" "SOURCE_DIR=/opt/rustwide/workdir" "-e" "CARGO_TARGET_DIR=/opt/rustwide/target" "-e" "CARGO_HOME=/opt/rustwide/cargo-home" "-e" "RUSTUP_HOME=/opt/rustwide/rustup-home" "-w" "/opt/rustwide/workdir" "-m" "1610612736" "--user" "0:0" "--network" "none" "ghcr.io/rust-lang/crates-build-env/linux@sha256:2788e3201cd34a07e3172128adcd8b3090168a8e3bcc40d7c032b9dda1df7d1c" "/opt/rustwide/cargo-home/bin/cargo" "+beta-2023-12-22" "metadata" "--no-deps" "--format-version=1", kill_on_drop: false }`
[INFO] [stdout] 550eaad6f76df2623989b9a851d1491a09959d49d2b161a6d57c4c8058e3bd21
[INFO] running `Command { std: "docker" "start" "-a" "550eaad6f76df2623989b9a851d1491a09959d49d2b161a6d57c4c8058e3bd21", kill_on_drop: false }`
[INFO] running `Command { std: "docker" "inspect" "550eaad6f76df2623989b9a851d1491a09959d49d2b161a6d57c4c8058e3bd21", kill_on_drop: false }`
[INFO] running `Command { std: "docker" "rm" "-f" "550eaad6f76df2623989b9a851d1491a09959d49d2b161a6d57c4c8058e3bd21", kill_on_drop: false }`
[INFO] [stdout] 550eaad6f76df2623989b9a851d1491a09959d49d2b161a6d57c4c8058e3bd21
[INFO] running `Command { std: "docker" "create" "-v" "/var/lib/crater-agent-workspace/builds/worker-5-tc2/target:/opt/rustwide/target:rw,Z" "-v" "/var/lib/crater-agent-workspace/builds/worker-5-tc2/source:/opt/rustwide/workdir:ro,Z" "-v" "/var/lib/crater-agent-workspace/cargo-home:/opt/rustwide/cargo-home:ro,Z" "-v" "/var/lib/crater-agent-workspace/rustup-home:/opt/rustwide/rustup-home:ro,Z" "-e" "SOURCE_DIR=/opt/rustwide/workdir" "-e" "CARGO_TARGET_DIR=/opt/rustwide/target" "-e" "CARGO_INCREMENTAL=0" "-e" "RUST_BACKTRACE=full" "-e" "RUSTFLAGS=--cap-lints=warn" "-e" "RUSTDOCFLAGS=--cap-lints=warn" "-e" "CARGO_HOME=/opt/rustwide/cargo-home" "-e" "RUSTUP_HOME=/opt/rustwide/rustup-home" "-w" "/opt/rustwide/workdir" "-m" "1610612736" "--user" "0:0" "--network" "none" "ghcr.io/rust-lang/crates-build-env/linux@sha256:2788e3201cd34a07e3172128adcd8b3090168a8e3bcc40d7c032b9dda1df7d1c" "/opt/rustwide/cargo-home/bin/cargo" "+beta-2023-12-22" "build" "--frozen" "--message-format=json", kill_on_drop: false }`
[INFO] [stdout] 375427801b8aa60d0e5fcbbbfa6112dfa6361898293b7fd620372538b65c3584
[INFO] running `Command { std: "docker" "start" "-a" "375427801b8aa60d0e5fcbbbfa6112dfa6361898293b7fd620372538b65c3584", kill_on_drop: false }`
[INFO] [stderr]    Compiling cfg-if v1.0.0
[INFO] [stderr]    Compiling syn v2.0.48
[INFO] [stderr]    Compiling getrandom v0.2.11
[INFO] [stderr]    Compiling uuid v0.8.2
[INFO] [stderr]    Compiling tcl_derive v0.1.3 (/opt/rustwide/workdir)
[INFO] [stderr]     Finished dev [unoptimized + debuginfo] target(s) in 6.46s
[INFO] running `Command { std: "docker" "inspect" "375427801b8aa60d0e5fcbbbfa6112dfa6361898293b7fd620372538b65c3584", kill_on_drop: false }`
[INFO] running `Command { std: "docker" "rm" "-f" "375427801b8aa60d0e5fcbbbfa6112dfa6361898293b7fd620372538b65c3584", kill_on_drop: false }`
[INFO] [stdout] 375427801b8aa60d0e5fcbbbfa6112dfa6361898293b7fd620372538b65c3584
[INFO] running `Command { std: "docker" "create" "-v" "/var/lib/crater-agent-workspace/builds/worker-5-tc2/target:/opt/rustwide/target:rw,Z" "-v" "/var/lib/crater-agent-workspace/builds/worker-5-tc2/source:/opt/rustwide/workdir:ro,Z" "-v" "/var/lib/crater-agent-workspace/cargo-home:/opt/rustwide/cargo-home:ro,Z" "-v" "/var/lib/crater-agent-workspace/rustup-home:/opt/rustwide/rustup-home:ro,Z" "-e" "SOURCE_DIR=/opt/rustwide/workdir" "-e" "CARGO_TARGET_DIR=/opt/rustwide/target" "-e" "CARGO_INCREMENTAL=0" "-e" "RUST_BACKTRACE=full" "-e" "RUSTFLAGS=--cap-lints=warn" "-e" "RUSTDOCFLAGS=--cap-lints=warn" "-e" "CARGO_HOME=/opt/rustwide/cargo-home" "-e" "RUSTUP_HOME=/opt/rustwide/rustup-home" "-w" "/opt/rustwide/workdir" "-m" "1610612736" "--user" "0:0" "--network" "none" "ghcr.io/rust-lang/crates-build-env/linux@sha256:2788e3201cd34a07e3172128adcd8b3090168a8e3bcc40d7c032b9dda1df7d1c" "/opt/rustwide/cargo-home/bin/cargo" "+beta-2023-12-22" "test" "--frozen" "--no-run" "--message-format=json", kill_on_drop: false }`
[INFO] [stdout] 652c296e8925f17eb828343bffefd9d206679833c1ff2e0f8d9201146efdd6bc
[INFO] running `Command { std: "docker" "start" "-a" "652c296e8925f17eb828343bffefd9d206679833c1ff2e0f8d9201146efdd6bc", kill_on_drop: false }`
[INFO] [stderr]    Compiling tcl_derive v0.1.3 (/opt/rustwide/workdir)
[INFO] [stderr]     Finished test [unoptimized + debuginfo] target(s) in 1.47s
[INFO] running `Command { std: "docker" "inspect" "652c296e8925f17eb828343bffefd9d206679833c1ff2e0f8d9201146efdd6bc", kill_on_drop: false }`
[INFO] running `Command { std: "docker" "rm" "-f" "652c296e8925f17eb828343bffefd9d206679833c1ff2e0f8d9201146efdd6bc", kill_on_drop: false }`
[INFO] [stdout] 652c296e8925f17eb828343bffefd9d206679833c1ff2e0f8d9201146efdd6bc
[INFO] running `Command { std: "docker" "create" "-v" "/var/lib/crater-agent-workspace/builds/worker-5-tc2/target:/opt/rustwide/target:rw,Z" "-v" "/var/lib/crater-agent-workspace/builds/worker-5-tc2/source:/opt/rustwide/workdir:ro,Z" "-v" "/var/lib/crater-agent-workspace/cargo-home:/opt/rustwide/cargo-home:ro,Z" "-v" "/var/lib/crater-agent-workspace/rustup-home:/opt/rustwide/rustup-home:ro,Z" "-e" "SOURCE_DIR=/opt/rustwide/workdir" "-e" "CARGO_TARGET_DIR=/opt/rustwide/target" "-e" "CARGO_INCREMENTAL=0" "-e" "RUST_BACKTRACE=full" "-e" "RUSTFLAGS=--cap-lints=warn" "-e" "RUSTDOCFLAGS=--cap-lints=warn" "-e" "CARGO_HOME=/opt/rustwide/cargo-home" "-e" "RUSTUP_HOME=/opt/rustwide/rustup-home" "-w" "/opt/rustwide/workdir" "-m" "1610612736" "--user" "0:0" "--network" "none" "ghcr.io/rust-lang/crates-build-env/linux@sha256:2788e3201cd34a07e3172128adcd8b3090168a8e3bcc40d7c032b9dda1df7d1c" "/opt/rustwide/cargo-home/bin/cargo" "+beta-2023-12-22" "test" "--frozen", kill_on_drop: false }`
[INFO] [stdout] e23b93c4925e00e5a838a90ccc667722fc08ad3686a36f77df0017a50ba607ad
[INFO] running `Command { std: "docker" "start" "-a" "e23b93c4925e00e5a838a90ccc667722fc08ad3686a36f77df0017a50ba607ad", kill_on_drop: false }`
[INFO] [stderr]     Finished test [unoptimized + debuginfo] target(s) in 0.02s
[INFO] [stderr]      Running unittests src/lib.rs (/opt/rustwide/target/debug/deps/tcl_derive-16f0a07204aa30af)
[INFO] [stderr]    Doc-tests tcl_derive
[INFO] [stdout] 
[INFO] [stdout] running 0 tests
[INFO] [stdout] 
[INFO] [stdout] test result: ok. 0 passed; 0 failed; 0 ignored; 0 measured; 0 filtered out; finished in 0.00s
[INFO] [stdout] 
[INFO] [stdout] 
[INFO] [stdout] running 2 tests
[INFO] [stdout] test src/lib.rs - tclfn (line 350) - compile ... FAILED
[INFO] [stdout] test src/lib.rs - tclosure (line 425) - compile ... FAILED
[INFO] [stdout] 
[INFO] [stdout] failures:
[INFO] [stdout] 
[INFO] [stdout] ---- src/lib.rs - tclfn (line 350) stdout ----
[INFO] [stdout] error[E0432]: unresolved import `tcl`
[INFO] [stdout]  --> src/lib.rs:352:5
[INFO] [stdout]   |
[INFO] [stdout] 4 | use tcl::*;
[INFO] [stdout]   |     ^^^ use of undeclared crate or module `tcl`
[INFO] [stdout] 
[INFO] [stdout] error: cannot find macro `tclfn` in this scope
[INFO] [stdout]  --> src/lib.rs:356:11
[INFO] [stdout]   |
[INFO] [stdout] 8 | let cmd = tclfn!( &interpreter, /*cmd: "mul", args: "",*/
[INFO] [stdout]   |           ^^^^^
[INFO] [stdout]   |
[INFO] [stdout] help: consider importing this macro
[INFO] [stdout]   |
[INFO] [stdout] 3 + use tcl_derive::tclfn;
[INFO] [stdout]   |
[INFO] [stdout] 
[INFO] [stdout] error[E0433]: failed to resolve: use of undeclared type `Interpreter`
[INFO] [stdout]  --> src/lib.rs:354:19
[INFO] [stdout]   |
[INFO] [stdout] 6 | let interpreter = Interpreter::new()?;
[INFO] [stdout]   |                   ^^^^^^^^^^^ use of undeclared type `Interpreter`
[INFO] [stdout] 
[INFO] [stdout] error: aborting due to 3 previous errors
[INFO] [stdout] 
[INFO] [stdout] Some errors have detailed explanations: E0432, E0433.
[INFO] [stdout] For more information about an error, try `rustc --explain E0432`.
[INFO] [stdout] Couldn't compile the test.
[INFO] [stdout] ---- src/lib.rs - tclosure (line 425) stdout ----
[INFO] [stdout] error[E0432]: unresolved import `tcl`
[INFO] [stdout]  --> src/lib.rs:427:5
[INFO] [stdout]   |
[INFO] [stdout] 4 | use tcl::*;
[INFO] [stdout]   |     ^^^ use of undeclared crate or module `tcl`
[INFO] [stdout] 
[INFO] [stdout] error: cannot find macro `tclosure` in this scope
[INFO] [stdout]  --> src/lib.rs:432:11
[INFO] [stdout]   |
[INFO] [stdout] 9 | let cmd = tclosure!( &interpreter, /*cmd: "mul", args: "",*/
[INFO] [stdout]   |           ^^^^^^^^
[INFO] [stdout]   |
[INFO] [stdout] help: consider importing this macro
[INFO] [stdout]   |
[INFO] [stdout] 3 + use tcl_derive::tclosure;
[INFO] [stdout]   |
[INFO] [stdout] 
[INFO] [stdout] error[E0433]: failed to resolve: use of undeclared type `Interpreter`
[INFO] [stdout]  --> src/lib.rs:430:19
[INFO] [stdout]   |
[INFO] [stdout] 7 | let interpreter = Interpreter::new()?;
[INFO] [stdout]   |                   ^^^^^^^^^^^ use of undeclared type `Interpreter`
[INFO] [stdout] 
[INFO] [stdout] error: aborting due to 3 previous errors
[INFO] [stdout] 
[INFO] [stdout] Some errors have detailed explanations: E0432, E0433.
[INFO] [stdout] For more information about an error, try `rustc --explain E0432`.
[INFO] [stdout] Couldn't compile the test.
[INFO] [stdout] 
[INFO] [stdout] failures:
[INFO] [stdout]     src/lib.rs - tclfn (line 350)
[INFO] [stdout]     src/lib.rs - tclosure (line 425)
[INFO] [stdout] 
[INFO] [stdout] test result: FAILED. 0 passed; 2 failed; 0 ignored; 0 measured; 0 filtered out; finished in 0.09s
[INFO] [stdout] 
[INFO] [stderr] error: doctest failed, to rerun pass `--doc`
[INFO] running `Command { std: "docker" "inspect" "e23b93c4925e00e5a838a90ccc667722fc08ad3686a36f77df0017a50ba607ad", kill_on_drop: false }`
[INFO] running `Command { std: "docker" "rm" "-f" "e23b93c4925e00e5a838a90ccc667722fc08ad3686a36f77df0017a50ba607ad", kill_on_drop: false }`
[INFO] [stdout] e23b93c4925e00e5a838a90ccc667722fc08ad3686a36f77df0017a50ba607ad
