[INFO] fetching crate tc-collection 0.2.0...
[INFO] testing tc-collection-0.2.0 against 1.75.0 for beta-1.76-1
[INFO] extracting crate tc-collection 0.2.0 into /workspace/builds/worker-6-tc1/source
[INFO] validating manifest of crates.io crate tc-collection 0.2.0 on toolchain 1.75.0
[INFO] running `Command { std: CARGO_HOME="/workspace/cargo-home" RUSTUP_HOME="/workspace/rustup-home" "/workspace/cargo-home/bin/cargo" "+1.75.0" "metadata" "--manifest-path" "Cargo.toml" "--no-deps", kill_on_drop: false }`
[INFO] started tweaking crates.io crate tc-collection 0.2.0
[INFO] finished tweaking crates.io crate tc-collection 0.2.0
[INFO] tweaked toml for crates.io crate tc-collection 0.2.0 written to /workspace/builds/worker-6-tc1/source/Cargo.toml
[INFO] running `Command { std: CARGO_HOME="/workspace/cargo-home" RUSTUP_HOME="/workspace/rustup-home" "/workspace/cargo-home/bin/cargo" "+1.75.0" "generate-lockfile" "--manifest-path" "Cargo.toml", kill_on_drop: false }`
[INFO] [stderr]     Updating crates.io index
[INFO] running `Command { std: CARGO_HOME="/workspace/cargo-home" RUSTUP_HOME="/workspace/rustup-home" "/workspace/cargo-home/bin/cargo" "+1.75.0" "fetch" "--manifest-path" "Cargo.toml", kill_on_drop: false }`
[INFO] [stderr]  Downloading crates ...
[INFO] [stderr]   Downloaded b-table v0.2.1
[INFO] [stderr]   Downloaded tc-transact v0.18.0
[INFO] [stderr]   Downloaded tc-scalar v0.2.0
[INFO] [stderr]   Downloaded tc-error v0.9.0
[INFO] [stderr]   Downloaded b-tree v0.3.1
[INFO] [stderr]   Downloaded hr-id v0.5.1
[INFO] [stderr]   Downloaded txfs v0.2.1
[INFO] [stderr]   Downloaded txn_lock v0.8.1
[INFO] [stderr]   Downloaded number-general v0.11.1
[INFO] [stderr]   Downloaded pathlink v0.2.1
[INFO] [stderr]   Downloaded freqfs v0.9.1
[INFO] [stderr]   Downloaded collate v0.4.1
[INFO] [stderr]   Downloaded ha-ndarray v0.2.0
[INFO] [stderr]   Downloaded ds-ext v0.1.4
[INFO] [stderr]   Downloaded tbon v0.5.2
[INFO] [stderr]   Downloaded tc-value v0.10.0
[INFO] [stderr]   Downloaded email-address-parser v2.0.0
[INFO] [stderr]   Downloaded tcgeneric v0.8.1
[INFO] running `Command { std: "docker" "create" "-v" "/var/lib/crater-agent-workspace/builds/worker-6-tc1/target:/opt/rustwide/target:rw,Z" "-v" "/var/lib/crater-agent-workspace/builds/worker-6-tc1/source:/opt/rustwide/workdir:ro,Z" "-v" "/var/lib/crater-agent-workspace/cargo-home:/opt/rustwide/cargo-home:ro,Z" "-v" "/var/lib/crater-agent-workspace/rustup-home:/opt/rustwide/rustup-home:ro,Z" "-e" "SOURCE_DIR=/opt/rustwide/workdir" "-e" "CARGO_TARGET_DIR=/opt/rustwide/target" "-e" "CARGO_HOME=/opt/rustwide/cargo-home" "-e" "RUSTUP_HOME=/opt/rustwide/rustup-home" "-w" "/opt/rustwide/workdir" "-m" "1610612736" "--user" "0:0" "--network" "none" "ghcr.io/rust-lang/crates-build-env/linux@sha256:2788e3201cd34a07e3172128adcd8b3090168a8e3bcc40d7c032b9dda1df7d1c" "/opt/rustwide/cargo-home/bin/cargo" "+1.75.0" "metadata" "--no-deps" "--format-version=1", kill_on_drop: false }`
[INFO] [stdout] 7427764b73db197ece190576d95f152df41715fe61a139e46f9c43cfd9565d7c
[INFO] running `Command { std: "docker" "start" "-a" "7427764b73db197ece190576d95f152df41715fe61a139e46f9c43cfd9565d7c", kill_on_drop: false }`
[INFO] running `Command { std: "docker" "inspect" "7427764b73db197ece190576d95f152df41715fe61a139e46f9c43cfd9565d7c", kill_on_drop: false }`
[INFO] running `Command { std: "docker" "rm" "-f" "7427764b73db197ece190576d95f152df41715fe61a139e46f9c43cfd9565d7c", kill_on_drop: false }`
[INFO] [stdout] 7427764b73db197ece190576d95f152df41715fe61a139e46f9c43cfd9565d7c
[INFO] running `Command { std: "docker" "create" "-v" "/var/lib/crater-agent-workspace/builds/worker-6-tc1/target:/opt/rustwide/target:rw,Z" "-v" "/var/lib/crater-agent-workspace/builds/worker-6-tc1/source:/opt/rustwide/workdir:ro,Z" "-v" "/var/lib/crater-agent-workspace/cargo-home:/opt/rustwide/cargo-home:ro,Z" "-v" "/var/lib/crater-agent-workspace/rustup-home:/opt/rustwide/rustup-home:ro,Z" "-e" "SOURCE_DIR=/opt/rustwide/workdir" "-e" "CARGO_TARGET_DIR=/opt/rustwide/target" "-e" "CARGO_INCREMENTAL=0" "-e" "RUST_BACKTRACE=full" "-e" "RUSTFLAGS=--cap-lints=warn" "-e" "RUSTDOCFLAGS=--cap-lints=warn" "-e" "CARGO_HOME=/opt/rustwide/cargo-home" "-e" "RUSTUP_HOME=/opt/rustwide/rustup-home" "-w" "/opt/rustwide/workdir" "-m" "1610612736" "--user" "0:0" "--network" "none" "ghcr.io/rust-lang/crates-build-env/linux@sha256:2788e3201cd34a07e3172128adcd8b3090168a8e3bcc40d7c032b9dda1df7d1c" "/opt/rustwide/cargo-home/bin/cargo" "+1.75.0" "build" "--frozen" "--message-format=json", kill_on_drop: false }`
[INFO] [stdout] 334d76b5c70c3a3deb616807f0bdf659bb7393754721a0fa127e065b8c7225ec
[INFO] running `Command { std: "docker" "start" "-a" "334d76b5c70c3a3deb616807f0bdf659bb7393754721a0fa127e065b8c7225ec", kill_on_drop: false }`
[INFO] [stderr]    Compiling futures-core v0.3.30
[INFO] [stderr]    Compiling futures-sink v0.3.30
[INFO] [stderr]    Compiling syn v1.0.109
[INFO] [stderr]    Compiling serde v1.0.194
[INFO] [stderr]    Compiling futures-io v0.3.30
[INFO] [stderr]    Compiling num-traits v0.2.17
[INFO] [stderr]    Compiling proc-macro-error-attr v1.0.4
[INFO] [stderr]    Compiling proc-macro-error v1.0.4
[INFO] [stderr]    Compiling async-trait v0.1.77
[INFO] [stderr]    Compiling smallvec v1.11.2
[INFO] [stderr]    Compiling bytes v1.5.0
[INFO] [stderr]    Compiling syn v2.0.48
[INFO] [stderr]    Compiling generic-array v0.14.7
[INFO] [stderr]    Compiling num_cpus v1.16.0
[INFO] [stderr]    Compiling interpolator v0.5.0
[INFO] [stderr]    Compiling collection_literals v1.0.1
[INFO] [stderr]    Compiling uuid v1.6.1
[INFO] [stderr]    Compiling base64 v0.21.5
[INFO] [stderr]    Compiling futures-channel v0.3.30
[INFO] [stderr]    Compiling cpufeatures v0.2.12
[INFO] [stderr]    Compiling proc-macro-utils v0.8.0
[INFO] [stderr]    Compiling get-size v0.1.4
[INFO] [stderr]    Compiling convert_case v0.4.0
[INFO] [stderr]    Compiling regex-syntax v0.8.2
[INFO] [stderr]    Compiling safecast v0.2.2
[INFO] [stderr]    Compiling log v0.4.20
[INFO] [stderr]    Compiling crossbeam-utils v0.8.18
[INFO] [stderr]    Compiling thiserror v1.0.56
[INFO] [stderr]    Compiling rayon-core v1.12.0
[INFO] [stderr]    Compiling tokio v1.35.1
[INFO] [stderr]    Compiling num-bigint v0.4.4
[INFO] [stderr]    Compiling unicode-bidi v0.3.14
[INFO] [stderr]    Compiling pkg-config v0.3.28
[INFO] [stderr]    Compiling percent-encoding v2.3.1
[INFO] [stderr]    Compiling rand_chacha v0.3.1
[INFO] [stderr]    Compiling block-buffer v0.10.4
[INFO] [stderr]    Compiling crypto-common v0.1.6
[INFO] [stderr]    Compiling form_urlencoded v1.2.1
[INFO] [stderr]    Compiling digest v0.10.7
[INFO] [stderr]    Compiling strength_reduce v0.2.4
[INFO] [stderr]    Compiling itertools v0.11.0
[INFO] [stderr]    Compiling rand v0.8.5
[INFO] [stderr]    Compiling sha2 v0.10.8
[INFO] [stderr]    Compiling idna v0.5.0
[INFO] [stderr]    Compiling ha-ndarray v0.2.0
[INFO] [stderr]    Compiling crossbeam-epoch v0.9.17
[INFO] [stderr]    Compiling url v2.5.0
[INFO] [stderr]    Compiling crossbeam-deque v0.8.4
[INFO] [stderr]    Compiling num-integer v0.1.45
[INFO] [stderr]    Compiling num-complex v0.4.4
[INFO] [stderr]    Compiling transpose v0.2.2
[INFO] [stderr]    Compiling num-iter v0.1.43
[INFO] [stderr]    Compiling rayon v1.8.0
[INFO] [stderr]    Compiling regex-automata v0.4.3
[INFO] [stderr]    Compiling derive_more v0.99.17
[INFO] [stderr]    Compiling num-rational v0.4.1
[INFO] [stderr]    Compiling num v0.4.1
[INFO] [stderr]    Compiling tokio-util v0.7.10
[INFO] [stderr]    Compiling futures-macro v0.3.30
[INFO] [stderr]    Compiling serde_derive v1.0.194
[INFO] [stderr]    Compiling derive-where v1.2.7
[INFO] [stderr]    Compiling pin-project-internal v1.1.3
[INFO] [stderr]    Compiling num-derive v0.4.1
[INFO] [stderr]    Compiling thiserror-impl v1.0.56
[INFO] [stderr]    Compiling regex v1.10.2
[INFO] [stderr]    Compiling futures-util v0.3.30
[INFO] [stderr]    Compiling pest v2.7.6
[INFO] [stderr]    Compiling pin-project v1.1.3
[INFO] [stderr]    Compiling quote-use-macros v0.7.2
[INFO] [stderr]    Compiling quote-use v0.7.2
[INFO] [stderr]    Compiling attribute-derive-macro v0.6.1
[INFO] [stderr]    Compiling pest_meta v2.7.6
[INFO] [stderr]    Compiling pest_generator v2.7.6
[INFO] [stderr]    Compiling attribute-derive v0.6.1
[INFO] [stderr]    Compiling get-size-derive v0.1.3
[INFO] [stderr]    Compiling futures-executor v0.3.30
[INFO] [stderr]    Compiling pest_derive v2.7.6
[INFO] [stderr]    Compiling futures v0.3.30
[INFO] [stderr]    Compiling collate v0.4.1
[INFO] [stderr]    Compiling ds-ext v0.1.4
[INFO] [stderr]    Compiling email-address-parser v2.0.0
[INFO] [stderr]    Compiling serde_json v1.0.111
[INFO] [stderr]    Compiling destream v0.7.3
[INFO] [stderr]    Compiling async-hash v0.5.3
[INFO] [stderr]    Compiling handlebars v4.5.0
[INFO] [stderr]    Compiling hr-id v0.5.1
[INFO] [stderr]    Compiling tbon v0.5.2
[INFO] [stderr]    Compiling number-general v0.11.1
[INFO] [stderr]    Compiling txn_lock v0.8.1
[INFO] [stderr]    Compiling pathlink v0.2.1
[INFO] [stderr]    Compiling freqfs v0.9.1
[INFO] [stderr]    Compiling txfs v0.2.1
[INFO] [stderr]    Compiling b-tree v0.3.1
[INFO] [stderr]    Compiling b-table v0.2.1
[INFO] [stderr]    Compiling tc-error v0.9.0
[INFO] [stderr]    Compiling tcgeneric v0.8.1
[INFO] [stderr]    Compiling tc-value v0.10.0
[INFO] [stderr]    Compiling tc-transact v0.18.0
[INFO] [stderr]    Compiling tc-scalar v0.2.0
[INFO] [stderr]    Compiling tc-collection v0.2.0 (/opt/rustwide/workdir)
[INFO] [stderr]     Finished dev [unoptimized + debuginfo] target(s) in 52.43s
[INFO] running `Command { std: "docker" "inspect" "334d76b5c70c3a3deb616807f0bdf659bb7393754721a0fa127e065b8c7225ec", kill_on_drop: false }`
[INFO] running `Command { std: "docker" "rm" "-f" "334d76b5c70c3a3deb616807f0bdf659bb7393754721a0fa127e065b8c7225ec", kill_on_drop: false }`
[INFO] [stdout] 334d76b5c70c3a3deb616807f0bdf659bb7393754721a0fa127e065b8c7225ec
[INFO] running `Command { std: "docker" "create" "-v" "/var/lib/crater-agent-workspace/builds/worker-6-tc1/target:/opt/rustwide/target:rw,Z" "-v" "/var/lib/crater-agent-workspace/builds/worker-6-tc1/source:/opt/rustwide/workdir:ro,Z" "-v" "/var/lib/crater-agent-workspace/cargo-home:/opt/rustwide/cargo-home:ro,Z" "-v" "/var/lib/crater-agent-workspace/rustup-home:/opt/rustwide/rustup-home:ro,Z" "-e" "SOURCE_DIR=/opt/rustwide/workdir" "-e" "CARGO_TARGET_DIR=/opt/rustwide/target" "-e" "CARGO_INCREMENTAL=0" "-e" "RUST_BACKTRACE=full" "-e" "RUSTFLAGS=--cap-lints=warn" "-e" "RUSTDOCFLAGS=--cap-lints=warn" "-e" "CARGO_HOME=/opt/rustwide/cargo-home" "-e" "RUSTUP_HOME=/opt/rustwide/rustup-home" "-w" "/opt/rustwide/workdir" "-m" "1610612736" "--user" "0:0" "--network" "none" "ghcr.io/rust-lang/crates-build-env/linux@sha256:2788e3201cd34a07e3172128adcd8b3090168a8e3bcc40d7c032b9dda1df7d1c" "/opt/rustwide/cargo-home/bin/cargo" "+1.75.0" "test" "--frozen" "--no-run" "--message-format=json", kill_on_drop: false }`
[INFO] [stdout] edc554376620cbcd59c402f683a6e2d6ae821dcf3b7e8e3e2353c6461d5a745e
[INFO] running `Command { std: "docker" "start" "-a" "edc554376620cbcd59c402f683a6e2d6ae821dcf3b7e8e3e2353c6461d5a745e", kill_on_drop: false }`
[INFO] [stderr]    Compiling tc-collection v0.2.0 (/opt/rustwide/workdir)
[INFO] [stderr]     Finished test [unoptimized + debuginfo] target(s) in 29.56s
[INFO] running `Command { std: "docker" "inspect" "edc554376620cbcd59c402f683a6e2d6ae821dcf3b7e8e3e2353c6461d5a745e", kill_on_drop: false }`
[INFO] running `Command { std: "docker" "rm" "-f" "edc554376620cbcd59c402f683a6e2d6ae821dcf3b7e8e3e2353c6461d5a745e", kill_on_drop: false }`
[INFO] [stdout] edc554376620cbcd59c402f683a6e2d6ae821dcf3b7e8e3e2353c6461d5a745e
[INFO] running `Command { std: "docker" "create" "-v" "/var/lib/crater-agent-workspace/builds/worker-6-tc1/target:/opt/rustwide/target:rw,Z" "-v" "/var/lib/crater-agent-workspace/builds/worker-6-tc1/source:/opt/rustwide/workdir:ro,Z" "-v" "/var/lib/crater-agent-workspace/cargo-home:/opt/rustwide/cargo-home:ro,Z" "-v" "/var/lib/crater-agent-workspace/rustup-home:/opt/rustwide/rustup-home:ro,Z" "-e" "SOURCE_DIR=/opt/rustwide/workdir" "-e" "CARGO_TARGET_DIR=/opt/rustwide/target" "-e" "CARGO_INCREMENTAL=0" "-e" "RUST_BACKTRACE=full" "-e" "RUSTFLAGS=--cap-lints=warn" "-e" "RUSTDOCFLAGS=--cap-lints=warn" "-e" "CARGO_HOME=/opt/rustwide/cargo-home" "-e" "RUSTUP_HOME=/opt/rustwide/rustup-home" "-w" "/opt/rustwide/workdir" "-m" "1610612736" "--user" "0:0" "--network" "none" "ghcr.io/rust-lang/crates-build-env/linux@sha256:2788e3201cd34a07e3172128adcd8b3090168a8e3bcc40d7c032b9dda1df7d1c" "/opt/rustwide/cargo-home/bin/cargo" "+1.75.0" "test" "--frozen", kill_on_drop: false }`
[INFO] [stdout] 39a038a14121cc8fc80b7775ce725fb2c64a498cb9e514440a2cbf89fcc25238
[INFO] running `Command { std: "docker" "start" "-a" "39a038a14121cc8fc80b7775ce725fb2c64a498cb9e514440a2cbf89fcc25238", kill_on_drop: false }`
[INFO] [stderr]     Finished test [unoptimized + debuginfo] target(s) in 0.12s
[INFO] [stderr]      Running unittests src/lib.rs (/opt/rustwide/target/debug/deps/tc_collection-fbde5e826b7b5ed7)
[INFO] [stdout] 
[INFO] [stdout] running 0 tests
[INFO] [stdout] 
[INFO] [stdout] test result: ok. 0 passed; 0 failed; 0 ignored; 0 measured; 0 filtered out; finished in 0.00s
[INFO] [stdout] 
[INFO] [stderr]    Doc-tests tc-collection
[INFO] [stdout] 
[INFO] [stdout] running 1 test
[INFO] [stdout] test src/tensor/shape.rs - tensor::shape::Range::normalize (line 283) ... FAILED
[INFO] [stdout] 
[INFO] [stdout] failures:
[INFO] [stdout] 
[INFO] [stdout] ---- src/tensor/shape.rs - tensor::shape::Range::normalize (line 283) stdout ----
[INFO] [stdout] error[E0599]: no method named `to_shape` found for struct `tc_collection::tensor::Range` in the current scope
[INFO] [stdout]  --> src/tensor/shape.rs:289:11
[INFO] [stdout]   |
[INFO] [stdout] 9 |     range.to_shape(&Shape::from(smallvec![2, 3, 4])).unwrap(),
[INFO] [stdout]   |           ^^^^^^^^ help: there is a method with a similar name: `shape`
[INFO] [stdout] 
[INFO] [stdout] error: aborting due to previous error
[INFO] [stdout] 
[INFO] [stdout] For more information about this error, try `rustc --explain E0599`.
[INFO] [stdout] Couldn't compile the test.
[INFO] [stdout] 
[INFO] [stdout] failures:
[INFO] [stdout]     src/tensor/shape.rs - tensor::shape::Range::normalize (line 283)
[INFO] [stdout] 
[INFO] [stdout] test result: FAILED. 0 passed; 1 failed; 0 ignored; 0 measured; 0 filtered out; finished in 0.15s
[INFO] [stdout] 
[INFO] [stderr] error: doctest failed, to rerun pass `--doc`
[INFO] running `Command { std: "docker" "inspect" "39a038a14121cc8fc80b7775ce725fb2c64a498cb9e514440a2cbf89fcc25238", kill_on_drop: false }`
[INFO] running `Command { std: "docker" "rm" "-f" "39a038a14121cc8fc80b7775ce725fb2c64a498cb9e514440a2cbf89fcc25238", kill_on_drop: false }`
[INFO] [stdout] 39a038a14121cc8fc80b7775ce725fb2c64a498cb9e514440a2cbf89fcc25238
[INFO] testing tc-collection-0.2.0 against beta-2023-12-22 for beta-1.76-1
[INFO] extracting crate tc-collection 0.2.0 into /workspace/builds/worker-6-tc2/source
[INFO] validating manifest of crates.io crate tc-collection 0.2.0 on toolchain beta-2023-12-22
[INFO] running `Command { std: CARGO_HOME="/workspace/cargo-home" RUSTUP_HOME="/workspace/rustup-home" "/workspace/cargo-home/bin/cargo" "+beta-2023-12-22" "metadata" "--manifest-path" "Cargo.toml" "--no-deps", kill_on_drop: false }`
[INFO] started tweaking crates.io crate tc-collection 0.2.0
[INFO] finished tweaking crates.io crate tc-collection 0.2.0
[INFO] tweaked toml for crates.io crate tc-collection 0.2.0 written to /workspace/builds/worker-6-tc2/source/Cargo.toml
[INFO] running `Command { std: CARGO_HOME="/workspace/cargo-home" RUSTUP_HOME="/workspace/rustup-home" "/workspace/cargo-home/bin/cargo" "+beta-2023-12-22" "generate-lockfile" "--manifest-path" "Cargo.toml", kill_on_drop: false }`
[INFO] [stderr]     Updating crates.io index
[INFO] running `Command { std: CARGO_HOME="/workspace/cargo-home" RUSTUP_HOME="/workspace/rustup-home" "/workspace/cargo-home/bin/cargo" "+beta-2023-12-22" "fetch" "--manifest-path" "Cargo.toml", kill_on_drop: false }`
[INFO] running `Command { std: "docker" "create" "-v" "/var/lib/crater-agent-workspace/builds/worker-6-tc2/target:/opt/rustwide/target:rw,Z" "-v" "/var/lib/crater-agent-workspace/builds/worker-6-tc2/source:/opt/rustwide/workdir:ro,Z" "-v" "/var/lib/crater-agent-workspace/cargo-home:/opt/rustwide/cargo-home:ro,Z" "-v" "/var/lib/crater-agent-workspace/rustup-home:/opt/rustwide/rustup-home:ro,Z" "-e" "SOURCE_DIR=/opt/rustwide/workdir" "-e" "CARGO_TARGET_DIR=/opt/rustwide/target" "-e" "CARGO_HOME=/opt/rustwide/cargo-home" "-e" "RUSTUP_HOME=/opt/rustwide/rustup-home" "-w" "/opt/rustwide/workdir" "-m" "1610612736" "--user" "0:0" "--network" "none" "ghcr.io/rust-lang/crates-build-env/linux@sha256:2788e3201cd34a07e3172128adcd8b3090168a8e3bcc40d7c032b9dda1df7d1c" "/opt/rustwide/cargo-home/bin/cargo" "+beta-2023-12-22" "metadata" "--no-deps" "--format-version=1", kill_on_drop: false }`
[INFO] [stdout] 7a3bbb39c15ebcc95e9371e0d080b30e346f5383e35c5bfe745ce90793f98051
[INFO] running `Command { std: "docker" "start" "-a" "7a3bbb39c15ebcc95e9371e0d080b30e346f5383e35c5bfe745ce90793f98051", kill_on_drop: false }`
[INFO] running `Command { std: "docker" "inspect" "7a3bbb39c15ebcc95e9371e0d080b30e346f5383e35c5bfe745ce90793f98051", kill_on_drop: false }`
[INFO] running `Command { std: "docker" "rm" "-f" "7a3bbb39c15ebcc95e9371e0d080b30e346f5383e35c5bfe745ce90793f98051", kill_on_drop: false }`
[INFO] [stdout] 7a3bbb39c15ebcc95e9371e0d080b30e346f5383e35c5bfe745ce90793f98051
[INFO] running `Command { std: "docker" "create" "-v" "/var/lib/crater-agent-workspace/builds/worker-6-tc2/target:/opt/rustwide/target:rw,Z" "-v" "/var/lib/crater-agent-workspace/builds/worker-6-tc2/source:/opt/rustwide/workdir:ro,Z" "-v" "/var/lib/crater-agent-workspace/cargo-home:/opt/rustwide/cargo-home:ro,Z" "-v" "/var/lib/crater-agent-workspace/rustup-home:/opt/rustwide/rustup-home:ro,Z" "-e" "SOURCE_DIR=/opt/rustwide/workdir" "-e" "CARGO_TARGET_DIR=/opt/rustwide/target" "-e" "CARGO_INCREMENTAL=0" "-e" "RUST_BACKTRACE=full" "-e" "RUSTFLAGS=--cap-lints=warn" "-e" "RUSTDOCFLAGS=--cap-lints=warn" "-e" "CARGO_HOME=/opt/rustwide/cargo-home" "-e" "RUSTUP_HOME=/opt/rustwide/rustup-home" "-w" "/opt/rustwide/workdir" "-m" "1610612736" "--user" "0:0" "--network" "none" "ghcr.io/rust-lang/crates-build-env/linux@sha256:2788e3201cd34a07e3172128adcd8b3090168a8e3bcc40d7c032b9dda1df7d1c" "/opt/rustwide/cargo-home/bin/cargo" "+beta-2023-12-22" "build" "--frozen" "--message-format=json", kill_on_drop: false }`
[INFO] [stdout] 4f45d5dddb87c7833b3c9e9163a3ff870718d36f04fdfcd6cc36d4f0946f339f
[INFO] running `Command { std: "docker" "start" "-a" "4f45d5dddb87c7833b3c9e9163a3ff870718d36f04fdfcd6cc36d4f0946f339f", kill_on_drop: false }`
[INFO] [stderr]    Compiling futures-sink v0.3.30
[INFO] [stderr]    Compiling futures-core v0.3.30
[INFO] [stderr]    Compiling syn v1.0.109
[INFO] [stderr]    Compiling serde v1.0.194
[INFO] [stderr]    Compiling futures-io v0.3.30
[INFO] [stderr]    Compiling futures-task v0.3.30
[INFO] [stderr]    Compiling num-traits v0.2.17
[INFO] [stderr]    Compiling proc-macro-error-attr v1.0.4
[INFO] [stderr]    Compiling proc-macro-error v1.0.4
[INFO] [stderr]    Compiling smallvec v1.11.2
[INFO] [stderr]    Compiling bytes v1.5.0
[INFO] [stderr]    Compiling syn v2.0.48
[INFO] [stderr]    Compiling generic-array v0.14.7
[INFO] [stderr]    Compiling num_cpus v1.16.0
[INFO] [stderr]    Compiling async-trait v0.1.77
[INFO] [stderr]    Compiling interpolator v0.5.0
[INFO] [stderr]    Compiling collection_literals v1.0.1
[INFO] [stderr]    Compiling futures-channel v0.3.30
[INFO] [stderr]    Compiling uuid v1.6.1
[INFO] [stderr]    Compiling proc-macro-utils v0.8.0
[INFO] [stderr]    Compiling base64 v0.21.5
[INFO] [stderr]    Compiling cpufeatures v0.2.12
[INFO] [stderr]    Compiling get-size v0.1.4
[INFO] [stderr]    Compiling regex-syntax v0.8.2
[INFO] [stderr]    Compiling convert_case v0.4.0
[INFO] [stderr]    Compiling safecast v0.2.2
[INFO] [stderr]    Compiling tokio v1.35.1
[INFO] [stderr]    Compiling log v0.4.20
[INFO] [stderr]    Compiling crossbeam-utils v0.8.18
[INFO] [stderr]    Compiling thiserror v1.0.56
[INFO] [stderr]    Compiling rayon-core v1.12.0
[INFO] [stderr]    Compiling block-buffer v0.10.4
[INFO] [stderr]    Compiling crypto-common v0.1.6
[INFO] [stderr]    Compiling num-bigint v0.4.4
[INFO] [stderr]    Compiling pkg-config v0.3.28
[INFO] [stderr]    Compiling percent-encoding v2.3.1
[INFO] [stderr]    Compiling unicode-bidi v0.3.14
[INFO] [stderr]    Compiling rand_chacha v0.3.1
[INFO] [stderr]    Compiling strength_reduce v0.2.4
[INFO] [stderr]    Compiling itertools v0.11.0
[INFO] [stderr]    Compiling digest v0.10.7
[INFO] [stderr]    Compiling form_urlencoded v1.2.1
[INFO] [stderr]    Compiling sha2 v0.10.8
[INFO] [stderr]    Compiling rand v0.8.5
[INFO] [stderr]    Compiling ha-ndarray v0.2.0
[INFO] [stderr]    Compiling crossbeam-epoch v0.9.17
[INFO] [stderr]    Compiling idna v0.5.0
[INFO] [stderr]    Compiling crossbeam-deque v0.8.4
[INFO] [stderr]    Compiling num-integer v0.1.45
[INFO] [stderr]    Compiling num-complex v0.4.4
[INFO] [stderr]    Compiling url v2.5.0
[INFO] [stderr]    Compiling rayon v1.8.0
[INFO] [stderr]    Compiling regex-automata v0.4.3
[INFO] [stderr]    Compiling transpose v0.2.2
[INFO] [stderr]    Compiling num-iter v0.1.43
[INFO] [stderr]    Compiling derive_more v0.99.17
[INFO] [stderr]    Compiling num-rational v0.4.1
[INFO] [stderr]    Compiling tokio-util v0.7.10
[INFO] [stderr]    Compiling num v0.4.1
[INFO] [stderr]    Compiling serde_derive v1.0.194
[INFO] [stderr]    Compiling futures-macro v0.3.30
[INFO] [stderr]    Compiling derive-where v1.2.7
[INFO] [stderr]    Compiling pin-project-internal v1.1.3
[INFO] [stderr]    Compiling regex v1.10.2
[INFO] [stderr]    Compiling num-derive v0.4.1
[INFO] [stderr]    Compiling thiserror-impl v1.0.56
[INFO] [stderr]    Compiling futures-util v0.3.30
[INFO] [stderr]    Compiling pin-project v1.1.3
[INFO] [stderr]    Compiling quote-use-macros v0.7.2
[INFO] [stderr]    Compiling pest v2.7.6
[INFO] [stderr]    Compiling quote-use v0.7.2
[INFO] [stderr]    Compiling attribute-derive-macro v0.6.1
[INFO] [stderr]    Compiling pest_meta v2.7.6
[INFO] [stderr]    Compiling pest_generator v2.7.6
[INFO] [stderr]    Compiling attribute-derive v0.6.1
[INFO] [stderr]    Compiling futures-executor v0.3.30
[INFO] [stderr]    Compiling futures v0.3.30
[INFO] [stderr]    Compiling collate v0.4.1
[INFO] [stderr]    Compiling get-size-derive v0.1.3
[INFO] [stderr]    Compiling pest_derive v2.7.6
[INFO] [stderr]    Compiling ds-ext v0.1.4
[INFO] [stderr]    Compiling email-address-parser v2.0.0
[INFO] [stderr]    Compiling serde_json v1.0.111
[INFO] [stderr]    Compiling destream v0.7.3
[INFO] [stderr]    Compiling async-hash v0.5.3
[INFO] [stderr]    Compiling handlebars v4.5.0
[INFO] [stderr]    Compiling hr-id v0.5.1
[INFO] [stderr]    Compiling tbon v0.5.2
[INFO] [stderr]    Compiling number-general v0.11.1
[INFO] [stderr]    Compiling txn_lock v0.8.1
[INFO] [stderr]    Compiling pathlink v0.2.1
[INFO] [stderr]    Compiling freqfs v0.9.1
[INFO] [stderr]    Compiling txfs v0.2.1
[INFO] [stderr]    Compiling b-tree v0.3.1
[INFO] [stderr]    Compiling b-table v0.2.1
[INFO] [stderr]    Compiling tc-error v0.9.0
[INFO] [stderr]    Compiling tcgeneric v0.8.1
[INFO] [stderr]    Compiling tc-value v0.10.0
[INFO] [stderr]    Compiling tc-transact v0.18.0
[INFO] [stderr]    Compiling tc-scalar v0.2.0
[INFO] [stderr]    Compiling tc-collection v0.2.0 (/opt/rustwide/workdir)
[INFO] [stdout] warning: unused pinned boxed `futures::Future` trait object that must be used
[INFO] [stdout]    --> src/lib.rs:330:5
[INFO] [stdout]     |
[INFO] [stdout] 330 |     versions.delete(txn_id);
[INFO] [stdout]     |     ^^^^^^^^^^^^^^^^^^^^^^^
[INFO] [stdout]     |
[INFO] [stdout]     = note: futures do nothing unless you `.await` or poll them
[INFO] [stdout]     = note: `#[warn(unused_must_use)]` on by default
[INFO] [stdout] 
[INFO] [stdout] 
[INFO] [stdout] warning: 1 warning emitted
[INFO] [stdout] 
[INFO] [stdout] 
[INFO] [stderr]     Finished dev [unoptimized + debuginfo] target(s) in 1m 02s
[INFO] running `Command { std: "docker" "inspect" "4f45d5dddb87c7833b3c9e9163a3ff870718d36f04fdfcd6cc36d4f0946f339f", kill_on_drop: false }`
[INFO] running `Command { std: "docker" "rm" "-f" "4f45d5dddb87c7833b3c9e9163a3ff870718d36f04fdfcd6cc36d4f0946f339f", kill_on_drop: false }`
[INFO] [stdout] 4f45d5dddb87c7833b3c9e9163a3ff870718d36f04fdfcd6cc36d4f0946f339f
[INFO] running `Command { std: "docker" "create" "-v" "/var/lib/crater-agent-workspace/builds/worker-6-tc2/target:/opt/rustwide/target:rw,Z" "-v" "/var/lib/crater-agent-workspace/builds/worker-6-tc2/source:/opt/rustwide/workdir:ro,Z" "-v" "/var/lib/crater-agent-workspace/cargo-home:/opt/rustwide/cargo-home:ro,Z" "-v" "/var/lib/crater-agent-workspace/rustup-home:/opt/rustwide/rustup-home:ro,Z" "-e" "SOURCE_DIR=/opt/rustwide/workdir" "-e" "CARGO_TARGET_DIR=/opt/rustwide/target" "-e" "CARGO_INCREMENTAL=0" "-e" "RUST_BACKTRACE=full" "-e" "RUSTFLAGS=--cap-lints=warn" "-e" "RUSTDOCFLAGS=--cap-lints=warn" "-e" "CARGO_HOME=/opt/rustwide/cargo-home" "-e" "RUSTUP_HOME=/opt/rustwide/rustup-home" "-w" "/opt/rustwide/workdir" "-m" "1610612736" "--user" "0:0" "--network" "none" "ghcr.io/rust-lang/crates-build-env/linux@sha256:2788e3201cd34a07e3172128adcd8b3090168a8e3bcc40d7c032b9dda1df7d1c" "/opt/rustwide/cargo-home/bin/cargo" "+beta-2023-12-22" "test" "--frozen" "--no-run" "--message-format=json", kill_on_drop: false }`
[INFO] [stdout] a569ce897592592d7946b6f3d977e46c517bbfd0d2467a5c969e65d84480c32f
[INFO] running `Command { std: "docker" "start" "-a" "a569ce897592592d7946b6f3d977e46c517bbfd0d2467a5c969e65d84480c32f", kill_on_drop: false }`
[INFO] [stdout] warning: unused pinned boxed `futures::Future` trait object that must be used
[INFO] [stdout]    --> src/lib.rs:330:5
[INFO] [stdout]     |
[INFO] [stdout] 330 |     versions.delete(txn_id);
[INFO] [stdout]     |     ^^^^^^^^^^^^^^^^^^^^^^^
[INFO] [stdout]     |
[INFO] [stdout]     = note: futures do nothing unless you `.await` or poll them
[INFO] [stdout]     = note: `#[warn(unused_must_use)]` on by default
[INFO] [stdout] 
[INFO] [stdout] 
[INFO] [stderr]    Compiling tc-collection v0.2.0 (/opt/rustwide/workdir)
[INFO] [stdout] warning: 1 warning emitted
[INFO] [stdout] 
[INFO] [stdout] 
[INFO] [stdout] warning: unused pinned boxed `futures::Future` trait object that must be used
[INFO] [stdout]    --> src/lib.rs:330:5
[INFO] [stdout]     |
[INFO] [stdout] 330 |     versions.delete(txn_id);
[INFO] [stdout]     |     ^^^^^^^^^^^^^^^^^^^^^^^
[INFO] [stdout]     |
[INFO] [stdout]     = note: futures do nothing unless you `.await` or poll them
[INFO] [stdout]     = note: `#[warn(unused_must_use)]` on by default
[INFO] [stdout] 
[INFO] [stdout] 
[INFO] [stdout] warning: 1 warning emitted
[INFO] [stdout] 
[INFO] [stdout] 
[INFO] [stderr]     Finished test [unoptimized + debuginfo] target(s) in 27.08s
[INFO] running `Command { std: "docker" "inspect" "a569ce897592592d7946b6f3d977e46c517bbfd0d2467a5c969e65d84480c32f", kill_on_drop: false }`
[INFO] running `Command { std: "docker" "rm" "-f" "a569ce897592592d7946b6f3d977e46c517bbfd0d2467a5c969e65d84480c32f", kill_on_drop: false }`
[INFO] [stdout] a569ce897592592d7946b6f3d977e46c517bbfd0d2467a5c969e65d84480c32f
[INFO] running `Command { std: "docker" "create" "-v" "/var/lib/crater-agent-workspace/builds/worker-6-tc2/target:/opt/rustwide/target:rw,Z" "-v" "/var/lib/crater-agent-workspace/builds/worker-6-tc2/source:/opt/rustwide/workdir:ro,Z" "-v" "/var/lib/crater-agent-workspace/cargo-home:/opt/rustwide/cargo-home:ro,Z" "-v" "/var/lib/crater-agent-workspace/rustup-home:/opt/rustwide/rustup-home:ro,Z" "-e" "SOURCE_DIR=/opt/rustwide/workdir" "-e" "CARGO_TARGET_DIR=/opt/rustwide/target" "-e" "CARGO_INCREMENTAL=0" "-e" "RUST_BACKTRACE=full" "-e" "RUSTFLAGS=--cap-lints=warn" "-e" "RUSTDOCFLAGS=--cap-lints=warn" "-e" "CARGO_HOME=/opt/rustwide/cargo-home" "-e" "RUSTUP_HOME=/opt/rustwide/rustup-home" "-w" "/opt/rustwide/workdir" "-m" "1610612736" "--user" "0:0" "--network" "none" "ghcr.io/rust-lang/crates-build-env/linux@sha256:2788e3201cd34a07e3172128adcd8b3090168a8e3bcc40d7c032b9dda1df7d1c" "/opt/rustwide/cargo-home/bin/cargo" "+beta-2023-12-22" "test" "--frozen", kill_on_drop: false }`
[INFO] [stdout] 329f6640005452ab3210811674e75ac5b7d626a7dd054ea6da63477f596368f6
[INFO] running `Command { std: "docker" "start" "-a" "329f6640005452ab3210811674e75ac5b7d626a7dd054ea6da63477f596368f6", kill_on_drop: false }`
[INFO] [stderr] warning: unused pinned boxed `futures::Future` trait object that must be used
[INFO] [stderr]    --> src/lib.rs:330:5
[INFO] [stderr]     |
[INFO] [stderr] 330 |     versions.delete(txn_id);
[INFO] [stderr]     |     ^^^^^^^^^^^^^^^^^^^^^^^
[INFO] [stderr]     |
[INFO] [stderr]     = note: futures do nothing unless you `.await` or poll them
[INFO] [stderr]     = note: `#[warn(unused_must_use)]` on by default
[INFO] [stderr] 
[INFO] [stderr] warning: `tc-collection` (lib) generated 1 warning
[INFO] [stderr] warning: `tc-collection` (lib test) generated 1 warning (1 duplicate)
[INFO] [stderr]     Finished test [unoptimized + debuginfo] target(s) in 0.09s
[INFO] [stderr]      Running unittests src/lib.rs (/opt/rustwide/target/debug/deps/tc_collection-2a21b547a90ce99f)
[INFO] [stdout] 
[INFO] [stdout] running 0 tests
[INFO] [stdout] 
[INFO] [stdout] test result: ok. 0 passed; 0 failed; 0 ignored; 0 measured; 0 filtered out; finished in 0.00s
[INFO] [stdout] 
[INFO] [stderr]    Doc-tests tc-collection
[INFO] [stdout] 
[INFO] [stdout] running 1 test
[INFO] [stdout] test src/tensor/shape.rs - tensor::shape::Range::normalize (line 283) ... FAILED
[INFO] [stdout] 
[INFO] [stdout] failures:
[INFO] [stdout] 
[INFO] [stdout] ---- src/tensor/shape.rs - tensor::shape::Range::normalize (line 283) stdout ----
[INFO] [stdout] error[E0599]: no method named `to_shape` found for struct `tc_collection::tensor::Range` in the current scope
[INFO] [stdout]  --> src/tensor/shape.rs:289:11
[INFO] [stdout]   |
[INFO] [stdout] 9 |     range.to_shape(&Shape::from(smallvec![2, 3, 4])).unwrap(),
[INFO] [stdout]   |           ^^^^^^^^ help: there is a method with a similar name: `shape`
[INFO] [stdout] 
[INFO] [stdout] error: aborting due to 1 previous error
[INFO] [stdout] 
[INFO] [stdout] For more information about this error, try `rustc --explain E0599`.
[INFO] [stdout] Couldn't compile the test.
[INFO] [stdout] 
[INFO] [stdout] failures:
[INFO] [stdout]     src/tensor/shape.rs - tensor::shape::Range::normalize (line 283)
[INFO] [stdout] 
[INFO] [stdout] test result: FAILED. 0 passed; 1 failed; 0 ignored; 0 measured; 0 filtered out; finished in 0.13s
[INFO] [stdout] 
[INFO] [stderr] error: doctest failed, to rerun pass `--doc`
[INFO] running `Command { std: "docker" "inspect" "329f6640005452ab3210811674e75ac5b7d626a7dd054ea6da63477f596368f6", kill_on_drop: false }`
[INFO] running `Command { std: "docker" "rm" "-f" "329f6640005452ab3210811674e75ac5b7d626a7dd054ea6da63477f596368f6", kill_on_drop: false }`
[INFO] [stdout] 329f6640005452ab3210811674e75ac5b7d626a7dd054ea6da63477f596368f6
