[INFO] fetching crate tauri-async-handler 0.4.0...
[INFO] testing tauri-async-handler-0.4.0 against 1.75.0 for beta-1.76-1
[INFO] extracting crate tauri-async-handler 0.4.0 into /workspace/builds/worker-3-tc1/source
[INFO] validating manifest of crates.io crate tauri-async-handler 0.4.0 on toolchain 1.75.0
[INFO] running `Command { std: CARGO_HOME="/workspace/cargo-home" RUSTUP_HOME="/workspace/rustup-home" "/workspace/cargo-home/bin/cargo" "+1.75.0" "metadata" "--manifest-path" "Cargo.toml" "--no-deps", kill_on_drop: false }`
[INFO] started tweaking crates.io crate tauri-async-handler 0.4.0
[INFO] finished tweaking crates.io crate tauri-async-handler 0.4.0
[INFO] tweaked toml for crates.io crate tauri-async-handler 0.4.0 written to /workspace/builds/worker-3-tc1/source/Cargo.toml
[INFO] running `Command { std: CARGO_HOME="/workspace/cargo-home" RUSTUP_HOME="/workspace/rustup-home" "/workspace/cargo-home/bin/cargo" "+1.75.0" "generate-lockfile" "--manifest-path" "Cargo.toml", kill_on_drop: false }`
[INFO] [stderr]     Updating crates.io index
[INFO] running `Command { std: CARGO_HOME="/workspace/cargo-home" RUSTUP_HOME="/workspace/rustup-home" "/workspace/cargo-home/bin/cargo" "+1.75.0" "fetch" "--manifest-path" "Cargo.toml", kill_on_drop: false }`
[INFO] [stderr]  Downloading crates ...
[INFO] [stderr]   Downloaded tauri-utils v0.5.1
[INFO] [stderr]   Downloaded sysinfo v0.10.5
[INFO] [stderr]   Downloaded runas v0.2.1
[INFO] [stderr]   Downloaded dirs-next v1.0.2
[INFO] [stderr]   Downloaded tauri-api v0.7.6
[INFO] [stderr]   Downloaded tauri-dialog-sys v0.1.1
[INFO] [stderr]   Downloaded tauri-dialog v0.1.1
[INFO] [stderr]   Downloaded nfd v0.0.4
[INFO] [stderr]   Downloaded tauri_includedir_codegen v0.6.3
[INFO] [stderr]   Downloaded webview_official v0.0.4
[INFO] [stderr]   Downloaded tauri_includedir v0.6.1
[INFO] [stderr]   Downloaded tauri v0.11.1
[INFO] [stderr]   Downloaded webview-official-sys v0.1.2
[INFO] running `Command { std: "docker" "create" "-v" "/var/lib/crater-agent-workspace/builds/worker-3-tc1/target:/opt/rustwide/target:rw,Z" "-v" "/var/lib/crater-agent-workspace/builds/worker-3-tc1/source:/opt/rustwide/workdir:ro,Z" "-v" "/var/lib/crater-agent-workspace/cargo-home:/opt/rustwide/cargo-home:ro,Z" "-v" "/var/lib/crater-agent-workspace/rustup-home:/opt/rustwide/rustup-home:ro,Z" "-e" "SOURCE_DIR=/opt/rustwide/workdir" "-e" "CARGO_TARGET_DIR=/opt/rustwide/target" "-e" "CARGO_HOME=/opt/rustwide/cargo-home" "-e" "RUSTUP_HOME=/opt/rustwide/rustup-home" "-w" "/opt/rustwide/workdir" "-m" "1610612736" "--user" "0:0" "--network" "none" "ghcr.io/rust-lang/crates-build-env/linux@sha256:2788e3201cd34a07e3172128adcd8b3090168a8e3bcc40d7c032b9dda1df7d1c" "/opt/rustwide/cargo-home/bin/cargo" "+1.75.0" "metadata" "--no-deps" "--format-version=1", kill_on_drop: false }`
[INFO] [stdout] 54c49f7420ba98511c46986b28801724508874ca05f742e785e268e9259da6fd
[INFO] running `Command { std: "docker" "start" "-a" "54c49f7420ba98511c46986b28801724508874ca05f742e785e268e9259da6fd", kill_on_drop: false }`
[INFO] running `Command { std: "docker" "inspect" "54c49f7420ba98511c46986b28801724508874ca05f742e785e268e9259da6fd", kill_on_drop: false }`
[INFO] running `Command { std: "docker" "rm" "-f" "54c49f7420ba98511c46986b28801724508874ca05f742e785e268e9259da6fd", kill_on_drop: false }`
[INFO] [stdout] 54c49f7420ba98511c46986b28801724508874ca05f742e785e268e9259da6fd
[INFO] running `Command { std: "docker" "create" "-v" "/var/lib/crater-agent-workspace/builds/worker-3-tc1/target:/opt/rustwide/target:rw,Z" "-v" "/var/lib/crater-agent-workspace/builds/worker-3-tc1/source:/opt/rustwide/workdir:ro,Z" "-v" "/var/lib/crater-agent-workspace/cargo-home:/opt/rustwide/cargo-home:ro,Z" "-v" "/var/lib/crater-agent-workspace/rustup-home:/opt/rustwide/rustup-home:ro,Z" "-e" "SOURCE_DIR=/opt/rustwide/workdir" "-e" "CARGO_TARGET_DIR=/opt/rustwide/target" "-e" "CARGO_INCREMENTAL=0" "-e" "RUST_BACKTRACE=full" "-e" "RUSTFLAGS=--cap-lints=warn" "-e" "RUSTDOCFLAGS=--cap-lints=warn" "-e" "CARGO_HOME=/opt/rustwide/cargo-home" "-e" "RUSTUP_HOME=/opt/rustwide/rustup-home" "-w" "/opt/rustwide/workdir" "-m" "1610612736" "--user" "0:0" "--network" "none" "ghcr.io/rust-lang/crates-build-env/linux@sha256:2788e3201cd34a07e3172128adcd8b3090168a8e3bcc40d7c032b9dda1df7d1c" "/opt/rustwide/cargo-home/bin/cargo" "+1.75.0" "build" "--frozen" "--message-format=json", kill_on_drop: false }`
[INFO] [stdout] 8dfd788a58b51581b534a50a69ff4eb160ad07b39a0390612766c4395daae167
[INFO] running `Command { std: "docker" "start" "-a" "8dfd788a58b51581b534a50a69ff4eb160ad07b39a0390612766c4395daae167", kill_on_drop: false }`
[INFO] [stderr]    Compiling pkg-config v0.3.28
[INFO] [stderr]    Compiling bitflags v2.4.1
[INFO] [stderr]    Compiling futures-core v0.3.30
[INFO] [stderr]    Compiling parking v2.2.0
[INFO] [stderr]    Compiling concurrent-queue v2.4.0
[INFO] [stderr]    Compiling syn v2.0.48
[INFO] [stderr]    Compiling rustix v0.38.28
[INFO] [stderr]    Compiling fastrand v2.0.1
[INFO] [stderr]    Compiling vcpkg v0.2.15
[INFO] [stderr]    Compiling linux-raw-sys v0.4.12
[INFO] [stderr]    Compiling futures-io v0.3.30
[INFO] [stderr]    Compiling value-bag v1.4.3
[INFO] [stderr]    Compiling siphasher v0.3.11
[INFO] [stderr]    Compiling phf_shared v0.8.0
[INFO] [stderr]    Compiling log v0.4.20
[INFO] [stderr]    Compiling flate2 v1.0.28
[INFO] [stderr]    Compiling event-listener v4.0.2
[INFO] [stderr]    Compiling rand_pcg v0.2.1
[INFO] [stderr]    Compiling rand v0.7.3
[INFO] [stderr]    Compiling bzip2-sys v0.1.11+1.0.8
[INFO] [stderr]    Compiling event-listener-strategy v0.4.0
[INFO] [stderr]    Compiling foreign-types-shared v0.1.1
[INFO] [stderr]    Compiling tracing-core v0.1.32
[INFO] [stderr]    Compiling openssl v0.10.62
[INFO] [stderr]    Compiling async-lock v3.2.0
[INFO] [stderr]    Compiling openssl-sys v0.9.98
[INFO] [stderr]    Compiling foreign-types v0.3.2
[INFO] [stderr]    Compiling tauri-dialog-sys v0.1.1
[INFO] [stderr]    Compiling phf_generator v0.8.0
[INFO] [stderr]    Compiling tracing v0.1.40
[INFO] [stderr]    Compiling futures-lite v2.1.0
[INFO] [stderr]    Compiling ucd-trie v0.1.6
[INFO] [stderr]    Compiling gcc v0.3.55
[INFO] [stderr]    Compiling same-file v1.0.6
[INFO] [stderr]    Compiling sysinfo v0.10.5
[INFO] [stderr]    Compiling either v1.9.0
[INFO] [stderr]    Compiling native-tls v0.2.11
[INFO] [stderr]    Compiling io-lifetimes v1.0.11
[INFO] [stderr]    Compiling rayon v1.8.0
[INFO] [stderr]    Compiling nfd v0.0.4
[INFO] [stderr]    Compiling walkdir v2.4.0
[INFO] [stderr]    Compiling phf_codegen v0.8.0
[INFO] [stderr]    Compiling webview-official-sys v0.1.2
[INFO] [stderr]    Compiling polling v2.8.0
[INFO] [stderr]    Compiling indexmap v1.9.3
[INFO] [stderr]    Compiling dtoa v0.4.8
[INFO] [stderr]    Compiling atomic-waker v1.1.2
[INFO] [stderr]    Compiling rustix v0.37.27
[INFO] [stderr]    Compiling event-listener v2.5.3
[INFO] [stderr]    Compiling openssl-probe v0.1.5
[INFO] [stderr]    Compiling async-task v4.7.0
[INFO] [stderr]    Compiling itoa v0.4.8
[INFO] [stderr]    Compiling piper v0.2.1
[INFO] [stderr]    Compiling tauri_includedir_codegen v0.6.3
[INFO] [stderr]    Compiling bzip2 v0.4.4
[INFO] [stderr]    Compiling async-channel v2.1.1
[INFO] [stderr]    Compiling dirs-sys-next v0.1.2
[INFO] [stderr]    Compiling time v0.1.45
[INFO] [stderr]    Compiling filetime v0.2.23
[INFO] [stderr]    Compiling async-io v1.13.0
[INFO] [stderr]    Compiling tauri-api v0.7.6
[INFO] [stderr]    Compiling wildmatch v1.1.0
[INFO] [stderr]    Compiling waker-fn v1.1.1
[INFO] [stderr]    Compiling cfg_aliases v0.1.1
[INFO] [stderr]    Compiling linux-raw-sys v0.3.8
[INFO] [stderr]    Compiling tauri v0.11.1
[INFO] [stderr]    Compiling futures-lite v1.13.0
[INFO] [stderr]    Compiling xattr v1.2.0
[INFO] [stderr]    Compiling thiserror-impl v1.0.56
[INFO] [stderr]    Compiling serde_derive v1.0.194
[INFO] [stderr]    Compiling openssl-macros v0.1.1
[INFO] [stderr]    Compiling polling v3.3.1
[INFO] [stderr]    Compiling async-io v2.2.2
[INFO] [stderr]    Compiling serde_repr v0.1.18
[INFO] [stderr]    Compiling tar v0.4.40
[INFO] [stderr]    Compiling tempfile v3.9.0
[INFO] [stderr]    Compiling thiserror v1.0.56
[INFO] [stderr]    Compiling pest v2.7.6
[INFO] [stderr]    Compiling tauri-utils v0.5.1
[INFO] [stderr]    Compiling zip v0.5.13
[INFO] [stderr]    Compiling dirs-next v1.0.2
[INFO] [stderr]    Compiling blocking v1.5.1
[INFO] [stderr]    Compiling tauri-dialog v0.1.1
[INFO] [stderr]    Compiling async-executor v1.8.0
[INFO] [stderr]    Compiling async-lock v2.8.0
[INFO] [stderr]    Compiling phf v0.8.0
[INFO] [stderr]    Compiling semver-parser v0.10.2
[INFO] [stderr]    Compiling getrandom v0.2.11
[INFO] [stderr]    Compiling socket2 v0.4.10
[INFO] [stderr]    Compiling fsio v0.1.3
[INFO] [stderr]    Compiling uuid v0.8.2
[INFO] [stderr]    Compiling threadpool v1.8.1
[INFO] [stderr]    Compiling tauri_includedir v0.6.1
[INFO] [stderr]    Compiling envmnt v0.8.4
[INFO] [stderr]    Compiling semver v0.11.0
[INFO] [stderr]    Compiling async-global-executor v2.4.1
[INFO] [stderr]    Compiling webview_official v0.0.4
[INFO] [stderr]    Compiling futures-macro v0.3.30
[INFO] [stderr]    Compiling async-channel v1.9.0
[INFO] [stderr]    Compiling kv-log-macro v1.0.7
[INFO] [stderr]    Compiling urlencoding v1.3.3
[INFO] [stderr]    Compiling webbrowser v0.5.5
[INFO] [stderr]    Compiling base64 v0.13.1
[INFO] [stderr]    Compiling futures-task v0.3.30
[INFO] [stderr]    Compiling serde v1.0.194
[INFO] [stderr]    Compiling async-std v1.12.0
[INFO] [stderr]    Compiling futures-channel v0.3.30
[INFO] [stderr]    Compiling futures-util v0.3.30
[INFO] [stderr]    Compiling serde_urlencoded v0.6.1
[INFO] [stderr]    Compiling serde_json v1.0.111
[INFO] [stderr]    Compiling attohttpc v0.16.3
[INFO] [stderr]    Compiling tauri-async-handler v0.4.0 (/opt/rustwide/workdir)
[INFO] [stderr]     Finished dev [unoptimized + debuginfo] target(s) in 16.94s
[INFO] [stderr] warning: the following packages contain code that will be rejected by a future version of Rust: nfd v0.0.4
[INFO] [stderr] note: to see what the problems were, use the option `--future-incompat-report`, or run `cargo report future-incompatibilities --id 1`
[INFO] running `Command { std: "docker" "inspect" "8dfd788a58b51581b534a50a69ff4eb160ad07b39a0390612766c4395daae167", kill_on_drop: false }`
[INFO] running `Command { std: "docker" "rm" "-f" "8dfd788a58b51581b534a50a69ff4eb160ad07b39a0390612766c4395daae167", kill_on_drop: false }`
[INFO] [stdout] 8dfd788a58b51581b534a50a69ff4eb160ad07b39a0390612766c4395daae167
[INFO] running `Command { std: "docker" "create" "-v" "/var/lib/crater-agent-workspace/builds/worker-3-tc1/target:/opt/rustwide/target:rw,Z" "-v" "/var/lib/crater-agent-workspace/builds/worker-3-tc1/source:/opt/rustwide/workdir:ro,Z" "-v" "/var/lib/crater-agent-workspace/cargo-home:/opt/rustwide/cargo-home:ro,Z" "-v" "/var/lib/crater-agent-workspace/rustup-home:/opt/rustwide/rustup-home:ro,Z" "-e" "SOURCE_DIR=/opt/rustwide/workdir" "-e" "CARGO_TARGET_DIR=/opt/rustwide/target" "-e" "CARGO_INCREMENTAL=0" "-e" "RUST_BACKTRACE=full" "-e" "RUSTFLAGS=--cap-lints=warn" "-e" "RUSTDOCFLAGS=--cap-lints=warn" "-e" "CARGO_HOME=/opt/rustwide/cargo-home" "-e" "RUSTUP_HOME=/opt/rustwide/rustup-home" "-w" "/opt/rustwide/workdir" "-m" "1610612736" "--user" "0:0" "--network" "none" "ghcr.io/rust-lang/crates-build-env/linux@sha256:2788e3201cd34a07e3172128adcd8b3090168a8e3bcc40d7c032b9dda1df7d1c" "/opt/rustwide/cargo-home/bin/cargo" "+1.75.0" "test" "--frozen" "--no-run" "--message-format=json", kill_on_drop: false }`
[INFO] [stdout] b576b40a739a0af6ceaa734d7d90ee044a6f89bbebcdea689e96ea58a360a468
[INFO] running `Command { std: "docker" "start" "-a" "b576b40a739a0af6ceaa734d7d90ee044a6f89bbebcdea689e96ea58a360a468", kill_on_drop: false }`
[INFO] [stderr]    Compiling tauri-async-handler v0.4.0 (/opt/rustwide/workdir)
[INFO] [stderr]     Finished test [unoptimized + debuginfo] target(s) in 0.79s
[INFO] [stderr] warning: the following packages contain code that will be rejected by a future version of Rust: nfd v0.0.4
[INFO] [stderr] note: to see what the problems were, use the option `--future-incompat-report`, or run `cargo report future-incompatibilities --id 1`
[INFO] running `Command { std: "docker" "inspect" "b576b40a739a0af6ceaa734d7d90ee044a6f89bbebcdea689e96ea58a360a468", kill_on_drop: false }`
[INFO] running `Command { std: "docker" "rm" "-f" "b576b40a739a0af6ceaa734d7d90ee044a6f89bbebcdea689e96ea58a360a468", kill_on_drop: false }`
[INFO] [stdout] b576b40a739a0af6ceaa734d7d90ee044a6f89bbebcdea689e96ea58a360a468
[INFO] running `Command { std: "docker" "create" "-v" "/var/lib/crater-agent-workspace/builds/worker-3-tc1/target:/opt/rustwide/target:rw,Z" "-v" "/var/lib/crater-agent-workspace/builds/worker-3-tc1/source:/opt/rustwide/workdir:ro,Z" "-v" "/var/lib/crater-agent-workspace/cargo-home:/opt/rustwide/cargo-home:ro,Z" "-v" "/var/lib/crater-agent-workspace/rustup-home:/opt/rustwide/rustup-home:ro,Z" "-e" "SOURCE_DIR=/opt/rustwide/workdir" "-e" "CARGO_TARGET_DIR=/opt/rustwide/target" "-e" "CARGO_INCREMENTAL=0" "-e" "RUST_BACKTRACE=full" "-e" "RUSTFLAGS=--cap-lints=warn" "-e" "RUSTDOCFLAGS=--cap-lints=warn" "-e" "CARGO_HOME=/opt/rustwide/cargo-home" "-e" "RUSTUP_HOME=/opt/rustwide/rustup-home" "-w" "/opt/rustwide/workdir" "-m" "1610612736" "--user" "0:0" "--network" "none" "ghcr.io/rust-lang/crates-build-env/linux@sha256:2788e3201cd34a07e3172128adcd8b3090168a8e3bcc40d7c032b9dda1df7d1c" "/opt/rustwide/cargo-home/bin/cargo" "+1.75.0" "test" "--frozen", kill_on_drop: false }`
[INFO] [stdout] bd3ea11a1dd5dbfe8e1d48192b24b5503396e9744a3b456df3a83f4d793efd5e
[INFO] running `Command { std: "docker" "start" "-a" "bd3ea11a1dd5dbfe8e1d48192b24b5503396e9744a3b456df3a83f4d793efd5e", kill_on_drop: false }`
[INFO] [stderr]     Finished test [unoptimized + debuginfo] target(s) in 0.15s
[INFO] [stderr] warning: the following packages contain code that will be rejected by a future version of Rust: nfd v0.0.4
[INFO] [stderr] note: to see what the problems were, use the option `--future-incompat-report`, or run `cargo report future-incompatibilities --id 1`
[INFO] [stderr]      Running unittests src/lib.rs (/opt/rustwide/target/debug/deps/tauri_async_handler-03f9d90e4f332d24)
[INFO] [stdout] 
[INFO] [stdout] running 0 tests
[INFO] [stdout] 
[INFO] [stdout] test result: ok. 0 passed; 0 failed; 0 ignored; 0 measured; 0 filtered out; finished in 0.00s
[INFO] [stdout] 
[INFO] [stderr]    Doc-tests tauri-async-handler
[INFO] [stdout] 
[INFO] [stdout] running 1 test
[INFO] [stdout] test src/lib.rs - (line 12) ... FAILED
[INFO] [stdout] 
[INFO] [stdout] failures:
[INFO] [stdout] 
[INFO] [stdout] ---- src/lib.rs - (line 12) stdout ----
[INFO] [stdout] error[E0583]: file not found for module `cmd`
[INFO] [stdout]  --> src/lib.rs:14:1
[INFO] [stdout]   |
[INFO] [stdout] 4 | mod cmd;
[INFO] [stdout]   | ^^^^^^^^
[INFO] [stdout]   |
[INFO] [stdout]   = help: to create the module `cmd`, create file "src/cmd.rs" or "src/cmd/mod.rs"
[INFO] [stdout]   = note: if there is a `mod cmd` elsewhere in the crate already, import it with `use crate::...` instead
[INFO] [stdout] 
[INFO] [stdout] error[E0432]: unresolved import `cmd::Cmd`
[INFO] [stdout]   --> src/lib.rs:23:16
[INFO] [stdout]    |
[INFO] [stdout] 13 |       use cmd::Cmd::*;
[INFO] [stdout]    |                ^^^ could not find `Cmd` in `cmd`
[INFO] [stdout] 
[INFO] [stdout] error[E0412]: cannot find type `Cmd` in module `cmd`
[INFO] [stdout]   --> src/lib.rs:22:37
[INFO] [stdout]    |
[INFO] [stdout] 12 |     .async_handler(None, |cmd: cmd::Cmd| async {
[INFO] [stdout]    |                                     ^^^ not found in `cmd`
[INFO] [stdout] 
[INFO] [stdout] error[E0422]: cannot find struct, variant or union type `MyCustomCommand` in this scope
[INFO] [stdout]   --> src/lib.rs:25:9
[INFO] [stdout]    |
[INFO] [stdout] 15 |         MyCustomCommand{ argument } => {
[INFO] [stdout]    |         ^^^^^^^^^^^^^^^ not found in this scope
[INFO] [stdout] 
[INFO] [stdout] error: aborting due to 4 previous errors
[INFO] [stdout] 
[INFO] [stdout] Some errors have detailed explanations: E0412, E0422, E0432, E0583.
[INFO] [stdout] For more information about an error, try `rustc --explain E0412`.
[INFO] [stdout] Couldn't compile the test.
[INFO] [stdout] 
[INFO] [stdout] failures:
[INFO] [stdout]     src/lib.rs - (line 12)
[INFO] [stdout] 
[INFO] [stdout] test result: FAILED. 0 passed; 1 failed; 0 ignored; 0 measured; 0 filtered out; finished in 0.16s
[INFO] [stdout] 
[INFO] [stderr] error: doctest failed, to rerun pass `--doc`
[INFO] running `Command { std: "docker" "inspect" "bd3ea11a1dd5dbfe8e1d48192b24b5503396e9744a3b456df3a83f4d793efd5e", kill_on_drop: false }`
[INFO] running `Command { std: "docker" "rm" "-f" "bd3ea11a1dd5dbfe8e1d48192b24b5503396e9744a3b456df3a83f4d793efd5e", kill_on_drop: false }`
[INFO] [stdout] bd3ea11a1dd5dbfe8e1d48192b24b5503396e9744a3b456df3a83f4d793efd5e
