[INFO] fetching crate task_scope 0.1.1...
[INFO] testing task_scope-0.1.1 against 1.75.0 for beta-1.76-1
[INFO] extracting crate task_scope 0.1.1 into /workspace/builds/worker-1-tc1/source
[INFO] validating manifest of crates.io crate task_scope 0.1.1 on toolchain 1.75.0
[INFO] running `Command { std: CARGO_HOME="/workspace/cargo-home" RUSTUP_HOME="/workspace/rustup-home" "/workspace/cargo-home/bin/cargo" "+1.75.0" "metadata" "--manifest-path" "Cargo.toml" "--no-deps", kill_on_drop: false }`
[INFO] started tweaking crates.io crate task_scope 0.1.1
[INFO] finished tweaking crates.io crate task_scope 0.1.1
[INFO] tweaked toml for crates.io crate task_scope 0.1.1 written to /workspace/builds/worker-1-tc1/source/Cargo.toml
[INFO] crate crates.io crate task_scope 0.1.1 already has a lockfile, it will not be regenerated
[INFO] running `Command { std: CARGO_HOME="/workspace/cargo-home" RUSTUP_HOME="/workspace/rustup-home" "/workspace/cargo-home/bin/cargo" "+1.75.0" "fetch" "--manifest-path" "Cargo.toml", kill_on_drop: false }`
[INFO] [stderr]  Downloading crates ...
[INFO] [stderr]   Downloaded futures-executor v0.3.1
[INFO] [stderr]   Downloaded kv-log-macro v1.0.4
[INFO] [stderr]   Downloaded once_cell v1.2.0
[INFO] [stderr]   Downloaded futures v0.3.1
[INFO] [stderr]   Downloaded async-std v1.4.0
[INFO] [stderr]   Downloaded tokio v0.2.8
[INFO] [stderr]   Downloaded futures-timer v2.0.2
[INFO] [stderr]   Downloaded async-task v1.2.0
[INFO] [stderr]   Downloaded futures-macro v0.3.1
[INFO] [stderr]   Downloaded futures-io v0.3.1
[INFO] [stderr]   Downloaded futures-intrusive v0.2.2
[INFO] running `Command { std: "docker" "create" "-v" "/var/lib/crater-agent-workspace/builds/worker-1-tc1/target:/opt/rustwide/target:rw,Z" "-v" "/var/lib/crater-agent-workspace/builds/worker-1-tc1/source:/opt/rustwide/workdir:ro,Z" "-v" "/var/lib/crater-agent-workspace/cargo-home:/opt/rustwide/cargo-home:ro,Z" "-v" "/var/lib/crater-agent-workspace/rustup-home:/opt/rustwide/rustup-home:ro,Z" "-e" "SOURCE_DIR=/opt/rustwide/workdir" "-e" "CARGO_TARGET_DIR=/opt/rustwide/target" "-e" "CARGO_HOME=/opt/rustwide/cargo-home" "-e" "RUSTUP_HOME=/opt/rustwide/rustup-home" "-w" "/opt/rustwide/workdir" "-m" "1610612736" "--user" "0:0" "--network" "none" "ghcr.io/rust-lang/crates-build-env/linux@sha256:2788e3201cd34a07e3172128adcd8b3090168a8e3bcc40d7c032b9dda1df7d1c" "/opt/rustwide/cargo-home/bin/cargo" "+1.75.0" "metadata" "--no-deps" "--format-version=1", kill_on_drop: false }`
[INFO] [stdout] 1871158dda81921dc1f0f688a53abe7cb689e75e5a69b913947e91f7ca14aa87
[INFO] running `Command { std: "docker" "start" "-a" "1871158dda81921dc1f0f688a53abe7cb689e75e5a69b913947e91f7ca14aa87", kill_on_drop: false }`
[INFO] running `Command { std: "docker" "inspect" "1871158dda81921dc1f0f688a53abe7cb689e75e5a69b913947e91f7ca14aa87", kill_on_drop: false }`
[INFO] running `Command { std: "docker" "rm" "-f" "1871158dda81921dc1f0f688a53abe7cb689e75e5a69b913947e91f7ca14aa87", kill_on_drop: false }`
[INFO] [stdout] 1871158dda81921dc1f0f688a53abe7cb689e75e5a69b913947e91f7ca14aa87
[INFO] running `Command { std: "docker" "create" "-v" "/var/lib/crater-agent-workspace/builds/worker-1-tc1/target:/opt/rustwide/target:rw,Z" "-v" "/var/lib/crater-agent-workspace/builds/worker-1-tc1/source:/opt/rustwide/workdir:ro,Z" "-v" "/var/lib/crater-agent-workspace/cargo-home:/opt/rustwide/cargo-home:ro,Z" "-v" "/var/lib/crater-agent-workspace/rustup-home:/opt/rustwide/rustup-home:ro,Z" "-e" "SOURCE_DIR=/opt/rustwide/workdir" "-e" "CARGO_TARGET_DIR=/opt/rustwide/target" "-e" "CARGO_INCREMENTAL=0" "-e" "RUST_BACKTRACE=full" "-e" "RUSTFLAGS=--cap-lints=warn" "-e" "RUSTDOCFLAGS=--cap-lints=warn" "-e" "CARGO_HOME=/opt/rustwide/cargo-home" "-e" "RUSTUP_HOME=/opt/rustwide/rustup-home" "-w" "/opt/rustwide/workdir" "-m" "1610612736" "--user" "0:0" "--network" "none" "ghcr.io/rust-lang/crates-build-env/linux@sha256:2788e3201cd34a07e3172128adcd8b3090168a8e3bcc40d7c032b9dda1df7d1c" "/opt/rustwide/cargo-home/bin/cargo" "+1.75.0" "build" "--frozen" "--message-format=json", kill_on_drop: false }`
[INFO] [stdout] 00bc44e59c976fbacd2e897a6b31bb480a444380c1bedc65f5af29580ae9fb67
[INFO] running `Command { std: "docker" "start" "-a" "00bc44e59c976fbacd2e897a6b31bb480a444380c1bedc65f5af29580ae9fb67", kill_on_drop: false }`
[INFO] [stderr]    Compiling proc-macro2 v1.0.7
[INFO] [stderr]    Compiling unicode-xid v0.2.0
[INFO] [stderr]    Compiling libc v0.2.66
[INFO] [stderr]    Compiling syn v1.0.13
[INFO] [stderr]    Compiling semver-parser v0.7.0
[INFO] [stderr]    Compiling cfg-if v0.1.10
[INFO] [stderr]    Compiling slab v0.4.2
[INFO] [stderr]    Compiling maybe-uninit v2.0.0
[INFO] [stderr]    Compiling memchr v2.2.1
[INFO] [stderr]    Compiling futures-core v0.3.1
[INFO] [stderr]    Compiling log v0.4.8
[INFO] [stderr]    Compiling semver v0.9.0
[INFO] [stderr]    Compiling proc-macro-nested v0.1.3
[INFO] [stderr]    Compiling futures-sink v0.3.1
[INFO] [stderr]    Compiling smallvec v0.6.13
[INFO] [stderr]    Compiling rustc_version v0.2.3
[INFO] [stderr]    Compiling futures-channel v0.3.1
[INFO] [stderr]    Compiling scopeguard v1.0.0
[INFO] [stderr]    Compiling futures-io v0.3.1
[INFO] [stderr]    Compiling futures-task v0.3.1
[INFO] [stderr]    Compiling pin-utils v0.1.0-alpha.4
[INFO] [stderr]    Compiling lock_api v0.3.3
[INFO] [stderr]    Compiling parking_lot_core v0.6.2
[INFO] [stderr]    Compiling quote v1.0.2
[INFO] [stderr]    Compiling parking_lot v0.9.0
[INFO] [stderr]    Compiling arc-swap v0.4.4
[INFO] [stderr]    Compiling net2 v0.2.33
[INFO] [stderr]    Compiling iovec v0.1.4
[INFO] [stderr]    Compiling num_cpus v1.11.1
[INFO] [stderr]    Compiling bytes v0.5.3
[INFO] [stderr]    Compiling fnv v1.0.6
[INFO] [stderr]    Compiling mio v0.6.21
[INFO] [stderr]    Compiling signal-hook-registry v1.2.0
[INFO] [stderr]    Compiling pin-project-lite v0.1.2
[INFO] [stderr]    Compiling futures-intrusive v0.2.2
[INFO] [stderr]    Compiling mio-uds v0.6.7
[INFO] [stderr]    Compiling proc-macro-hack v0.5.11
[INFO] [stderr]    Compiling pin-project-internal v0.4.6
[INFO] [stderr]    Compiling tokio-macros v0.2.3
[INFO] [stderr]    Compiling tokio v0.2.8
[INFO] [stderr]    Compiling futures-macro v0.3.1
[INFO] [stderr]    Compiling pin-project v0.4.6
[INFO] [stderr]    Compiling futures-util v0.3.1
[INFO] [stderr]    Compiling futures-executor v0.3.1
[INFO] [stderr]    Compiling futures v0.3.1
[INFO] [stderr]    Compiling task_scope v0.1.1 (/opt/rustwide/workdir)
[INFO] [stdout] warning: unused borrow that must be used
[INFO] [stdout]   --> src/cancelable.rs:14:1
[INFO] [stdout]    |
[INFO] [stdout] 14 | #[pin_project]
[INFO] [stdout]    | ^^^^^^^^^^^^^^ the borrow produces a value
[INFO] [stdout]    |
[INFO] [stdout]    = note: `#[warn(unused_must_use)]` on by default
[INFO] [stdout]    = note: this warning originates in the derive macro `::pin_project::__private::__PinProjectInternalDerive` (in Nightly builds, run with -Z macro-backtrace for more info)
[INFO] [stdout] 
[INFO] [stdout] 
[INFO] [stdout] warning: unused borrow that must be used
[INFO] [stdout]   --> src/cancellation.rs:16:1
[INFO] [stdout]    |
[INFO] [stdout] 16 | #[pin_project]
[INFO] [stdout]    | ^^^^^^^^^^^^^^ the borrow produces a value
[INFO] [stdout]    |
[INFO] [stdout]    = note: this warning originates in the derive macro `::pin_project::__private::__PinProjectInternalDerive` (in Nightly builds, run with -Z macro-backtrace for more info)
[INFO] [stdout] 
[INFO] [stdout] 
[INFO] [stdout] warning: unused borrow that must be used
[INFO] [stdout]   --> src/handle.rs:27:1
[INFO] [stdout]    |
[INFO] [stdout] 27 | #[pin_project]
[INFO] [stdout]    | ^^^^^^^^^^^^^^ the borrow produces a value
[INFO] [stdout]    |
[INFO] [stdout]    = note: this warning originates in the derive macro `::pin_project::__private::__PinProjectInternalDerive` (in Nightly builds, run with -Z macro-backtrace for more info)
[INFO] [stdout] 
[INFO] [stdout] 
[INFO] [stdout] warning: unused borrow that must be used
[INFO] [stdout]   --> src/scope.rs:41:1
[INFO] [stdout]    |
[INFO] [stdout] 41 | #[pin_project]
[INFO] [stdout]    | ^^^^^^^^^^^^^^ the borrow produces a value
[INFO] [stdout]    |
[INFO] [stdout]    = note: this warning originates in the derive macro `::pin_project::__private::__PinProjectInternalDerive` (in Nightly builds, run with -Z macro-backtrace for more info)
[INFO] [stdout] 
[INFO] [stdout] 
[INFO] [stdout] warning: unused return value of `Box::<T>::from_raw` that must be used
[INFO] [stdout]   --> src/waker.rs:79:5
[INFO] [stdout]    |
[INFO] [stdout] 79 |     Box::from_raw(data.cast::<WakerData>() as *mut WakerData);
[INFO] [stdout]    |     ^^^^^^^^^^^^^^^^^^^^^^^^^^^^^^^^^^^^^^^^^^^^^^^^^^^^^^^^^
[INFO] [stdout]    |
[INFO] [stdout]    = note: call `drop(Box::from_raw(ptr))` if you intend to drop the `Box`
[INFO] [stdout] help: use `let _ = ...` to ignore the resulting value
[INFO] [stdout]    |
[INFO] [stdout] 79 |     let _ = Box::from_raw(data.cast::<WakerData>() as *mut WakerData);
[INFO] [stdout]    |     +++++++
[INFO] [stdout] 
[INFO] [stdout] 
[INFO] [stdout] warning: unused borrow that must be used
[INFO] [stdout]   --> src/with_token.rs:11:1
[INFO] [stdout]    |
[INFO] [stdout] 11 | #[pin_project]
[INFO] [stdout]    | ^^^^^^^^^^^^^^ the borrow produces a value
[INFO] [stdout]    |
[INFO] [stdout]    = note: this warning originates in the derive macro `::pin_project::__private::__PinProjectInternalDerive` (in Nightly builds, run with -Z macro-backtrace for more info)
[INFO] [stdout] 
[INFO] [stdout] 
[INFO] [stdout] warning: 6 warnings emitted
[INFO] [stdout] 
[INFO] [stdout] 
[INFO] [stderr]     Finished dev [unoptimized + debuginfo] target(s) in 8.94s
[INFO] running `Command { std: "docker" "inspect" "00bc44e59c976fbacd2e897a6b31bb480a444380c1bedc65f5af29580ae9fb67", kill_on_drop: false }`
[INFO] running `Command { std: "docker" "rm" "-f" "00bc44e59c976fbacd2e897a6b31bb480a444380c1bedc65f5af29580ae9fb67", kill_on_drop: false }`
[INFO] [stdout] 00bc44e59c976fbacd2e897a6b31bb480a444380c1bedc65f5af29580ae9fb67
[INFO] running `Command { std: "docker" "create" "-v" "/var/lib/crater-agent-workspace/builds/worker-1-tc1/target:/opt/rustwide/target:rw,Z" "-v" "/var/lib/crater-agent-workspace/builds/worker-1-tc1/source:/opt/rustwide/workdir:ro,Z" "-v" "/var/lib/crater-agent-workspace/cargo-home:/opt/rustwide/cargo-home:ro,Z" "-v" "/var/lib/crater-agent-workspace/rustup-home:/opt/rustwide/rustup-home:ro,Z" "-e" "SOURCE_DIR=/opt/rustwide/workdir" "-e" "CARGO_TARGET_DIR=/opt/rustwide/target" "-e" "CARGO_INCREMENTAL=0" "-e" "RUST_BACKTRACE=full" "-e" "RUSTFLAGS=--cap-lints=warn" "-e" "RUSTDOCFLAGS=--cap-lints=warn" "-e" "CARGO_HOME=/opt/rustwide/cargo-home" "-e" "RUSTUP_HOME=/opt/rustwide/rustup-home" "-w" "/opt/rustwide/workdir" "-m" "1610612736" "--user" "0:0" "--network" "none" "ghcr.io/rust-lang/crates-build-env/linux@sha256:2788e3201cd34a07e3172128adcd8b3090168a8e3bcc40d7c032b9dda1df7d1c" "/opt/rustwide/cargo-home/bin/cargo" "+1.75.0" "test" "--frozen" "--no-run" "--message-format=json", kill_on_drop: false }`
[INFO] [stdout] 9eb42b8c32f46d0f85721006a20f61c45e9c784d3c46378ab74160427ef55cf8
[INFO] running `Command { std: "docker" "start" "-a" "9eb42b8c32f46d0f85721006a20f61c45e9c784d3c46378ab74160427ef55cf8", kill_on_drop: false }`
[INFO] [stdout] warning: unused borrow that must be used
[INFO] [stdout]   --> src/cancelable.rs:14:1
[INFO] [stdout]    |
[INFO] [stdout] 14 | #[pin_project]
[INFO] [stdout]    | ^^^^^^^^^^^^^^ the borrow produces a value
[INFO] [stdout]    |
[INFO] [stdout]    = note: `#[warn(unused_must_use)]` on by default
[INFO] [stdout]    = note: this warning originates in the derive macro `::pin_project::__private::__PinProjectInternalDerive` (in Nightly builds, run with -Z macro-backtrace for more info)
[INFO] [stdout] 
[INFO] [stdout] 
[INFO] [stdout] warning: unused borrow that must be used
[INFO] [stdout]   --> src/cancellation.rs:16:1
[INFO] [stdout]    |
[INFO] [stdout] 16 | #[pin_project]
[INFO] [stdout]    | ^^^^^^^^^^^^^^ the borrow produces a value
[INFO] [stdout]    |
[INFO] [stdout]    = note: this warning originates in the derive macro `::pin_project::__private::__PinProjectInternalDerive` (in Nightly builds, run with -Z macro-backtrace for more info)
[INFO] [stdout] 
[INFO] [stdout] 
[INFO] [stderr]    Compiling task_scope v0.1.1 (/opt/rustwide/workdir)
[INFO] [stdout] warning: unused borrow that must be used
[INFO] [stdout]   --> src/handle.rs:27:1
[INFO] [stdout]    |
[INFO] [stdout] 27 | #[pin_project]
[INFO] [stdout]    | ^^^^^^^^^^^^^^ the borrow produces a value
[INFO] [stdout]    |
[INFO] [stdout]    = note: this warning originates in the derive macro `::pin_project::__private::__PinProjectInternalDerive` (in Nightly builds, run with -Z macro-backtrace for more info)
[INFO] [stdout] 
[INFO] [stdout] 
[INFO] [stdout] warning: unused borrow that must be used
[INFO] [stdout]   --> src/scope.rs:41:1
[INFO] [stdout]    |
[INFO] [stdout] 41 | #[pin_project]
[INFO] [stdout]    | ^^^^^^^^^^^^^^ the borrow produces a value
[INFO] [stdout]    |
[INFO] [stdout]    = note: this warning originates in the derive macro `::pin_project::__private::__PinProjectInternalDerive` (in Nightly builds, run with -Z macro-backtrace for more info)
[INFO] [stdout] 
[INFO] [stdout] 
[INFO] [stdout] warning: unused return value of `Box::<T>::from_raw` that must be used
[INFO] [stdout]   --> src/waker.rs:79:5
[INFO] [stdout]    |
[INFO] [stdout] 79 |     Box::from_raw(data.cast::<WakerData>() as *mut WakerData);
[INFO] [stdout]    |     ^^^^^^^^^^^^^^^^^^^^^^^^^^^^^^^^^^^^^^^^^^^^^^^^^^^^^^^^^
[INFO] [stdout]    |
[INFO] [stdout]    = note: call `drop(Box::from_raw(ptr))` if you intend to drop the `Box`
[INFO] [stdout] help: use `let _ = ...` to ignore the resulting value
[INFO] [stdout]    |
[INFO] [stdout] 79 |     let _ = Box::from_raw(data.cast::<WakerData>() as *mut WakerData);
[INFO] [stdout]    |     +++++++
[INFO] [stdout] 
[INFO] [stdout] 
[INFO] [stdout] warning: unused borrow that must be used
[INFO] [stdout]   --> src/with_token.rs:11:1
[INFO] [stdout]    |
[INFO] [stdout] 11 | #[pin_project]
[INFO] [stdout]    | ^^^^^^^^^^^^^^ the borrow produces a value
[INFO] [stdout]    |
[INFO] [stdout]    = note: this warning originates in the derive macro `::pin_project::__private::__PinProjectInternalDerive` (in Nightly builds, run with -Z macro-backtrace for more info)
[INFO] [stdout] 
[INFO] [stdout] 
[INFO] [stdout] warning: 6 warnings emitted
[INFO] [stdout] 
[INFO] [stdout] 
[INFO] [stdout] warning: unused borrow that must be used
[INFO] [stdout]   --> src/cancelable.rs:14:1
[INFO] [stdout]    |
[INFO] [stdout] 14 | #[pin_project]
[INFO] [stdout]    | ^^^^^^^^^^^^^^ the borrow produces a value
[INFO] [stdout]    |
[INFO] [stdout]    = note: `#[warn(unused_must_use)]` on by default
[INFO] [stdout]    = note: this warning originates in the derive macro `::pin_project::__private::__PinProjectInternalDerive` (in Nightly builds, run with -Z macro-backtrace for more info)
[INFO] [stdout] 
[INFO] [stdout] 
[INFO] [stdout] warning: unused borrow that must be used
[INFO] [stdout]   --> src/cancellation.rs:16:1
[INFO] [stdout]    |
[INFO] [stdout] 16 | #[pin_project]
[INFO] [stdout]    | ^^^^^^^^^^^^^^ the borrow produces a value
[INFO] [stdout]    |
[INFO] [stdout]    = note: this warning originates in the derive macro `::pin_project::__private::__PinProjectInternalDerive` (in Nightly builds, run with -Z macro-backtrace for more info)
[INFO] [stdout] 
[INFO] [stdout] 
[INFO] [stdout] warning: unused borrow that must be used
[INFO] [stdout]   --> src/handle.rs:27:1
[INFO] [stdout]    |
[INFO] [stdout] 27 | #[pin_project]
[INFO] [stdout]    | ^^^^^^^^^^^^^^ the borrow produces a value
[INFO] [stdout]    |
[INFO] [stdout]    = note: this warning originates in the derive macro `::pin_project::__private::__PinProjectInternalDerive` (in Nightly builds, run with -Z macro-backtrace for more info)
[INFO] [stdout] 
[INFO] [stdout] 
[INFO] [stdout] warning: unused borrow that must be used
[INFO] [stdout]   --> src/scope.rs:41:1
[INFO] [stdout]    |
[INFO] [stdout] 41 | #[pin_project]
[INFO] [stdout]    | ^^^^^^^^^^^^^^ the borrow produces a value
[INFO] [stdout]    |
[INFO] [stdout]    = note: this warning originates in the derive macro `::pin_project::__private::__PinProjectInternalDerive` (in Nightly builds, run with -Z macro-backtrace for more info)
[INFO] [stdout] 
[INFO] [stdout] 
[INFO] [stdout] warning: unused return value of `Box::<T>::from_raw` that must be used
[INFO] [stdout]   --> src/waker.rs:79:5
[INFO] [stdout]    |
[INFO] [stdout] 79 |     Box::from_raw(data.cast::<WakerData>() as *mut WakerData);
[INFO] [stdout]    |     ^^^^^^^^^^^^^^^^^^^^^^^^^^^^^^^^^^^^^^^^^^^^^^^^^^^^^^^^^
[INFO] [stdout]    |
[INFO] [stdout]    = note: call `drop(Box::from_raw(ptr))` if you intend to drop the `Box`
[INFO] [stdout] help: use `let _ = ...` to ignore the resulting value
[INFO] [stdout]    |
[INFO] [stdout] 79 |     let _ = Box::from_raw(data.cast::<WakerData>() as *mut WakerData);
[INFO] [stdout]    |     +++++++
[INFO] [stdout] 
[INFO] [stdout] 
[INFO] [stdout] warning: unused borrow that must be used
[INFO] [stdout]   --> src/with_token.rs:11:1
[INFO] [stdout]    |
[INFO] [stdout] 11 | #[pin_project]
[INFO] [stdout]    | ^^^^^^^^^^^^^^ the borrow produces a value
[INFO] [stdout]    |
[INFO] [stdout]    = note: this warning originates in the derive macro `::pin_project::__private::__PinProjectInternalDerive` (in Nightly builds, run with -Z macro-backtrace for more info)
[INFO] [stdout] 
[INFO] [stdout] 
[INFO] [stdout] warning: 6 warnings emitted
[INFO] [stdout] 
[INFO] [stdout] 
[INFO] [stderr]     Finished test [unoptimized + debuginfo] target(s) in 1.11s
[INFO] running `Command { std: "docker" "inspect" "9eb42b8c32f46d0f85721006a20f61c45e9c784d3c46378ab74160427ef55cf8", kill_on_drop: false }`
[INFO] running `Command { std: "docker" "rm" "-f" "9eb42b8c32f46d0f85721006a20f61c45e9c784d3c46378ab74160427ef55cf8", kill_on_drop: false }`
[INFO] [stdout] 9eb42b8c32f46d0f85721006a20f61c45e9c784d3c46378ab74160427ef55cf8
[INFO] running `Command { std: "docker" "create" "-v" "/var/lib/crater-agent-workspace/builds/worker-1-tc1/target:/opt/rustwide/target:rw,Z" "-v" "/var/lib/crater-agent-workspace/builds/worker-1-tc1/source:/opt/rustwide/workdir:ro,Z" "-v" "/var/lib/crater-agent-workspace/cargo-home:/opt/rustwide/cargo-home:ro,Z" "-v" "/var/lib/crater-agent-workspace/rustup-home:/opt/rustwide/rustup-home:ro,Z" "-e" "SOURCE_DIR=/opt/rustwide/workdir" "-e" "CARGO_TARGET_DIR=/opt/rustwide/target" "-e" "CARGO_INCREMENTAL=0" "-e" "RUST_BACKTRACE=full" "-e" "RUSTFLAGS=--cap-lints=warn" "-e" "RUSTDOCFLAGS=--cap-lints=warn" "-e" "CARGO_HOME=/opt/rustwide/cargo-home" "-e" "RUSTUP_HOME=/opt/rustwide/rustup-home" "-w" "/opt/rustwide/workdir" "-m" "1610612736" "--user" "0:0" "--network" "none" "ghcr.io/rust-lang/crates-build-env/linux@sha256:2788e3201cd34a07e3172128adcd8b3090168a8e3bcc40d7c032b9dda1df7d1c" "/opt/rustwide/cargo-home/bin/cargo" "+1.75.0" "test" "--frozen", kill_on_drop: false }`
[INFO] [stdout] c3ac3a9c1fa147b512881b1dc57266f8e827885eb6d8701ab59c22a7dcc633e1
[INFO] running `Command { std: "docker" "start" "-a" "c3ac3a9c1fa147b512881b1dc57266f8e827885eb6d8701ab59c22a7dcc633e1", kill_on_drop: false }`
[INFO] [stderr] warning: unused borrow that must be used
[INFO] [stderr]   --> src/cancelable.rs:14:1
[INFO] [stderr]    |
[INFO] [stderr] 14 | #[pin_project]
[INFO] [stderr]    | ^^^^^^^^^^^^^^ the borrow produces a value
[INFO] [stderr]    |
[INFO] [stderr]    = note: `#[warn(unused_must_use)]` on by default
[INFO] [stderr]    = note: this warning originates in the derive macro `::pin_project::__private::__PinProjectInternalDerive` (in Nightly builds, run with -Z macro-backtrace for more info)
[INFO] [stderr] 
[INFO] [stderr] warning: unused borrow that must be used
[INFO] [stderr]   --> src/cancellation.rs:16:1
[INFO] [stderr]    |
[INFO] [stderr] 16 | #[pin_project]
[INFO] [stderr]    | ^^^^^^^^^^^^^^ the borrow produces a value
[INFO] [stderr]    |
[INFO] [stderr]    = note: this warning originates in the derive macro `::pin_project::__private::__PinProjectInternalDerive` (in Nightly builds, run with -Z macro-backtrace for more info)
[INFO] [stderr] 
[INFO] [stderr] warning: unused borrow that must be used
[INFO] [stderr]   --> src/handle.rs:27:1
[INFO] [stderr]    |
[INFO] [stderr] 27 | #[pin_project]
[INFO] [stderr]    | ^^^^^^^^^^^^^^ the borrow produces a value
[INFO] [stderr]    |
[INFO] [stderr]    = note: this warning originates in the derive macro `::pin_project::__private::__PinProjectInternalDerive` (in Nightly builds, run with -Z macro-backtrace for more info)
[INFO] [stderr] 
[INFO] [stderr] warning: unused borrow that must be used
[INFO] [stderr]   --> src/scope.rs:41:1
[INFO] [stderr]    |
[INFO] [stderr] 41 | #[pin_project]
[INFO] [stderr]    | ^^^^^^^^^^^^^^ the borrow produces a value
[INFO] [stderr]    |
[INFO] [stderr]    = note: this warning originates in the derive macro `::pin_project::__private::__PinProjectInternalDerive` (in Nightly builds, run with -Z macro-backtrace for more info)
[INFO] [stderr] 
[INFO] [stderr] warning: unused return value of `Box::<T>::from_raw` that must be used
[INFO] [stderr]   --> src/waker.rs:79:5
[INFO] [stderr]    |
[INFO] [stderr] 79 |     Box::from_raw(data.cast::<WakerData>() as *mut WakerData);
[INFO] [stderr]    |     ^^^^^^^^^^^^^^^^^^^^^^^^^^^^^^^^^^^^^^^^^^^^^^^^^^^^^^^^^
[INFO] [stderr]    |
[INFO] [stderr]    = note: call `drop(Box::from_raw(ptr))` if you intend to drop the `Box`
[INFO] [stderr] help: use `let _ = ...` to ignore the resulting value
[INFO] [stderr]    |
[INFO] [stderr] 79 |     let _ = Box::from_raw(data.cast::<WakerData>() as *mut WakerData);
[INFO] [stderr]    |     +++++++
[INFO] [stderr] 
[INFO] [stderr] warning: unused borrow that must be used
[INFO] [stderr]   --> src/with_token.rs:11:1
[INFO] [stderr]    |
[INFO] [stderr] 11 | #[pin_project]
[INFO] [stderr]    | ^^^^^^^^^^^^^^ the borrow produces a value
[INFO] [stderr]    |
[INFO] [stderr]    = note: this warning originates in the derive macro `::pin_project::__private::__PinProjectInternalDerive` (in Nightly builds, run with -Z macro-backtrace for more info)
[INFO] [stderr] 
[INFO] [stderr] warning: `task_scope` (lib) generated 6 warnings
[INFO] [stderr] warning: `task_scope` (lib test) generated 6 warnings (6 duplicates)
[INFO] [stderr]     Finished test [unoptimized + debuginfo] target(s) in 0.03s
[INFO] [stderr]      Running unittests src/lib.rs (/opt/rustwide/target/debug/deps/task_scope-819e1d25328fd905)
[INFO] [stdout] 
[INFO] [stdout] running 0 tests
[INFO] [stdout] 
[INFO] [stdout] test result: ok. 0 passed; 0 failed; 0 ignored; 0 measured; 0 filtered out; finished in 0.00s
[INFO] [stdout] 
[INFO] [stderr]      Running tests/async_traits.rs (/opt/rustwide/target/debug/deps/async_traits-45a93771c5d21ea3)
[INFO] [stdout] 
[INFO] [stdout] running 2 tests
[INFO] [stdout] test test_infinite ... ok
[INFO] [stdout] test test_cancel_infinite ... FAILED
[INFO] [stderr] error: test failed, to rerun pass `--test async_traits`
[INFO] [stdout] 
[INFO] [stdout] failures:
[INFO] [stdout] 
[INFO] [stdout] ---- test_cancel_infinite stdout ----
[INFO] [stdout] parent started
[INFO] [stdout] thread 'test_cancel_infinite' panicked at /opt/rustwide/workdir/src/spawn.rs:31:50:
[INFO] [stdout] must be polled in a scope
[INFO] [stdout] stack backtrace:
[INFO] [stdout]    0:     0x55a0128a167c - std::backtrace_rs::backtrace::libunwind::trace::ha637c64ce894333a
[INFO] [stdout]                                at /rustc/82e1608dfa6e0b5569232559e3d385fea5a93112/library/std/src/../../backtrace/src/backtrace/libunwind.rs:104:5
[INFO] [stdout]    1:     0x55a0128a167c - std::backtrace_rs::backtrace::trace_unsynchronized::h47f62dea28e0c88d
[INFO] [stdout]                                at /rustc/82e1608dfa6e0b5569232559e3d385fea5a93112/library/std/src/../../backtrace/src/backtrace/mod.rs:66:5
[INFO] [stdout]    2:     0x55a0128a167c - std::sys_common::backtrace::_print_fmt::h9eef0abe20ede486
[INFO] [stdout]                                at /rustc/82e1608dfa6e0b5569232559e3d385fea5a93112/library/std/src/sys_common/backtrace.rs:67:5
[INFO] [stdout]    3:     0x55a0128a167c - <std::sys_common::backtrace::_print::DisplayBacktrace as core::fmt::Display>::fmt::hed7f999df88cc644
[INFO] [stdout]                                at /rustc/82e1608dfa6e0b5569232559e3d385fea5a93112/library/std/src/sys_common/backtrace.rs:44:22
[INFO] [stdout]    4:     0x55a0128cb3c0 - core::fmt::rt::Argument::fmt::h1539a9308b8d058d
[INFO] [stdout]                                at /rustc/82e1608dfa6e0b5569232559e3d385fea5a93112/library/core/src/fmt/rt.rs:142:9
[INFO] [stdout]    5:     0x55a0128cb3c0 - core::fmt::write::h3a39390d8560d9c9
[INFO] [stdout]                                at /rustc/82e1608dfa6e0b5569232559e3d385fea5a93112/library/core/src/fmt/mod.rs:1120:17
[INFO] [stdout]    6:     0x55a01289efef - std::io::Write::write_fmt::h040b369f3a0f9cbc
[INFO] [stdout]                                at /rustc/82e1608dfa6e0b5569232559e3d385fea5a93112/library/std/src/io/mod.rs:1762:15
[INFO] [stdout]    7:     0x55a0128a1464 - std::sys_common::backtrace::_print::h894006fb5c6f3d45
[INFO] [stdout]                                at /rustc/82e1608dfa6e0b5569232559e3d385fea5a93112/library/std/src/sys_common/backtrace.rs:47:5
[INFO] [stdout]    8:     0x55a0128a1464 - std::sys_common::backtrace::print::h23a2d212c6fff936
[INFO] [stdout]                                at /rustc/82e1608dfa6e0b5569232559e3d385fea5a93112/library/std/src/sys_common/backtrace.rs:34:9
[INFO] [stdout]    9:     0x55a0128a3127 - std::panicking::default_hook::{{closure}}::h8a1d2ee00185001a
[INFO] [stdout]   10:     0x55a0128a2e13 - std::panicking::default_hook::h6038f2eba384e475
[INFO] [stdout]                                at /rustc/82e1608dfa6e0b5569232559e3d385fea5a93112/library/std/src/panicking.rs:289:9
[INFO] [stdout]   11:     0x55a0127e2f67 - <alloc::boxed::Box<F,A> as core::ops::function::Fn<Args>>::call::h0ad024c9bdc6d768
[INFO] [stdout]                                at /rustc/82e1608dfa6e0b5569232559e3d385fea5a93112/library/alloc/src/boxed.rs:2021:9
[INFO] [stdout]   12:     0x55a0127e2f67 - test::test_main::{{closure}}::h7500b54257359db6
[INFO] [stdout]                                at /rustc/82e1608dfa6e0b5569232559e3d385fea5a93112/library/test/src/lib.rs:138:21
[INFO] [stdout]   13:     0x55a0128a3738 - <alloc::boxed::Box<F,A> as core::ops::function::Fn<Args>>::call::h1f8f335eaa9cfaee
[INFO] [stdout]                                at /rustc/82e1608dfa6e0b5569232559e3d385fea5a93112/library/alloc/src/boxed.rs:2021:9
[INFO] [stdout]   14:     0x55a0128a3738 - std::panicking::rust_panic_with_hook::h2b5517d590cab22e
[INFO] [stdout]                                at /rustc/82e1608dfa6e0b5569232559e3d385fea5a93112/library/std/src/panicking.rs:783:13
[INFO] [stdout]   15:     0x55a0128a348e - std::panicking::begin_panic_handler::{{closure}}::h233112c06e0ef43e
[INFO] [stdout]                                at /rustc/82e1608dfa6e0b5569232559e3d385fea5a93112/library/std/src/panicking.rs:657:13
[INFO] [stdout]   16:     0x55a0128a1b46 - std::sys_common::backtrace::__rust_end_short_backtrace::h6e893f24d7ebbff8
[INFO] [stdout]                                at /rustc/82e1608dfa6e0b5569232559e3d385fea5a93112/library/std/src/sys_common/backtrace.rs:170:18
[INFO] [stdout]   17:     0x55a0128a31f2 - rust_begin_unwind
[INFO] [stdout]                                at /rustc/82e1608dfa6e0b5569232559e3d385fea5a93112/library/std/src/panicking.rs:645:5
[INFO] [stdout]   18:     0x55a012791dd5 - core::panicking::panic_fmt::hbf0e066aabfa482c
[INFO] [stdout]                                at /rustc/82e1608dfa6e0b5569232559e3d385fea5a93112/library/core/src/panicking.rs:72:14
[INFO] [stdout]   19:     0x55a012791d93 - core::panicking::panic_display::h68e6012a1c287ca5
[INFO] [stdout]                                at /rustc/82e1608dfa6e0b5569232559e3d385fea5a93112/library/core/src/panicking.rs:178:5
[INFO] [stdout]   20:     0x55a012791d93 - core::panicking::panic_str::h1ca8e3b0d2d70f80
[INFO] [stdout]                                at /rustc/82e1608dfa6e0b5569232559e3d385fea5a93112/library/core/src/panicking.rs:152:5
[INFO] [stdout]   21:     0x55a012791d93 - core::option::expect_failed::h1ae4bac6b7606972
[INFO] [stdout]                                at /rustc/82e1608dfa6e0b5569232559e3d385fea5a93112/library/core/src/option.rs:1985:5
[INFO] [stdout]   22:     0x55a01279da82 - core::option::Option<T>::expect::hc5485f5b903e8b91
[INFO] [stdout]                                at /rustc/82e1608dfa6e0b5569232559e3d385fea5a93112/library/core/src/option.rs:894:21
[INFO] [stdout]   23:     0x55a0127a4891 - task_scope::spawn::install::hcbd9db21c9d0d52b
[INFO] [stdout]                                at /opt/rustwide/workdir/src/spawn.rs:31:25
[INFO] [stdout]   24:     0x55a0127aa209 - <task_scope::spawn::tokio::SpawnFuture<F> as core::future::future::Future>::poll::hc2633364e09fcb9b
[INFO] [stdout]                                at /opt/rustwide/workdir/src/spawn/tokio.rs:36:34
[INFO] [stdout]   25:     0x55a0127af16d - async_traits::test_cancel_infinite::{{closure}}::{{closure}}::h1361992286f3af57
[INFO] [stdout]                                at /opt/rustwide/workdir/tests/async_traits.rs:53:14
[INFO] [stdout]   26:     0x55a0127a0617 - task_scope::with_token::WithToken<Fut>::poll::ha0177100dc90b151
[INFO] [stdout]                                at /opt/rustwide/workdir/src/with_token.rs:32:9
[INFO] [stdout]   27:     0x55a0127add3d - <task_scope::scope::ScopeFuture<Fut,Joiner> as core::future::future::Future>::poll::h2e7d90af757550f1
[INFO] [stdout]                                at /opt/rustwide/workdir/src/scope.rs:126:23
[INFO] [stdout]   28:     0x55a0127a41ab - <tokio::time::timeout::Timeout<T> as core::future::future::Future>::poll::h43d9e95478f472c4
[INFO] [stdout]                                at /opt/rustwide/cargo-home/registry/src/index.crates.io-6f17d22bba15001f/tokio-0.2.8/src/time/timeout.rs:146:37
[INFO] [stdout]   29:     0x55a0127aeedc - async_traits::test_cancel_infinite::{{closure}}::h690afc14817fb2fd
[INFO] [stdout]                                at /opt/rustwide/workdir/tests/async_traits.rs:58:6
[INFO] [stdout]   30:     0x55a0127a3887 - tokio::runtime::enter::Enter::block_on::h8ccb639efa17a8f5
[INFO] [stdout]                                at /opt/rustwide/cargo-home/registry/src/index.crates.io-6f17d22bba15001f/tokio-0.2.8/src/runtime/enter.rs:100:35
[INFO] [stdout]   31:     0x55a0127a97ca - tokio::runtime::thread_pool::ThreadPool::block_on::h1049f9c17e51bb26
[INFO] [stdout]                                at /opt/rustwide/cargo-home/registry/src/index.crates.io-6f17d22bba15001f/tokio-0.2.8/src/runtime/thread_pool/mod.rs:93:9
[INFO] [stdout]   32:     0x55a0127a9c30 - tokio::runtime::Runtime::block_on::{{closure}}::h24103815cd275a31
[INFO] [stdout]                                at /opt/rustwide/cargo-home/registry/src/index.crates.io-6f17d22bba15001f/tokio-0.2.8/src/runtime/mod.rs:413:39
[INFO] [stdout]   33:     0x55a01279ede6 - tokio::runtime::context::enter::hc728a382108a9756
[INFO] [stdout]                                at /opt/rustwide/cargo-home/registry/src/index.crates.io-6f17d22bba15001f/tokio-0.2.8/src/runtime/context.rs:72:5
[INFO] [stdout]   34:     0x55a0127ad2ca - tokio::runtime::handle::Handle::enter::h115659d242c331d3
[INFO] [stdout]                                at /opt/rustwide/cargo-home/registry/src/index.crates.io-6f17d22bba15001f/tokio-0.2.8/src/runtime/handle.rs:33:9
[INFO] [stdout]   35:     0x55a0127a99c7 - tokio::runtime::Runtime::block_on::h998bc1695abd914b
[INFO] [stdout]                                at /opt/rustwide/cargo-home/registry/src/index.crates.io-6f17d22bba15001f/tokio-0.2.8/src/runtime/mod.rs:408:9
[INFO] [stdout]   36:     0x55a0127aeca3 - async_traits::test_cancel_infinite::hf2f4e587f3f98927
[INFO] [stdout]                                at /opt/rustwide/workdir/tests/async_traits.rs:38:1
[INFO] [stdout]   37:     0x55a0127aebb7 - async_traits::test_cancel_infinite::{{closure}}::hdbeb7dfeb6245a69
[INFO] [stdout]                                at /opt/rustwide/workdir/tests/async_traits.rs:38:35
[INFO] [stdout]   38:     0x55a01279bf96 - core::ops::function::FnOnce::call_once::hddf4a737a96bbade
[INFO] [stdout]                                at /rustc/82e1608dfa6e0b5569232559e3d385fea5a93112/library/core/src/ops/function.rs:250:5
[INFO] [stdout]   39:     0x55a0127e85bf - core::ops::function::FnOnce::call_once::h2b5d431d5046312d
[INFO] [stdout]                                at /rustc/82e1608dfa6e0b5569232559e3d385fea5a93112/library/core/src/ops/function.rs:250:5
[INFO] [stdout]   40:     0x55a0127e85bf - test::__rust_begin_short_backtrace::h7714669af176e207
[INFO] [stdout]                                at /rustc/82e1608dfa6e0b5569232559e3d385fea5a93112/library/test/src/lib.rs:628:18
[INFO] [stdout]   41:     0x55a0127e75d5 - test::run_test_in_process::{{closure}}::h85218797dcbcec12
[INFO] [stdout]                                at /rustc/82e1608dfa6e0b5569232559e3d385fea5a93112/library/test/src/lib.rs:651:60
[INFO] [stdout]   42:     0x55a0127e75d5 - <core::panic::unwind_safe::AssertUnwindSafe<F> as core::ops::function::FnOnce<()>>::call_once::h76c106ea31c14d7b
[INFO] [stdout]                                at /rustc/82e1608dfa6e0b5569232559e3d385fea5a93112/library/core/src/panic/unwind_safe.rs:272:9
[INFO] [stdout]   43:     0x55a0127e75d5 - std::panicking::try::do_call::h3bd5d0f6620ee946
[INFO] [stdout]                                at /rustc/82e1608dfa6e0b5569232559e3d385fea5a93112/library/std/src/panicking.rs:552:40
[INFO] [stdout]   44:     0x55a0127e75d5 - std::panicking::try::h232e535e4744fe31
[INFO] [stdout]                                at /rustc/82e1608dfa6e0b5569232559e3d385fea5a93112/library/std/src/panicking.rs:516:19
[INFO] [stdout]   45:     0x55a0127e75d5 - std::panic::catch_unwind::h3ce3bd6ca8dbac68
[INFO] [stdout]                                at /rustc/82e1608dfa6e0b5569232559e3d385fea5a93112/library/std/src/panic.rs:142:14
[INFO] [stdout]   46:     0x55a0127e75d5 - test::run_test_in_process::hc97b257c9621286a
[INFO] [stdout]                                at /rustc/82e1608dfa6e0b5569232559e3d385fea5a93112/library/test/src/lib.rs:651:27
[INFO] [stdout]   47:     0x55a0127e75d5 - test::run_test::{{closure}}::h2aa798823a438d38
[INFO] [stdout]                                at /rustc/82e1608dfa6e0b5569232559e3d385fea5a93112/library/test/src/lib.rs:574:43
[INFO] [stdout]   48:     0x55a0127af896 - test::run_test::{{closure}}::h87d231c78fb59832
[INFO] [stdout]                                at /rustc/82e1608dfa6e0b5569232559e3d385fea5a93112/library/test/src/lib.rs:602:41
[INFO] [stdout]   49:     0x55a0127af896 - std::sys_common::backtrace::__rust_begin_short_backtrace::he6df152596625789
[INFO] [stdout]                                at /rustc/82e1608dfa6e0b5569232559e3d385fea5a93112/library/std/src/sys_common/backtrace.rs:154:18
[INFO] [stdout]   50:     0x55a0127b4947 - std::thread::Builder::spawn_unchecked_::{{closure}}::{{closure}}::ha94be15d1e0acf36
[INFO] [stdout]                                at /rustc/82e1608dfa6e0b5569232559e3d385fea5a93112/library/std/src/thread/mod.rs:529:17
[INFO] [stdout]   51:     0x55a0127b4947 - <core::panic::unwind_safe::AssertUnwindSafe<F> as core::ops::function::FnOnce<()>>::call_once::h9dc6bd6372f16606
[INFO] [stdout]                                at /rustc/82e1608dfa6e0b5569232559e3d385fea5a93112/library/core/src/panic/unwind_safe.rs:272:9
[INFO] [stdout]   52:     0x55a0127b4947 - std::panicking::try::do_call::h9057517f80303cd4
[INFO] [stdout]                                at /rustc/82e1608dfa6e0b5569232559e3d385fea5a93112/library/std/src/panicking.rs:552:40
[INFO] [stdout]   53:     0x55a0127b4947 - std::panicking::try::he3a30b11ee45340c
[INFO] [stdout]                                at /rustc/82e1608dfa6e0b5569232559e3d385fea5a93112/library/std/src/panicking.rs:516:19
[INFO] [stdout]   54:     0x55a0127b4947 - std::panic::catch_unwind::h410458cfd3528b8b
[INFO] [stdout]                                at /rustc/82e1608dfa6e0b5569232559e3d385fea5a93112/library/std/src/panic.rs:142:14
[INFO] [stdout]   55:     0x55a0127b4947 - std::thread::Builder::spawn_unchecked_::{{closure}}::h72ac3bdb567b737b
[INFO] [stdout]                                at /rustc/82e1608dfa6e0b5569232559e3d385fea5a93112/library/std/src/thread/mod.rs:528:30
[INFO] [stdout]   56:     0x55a0127b4947 - core::ops::function::FnOnce::call_once{{vtable.shim}}::h38f34da3654a8344
[INFO] [stdout]                                at /rustc/82e1608dfa6e0b5569232559e3d385fea5a93112/library/core/src/ops/function.rs:250:5
[INFO] [stdout]   57:     0x55a0128a8265 - <alloc::boxed::Box<F,A> as core::ops::function::FnOnce<Args>>::call_once::hc7eafaff61e32df9
[INFO] [stdout]                                at /rustc/82e1608dfa6e0b5569232559e3d385fea5a93112/library/alloc/src/boxed.rs:2007:9
[INFO] [stdout]   58:     0x55a0128a8265 - <alloc::boxed::Box<F,A> as core::ops::function::FnOnce<Args>>::call_once::h6ba4a5de48dd2304
[INFO] [stdout]                                at /rustc/82e1608dfa6e0b5569232559e3d385fea5a93112/library/alloc/src/boxed.rs:2007:9
[INFO] [stdout]   59:     0x55a0128a8265 - std::sys::unix::thread::Thread::new::thread_start::he469335aef763e45
[INFO] [stdout]                                at /rustc/82e1608dfa6e0b5569232559e3d385fea5a93112/library/std/src/sys/unix/thread.rs:108:17
[INFO] [stdout]   60:     0x7f8ab9079ac3 - <unknown>
[INFO] [stdout]   61:     0x7f8ab910abf4 - __clone
[INFO] [stdout]   62:                0x0 - <unknown>
[INFO] [stdout] 
[INFO] [stdout] 
[INFO] [stdout] failures:
[INFO] [stdout]     test_cancel_infinite
[INFO] [stdout] 
[INFO] [stdout] test result: FAILED. 1 passed; 1 failed; 0 ignored; 0 measured; 0 filtered out; finished in 0.02s
[INFO] [stdout] 
[INFO] running `Command { std: "docker" "inspect" "c3ac3a9c1fa147b512881b1dc57266f8e827885eb6d8701ab59c22a7dcc633e1", kill_on_drop: false }`
[INFO] running `Command { std: "docker" "rm" "-f" "c3ac3a9c1fa147b512881b1dc57266f8e827885eb6d8701ab59c22a7dcc633e1", kill_on_drop: false }`
[INFO] [stdout] c3ac3a9c1fa147b512881b1dc57266f8e827885eb6d8701ab59c22a7dcc633e1
[INFO] testing task_scope-0.1.1 against beta-2023-12-22 for beta-1.76-1
[INFO] extracting crate task_scope 0.1.1 into /workspace/builds/worker-1-tc2/source
[INFO] validating manifest of crates.io crate task_scope 0.1.1 on toolchain beta-2023-12-22
[INFO] running `Command { std: CARGO_HOME="/workspace/cargo-home" RUSTUP_HOME="/workspace/rustup-home" "/workspace/cargo-home/bin/cargo" "+beta-2023-12-22" "metadata" "--manifest-path" "Cargo.toml" "--no-deps", kill_on_drop: false }`
[INFO] started tweaking crates.io crate task_scope 0.1.1
[INFO] finished tweaking crates.io crate task_scope 0.1.1
[INFO] tweaked toml for crates.io crate task_scope 0.1.1 written to /workspace/builds/worker-1-tc2/source/Cargo.toml
[INFO] crate crates.io crate task_scope 0.1.1 already has a lockfile, it will not be regenerated
[INFO] running `Command { std: CARGO_HOME="/workspace/cargo-home" RUSTUP_HOME="/workspace/rustup-home" "/workspace/cargo-home/bin/cargo" "+beta-2023-12-22" "fetch" "--manifest-path" "Cargo.toml", kill_on_drop: false }`
[INFO] running `Command { std: "docker" "create" "-v" "/var/lib/crater-agent-workspace/builds/worker-1-tc2/target:/opt/rustwide/target:rw,Z" "-v" "/var/lib/crater-agent-workspace/builds/worker-1-tc2/source:/opt/rustwide/workdir:ro,Z" "-v" "/var/lib/crater-agent-workspace/cargo-home:/opt/rustwide/cargo-home:ro,Z" "-v" "/var/lib/crater-agent-workspace/rustup-home:/opt/rustwide/rustup-home:ro,Z" "-e" "SOURCE_DIR=/opt/rustwide/workdir" "-e" "CARGO_TARGET_DIR=/opt/rustwide/target" "-e" "CARGO_HOME=/opt/rustwide/cargo-home" "-e" "RUSTUP_HOME=/opt/rustwide/rustup-home" "-w" "/opt/rustwide/workdir" "-m" "1610612736" "--user" "0:0" "--network" "none" "ghcr.io/rust-lang/crates-build-env/linux@sha256:2788e3201cd34a07e3172128adcd8b3090168a8e3bcc40d7c032b9dda1df7d1c" "/opt/rustwide/cargo-home/bin/cargo" "+beta-2023-12-22" "metadata" "--no-deps" "--format-version=1", kill_on_drop: false }`
[INFO] [stdout] 61a81c3da5221effd11ccf3070df35f5e79757191935387b55bf6672b660e7ff
[INFO] running `Command { std: "docker" "start" "-a" "61a81c3da5221effd11ccf3070df35f5e79757191935387b55bf6672b660e7ff", kill_on_drop: false }`
[INFO] running `Command { std: "docker" "inspect" "61a81c3da5221effd11ccf3070df35f5e79757191935387b55bf6672b660e7ff", kill_on_drop: false }`
[INFO] running `Command { std: "docker" "rm" "-f" "61a81c3da5221effd11ccf3070df35f5e79757191935387b55bf6672b660e7ff", kill_on_drop: false }`
[INFO] [stdout] 61a81c3da5221effd11ccf3070df35f5e79757191935387b55bf6672b660e7ff
[INFO] running `Command { std: "docker" "create" "-v" "/var/lib/crater-agent-workspace/builds/worker-1-tc2/target:/opt/rustwide/target:rw,Z" "-v" "/var/lib/crater-agent-workspace/builds/worker-1-tc2/source:/opt/rustwide/workdir:ro,Z" "-v" "/var/lib/crater-agent-workspace/cargo-home:/opt/rustwide/cargo-home:ro,Z" "-v" "/var/lib/crater-agent-workspace/rustup-home:/opt/rustwide/rustup-home:ro,Z" "-e" "SOURCE_DIR=/opt/rustwide/workdir" "-e" "CARGO_TARGET_DIR=/opt/rustwide/target" "-e" "CARGO_INCREMENTAL=0" "-e" "RUST_BACKTRACE=full" "-e" "RUSTFLAGS=--cap-lints=warn" "-e" "RUSTDOCFLAGS=--cap-lints=warn" "-e" "CARGO_HOME=/opt/rustwide/cargo-home" "-e" "RUSTUP_HOME=/opt/rustwide/rustup-home" "-w" "/opt/rustwide/workdir" "-m" "1610612736" "--user" "0:0" "--network" "none" "ghcr.io/rust-lang/crates-build-env/linux@sha256:2788e3201cd34a07e3172128adcd8b3090168a8e3bcc40d7c032b9dda1df7d1c" "/opt/rustwide/cargo-home/bin/cargo" "+beta-2023-12-22" "build" "--frozen" "--message-format=json", kill_on_drop: false }`
[INFO] [stdout] 83d3e8de0f1f3f42a76ef4f98cf8e1826df3b122d8835e2f9f60b706d22c828d
[INFO] running `Command { std: "docker" "start" "-a" "83d3e8de0f1f3f42a76ef4f98cf8e1826df3b122d8835e2f9f60b706d22c828d", kill_on_drop: false }`
[INFO] [stderr]    Compiling proc-macro2 v1.0.7
[INFO] [stderr]    Compiling libc v0.2.66
[INFO] [stderr]    Compiling unicode-xid v0.2.0
[INFO] [stderr]    Compiling syn v1.0.13
[INFO] [stderr]    Compiling semver-parser v0.7.0
[INFO] [stderr]    Compiling cfg-if v0.1.10
[INFO] [stderr]    Compiling maybe-uninit v2.0.0
[INFO] [stderr]    Compiling slab v0.4.2
[INFO] [stderr]    Compiling futures-core v0.3.1
[INFO] [stderr]    Compiling memchr v2.2.1
[INFO] [stderr]    Compiling log v0.4.8
[INFO] [stderr]    Compiling semver v0.9.0
[INFO] [stderr]    Compiling proc-macro-nested v0.1.3
[INFO] [stderr]    Compiling rustc_version v0.2.3
[INFO] [stderr]    Compiling futures-sink v0.3.1
[INFO] [stderr]    Compiling smallvec v0.6.13
[INFO] [stderr]    Compiling futures-channel v0.3.1
[INFO] [stderr]    Compiling parking_lot_core v0.6.2
[INFO] [stderr]    Compiling parking_lot v0.9.0
[INFO] [stderr]    Compiling scopeguard v1.0.0
[INFO] [stderr]    Compiling pin-utils v0.1.0-alpha.4
[INFO] [stderr]    Compiling futures-task v0.3.1
[INFO] [stderr]    Compiling quote v1.0.2
[INFO] [stderr]    Compiling futures-io v0.3.1
[INFO] [stderr]    Compiling iovec v0.1.4
[INFO] [stderr]    Compiling net2 v0.2.33
[INFO] [stderr]    Compiling lock_api v0.3.3
[INFO] [stderr]    Compiling arc-swap v0.4.4
[INFO] [stderr]    Compiling num_cpus v1.11.1
[INFO] [stderr]    Compiling fnv v1.0.6
[INFO] [stderr]    Compiling mio v0.6.21
[INFO] [stderr]    Compiling signal-hook-registry v1.2.0
[INFO] [stderr]    Compiling bytes v0.5.3
[INFO] [stderr]    Compiling pin-project-lite v0.1.2
[INFO] [stderr]    Compiling futures-intrusive v0.2.2
[INFO] [stderr]    Compiling mio-uds v0.6.7
[INFO] [stderr]    Compiling proc-macro-hack v0.5.11
[INFO] [stderr]    Compiling pin-project-internal v0.4.6
[INFO] [stderr]    Compiling tokio-macros v0.2.3
[INFO] [stderr]    Compiling tokio v0.2.8
[INFO] [stderr]    Compiling futures-macro v0.3.1
[INFO] [stderr]    Compiling pin-project v0.4.6
[INFO] [stderr]    Compiling futures-util v0.3.1
[INFO] [stderr]    Compiling futures-executor v0.3.1
[INFO] [stderr]    Compiling futures v0.3.1
[INFO] [stderr]    Compiling task_scope v0.1.1 (/opt/rustwide/workdir)
[INFO] [stdout] warning: unused borrow that must be used
[INFO] [stdout]   --> src/cancelable.rs:14:1
[INFO] [stdout]    |
[INFO] [stdout] 14 | #[pin_project]
[INFO] [stdout]    | ^^^^^^^^^^^^^^ the borrow produces a value
[INFO] [stdout]    |
[INFO] [stdout]    = note: `#[warn(unused_must_use)]` on by default
[INFO] [stdout]    = note: this warning originates in the derive macro `::pin_project::__private::__PinProjectInternalDerive` (in Nightly builds, run with -Z macro-backtrace for more info)
[INFO] [stdout] 
[INFO] [stdout] 
[INFO] [stdout] warning: unused borrow that must be used
[INFO] [stdout]   --> src/cancellation.rs:16:1
[INFO] [stdout]    |
[INFO] [stdout] 16 | #[pin_project]
[INFO] [stdout]    | ^^^^^^^^^^^^^^ the borrow produces a value
[INFO] [stdout]    |
[INFO] [stdout]    = note: this warning originates in the derive macro `::pin_project::__private::__PinProjectInternalDerive` (in Nightly builds, run with -Z macro-backtrace for more info)
[INFO] [stdout] 
[INFO] [stdout] 
[INFO] [stdout] warning: unused borrow that must be used
[INFO] [stdout]   --> src/handle.rs:27:1
[INFO] [stdout]    |
[INFO] [stdout] 27 | #[pin_project]
[INFO] [stdout]    | ^^^^^^^^^^^^^^ the borrow produces a value
[INFO] [stdout]    |
[INFO] [stdout]    = note: this warning originates in the derive macro `::pin_project::__private::__PinProjectInternalDerive` (in Nightly builds, run with -Z macro-backtrace for more info)
[INFO] [stdout] 
[INFO] [stdout] 
[INFO] [stdout] warning: unused borrow that must be used
[INFO] [stdout]   --> src/scope.rs:41:1
[INFO] [stdout]    |
[INFO] [stdout] 41 | #[pin_project]
[INFO] [stdout]    | ^^^^^^^^^^^^^^ the borrow produces a value
[INFO] [stdout]    |
[INFO] [stdout]    = note: this warning originates in the derive macro `::pin_project::__private::__PinProjectInternalDerive` (in Nightly builds, run with -Z macro-backtrace for more info)
[INFO] [stdout] 
[INFO] [stdout] 
[INFO] [stdout] warning: unused return value of `Box::<T>::from_raw` that must be used
[INFO] [stdout]   --> src/waker.rs:79:5
[INFO] [stdout]    |
[INFO] [stdout] 79 |     Box::from_raw(data.cast::<WakerData>() as *mut WakerData);
[INFO] [stdout]    |     ^^^^^^^^^^^^^^^^^^^^^^^^^^^^^^^^^^^^^^^^^^^^^^^^^^^^^^^^^
[INFO] [stdout]    |
[INFO] [stdout]    = note: call `drop(Box::from_raw(ptr))` if you intend to drop the `Box`
[INFO] [stdout] help: use `let _ = ...` to ignore the resulting value
[INFO] [stdout]    |
[INFO] [stdout] 79 |     let _ = Box::from_raw(data.cast::<WakerData>() as *mut WakerData);
[INFO] [stdout]    |     +++++++
[INFO] [stdout] 
[INFO] [stdout] 
[INFO] [stdout] warning: unused borrow that must be used
[INFO] [stdout]   --> src/with_token.rs:11:1
[INFO] [stdout]    |
[INFO] [stdout] 11 | #[pin_project]
[INFO] [stdout]    | ^^^^^^^^^^^^^^ the borrow produces a value
[INFO] [stdout]    |
[INFO] [stdout]    = note: this warning originates in the derive macro `::pin_project::__private::__PinProjectInternalDerive` (in Nightly builds, run with -Z macro-backtrace for more info)
[INFO] [stdout] 
[INFO] [stdout] 
[INFO] [stdout] warning: 6 warnings emitted
[INFO] [stdout] 
[INFO] [stdout] 
[INFO] [stderr]     Finished dev [unoptimized + debuginfo] target(s) in 9.66s
[INFO] running `Command { std: "docker" "inspect" "83d3e8de0f1f3f42a76ef4f98cf8e1826df3b122d8835e2f9f60b706d22c828d", kill_on_drop: false }`
[INFO] running `Command { std: "docker" "rm" "-f" "83d3e8de0f1f3f42a76ef4f98cf8e1826df3b122d8835e2f9f60b706d22c828d", kill_on_drop: false }`
[INFO] [stdout] 83d3e8de0f1f3f42a76ef4f98cf8e1826df3b122d8835e2f9f60b706d22c828d
[INFO] running `Command { std: "docker" "create" "-v" "/var/lib/crater-agent-workspace/builds/worker-1-tc2/target:/opt/rustwide/target:rw,Z" "-v" "/var/lib/crater-agent-workspace/builds/worker-1-tc2/source:/opt/rustwide/workdir:ro,Z" "-v" "/var/lib/crater-agent-workspace/cargo-home:/opt/rustwide/cargo-home:ro,Z" "-v" "/var/lib/crater-agent-workspace/rustup-home:/opt/rustwide/rustup-home:ro,Z" "-e" "SOURCE_DIR=/opt/rustwide/workdir" "-e" "CARGO_TARGET_DIR=/opt/rustwide/target" "-e" "CARGO_INCREMENTAL=0" "-e" "RUST_BACKTRACE=full" "-e" "RUSTFLAGS=--cap-lints=warn" "-e" "RUSTDOCFLAGS=--cap-lints=warn" "-e" "CARGO_HOME=/opt/rustwide/cargo-home" "-e" "RUSTUP_HOME=/opt/rustwide/rustup-home" "-w" "/opt/rustwide/workdir" "-m" "1610612736" "--user" "0:0" "--network" "none" "ghcr.io/rust-lang/crates-build-env/linux@sha256:2788e3201cd34a07e3172128adcd8b3090168a8e3bcc40d7c032b9dda1df7d1c" "/opt/rustwide/cargo-home/bin/cargo" "+beta-2023-12-22" "test" "--frozen" "--no-run" "--message-format=json", kill_on_drop: false }`
[INFO] [stdout] 06da4f0e13da18d30a66bd5b800d836d7a66dbbbfb9f66a613414403129d17b9
[INFO] running `Command { std: "docker" "start" "-a" "06da4f0e13da18d30a66bd5b800d836d7a66dbbbfb9f66a613414403129d17b9", kill_on_drop: false }`
[INFO] [stderr]    Compiling task_scope v0.1.1 (/opt/rustwide/workdir)
[INFO] [stdout] warning: unused borrow that must be used
[INFO] [stdout]   --> src/cancelable.rs:14:1
[INFO] [stdout]    |
[INFO] [stdout] 14 | #[pin_project]
[INFO] [stdout]    | ^^^^^^^^^^^^^^ the borrow produces a value
[INFO] [stdout]    |
[INFO] [stdout]    = note: `#[warn(unused_must_use)]` on by default
[INFO] [stdout]    = note: this warning originates in the derive macro `::pin_project::__private::__PinProjectInternalDerive` (in Nightly builds, run with -Z macro-backtrace for more info)
[INFO] [stdout] 
[INFO] [stdout] 
[INFO] [stdout] warning: unused borrow that must be used
[INFO] [stdout]   --> src/cancellation.rs:16:1
[INFO] [stdout]    |
[INFO] [stdout] 16 | #[pin_project]
[INFO] [stdout]    | ^^^^^^^^^^^^^^ the borrow produces a value
[INFO] [stdout]    |
[INFO] [stdout]    = note: this warning originates in the derive macro `::pin_project::__private::__PinProjectInternalDerive` (in Nightly builds, run with -Z macro-backtrace for more info)
[INFO] [stdout] 
[INFO] [stdout] 
[INFO] [stdout] warning: unused borrow that must be used
[INFO] [stdout]   --> src/handle.rs:27:1
[INFO] [stdout]    |
[INFO] [stdout] 27 | #[pin_project]
[INFO] [stdout]    | ^^^^^^^^^^^^^^ the borrow produces a value
[INFO] [stdout]    |
[INFO] [stdout]    = note: this warning originates in the derive macro `::pin_project::__private::__PinProjectInternalDerive` (in Nightly builds, run with -Z macro-backtrace for more info)
[INFO] [stdout] 
[INFO] [stdout] 
[INFO] [stdout] warning: unused borrow that must be used
[INFO] [stdout]   --> src/scope.rs:41:1
[INFO] [stdout]    |
[INFO] [stdout] 41 | #[pin_project]
[INFO] [stdout]    | ^^^^^^^^^^^^^^ the borrow produces a value
[INFO] [stdout]    |
[INFO] [stdout]    = note: this warning originates in the derive macro `::pin_project::__private::__PinProjectInternalDerive` (in Nightly builds, run with -Z macro-backtrace for more info)
[INFO] [stdout] 
[INFO] [stdout] 
[INFO] [stdout] warning: unused return value of `Box::<T>::from_raw` that must be used
[INFO] [stdout]   --> src/waker.rs:79:5
[INFO] [stdout]    |
[INFO] [stdout] 79 |     Box::from_raw(data.cast::<WakerData>() as *mut WakerData);
[INFO] [stdout]    |     ^^^^^^^^^^^^^^^^^^^^^^^^^^^^^^^^^^^^^^^^^^^^^^^^^^^^^^^^^
[INFO] [stdout]    |
[INFO] [stdout]    = note: call `drop(Box::from_raw(ptr))` if you intend to drop the `Box`
[INFO] [stdout] help: use `let _ = ...` to ignore the resulting value
[INFO] [stdout]    |
[INFO] [stdout] 79 |     let _ = Box::from_raw(data.cast::<WakerData>() as *mut WakerData);
[INFO] [stdout]    |     +++++++
[INFO] [stdout] 
[INFO] [stdout] 
[INFO] [stdout] warning: unused borrow that must be used
[INFO] [stdout]   --> src/with_token.rs:11:1
[INFO] [stdout]    |
[INFO] [stdout] 11 | #[pin_project]
[INFO] [stdout]    | ^^^^^^^^^^^^^^ the borrow produces a value
[INFO] [stdout]    |
[INFO] [stdout]    = note: this warning originates in the derive macro `::pin_project::__private::__PinProjectInternalDerive` (in Nightly builds, run with -Z macro-backtrace for more info)
[INFO] [stdout] 
[INFO] [stdout] 
[INFO] [stdout] warning: 6 warnings emitted
[INFO] [stdout] 
[INFO] [stdout] 
[INFO] [stdout] warning: unused borrow that must be used
[INFO] [stdout]   --> src/cancelable.rs:14:1
[INFO] [stdout]    |
[INFO] [stdout] 14 | #[pin_project]
[INFO] [stdout]    | ^^^^^^^^^^^^^^ the borrow produces a value
[INFO] [stdout]    |
[INFO] [stdout]    = note: `#[warn(unused_must_use)]` on by default
[INFO] [stdout]    = note: this warning originates in the derive macro `::pin_project::__private::__PinProjectInternalDerive` (in Nightly builds, run with -Z macro-backtrace for more info)
[INFO] [stdout] 
[INFO] [stdout] 
[INFO] [stdout] warning: unused borrow that must be used
[INFO] [stdout]   --> src/cancellation.rs:16:1
[INFO] [stdout]    |
[INFO] [stdout] 16 | #[pin_project]
[INFO] [stdout]    | ^^^^^^^^^^^^^^ the borrow produces a value
[INFO] [stdout]    |
[INFO] [stdout]    = note: this warning originates in the derive macro `::pin_project::__private::__PinProjectInternalDerive` (in Nightly builds, run with -Z macro-backtrace for more info)
[INFO] [stdout] 
[INFO] [stdout] 
[INFO] [stdout] warning: unused borrow that must be used
[INFO] [stdout]   --> src/handle.rs:27:1
[INFO] [stdout]    |
[INFO] [stdout] 27 | #[pin_project]
[INFO] [stdout]    | ^^^^^^^^^^^^^^ the borrow produces a value
[INFO] [stdout]    |
[INFO] [stdout]    = note: this warning originates in the derive macro `::pin_project::__private::__PinProjectInternalDerive` (in Nightly builds, run with -Z macro-backtrace for more info)
[INFO] [stdout] 
[INFO] [stdout] 
[INFO] [stdout] warning: unused borrow that must be used
[INFO] [stdout]   --> src/scope.rs:41:1
[INFO] [stdout]    |
[INFO] [stdout] 41 | #[pin_project]
[INFO] [stdout]    | ^^^^^^^^^^^^^^ the borrow produces a value
[INFO] [stdout]    |
[INFO] [stdout]    = note: this warning originates in the derive macro `::pin_project::__private::__PinProjectInternalDerive` (in Nightly builds, run with -Z macro-backtrace for more info)
[INFO] [stdout] 
[INFO] [stdout] 
[INFO] [stdout] warning: unused return value of `Box::<T>::from_raw` that must be used
[INFO] [stdout]   --> src/waker.rs:79:5
[INFO] [stdout]    |
[INFO] [stdout] 79 |     Box::from_raw(data.cast::<WakerData>() as *mut WakerData);
[INFO] [stdout]    |     ^^^^^^^^^^^^^^^^^^^^^^^^^^^^^^^^^^^^^^^^^^^^^^^^^^^^^^^^^
[INFO] [stdout]    |
[INFO] [stdout]    = note: call `drop(Box::from_raw(ptr))` if you intend to drop the `Box`
[INFO] [stdout] help: use `let _ = ...` to ignore the resulting value
[INFO] [stdout]    |
[INFO] [stdout] 79 |     let _ = Box::from_raw(data.cast::<WakerData>() as *mut WakerData);
[INFO] [stdout]    |     +++++++
[INFO] [stdout] 
[INFO] [stdout] 
[INFO] [stdout] warning: unused borrow that must be used
[INFO] [stdout]   --> src/with_token.rs:11:1
[INFO] [stdout]    |
[INFO] [stdout] 11 | #[pin_project]
[INFO] [stdout]    | ^^^^^^^^^^^^^^ the borrow produces a value
[INFO] [stdout]    |
[INFO] [stdout]    = note: this warning originates in the derive macro `::pin_project::__private::__PinProjectInternalDerive` (in Nightly builds, run with -Z macro-backtrace for more info)
[INFO] [stdout] 
[INFO] [stdout] 
[INFO] [stdout] warning: 6 warnings emitted
[INFO] [stdout] 
[INFO] [stdout] 
[INFO] [stderr]     Finished test [unoptimized + debuginfo] target(s) in 1.63s
[INFO] running `Command { std: "docker" "inspect" "06da4f0e13da18d30a66bd5b800d836d7a66dbbbfb9f66a613414403129d17b9", kill_on_drop: false }`
[INFO] running `Command { std: "docker" "rm" "-f" "06da4f0e13da18d30a66bd5b800d836d7a66dbbbfb9f66a613414403129d17b9", kill_on_drop: false }`
[INFO] [stdout] 06da4f0e13da18d30a66bd5b800d836d7a66dbbbfb9f66a613414403129d17b9
[INFO] running `Command { std: "docker" "create" "-v" "/var/lib/crater-agent-workspace/builds/worker-1-tc2/target:/opt/rustwide/target:rw,Z" "-v" "/var/lib/crater-agent-workspace/builds/worker-1-tc2/source:/opt/rustwide/workdir:ro,Z" "-v" "/var/lib/crater-agent-workspace/cargo-home:/opt/rustwide/cargo-home:ro,Z" "-v" "/var/lib/crater-agent-workspace/rustup-home:/opt/rustwide/rustup-home:ro,Z" "-e" "SOURCE_DIR=/opt/rustwide/workdir" "-e" "CARGO_TARGET_DIR=/opt/rustwide/target" "-e" "CARGO_INCREMENTAL=0" "-e" "RUST_BACKTRACE=full" "-e" "RUSTFLAGS=--cap-lints=warn" "-e" "RUSTDOCFLAGS=--cap-lints=warn" "-e" "CARGO_HOME=/opt/rustwide/cargo-home" "-e" "RUSTUP_HOME=/opt/rustwide/rustup-home" "-w" "/opt/rustwide/workdir" "-m" "1610612736" "--user" "0:0" "--network" "none" "ghcr.io/rust-lang/crates-build-env/linux@sha256:2788e3201cd34a07e3172128adcd8b3090168a8e3bcc40d7c032b9dda1df7d1c" "/opt/rustwide/cargo-home/bin/cargo" "+beta-2023-12-22" "test" "--frozen", kill_on_drop: false }`
[INFO] [stdout] b28fe7afc372226754a9f86c96ac3d39494673cc3c4a4bfc27c274816a833364
[INFO] running `Command { std: "docker" "start" "-a" "b28fe7afc372226754a9f86c96ac3d39494673cc3c4a4bfc27c274816a833364", kill_on_drop: false }`
[INFO] [stderr] warning: unused borrow that must be used
[INFO] [stderr]   --> src/cancelable.rs:14:1
[INFO] [stderr]    |
[INFO] [stderr] 14 | #[pin_project]
[INFO] [stderr]    | ^^^^^^^^^^^^^^ the borrow produces a value
[INFO] [stderr]    |
[INFO] [stderr]    = note: `#[warn(unused_must_use)]` on by default
[INFO] [stderr]    = note: this warning originates in the derive macro `::pin_project::__private::__PinProjectInternalDerive` (in Nightly builds, run with -Z macro-backtrace for more info)
[INFO] [stderr] 
[INFO] [stderr] warning: unused borrow that must be used
[INFO] [stderr]   --> src/cancellation.rs:16:1
[INFO] [stderr]    |
[INFO] [stderr] 16 | #[pin_project]
[INFO] [stderr]    | ^^^^^^^^^^^^^^ the borrow produces a value
[INFO] [stderr]    |
[INFO] [stderr]    = note: this warning originates in the derive macro `::pin_project::__private::__PinProjectInternalDerive` (in Nightly builds, run with -Z macro-backtrace for more info)
[INFO] [stderr] 
[INFO] [stderr] warning: unused borrow that must be used
[INFO] [stderr]   --> src/handle.rs:27:1
[INFO] [stderr]    |
[INFO] [stderr] 27 | #[pin_project]
[INFO] [stderr]    | ^^^^^^^^^^^^^^ the borrow produces a value
[INFO] [stderr]    |
[INFO] [stderr]    = note: this warning originates in the derive macro `::pin_project::__private::__PinProjectInternalDerive` (in Nightly builds, run with -Z macro-backtrace for more info)
[INFO] [stderr] 
[INFO] [stderr] warning: unused borrow that must be used
[INFO] [stderr]   --> src/scope.rs:41:1
[INFO] [stderr]    |
[INFO] [stderr] 41 | #[pin_project]
[INFO] [stderr]    | ^^^^^^^^^^^^^^ the borrow produces a value
[INFO] [stderr]    |
[INFO] [stderr]    = note: this warning originates in the derive macro `::pin_project::__private::__PinProjectInternalDerive` (in Nightly builds, run with -Z macro-backtrace for more info)
[INFO] [stderr] 
[INFO] [stderr] warning: unused return value of `Box::<T>::from_raw` that must be used
[INFO] [stderr]   --> src/waker.rs:79:5
[INFO] [stderr]    |
[INFO] [stderr] 79 |     Box::from_raw(data.cast::<WakerData>() as *mut WakerData);
[INFO] [stderr]    |     ^^^^^^^^^^^^^^^^^^^^^^^^^^^^^^^^^^^^^^^^^^^^^^^^^^^^^^^^^
[INFO] [stderr]    |
[INFO] [stderr]    = note: call `drop(Box::from_raw(ptr))` if you intend to drop the `Box`
[INFO] [stderr] help: use `let _ = ...` to ignore the resulting value
[INFO] [stderr]    |
[INFO] [stderr] 79 |     let _ = Box::from_raw(data.cast::<WakerData>() as *mut WakerData);
[INFO] [stderr]    |     +++++++
[INFO] [stderr] 
[INFO] [stderr] warning: unused borrow that must be used
[INFO] [stderr]   --> src/with_token.rs:11:1
[INFO] [stderr]    |
[INFO] [stderr] 11 | #[pin_project]
[INFO] [stderr]    | ^^^^^^^^^^^^^^ the borrow produces a value
[INFO] [stderr]    |
[INFO] [stderr]    = note: this warning originates in the derive macro `::pin_project::__private::__PinProjectInternalDerive` (in Nightly builds, run with -Z macro-backtrace for more info)
[INFO] [stderr] 
[INFO] [stderr] warning: `task_scope` (lib) generated 6 warnings
[INFO] [stderr] warning: `task_scope` (lib test) generated 6 warnings (6 duplicates)
[INFO] [stderr]     Finished test [unoptimized + debuginfo] target(s) in 0.07s
[INFO] [stderr]      Running unittests src/lib.rs (/opt/rustwide/target/debug/deps/task_scope-42397be33ec992e9)
[INFO] [stdout] 
[INFO] [stdout] running 0 tests
[INFO] [stdout] 
[INFO] [stdout] test result: ok. 0 passed; 0 failed; 0 ignored; 0 measured; 0 filtered out; finished in 0.00s
[INFO] [stdout] 
[INFO] [stderr]      Running tests/async_traits.rs (/opt/rustwide/target/debug/deps/async_traits-1de88e879473fbe9)
[INFO] [stdout] 
[INFO] [stdout] running 2 tests
[INFO] [stdout] test test_infinite ... ok
[INFO] [stdout] test test_cancel_infinite ... FAILED
[INFO] [stdout] 
[INFO] [stdout] failures:
[INFO] [stdout] 
[INFO] [stdout] ---- test_cancel_infinite stdout ----
[INFO] [stdout] parent started
[INFO] [stdout] thread 'test_cancel_infinite' panicked at /opt/rustwide/workdir/src/spawn.rs:31:50:
[INFO] [stdout] must be polled in a scope
[INFO] [stdout] stack backtrace:
[INFO] [stdout]    0:     0x563a75b47356 - std::backtrace_rs::backtrace::libunwind::trace::h261606ad26a499c1
[INFO] [stdout]                                at /rustc/0e09125c6c3c2fd70d7de961bcf0e51575235fad/library/std/src/../../backtrace/src/backtrace/libunwind.rs:104:5
[INFO] [stdout]    1:     0x563a75b47356 - std::backtrace_rs::backtrace::trace_unsynchronized::hd183f0625477fb28
[INFO] [stdout]                                at /rustc/0e09125c6c3c2fd70d7de961bcf0e51575235fad/library/std/src/../../backtrace/src/backtrace/mod.rs:66:5
[INFO] [stdout]    2:     0x563a75b47356 - std::sys_common::backtrace::_print_fmt::hd7f8fef21b4eda67
[INFO] [stdout]                                at /rustc/0e09125c6c3c2fd70d7de961bcf0e51575235fad/library/std/src/sys_common/backtrace.rs:68:5
[INFO] [stdout]    3:     0x563a75b47356 - <std::sys_common::backtrace::_print::DisplayBacktrace as core::fmt::Display>::fmt::h623d9b51f2f453f1
[INFO] [stdout]                                at /rustc/0e09125c6c3c2fd70d7de961bcf0e51575235fad/library/std/src/sys_common/backtrace.rs:44:22
[INFO] [stdout]    4:     0x563a75b703a0 - core::fmt::rt::Argument::fmt::h9f417ac76a86f368
[INFO] [stdout]                                at /rustc/0e09125c6c3c2fd70d7de961bcf0e51575235fad/library/core/src/fmt/rt.rs:142:9
[INFO] [stdout]    5:     0x563a75b703a0 - core::fmt::write::hc9b6faf4ac2aeff7
[INFO] [stdout]                                at /rustc/0e09125c6c3c2fd70d7de961bcf0e51575235fad/library/core/src/fmt/mod.rs:1120:17
[INFO] [stdout]    6:     0x563a75b44d7f - std::io::Write::write_fmt::he04625a3a989fec3
[INFO] [stdout]                                at /rustc/0e09125c6c3c2fd70d7de961bcf0e51575235fad/library/std/src/io/mod.rs:1810:15
[INFO] [stdout]    7:     0x563a75b47134 - std::sys_common::backtrace::_print::hd5d66399c7df88a2
[INFO] [stdout]                                at /rustc/0e09125c6c3c2fd70d7de961bcf0e51575235fad/library/std/src/sys_common/backtrace.rs:47:5
[INFO] [stdout]    8:     0x563a75b47134 - std::sys_common::backtrace::print::he81ed2da642d37e5
[INFO] [stdout]                                at /rustc/0e09125c6c3c2fd70d7de961bcf0e51575235fad/library/std/src/sys_common/backtrace.rs:34:9
[INFO] [stdout]    9:     0x563a75b48ea7 - std::panicking::default_hook::{{closure}}::h85773f4fa117163d
[INFO] [stdout]   10:     0x563a75b48b8d - std::panicking::default_hook::h6a1694a91d09b278
[INFO] [stdout]                                at /rustc/0e09125c6c3c2fd70d7de961bcf0e51575235fad/library/std/src/panicking.rs:289:9
[INFO] [stdout]   11:     0x563a75a84c47 - <alloc::boxed::Box<F,A> as core::ops::function::Fn<Args>>::call::h616ac37fa3cd6c8f
[INFO] [stdout]                                at /rustc/0e09125c6c3c2fd70d7de961bcf0e51575235fad/library/alloc/src/boxed.rs:2029:9
[INFO] [stdout]   12:     0x563a75a84c47 - test::test_main::{{closure}}::h00d84697cefdcbb6
[INFO] [stdout]                                at /rustc/0e09125c6c3c2fd70d7de961bcf0e51575235fad/library/test/src/lib.rs:138:21
[INFO] [stdout]   13:     0x563a75b494c6 - <alloc::boxed::Box<F,A> as core::ops::function::Fn<Args>>::call::hcb3fe3b9bb537ba8
[INFO] [stdout]                                at /rustc/0e09125c6c3c2fd70d7de961bcf0e51575235fad/library/alloc/src/boxed.rs:2029:9
[INFO] [stdout]   14:     0x563a75b494c6 - std::panicking::rust_panic_with_hook::h0a7ad96e90f7145b
[INFO] [stdout]                                at /rustc/0e09125c6c3c2fd70d7de961bcf0e51575235fad/library/std/src/panicking.rs:783:13
[INFO] [stdout]   15:     0x563a75b49212 - std::panicking::begin_panic_handler::{{closure}}::h7919090525c6485e
[INFO] [stdout]                                at /rustc/0e09125c6c3c2fd70d7de961bcf0e51575235fad/library/std/src/panicking.rs:657:13
[INFO] [stdout]   16:     0x563a75b47856 - std::sys_common::backtrace::__rust_end_short_backtrace::hf3289479464f7dfe
[INFO] [stdout]                                at /rustc/0e09125c6c3c2fd70d7de961bcf0e51575235fad/library/std/src/sys_common/backtrace.rs:171:18
[INFO] [stdout]   17:     0x563a75b48f70 - rust_begin_unwind
[INFO] [stdout]                                at /rustc/0e09125c6c3c2fd70d7de961bcf0e51575235fad/library/std/src/panicking.rs:645:5
[INFO] [stdout]   18:     0x563a75a32db5 - core::panicking::panic_fmt::hcc9f77c5c132af55
[INFO] [stdout]                                at /rustc/0e09125c6c3c2fd70d7de961bcf0e51575235fad/library/core/src/panicking.rs:72:14
[INFO] [stdout]   19:     0x563a75a32d73 - core::panicking::panic_display::h0204da5f51c86759
[INFO] [stdout]                                at /rustc/0e09125c6c3c2fd70d7de961bcf0e51575235fad/library/core/src/panicking.rs:196:5
[INFO] [stdout]   20:     0x563a75a32d73 - core::panicking::panic_str::h384c8d5de2012701
[INFO] [stdout]                                at /rustc/0e09125c6c3c2fd70d7de961bcf0e51575235fad/library/core/src/panicking.rs:171:5
[INFO] [stdout]   21:     0x563a75a32d73 - core::option::expect_failed::h6b23844cf3a4e381
[INFO] [stdout]                                at /rustc/0e09125c6c3c2fd70d7de961bcf0e51575235fad/library/core/src/option.rs:1980:5
[INFO] [stdout]   22:     0x563a75a44fe2 - core::option::Option<T>::expect::h6486e4b460d85965
[INFO] [stdout]                                at /rustc/0e09125c6c3c2fd70d7de961bcf0e51575235fad/library/core/src/option.rs:894:21
[INFO] [stdout]   23:     0x563a75a42091 - task_scope::spawn::install::h6d0cd91054f41ddd
[INFO] [stdout]                                at /opt/rustwide/workdir/src/spawn.rs:31:25
[INFO] [stdout]   24:     0x563a75a502d9 - <task_scope::spawn::tokio::SpawnFuture<F> as core::future::future::Future>::poll::hfcf4a6e428bcf005
[INFO] [stdout]                                at /opt/rustwide/workdir/src/spawn/tokio.rs:36:34
[INFO] [stdout]   25:     0x563a75a4c5a7 - async_traits::test_cancel_infinite::{{closure}}::{{closure}}::h7ea65ea36bf12d77
[INFO] [stdout]                                at /opt/rustwide/workdir/tests/async_traits.rs:53:14
[INFO] [stdout]   26:     0x563a75a41a47 - task_scope::with_token::WithToken<Fut>::poll::h0cf35dff1c244e41
[INFO] [stdout]                                at /opt/rustwide/workdir/src/with_token.rs:32:9
[INFO] [stdout]   27:     0x563a75a4b629 - <task_scope::scope::ScopeFuture<Fut,Joiner> as core::future::future::Future>::poll::he081d43949b7624a
[INFO] [stdout]                                at /opt/rustwide/workdir/src/scope.rs:126:23
[INFO] [stdout]   28:     0x563a75a4acfb - <tokio::time::timeout::Timeout<T> as core::future::future::Future>::poll::hc24c7e8e04588faf
[INFO] [stdout]                                at /opt/rustwide/cargo-home/registry/src/index.crates.io-6f17d22bba15001f/tokio-0.2.8/src/time/timeout.rs:146:37
[INFO] [stdout]   29:     0x563a75a4c326 - async_traits::test_cancel_infinite::{{closure}}::h0c01aee809b02b64
[INFO] [stdout]                                at /opt/rustwide/workdir/tests/async_traits.rs:58:6
[INFO] [stdout]   30:     0x563a75a4a367 - tokio::runtime::enter::Enter::block_on::h90b6373137cbac14
[INFO] [stdout]                                at /opt/rustwide/cargo-home/registry/src/index.crates.io-6f17d22bba15001f/tokio-0.2.8/src/runtime/enter.rs:100:35
[INFO] [stdout]   31:     0x563a75a45b1a - tokio::runtime::thread_pool::ThreadPool::block_on::hbdb811ce24202e8c
[INFO] [stdout]                                at /opt/rustwide/cargo-home/registry/src/index.crates.io-6f17d22bba15001f/tokio-0.2.8/src/runtime/thread_pool/mod.rs:93:9
[INFO] [stdout]   32:     0x563a75a40c70 - tokio::runtime::Runtime::block_on::{{closure}}::hab2e7501002ac1de
[INFO] [stdout]                                at /opt/rustwide/cargo-home/registry/src/index.crates.io-6f17d22bba15001f/tokio-0.2.8/src/runtime/mod.rs:413:39
[INFO] [stdout]   33:     0x563a75a40e36 - tokio::runtime::context::enter::h7cd74342902a5f7b
[INFO] [stdout]                                at /opt/rustwide/cargo-home/registry/src/index.crates.io-6f17d22bba15001f/tokio-0.2.8/src/runtime/context.rs:72:5
[INFO] [stdout]   34:     0x563a75a4a80a - tokio::runtime::handle::Handle::enter::h47018cb7dd626a7b
[INFO] [stdout]                                at /opt/rustwide/cargo-home/registry/src/index.crates.io-6f17d22bba15001f/tokio-0.2.8/src/runtime/handle.rs:33:9
[INFO] [stdout]   35:     0x563a75a40b17 - tokio::runtime::Runtime::block_on::h08e1232ce2abc7a4
[INFO] [stdout]                                at /opt/rustwide/cargo-home/registry/src/index.crates.io-6f17d22bba15001f/tokio-0.2.8/src/runtime/mod.rs:408:9
[INFO] [stdout]   36:     0x563a75a4c0f3 - async_traits::test_cancel_infinite::h5aa0e6e186ea5215
[INFO] [stdout]                                at /opt/rustwide/workdir/tests/async_traits.rs:38:1
[INFO] [stdout]   37:     0x563a75a4c007 - async_traits::test_cancel_infinite::{{closure}}::h524415296202dc62
[INFO] [stdout]                                at /opt/rustwide/workdir/tests/async_traits.rs:38:35
[INFO] [stdout]   38:     0x563a75a3bef6 - core::ops::function::FnOnce::call_once::hc9cbd767c527446e
[INFO] [stdout]                                at /rustc/0e09125c6c3c2fd70d7de961bcf0e51575235fad/library/core/src/ops/function.rs:250:5
[INFO] [stdout]   39:     0x563a75a8a51f - core::ops::function::FnOnce::call_once::hd64d26f405258157
[INFO] [stdout]                                at /rustc/0e09125c6c3c2fd70d7de961bcf0e51575235fad/library/core/src/ops/function.rs:250:5
[INFO] [stdout]   40:     0x563a75a8a51f - test::__rust_begin_short_backtrace::he21b0b7a6d731bf9
[INFO] [stdout]                                at /rustc/0e09125c6c3c2fd70d7de961bcf0e51575235fad/library/test/src/lib.rs:627:18
[INFO] [stdout]   41:     0x563a75a892a1 - test::run_test_in_process::{{closure}}::hf5c73986d7bdfde2
[INFO] [stdout]                                at /rustc/0e09125c6c3c2fd70d7de961bcf0e51575235fad/library/test/src/lib.rs:650:60
[INFO] [stdout]   42:     0x563a75a892a1 - <core::panic::unwind_safe::AssertUnwindSafe<F> as core::ops::function::FnOnce<()>>::call_once::h330011ad032aadc0
[INFO] [stdout]                                at /rustc/0e09125c6c3c2fd70d7de961bcf0e51575235fad/library/core/src/panic/unwind_safe.rs:272:9
[INFO] [stdout]   43:     0x563a75a892a1 - std::panicking::try::do_call::he61b0a958b795a41
[INFO] [stdout]                                at /rustc/0e09125c6c3c2fd70d7de961bcf0e51575235fad/library/std/src/panicking.rs:552:40
[INFO] [stdout]   44:     0x563a75a892a1 - std::panicking::try::h7309da130f906eb7
[INFO] [stdout]                                at /rustc/0e09125c6c3c2fd70d7de961bcf0e51575235fad/library/std/src/panicking.rs:516:19
[INFO] [stdout]   45:     0x563a75a892a1 - std::panic::catch_unwind::hc5c3a06fdaf0a92a
[INFO] [stdout]                                at /rustc/0e09125c6c3c2fd70d7de961bcf0e51575235fad/library/std/src/panic.rs:142:14
[INFO] [stdout]   46:     0x563a75a892a1 - test::run_test_in_process::h7e7b7c71c3324e0f
[INFO] [stdout]                                at /rustc/0e09125c6c3c2fd70d7de961bcf0e51575235fad/library/test/src/lib.rs:650:27
[INFO] [stdout]   47:     0x563a75a892a1 - test::run_test::{{closure}}::h1f509f28f5cf20b1
[INFO] [stdout]                                at /rustc/0e09125c6c3c2fd70d7de961bcf0e51575235fad/library/test/src/lib.rs:573:43
[INFO] [stdout]   48:     0x563a75a505d6 - test::run_test::{{closure}}::h1754218abf443f6d
[INFO] [stdout]                                at /rustc/0e09125c6c3c2fd70d7de961bcf0e51575235fad/library/test/src/lib.rs:601:41
[INFO] [stdout]   49:     0x563a75a505d6 - std::sys_common::backtrace::__rust_begin_short_backtrace::h2ee174b9d5954948
[INFO] [stdout]                                at /rustc/0e09125c6c3c2fd70d7de961bcf0e51575235fad/library/std/src/sys_common/backtrace.rs:155:18
[INFO] [stdout]   50:     0x563a75a55637 - std::thread::Builder::spawn_unchecked_::{{closure}}::{{closure}}::hf60bee9c1a17ef09
[INFO] [stdout]                                at /rustc/0e09125c6c3c2fd70d7de961bcf0e51575235fad/library/std/src/thread/mod.rs:529:17
[INFO] [stdout]   51:     0x563a75a55637 - <core::panic::unwind_safe::AssertUnwindSafe<F> as core::ops::function::FnOnce<()>>::call_once::h33d0dddec5216160
[INFO] [stdout]                                at /rustc/0e09125c6c3c2fd70d7de961bcf0e51575235fad/library/core/src/panic/unwind_safe.rs:272:9
[INFO] [stdout]   52:     0x563a75a55637 - std::panicking::try::do_call::h144b3048b546f835
[INFO] [stdout]                                at /rustc/0e09125c6c3c2fd70d7de961bcf0e51575235fad/library/std/src/panicking.rs:552:40
[INFO] [stdout]   53:     0x563a75a55637 - std::panicking::try::h978244d04646189f
[INFO] [stdout]                                at /rustc/0e09125c6c3c2fd70d7de961bcf0e51575235fad/library/std/src/panicking.rs:516:19
[INFO] [stdout]   54:     0x563a75a55637 - std::panic::catch_unwind::hdf436369d188fe86
[INFO] [stdout]                                at /rustc/0e09125c6c3c2fd70d7de961bcf0e51575235fad/library/std/src/panic.rs:142:14
[INFO] [stdout]   55:     0x563a75a55637 - std::thread::Builder::spawn_unchecked_::{{closure}}::h87329cbdd33c79ec
[INFO] [stdout]                                at /rustc/0e09125c6c3c2fd70d7de961bcf0e51575235fad/library/std/src/thread/mod.rs:528:30
[INFO] [stdout]   56:     0x563a75a55637 - core::ops::function::FnOnce::call_once{{vtable.shim}}::h401abbe67897d450
[INFO] [stdout]                                at /rustc/0e09125c6c3c2fd70d7de961bcf0e51575235fad/library/core/src/ops/function.rs:250:5
[INFO] [stdout]   57:     0x563a75b4e015 - <alloc::boxed::Box<F,A> as core::ops::function::FnOnce<Args>>::call_once::h5d7c8f150ab9c84c
[INFO] [stdout]                                at /rustc/0e09125c6c3c2fd70d7de961bcf0e51575235fad/library/alloc/src/boxed.rs:2015:9
[INFO] [stdout]   58:     0x563a75b4e015 - <alloc::boxed::Box<F,A> as core::ops::function::FnOnce<Args>>::call_once::h570d5b005c242c15
[INFO] [stdout]                                at /rustc/0e09125c6c3c2fd70d7de961bcf0e51575235fad/library/alloc/src/boxed.rs:2015:9
[INFO] [stdout]   59:     0x563a75b4e015 - std::sys::unix::thread::Thread::new::thread_start::h36b0a20c0b2361ad
[INFO] [stdout]                                at /rustc/0e09125c6c3c2fd70d7de961bcf0e51575235fad/library/std/src/sys/unix/thread.rs:108:17
[INFO] [stdout]   60:     0x7f359a12eac3 - <unknown>
[INFO] [stdout]   61:     0x7f359a1bfbf4 - __clone
[INFO] [stdout]   62:                0x0 - <unknown>
[INFO] [stdout] 
[INFO] [stdout] 
[INFO] [stdout] failures:
[INFO] [stdout]     test_cancel_infinite
[INFO] [stdout] 
[INFO] [stdout] test result: FAILED. 1 passed; 1 failed; 0 ignored; 0 measured; 0 filtered out; finished in 0.06s
[INFO] [stdout] 
[INFO] [stderr] error: test failed, to rerun pass `--test async_traits`
[INFO] running `Command { std: "docker" "inspect" "b28fe7afc372226754a9f86c96ac3d39494673cc3c4a4bfc27c274816a833364", kill_on_drop: false }`
[INFO] running `Command { std: "docker" "rm" "-f" "b28fe7afc372226754a9f86c96ac3d39494673cc3c4a4bfc27c274816a833364", kill_on_drop: false }`
[INFO] [stdout] b28fe7afc372226754a9f86c96ac3d39494673cc3c4a4bfc27c274816a833364
