[INFO] fetching crate tarantool-runner 0.1.0...
[INFO] testing tarantool-runner-0.1.0 against 1.75.0 for beta-1.76-1
[INFO] extracting crate tarantool-runner 0.1.0 into /workspace/builds/worker-4-tc1/source
[INFO] validating manifest of crates.io crate tarantool-runner 0.1.0 on toolchain 1.75.0
[INFO] running `Command { std: CARGO_HOME="/workspace/cargo-home" RUSTUP_HOME="/workspace/rustup-home" "/workspace/cargo-home/bin/cargo" "+1.75.0" "metadata" "--manifest-path" "Cargo.toml" "--no-deps", kill_on_drop: false }`
[INFO] started tweaking crates.io crate tarantool-runner 0.1.0
[INFO] finished tweaking crates.io crate tarantool-runner 0.1.0
[INFO] tweaked toml for crates.io crate tarantool-runner 0.1.0 written to /workspace/builds/worker-4-tc1/source/Cargo.toml
[INFO] crate crates.io crate tarantool-runner 0.1.0 already has a lockfile, it will not be regenerated
[INFO] running `Command { std: CARGO_HOME="/workspace/cargo-home" RUSTUP_HOME="/workspace/rustup-home" "/workspace/cargo-home/bin/cargo" "+1.75.0" "fetch" "--manifest-path" "Cargo.toml", kill_on_drop: false }`
[INFO] [stderr]  Downloading crates ...
[INFO] [stderr]   Downloaded clap v4.3.9
[INFO] [stderr]   Downloaded clap_builder v4.3.9
[INFO] running `Command { std: "docker" "create" "-v" "/var/lib/crater-agent-workspace/builds/worker-4-tc1/target:/opt/rustwide/target:rw,Z" "-v" "/var/lib/crater-agent-workspace/builds/worker-4-tc1/source:/opt/rustwide/workdir:ro,Z" "-v" "/var/lib/crater-agent-workspace/cargo-home:/opt/rustwide/cargo-home:ro,Z" "-v" "/var/lib/crater-agent-workspace/rustup-home:/opt/rustwide/rustup-home:ro,Z" "-e" "SOURCE_DIR=/opt/rustwide/workdir" "-e" "CARGO_TARGET_DIR=/opt/rustwide/target" "-e" "CARGO_HOME=/opt/rustwide/cargo-home" "-e" "RUSTUP_HOME=/opt/rustwide/rustup-home" "-w" "/opt/rustwide/workdir" "-m" "1610612736" "--user" "0:0" "--network" "none" "ghcr.io/rust-lang/crates-build-env/linux@sha256:2788e3201cd34a07e3172128adcd8b3090168a8e3bcc40d7c032b9dda1df7d1c" "/opt/rustwide/cargo-home/bin/cargo" "+1.75.0" "metadata" "--no-deps" "--format-version=1", kill_on_drop: false }`
[INFO] [stdout] 2b5091cd7ef389f4fbc6cba46fb20ffe1b373bd8252aad117663f54abfb4e55c
[INFO] running `Command { std: "docker" "start" "-a" "2b5091cd7ef389f4fbc6cba46fb20ffe1b373bd8252aad117663f54abfb4e55c", kill_on_drop: false }`
[INFO] running `Command { std: "docker" "inspect" "2b5091cd7ef389f4fbc6cba46fb20ffe1b373bd8252aad117663f54abfb4e55c", kill_on_drop: false }`
[INFO] running `Command { std: "docker" "rm" "-f" "2b5091cd7ef389f4fbc6cba46fb20ffe1b373bd8252aad117663f54abfb4e55c", kill_on_drop: false }`
[INFO] [stdout] 2b5091cd7ef389f4fbc6cba46fb20ffe1b373bd8252aad117663f54abfb4e55c
[INFO] running `Command { std: "docker" "create" "-v" "/var/lib/crater-agent-workspace/builds/worker-4-tc1/target:/opt/rustwide/target:rw,Z" "-v" "/var/lib/crater-agent-workspace/builds/worker-4-tc1/source:/opt/rustwide/workdir:ro,Z" "-v" "/var/lib/crater-agent-workspace/cargo-home:/opt/rustwide/cargo-home:ro,Z" "-v" "/var/lib/crater-agent-workspace/rustup-home:/opt/rustwide/rustup-home:ro,Z" "-e" "SOURCE_DIR=/opt/rustwide/workdir" "-e" "CARGO_TARGET_DIR=/opt/rustwide/target" "-e" "CARGO_INCREMENTAL=0" "-e" "RUST_BACKTRACE=full" "-e" "RUSTFLAGS=--cap-lints=warn" "-e" "RUSTDOCFLAGS=--cap-lints=warn" "-e" "CARGO_HOME=/opt/rustwide/cargo-home" "-e" "RUSTUP_HOME=/opt/rustwide/rustup-home" "-w" "/opt/rustwide/workdir" "-m" "1610612736" "--user" "0:0" "--network" "none" "ghcr.io/rust-lang/crates-build-env/linux@sha256:2788e3201cd34a07e3172128adcd8b3090168a8e3bcc40d7c032b9dda1df7d1c" "/opt/rustwide/cargo-home/bin/cargo" "+1.75.0" "build" "--frozen" "--message-format=json", kill_on_drop: false }`
[INFO] [stdout] 28c2e4bb5b1040820115f2ed82faa21b8321b57c8f503264d8b725207ce8cdf6
[INFO] running `Command { std: "docker" "start" "-a" "28c2e4bb5b1040820115f2ed82faa21b8321b57c8f503264d8b725207ce8cdf6", kill_on_drop: false }`
[INFO] [stderr]    Compiling libc v0.2.147
[INFO] [stderr]    Compiling io-lifetimes v1.0.11
[INFO] [stderr]    Compiling rustix v0.37.20
[INFO] [stderr]    Compiling proc-macro2 v1.0.63
[INFO] [stderr]    Compiling linux-raw-sys v0.3.8
[INFO] [stderr]    Compiling quote v1.0.28
[INFO] [stderr]    Compiling unicode-ident v1.0.9
[INFO] [stderr]    Compiling anstyle-parse v0.2.1
[INFO] [stderr]    Compiling anstyle v1.0.1
[INFO] [stderr]    Compiling tempfile v3.6.0
[INFO] [stderr]    Compiling clap_lex v0.5.0
[INFO] [stderr]    Compiling anyhow v1.0.71
[INFO] [stderr]    Compiling fastrand v1.9.0
[INFO] [stderr]    Compiling syn v2.0.22
[INFO] [stderr]    Compiling is-terminal v0.4.7
[INFO] [stderr]    Compiling anstream v0.3.2
[INFO] [stderr]    Compiling clap_builder v4.3.9
[INFO] [stderr]    Compiling clap_derive v4.3.2
[INFO] [stderr]    Compiling clap v4.3.9
[INFO] [stderr]    Compiling tarantool-runner v0.1.0 (/opt/rustwide/workdir)
[INFO] [stderr]     Finished dev [unoptimized + debuginfo] target(s) in 9.31s
[INFO] running `Command { std: "docker" "inspect" "28c2e4bb5b1040820115f2ed82faa21b8321b57c8f503264d8b725207ce8cdf6", kill_on_drop: false }`
[INFO] running `Command { std: "docker" "rm" "-f" "28c2e4bb5b1040820115f2ed82faa21b8321b57c8f503264d8b725207ce8cdf6", kill_on_drop: false }`
[INFO] [stdout] 28c2e4bb5b1040820115f2ed82faa21b8321b57c8f503264d8b725207ce8cdf6
[INFO] running `Command { std: "docker" "create" "-v" "/var/lib/crater-agent-workspace/builds/worker-4-tc1/target:/opt/rustwide/target:rw,Z" "-v" "/var/lib/crater-agent-workspace/builds/worker-4-tc1/source:/opt/rustwide/workdir:ro,Z" "-v" "/var/lib/crater-agent-workspace/cargo-home:/opt/rustwide/cargo-home:ro,Z" "-v" "/var/lib/crater-agent-workspace/rustup-home:/opt/rustwide/rustup-home:ro,Z" "-e" "SOURCE_DIR=/opt/rustwide/workdir" "-e" "CARGO_TARGET_DIR=/opt/rustwide/target" "-e" "CARGO_INCREMENTAL=0" "-e" "RUST_BACKTRACE=full" "-e" "RUSTFLAGS=--cap-lints=warn" "-e" "RUSTDOCFLAGS=--cap-lints=warn" "-e" "CARGO_HOME=/opt/rustwide/cargo-home" "-e" "RUSTUP_HOME=/opt/rustwide/rustup-home" "-w" "/opt/rustwide/workdir" "-m" "1610612736" "--user" "0:0" "--network" "none" "ghcr.io/rust-lang/crates-build-env/linux@sha256:2788e3201cd34a07e3172128adcd8b3090168a8e3bcc40d7c032b9dda1df7d1c" "/opt/rustwide/cargo-home/bin/cargo" "+1.75.0" "test" "--frozen" "--no-run" "--message-format=json", kill_on_drop: false }`
[INFO] [stdout] efea83eaea15844e9e28a6ef491944dd53aeadff5b463816ff9204ca9af1dd1e
[INFO] running `Command { std: "docker" "start" "-a" "efea83eaea15844e9e28a6ef491944dd53aeadff5b463816ff9204ca9af1dd1e", kill_on_drop: false }`
[INFO] [stderr]    Compiling tarantool-runner v0.1.0 (/opt/rustwide/workdir)
[INFO] [stderr]     Finished test [unoptimized + debuginfo] target(s) in 0.36s
[INFO] running `Command { std: "docker" "inspect" "efea83eaea15844e9e28a6ef491944dd53aeadff5b463816ff9204ca9af1dd1e", kill_on_drop: false }`
[INFO] running `Command { std: "docker" "rm" "-f" "efea83eaea15844e9e28a6ef491944dd53aeadff5b463816ff9204ca9af1dd1e", kill_on_drop: false }`
[INFO] [stdout] efea83eaea15844e9e28a6ef491944dd53aeadff5b463816ff9204ca9af1dd1e
[INFO] running `Command { std: "docker" "create" "-v" "/var/lib/crater-agent-workspace/builds/worker-4-tc1/target:/opt/rustwide/target:rw,Z" "-v" "/var/lib/crater-agent-workspace/builds/worker-4-tc1/source:/opt/rustwide/workdir:ro,Z" "-v" "/var/lib/crater-agent-workspace/cargo-home:/opt/rustwide/cargo-home:ro,Z" "-v" "/var/lib/crater-agent-workspace/rustup-home:/opt/rustwide/rustup-home:ro,Z" "-e" "SOURCE_DIR=/opt/rustwide/workdir" "-e" "CARGO_TARGET_DIR=/opt/rustwide/target" "-e" "CARGO_INCREMENTAL=0" "-e" "RUST_BACKTRACE=full" "-e" "RUSTFLAGS=--cap-lints=warn" "-e" "RUSTDOCFLAGS=--cap-lints=warn" "-e" "CARGO_HOME=/opt/rustwide/cargo-home" "-e" "RUSTUP_HOME=/opt/rustwide/rustup-home" "-w" "/opt/rustwide/workdir" "-m" "1610612736" "--user" "0:0" "--network" "none" "ghcr.io/rust-lang/crates-build-env/linux@sha256:2788e3201cd34a07e3172128adcd8b3090168a8e3bcc40d7c032b9dda1df7d1c" "/opt/rustwide/cargo-home/bin/cargo" "+1.75.0" "test" "--frozen", kill_on_drop: false }`
[INFO] [stdout] b7f1ab8d61c0af63602db3e841146412c81c1bac756001df1b3d904cc38372b2
[INFO] running `Command { std: "docker" "start" "-a" "b7f1ab8d61c0af63602db3e841146412c81c1bac756001df1b3d904cc38372b2", kill_on_drop: false }`
[INFO] [stderr]     Finished test [unoptimized + debuginfo] target(s) in 0.02s
[INFO] [stderr]      Running unittests src/lib.rs (/opt/rustwide/target/debug/deps/tarantool_runner-060bf6b4cac6d056)
[INFO] [stdout] 
[INFO] [stdout] running 0 tests
[INFO] [stdout] 
[INFO] [stdout] test result: ok. 0 passed; 0 failed; 0 ignored; 0 measured; 0 filtered out; finished in 0.00s
[INFO] [stdout] 
[INFO] [stderr]      Running unittests src/main.rs (/opt/rustwide/target/debug/deps/tarantool_runner-3a7972cc1c36fbb7)
[INFO] [stdout] 
[INFO] [stdout] running 0 tests
[INFO] [stdout] 
[INFO] [stdout] test result: ok. 0 passed; 0 failed; 0 ignored; 0 measured; 0 filtered out; finished in 0.00s
[INFO] [stdout] 
[INFO] [stderr]    Doc-tests tarantool-runner
[INFO] [stdout] 
[INFO] [stdout] running 1 test
[INFO] [stdout] test src/lib.rs - (line 43) ... FAILED
[INFO] [stdout] 
[INFO] [stdout] failures:
[INFO] [stdout] 
[INFO] [stdout] ---- src/lib.rs - (line 43) stdout ----
[INFO] [stdout] error: expected `;`, found `Ok`
[INFO] [stdout]  --> src/lib.rs:46:24
[INFO] [stdout]   |
[INFO] [stdout] 5 |     println!("{input}")
[INFO] [stdout]   |                        ^ help: add `;` here
[INFO] [stdout] 6 |
[INFO] [stdout] 7 |     Ok(())
[INFO] [stdout]   |     -- unexpected token
[INFO] [stdout] 
[INFO] [stdout] error[E0433]: failed to resolve: use of undeclared crate or module `tarantool`
[INFO] [stdout]  --> src/lib.rs:44:3
[INFO] [stdout]   |
[INFO] [stdout] 3 | #[tarantool::proc]
[INFO] [stdout]   |   ^^^^^^^^^ use of undeclared crate or module `tarantool`
[INFO] [stdout] 
[INFO] [stdout] error[E0107]: enum takes 2 generic arguments but 1 generic argument was supplied
[INFO] [stdout]  --> src/lib.rs:45:48
[INFO] [stdout]   |
[INFO] [stdout] 4 | pub fn entrypoint_with_input(input: String) -> Result<()> {
[INFO] [stdout]   |                                                ^^^^^^ -- supplied 1 generic argument
[INFO] [stdout]   |                                                |
[INFO] [stdout]   |                                                expected 2 generic arguments
[INFO] [stdout]   |
[INFO] [stdout] help: add missing generic argument
[INFO] [stdout]   |
[INFO] [stdout] 4 | pub fn entrypoint_with_input(input: String) -> Result<(), E> {
[INFO] [stdout]   |                                                         +++
[INFO] [stdout] 
[INFO] [stdout] error: aborting due to 3 previous errors
[INFO] [stdout] 
[INFO] [stdout] Some errors have detailed explanations: E0107, E0433.
[INFO] [stdout] For more information about an error, try `rustc --explain E0107`.
[INFO] [stdout] Couldn't compile the test.
[INFO] [stdout] 
[INFO] [stdout] failures:
[INFO] [stdout]     src/lib.rs - (line 43)
[INFO] [stdout] 
[INFO] [stdout] test result: FAILED. 0 passed; 1 failed; 0 ignored; 0 measured; 0 filtered out; finished in 0.04s
[INFO] [stdout] 
[INFO] [stderr] error: doctest failed, to rerun pass `--doc`
[INFO] running `Command { std: "docker" "inspect" "b7f1ab8d61c0af63602db3e841146412c81c1bac756001df1b3d904cc38372b2", kill_on_drop: false }`
[INFO] running `Command { std: "docker" "rm" "-f" "b7f1ab8d61c0af63602db3e841146412c81c1bac756001df1b3d904cc38372b2", kill_on_drop: false }`
[INFO] [stdout] b7f1ab8d61c0af63602db3e841146412c81c1bac756001df1b3d904cc38372b2
