[INFO] fetching crate tarantool-module 0.2.1...
[INFO] testing tarantool-module-0.2.1 against 1.75.0 for beta-1.76-1
[INFO] extracting crate tarantool-module 0.2.1 into /workspace/builds/worker-4-tc1/source
[INFO] validating manifest of crates.io crate tarantool-module 0.2.1 on toolchain 1.75.0
[INFO] running `Command { std: CARGO_HOME="/workspace/cargo-home" RUSTUP_HOME="/workspace/rustup-home" "/workspace/cargo-home/bin/cargo" "+1.75.0" "metadata" "--manifest-path" "Cargo.toml" "--no-deps", kill_on_drop: false }`
[INFO] started tweaking crates.io crate tarantool-module 0.2.1
[INFO] finished tweaking crates.io crate tarantool-module 0.2.1
[INFO] tweaked toml for crates.io crate tarantool-module 0.2.1 written to /workspace/builds/worker-4-tc1/source/Cargo.toml
[INFO] running `Command { std: CARGO_HOME="/workspace/cargo-home" RUSTUP_HOME="/workspace/rustup-home" "/workspace/cargo-home/bin/cargo" "+1.75.0" "generate-lockfile" "--manifest-path" "Cargo.toml", kill_on_drop: false }`
[INFO] [stderr]     Updating crates.io index
[INFO] running `Command { std: CARGO_HOME="/workspace/cargo-home" RUSTUP_HOME="/workspace/rustup-home" "/workspace/cargo-home/bin/cargo" "+1.75.0" "fetch" "--manifest-path" "Cargo.toml", kill_on_drop: false }`
[INFO] [stderr]  Downloading crates ...
[INFO] [stderr]   Downloaded va_list v0.1.4
[INFO] running `Command { std: "docker" "create" "-v" "/var/lib/crater-agent-workspace/builds/worker-4-tc1/target:/opt/rustwide/target:rw,Z" "-v" "/var/lib/crater-agent-workspace/builds/worker-4-tc1/source:/opt/rustwide/workdir:ro,Z" "-v" "/var/lib/crater-agent-workspace/cargo-home:/opt/rustwide/cargo-home:ro,Z" "-v" "/var/lib/crater-agent-workspace/rustup-home:/opt/rustwide/rustup-home:ro,Z" "-e" "SOURCE_DIR=/opt/rustwide/workdir" "-e" "CARGO_TARGET_DIR=/opt/rustwide/target" "-e" "CARGO_HOME=/opt/rustwide/cargo-home" "-e" "RUSTUP_HOME=/opt/rustwide/rustup-home" "-w" "/opt/rustwide/workdir" "-m" "1610612736" "--user" "0:0" "--network" "none" "ghcr.io/rust-lang/crates-build-env/linux@sha256:2788e3201cd34a07e3172128adcd8b3090168a8e3bcc40d7c032b9dda1df7d1c" "/opt/rustwide/cargo-home/bin/cargo" "+1.75.0" "metadata" "--no-deps" "--format-version=1", kill_on_drop: false }`
[INFO] [stdout] dea28a932c1ee0053efa90f57f078ce7495cb787221dc98d8dbf29988946d3ec
[INFO] running `Command { std: "docker" "start" "-a" "dea28a932c1ee0053efa90f57f078ce7495cb787221dc98d8dbf29988946d3ec", kill_on_drop: false }`
[INFO] running `Command { std: "docker" "inspect" "dea28a932c1ee0053efa90f57f078ce7495cb787221dc98d8dbf29988946d3ec", kill_on_drop: false }`
[INFO] running `Command { std: "docker" "rm" "-f" "dea28a932c1ee0053efa90f57f078ce7495cb787221dc98d8dbf29988946d3ec", kill_on_drop: false }`
[INFO] [stdout] dea28a932c1ee0053efa90f57f078ce7495cb787221dc98d8dbf29988946d3ec
[INFO] running `Command { std: "docker" "create" "-v" "/var/lib/crater-agent-workspace/builds/worker-4-tc1/target:/opt/rustwide/target:rw,Z" "-v" "/var/lib/crater-agent-workspace/builds/worker-4-tc1/source:/opt/rustwide/workdir:ro,Z" "-v" "/var/lib/crater-agent-workspace/cargo-home:/opt/rustwide/cargo-home:ro,Z" "-v" "/var/lib/crater-agent-workspace/rustup-home:/opt/rustwide/rustup-home:ro,Z" "-e" "SOURCE_DIR=/opt/rustwide/workdir" "-e" "CARGO_TARGET_DIR=/opt/rustwide/target" "-e" "CARGO_INCREMENTAL=0" "-e" "RUST_BACKTRACE=full" "-e" "RUSTFLAGS=--cap-lints=warn" "-e" "RUSTDOCFLAGS=--cap-lints=warn" "-e" "CARGO_HOME=/opt/rustwide/cargo-home" "-e" "RUSTUP_HOME=/opt/rustwide/rustup-home" "-w" "/opt/rustwide/workdir" "-m" "1610612736" "--user" "0:0" "--network" "none" "ghcr.io/rust-lang/crates-build-env/linux@sha256:2788e3201cd34a07e3172128adcd8b3090168a8e3bcc40d7c032b9dda1df7d1c" "/opt/rustwide/cargo-home/bin/cargo" "+1.75.0" "build" "--frozen" "--message-format=json", kill_on_drop: false }`
[INFO] [stdout] 3915fed555bc71e41ae63bcc0ad2c61fc68a6c0276f68e63aa4dc17238ea3652
[INFO] running `Command { std: "docker" "start" "-a" "3915fed555bc71e41ae63bcc0ad2c61fc68a6c0276f68e63aa4dc17238ea3652", kill_on_drop: false }`
[INFO] [stderr]    Compiling proc-macro2 v1.0.75
[INFO] [stderr]    Compiling unicode-ident v1.0.12
[INFO] [stderr]    Compiling libc v0.2.151
[INFO] [stderr]    Compiling syn v1.0.109
[INFO] [stderr]    Compiling paste v1.0.14
[INFO] [stderr]    Compiling serde v1.0.194
[INFO] [stderr]    Compiling unicode-xid v0.2.4
[INFO] [stderr]    Compiling failure_derive v0.1.8
[INFO] [stderr]    Compiling va_list v0.1.4
[INFO] [stderr]    Compiling num-traits v0.2.17
[INFO] [stderr]    Compiling quote v1.0.35
[INFO] [stderr]    Compiling syn v2.0.48
[INFO] [stderr]    Compiling cc v1.0.83
[INFO] [stderr]    Compiling rmp v0.8.12
[INFO] [stderr]    Compiling backtrace v0.3.69
[INFO] [stderr]    Compiling serde_derive v1.0.194
[INFO] [stderr]    Compiling synstructure v0.12.6
[INFO] [stderr]    Compiling derivative v2.2.0
[INFO] [stderr]    Compiling num-derive v0.3.3
[INFO] [stderr]    Compiling failure v0.1.8
[INFO] [stderr]    Compiling rmp-serde v0.14.4
[INFO] [stderr]    Compiling tarantool-module v0.2.1 (/opt/rustwide/workdir)
[INFO] [stdout] warning: getting the inner pointer of a temporary `CString`
[INFO] [stdout]    --> src/error.rs:377:41
[INFO] [stdout]     |
[INFO] [stdout] 377 |             CString::new(file).unwrap().as_ptr(),
[INFO] [stdout]     |             --------------------------- ^^^^^^ this pointer will be invalid
[INFO] [stdout]     |             |
[INFO] [stdout]     |             this `CString` is deallocated at the end of the statement, bind it to a variable to extend its lifetime
[INFO] [stdout]     |
[INFO] [stdout]     = note: pointers do not have a lifetime; when calling `as_ptr` the `CString` will be deallocated at the end of the statement because nothing is referencing it as far as the type system is concerned
[INFO] [stdout]     = help: for more information, see https://doc.rust-lang.org/reference/destructors.html
[INFO] [stdout]     = note: `#[warn(temporary_cstring_as_ptr)]` on by default
[INFO] [stdout] 
[INFO] [stdout] 
[INFO] [stdout] warning: getting the inner pointer of a temporary `CString`
[INFO] [stdout]    --> src/error.rs:380:40
[INFO] [stdout]     |
[INFO] [stdout] 380 |             CString::new(msg).unwrap().as_ptr(),
[INFO] [stdout]     |             -------------------------- ^^^^^^ this pointer will be invalid
[INFO] [stdout]     |             |
[INFO] [stdout]     |             this `CString` is deallocated at the end of the statement, bind it to a variable to extend its lifetime
[INFO] [stdout]     |
[INFO] [stdout]     = note: pointers do not have a lifetime; when calling `as_ptr` the `CString` will be deallocated at the end of the statement because nothing is referencing it as far as the type system is concerned
[INFO] [stdout]     = help: for more information, see https://doc.rust-lang.org/reference/destructors.html
[INFO] [stdout] 
[INFO] [stdout] 
[INFO] [stdout] warning: getting the inner pointer of a temporary `CString`
[INFO] [stdout]   --> src/fiber.rs:83:72
[INFO] [stdout]    |
[INFO] [stdout] 83 |             inner: unsafe { ffi::fiber_new(CString::new(name).unwrap().as_ptr(), trampoline) },
[INFO] [stdout]    |                                            --------------------------- ^^^^^^ this pointer will be invalid
[INFO] [stdout]    |                                            |
[INFO] [stdout]    |                                            this `CString` is deallocated at the end of the statement, bind it to a variable to extend its lifetime
[INFO] [stdout]    |
[INFO] [stdout]    = note: pointers do not have a lifetime; when calling `as_ptr` the `CString` will be deallocated at the end of the statement because nothing is referencing it as far as the type system is concerned
[INFO] [stdout]    = help: for more information, see https://doc.rust-lang.org/reference/destructors.html
[INFO] [stdout] 
[INFO] [stdout] 
[INFO] [stdout] warning: getting the inner pointer of a temporary `CString`
[INFO] [stdout]    --> src/fiber.rs:108:63
[INFO] [stdout]     |
[INFO] [stdout] 108 |                 ffi::fiber_new_ex(CString::new(name).unwrap().as_ptr(), attr.inner, trampoline)
[INFO] [stdout]     |                                   --------------------------- ^^^^^^ this pointer will be invalid
[INFO] [stdout]     |                                   |
[INFO] [stdout]     |                                   this `CString` is deallocated at the end of the statement, bind it to a variable to extend its lifetime
[INFO] [stdout]     |
[INFO] [stdout]     = note: pointers do not have a lifetime; when calling `as_ptr` the `CString` will be deallocated at the end of the statement because nothing is referencing it as far as the type system is concerned
[INFO] [stdout]     = help: for more information, see https://doc.rust-lang.org/reference/destructors.html
[INFO] [stdout] 
[INFO] [stdout] 
[INFO] [stdout] warning: 4 warnings emitted
[INFO] [stdout] 
[INFO] [stdout] 
[INFO] [stderr]     Finished dev [unoptimized + debuginfo] target(s) in 10.80s
[INFO] running `Command { std: "docker" "inspect" "3915fed555bc71e41ae63bcc0ad2c61fc68a6c0276f68e63aa4dc17238ea3652", kill_on_drop: false }`
[INFO] running `Command { std: "docker" "rm" "-f" "3915fed555bc71e41ae63bcc0ad2c61fc68a6c0276f68e63aa4dc17238ea3652", kill_on_drop: false }`
[INFO] [stdout] 3915fed555bc71e41ae63bcc0ad2c61fc68a6c0276f68e63aa4dc17238ea3652
[INFO] running `Command { std: "docker" "create" "-v" "/var/lib/crater-agent-workspace/builds/worker-4-tc1/target:/opt/rustwide/target:rw,Z" "-v" "/var/lib/crater-agent-workspace/builds/worker-4-tc1/source:/opt/rustwide/workdir:ro,Z" "-v" "/var/lib/crater-agent-workspace/cargo-home:/opt/rustwide/cargo-home:ro,Z" "-v" "/var/lib/crater-agent-workspace/rustup-home:/opt/rustwide/rustup-home:ro,Z" "-e" "SOURCE_DIR=/opt/rustwide/workdir" "-e" "CARGO_TARGET_DIR=/opt/rustwide/target" "-e" "CARGO_INCREMENTAL=0" "-e" "RUST_BACKTRACE=full" "-e" "RUSTFLAGS=--cap-lints=warn" "-e" "RUSTDOCFLAGS=--cap-lints=warn" "-e" "CARGO_HOME=/opt/rustwide/cargo-home" "-e" "RUSTUP_HOME=/opt/rustwide/rustup-home" "-w" "/opt/rustwide/workdir" "-m" "1610612736" "--user" "0:0" "--network" "none" "ghcr.io/rust-lang/crates-build-env/linux@sha256:2788e3201cd34a07e3172128adcd8b3090168a8e3bcc40d7c032b9dda1df7d1c" "/opt/rustwide/cargo-home/bin/cargo" "+1.75.0" "test" "--frozen" "--no-run" "--message-format=json", kill_on_drop: false }`
[INFO] [stdout] 75778e748b45e1c2156b54ed3a1084b464dce0f23c6144e95ae53f7743e51b73
[INFO] running `Command { std: "docker" "start" "-a" "75778e748b45e1c2156b54ed3a1084b464dce0f23c6144e95ae53f7743e51b73", kill_on_drop: false }`
[INFO] [stdout] warning: getting the inner pointer of a temporary `CString`
[INFO] [stdout]    --> src/error.rs:377:41
[INFO] [stdout]     |
[INFO] [stdout] 377 |             CString::new(file).unwrap().as_ptr(),
[INFO] [stdout]     |             --------------------------- ^^^^^^ this pointer will be invalid
[INFO] [stdout]     |             |
[INFO] [stdout]     |             this `CString` is deallocated at the end of the statement, bind it to a variable to extend its lifetime
[INFO] [stdout]     |
[INFO] [stdout]     = note: pointers do not have a lifetime; when calling `as_ptr` the `CString` will be deallocated at the end of the statement because nothing is referencing it as far as the type system is concerned
[INFO] [stdout]     = help: for more information, see https://doc.rust-lang.org/reference/destructors.html
[INFO] [stdout]     = note: `#[warn(temporary_cstring_as_ptr)]` on by default
[INFO] [stdout] 
[INFO] [stdout] 
[INFO] [stdout] warning: getting the inner pointer of a temporary `CString`
[INFO] [stdout]    --> src/error.rs:380:40
[INFO] [stdout]     |
[INFO] [stdout] 380 |             CString::new(msg).unwrap().as_ptr(),
[INFO] [stdout]     |             -------------------------- ^^^^^^ this pointer will be invalid
[INFO] [stdout]     |             |
[INFO] [stdout]     |             this `CString` is deallocated at the end of the statement, bind it to a variable to extend its lifetime
[INFO] [stdout]     |
[INFO] [stdout]     = note: pointers do not have a lifetime; when calling `as_ptr` the `CString` will be deallocated at the end of the statement because nothing is referencing it as far as the type system is concerned
[INFO] [stdout]     = help: for more information, see https://doc.rust-lang.org/reference/destructors.html
[INFO] [stdout] 
[INFO] [stdout] 
[INFO] [stdout] warning: getting the inner pointer of a temporary `CString`
[INFO] [stdout]   --> src/fiber.rs:83:72
[INFO] [stdout]    |
[INFO] [stdout] 83 |             inner: unsafe { ffi::fiber_new(CString::new(name).unwrap().as_ptr(), trampoline) },
[INFO] [stdout]    |                                            --------------------------- ^^^^^^ this pointer will be invalid
[INFO] [stdout]    |                                            |
[INFO] [stdout]    |                                            this `CString` is deallocated at the end of the statement, bind it to a variable to extend its lifetime
[INFO] [stdout]    |
[INFO] [stdout]    = note: pointers do not have a lifetime; when calling `as_ptr` the `CString` will be deallocated at the end of the statement because nothing is referencing it as far as the type system is concerned
[INFO] [stdout]    = help: for more information, see https://doc.rust-lang.org/reference/destructors.html
[INFO] [stdout] 
[INFO] [stdout] 
[INFO] [stdout] warning: getting the inner pointer of a temporary `CString`
[INFO] [stdout]    --> src/fiber.rs:108:63
[INFO] [stdout]     |
[INFO] [stdout] 108 |                 ffi::fiber_new_ex(CString::new(name).unwrap().as_ptr(), attr.inner, trampoline)
[INFO] [stdout]     |                                   --------------------------- ^^^^^^ this pointer will be invalid
[INFO] [stdout]     |                                   |
[INFO] [stdout]     |                                   this `CString` is deallocated at the end of the statement, bind it to a variable to extend its lifetime
[INFO] [stdout]     |
[INFO] [stdout]     = note: pointers do not have a lifetime; when calling `as_ptr` the `CString` will be deallocated at the end of the statement because nothing is referencing it as far as the type system is concerned
[INFO] [stdout]     = help: for more information, see https://doc.rust-lang.org/reference/destructors.html
[INFO] [stdout] 
[INFO] [stdout] 
[INFO] [stderr]    Compiling tarantool-module v0.2.1 (/opt/rustwide/workdir)
[INFO] [stdout] warning: 4 warnings emitted
[INFO] [stdout] 
[INFO] [stdout] 
[INFO] [stdout] warning: getting the inner pointer of a temporary `CString`
[INFO] [stdout]    --> src/error.rs:377:41
[INFO] [stdout]     |
[INFO] [stdout] 377 |             CString::new(file).unwrap().as_ptr(),
[INFO] [stdout]     |             --------------------------- ^^^^^^ this pointer will be invalid
[INFO] [stdout]     |             |
[INFO] [stdout]     |             this `CString` is deallocated at the end of the statement, bind it to a variable to extend its lifetime
[INFO] [stdout]     |
[INFO] [stdout]     = note: pointers do not have a lifetime; when calling `as_ptr` the `CString` will be deallocated at the end of the statement because nothing is referencing it as far as the type system is concerned
[INFO] [stdout]     = help: for more information, see https://doc.rust-lang.org/reference/destructors.html
[INFO] [stdout]     = note: `#[warn(temporary_cstring_as_ptr)]` on by default
[INFO] [stdout] 
[INFO] [stdout] 
[INFO] [stdout] warning: getting the inner pointer of a temporary `CString`
[INFO] [stdout]    --> src/error.rs:380:40
[INFO] [stdout]     |
[INFO] [stdout] 380 |             CString::new(msg).unwrap().as_ptr(),
[INFO] [stdout]     |             -------------------------- ^^^^^^ this pointer will be invalid
[INFO] [stdout]     |             |
[INFO] [stdout]     |             this `CString` is deallocated at the end of the statement, bind it to a variable to extend its lifetime
[INFO] [stdout]     |
[INFO] [stdout]     = note: pointers do not have a lifetime; when calling `as_ptr` the `CString` will be deallocated at the end of the statement because nothing is referencing it as far as the type system is concerned
[INFO] [stdout]     = help: for more information, see https://doc.rust-lang.org/reference/destructors.html
[INFO] [stdout] 
[INFO] [stdout] 
[INFO] [stdout] warning: getting the inner pointer of a temporary `CString`
[INFO] [stdout]   --> src/fiber.rs:83:72
[INFO] [stdout]    |
[INFO] [stdout] 83 |             inner: unsafe { ffi::fiber_new(CString::new(name).unwrap().as_ptr(), trampoline) },
[INFO] [stdout]    |                                            --------------------------- ^^^^^^ this pointer will be invalid
[INFO] [stdout]    |                                            |
[INFO] [stdout]    |                                            this `CString` is deallocated at the end of the statement, bind it to a variable to extend its lifetime
[INFO] [stdout]    |
[INFO] [stdout]    = note: pointers do not have a lifetime; when calling `as_ptr` the `CString` will be deallocated at the end of the statement because nothing is referencing it as far as the type system is concerned
[INFO] [stdout]    = help: for more information, see https://doc.rust-lang.org/reference/destructors.html
[INFO] [stdout] 
[INFO] [stdout] 
[INFO] [stdout] warning: getting the inner pointer of a temporary `CString`
[INFO] [stdout]    --> src/fiber.rs:108:63
[INFO] [stdout]     |
[INFO] [stdout] 108 |                 ffi::fiber_new_ex(CString::new(name).unwrap().as_ptr(), attr.inner, trampoline)
[INFO] [stdout]     |                                   --------------------------- ^^^^^^ this pointer will be invalid
[INFO] [stdout]     |                                   |
[INFO] [stdout]     |                                   this `CString` is deallocated at the end of the statement, bind it to a variable to extend its lifetime
[INFO] [stdout]     |
[INFO] [stdout]     = note: pointers do not have a lifetime; when calling `as_ptr` the `CString` will be deallocated at the end of the statement because nothing is referencing it as far as the type system is concerned
[INFO] [stdout]     = help: for more information, see https://doc.rust-lang.org/reference/destructors.html
[INFO] [stdout] 
[INFO] [stdout] 
[INFO] [stdout] warning: 4 warnings emitted
[INFO] [stdout] 
[INFO] [stdout] 
[INFO] [stderr]     Finished test [unoptimized + debuginfo] target(s) in 0.62s
[INFO] running `Command { std: "docker" "inspect" "75778e748b45e1c2156b54ed3a1084b464dce0f23c6144e95ae53f7743e51b73", kill_on_drop: false }`
[INFO] running `Command { std: "docker" "rm" "-f" "75778e748b45e1c2156b54ed3a1084b464dce0f23c6144e95ae53f7743e51b73", kill_on_drop: false }`
[INFO] [stdout] 75778e748b45e1c2156b54ed3a1084b464dce0f23c6144e95ae53f7743e51b73
[INFO] running `Command { std: "docker" "create" "-v" "/var/lib/crater-agent-workspace/builds/worker-4-tc1/target:/opt/rustwide/target:rw,Z" "-v" "/var/lib/crater-agent-workspace/builds/worker-4-tc1/source:/opt/rustwide/workdir:ro,Z" "-v" "/var/lib/crater-agent-workspace/cargo-home:/opt/rustwide/cargo-home:ro,Z" "-v" "/var/lib/crater-agent-workspace/rustup-home:/opt/rustwide/rustup-home:ro,Z" "-e" "SOURCE_DIR=/opt/rustwide/workdir" "-e" "CARGO_TARGET_DIR=/opt/rustwide/target" "-e" "CARGO_INCREMENTAL=0" "-e" "RUST_BACKTRACE=full" "-e" "RUSTFLAGS=--cap-lints=warn" "-e" "RUSTDOCFLAGS=--cap-lints=warn" "-e" "CARGO_HOME=/opt/rustwide/cargo-home" "-e" "RUSTUP_HOME=/opt/rustwide/rustup-home" "-w" "/opt/rustwide/workdir" "-m" "1610612736" "--user" "0:0" "--network" "none" "ghcr.io/rust-lang/crates-build-env/linux@sha256:2788e3201cd34a07e3172128adcd8b3090168a8e3bcc40d7c032b9dda1df7d1c" "/opt/rustwide/cargo-home/bin/cargo" "+1.75.0" "test" "--frozen", kill_on_drop: false }`
[INFO] [stdout] a1f76fb6ebe57df0871516d4fb9b9a1740905413e2a17d07270965b603ac7cfd
[INFO] running `Command { std: "docker" "start" "-a" "a1f76fb6ebe57df0871516d4fb9b9a1740905413e2a17d07270965b603ac7cfd", kill_on_drop: false }`
[INFO] [stderr] warning: getting the inner pointer of a temporary `CString`
[INFO] [stderr]    --> src/error.rs:377:41
[INFO] [stderr]     |
[INFO] [stderr] 377 |             CString::new(file).unwrap().as_ptr(),
[INFO] [stderr]     |             --------------------------- ^^^^^^ this pointer will be invalid
[INFO] [stderr]     |             |
[INFO] [stderr]     |             this `CString` is deallocated at the end of the statement, bind it to a variable to extend its lifetime
[INFO] [stderr]     |
[INFO] [stderr]     = note: pointers do not have a lifetime; when calling `as_ptr` the `CString` will be deallocated at the end of the statement because nothing is referencing it as far as the type system is concerned
[INFO] [stderr]     = help: for more information, see https://doc.rust-lang.org/reference/destructors.html
[INFO] [stderr]     = note: `#[warn(temporary_cstring_as_ptr)]` on by default
[INFO] [stderr] 
[INFO] [stderr] warning: getting the inner pointer of a temporary `CString`
[INFO] [stderr]    --> src/error.rs:380:40
[INFO] [stderr]     |
[INFO] [stderr] 380 |             CString::new(msg).unwrap().as_ptr(),
[INFO] [stderr]     |             -------------------------- ^^^^^^ this pointer will be invalid
[INFO] [stderr]     |             |
[INFO] [stderr]     |             this `CString` is deallocated at the end of the statement, bind it to a variable to extend its lifetime
[INFO] [stderr]     |
[INFO] [stderr]     = note: pointers do not have a lifetime; when calling `as_ptr` the `CString` will be deallocated at the end of the statement because nothing is referencing it as far as the type system is concerned
[INFO] [stderr]     = help: for more information, see https://doc.rust-lang.org/reference/destructors.html
[INFO] [stderr] 
[INFO] [stderr] warning: getting the inner pointer of a temporary `CString`
[INFO] [stderr]   --> src/fiber.rs:83:72
[INFO] [stderr]    |
[INFO] [stderr] 83 |             inner: unsafe { ffi::fiber_new(CString::new(name).unwrap().as_ptr(), trampoline) },
[INFO] [stderr]    |                                            --------------------------- ^^^^^^ this pointer will be invalid
[INFO] [stderr]    |                                            |
[INFO] [stderr]    |                                            this `CString` is deallocated at the end of the statement, bind it to a variable to extend its lifetime
[INFO] [stderr]    |
[INFO] [stderr]    = note: pointers do not have a lifetime; when calling `as_ptr` the `CString` will be deallocated at the end of the statement because nothing is referencing it as far as the type system is concerned
[INFO] [stderr]    = help: for more information, see https://doc.rust-lang.org/reference/destructors.html
[INFO] [stderr] 
[INFO] [stderr] warning: getting the inner pointer of a temporary `CString`
[INFO] [stderr]    --> src/fiber.rs:108:63
[INFO] [stderr]     |
[INFO] [stderr] 108 |                 ffi::fiber_new_ex(CString::new(name).unwrap().as_ptr(), attr.inner, trampoline)
[INFO] [stderr]     |                                   --------------------------- ^^^^^^ this pointer will be invalid
[INFO] [stderr]     |                                   |
[INFO] [stderr]     |                                   this `CString` is deallocated at the end of the statement, bind it to a variable to extend its lifetime
[INFO] [stderr]     |
[INFO] [stderr]     = note: pointers do not have a lifetime; when calling `as_ptr` the `CString` will be deallocated at the end of the statement because nothing is referencing it as far as the type system is concerned
[INFO] [stderr]     = help: for more information, see https://doc.rust-lang.org/reference/destructors.html
[INFO] [stderr] 
[INFO] [stderr] warning: `tarantool-module` (lib) generated 4 warnings
[INFO] [stderr] warning: `tarantool-module` (lib test) generated 4 warnings (4 duplicates)
[INFO] [stderr]     Finished test [unoptimized + debuginfo] target(s) in 0.03s
[INFO] [stderr]      Running unittests src/lib.rs (/opt/rustwide/target/debug/deps/tarantool_module-2449ae3585229dd0)
[INFO] [stdout] 
[INFO] [stdout] running 0 tests
[INFO] [stdout] 
[INFO] [stdout] test result: ok. 0 passed; 0 failed; 0 ignored; 0 measured; 0 filtered out; finished in 0.00s
[INFO] [stdout] 
[INFO] [stderr]    Doc-tests tarantool-module
[INFO] [stdout] 
[INFO] [stdout] running 12 tests
[INFO] [stdout] test src/clock.rs - clock::time (line 30) ... FAILED
[INFO] [stdout] test src/space.rs - space::SystemSpace (line 21) ... FAILED
[INFO] [stdout] test src/tuple.rs - tuple::Tuple::iter (line 92) ... FAILED
[INFO] [stdout] test src/fiber.rs - fiber::Cond (line 288) ... FAILED
[INFO] [stdout] test src/coio.rs - coio::coio_call (line 186) ... FAILED
[INFO] [stdout] test src/fiber.rs - fiber::Cond (line 280) ... FAILED
[INFO] [stdout] test src/log.rs - log (line 4) ... FAILED
[INFO] [stdout] test src/clock.rs - clock::process (line 83) ... FAILED
[INFO] [stdout] test src/clock.rs - clock::thread (line 109) ... FAILED
[INFO] [stdout] test src/clock.rs - clock::monotonic (line 58) ... FAILED
[INFO] [stdout] test src/lib.rs - (line 85) ... ok
[INFO] [stdout] test src/fiber.rs - fiber::Fiber (line 41) ... FAILED
[INFO] [stdout] 
[INFO] [stdout] failures:
[INFO] [stdout] 
[INFO] [stdout] ---- src/clock.rs - clock::time (line 30) stdout ----
[INFO] [stdout] error[E0277]: cannot divide `f64` by `{integer}`
[INFO] [stdout]  --> src/clock.rs:34:23
[INFO] [stdout]   |
[INFO] [stdout] 7 | println!("{}", time() / (365 * 24 * 60 * 60));
[INFO] [stdout]   |                       ^ no implementation for `f64 / {integer}`
[INFO] [stdout]   |
[INFO] [stdout]   = help: the trait `Div<{integer}>` is not implemented for `f64`
[INFO] [stdout]   = help: the following other types implement trait `Div<Rhs>`:
[INFO] [stdout]             <f64 as Div>
[INFO] [stdout]             <f64 as Div<&f64>>
[INFO] [stdout]             <&'a f64 as Div<f64>>
[INFO] [stdout]             <&f64 as Div<&f64>>
[INFO] [stdout] 
[INFO] [stdout] error: aborting due to previous error
[INFO] [stdout] 
[INFO] [stdout] For more information about this error, try `rustc --explain E0277`.
[INFO] [stdout] Couldn't compile the test.
[INFO] [stdout] ---- src/space.rs - space::SystemSpace (line 21) stdout ----
[INFO] [stdout] error[E0283]: type annotations needed
[INFO] [stdout]  --> src/space.rs:24:5
[INFO] [stdout]   |
[INFO] [stdout] 6 | let schema_space = SystemSpace::Schema.into();
[INFO] [stdout]   |     ^^^^^^^^^^^^                       ---- type must be known at this point
[INFO] [stdout]   |
[INFO] [stdout]   = note: multiple `impl`s satisfying `SystemSpace: Into<_>` found in the following crates: `core`, `tarantool_module`:
[INFO] [stdout]           - impl Into<tarantool_module::space::Space> for SystemSpace;
[INFO] [stdout]           - impl<T, U> Into<U> for T
[INFO] [stdout]             where U: From<T>;
[INFO] [stdout] help: consider giving `schema_space` an explicit type
[INFO] [stdout]   |
[INFO] [stdout] 6 | let schema_space: /* Type */ = SystemSpace::Schema.into();
[INFO] [stdout]   |                 ++++++++++++
[INFO] [stdout] 
[INFO] [stdout] error: aborting due to previous error
[INFO] [stdout] 
[INFO] [stdout] For more information about this error, try `rustc --explain E0283`.
[INFO] [stdout] Couldn't compile the test.
[INFO] [stdout] ---- src/tuple.rs - tuple::Tuple::iter (line 92) stdout ----
[INFO] [stdout] error[E0425]: cannot find value `tuple` in this scope
[INFO] [stdout]  --> src/tuple.rs:93:14
[INFO] [stdout]   |
[INFO] [stdout] 3 | let mut it = tuple.iter().unwrap();
[INFO] [stdout]   |              ^^^^^ not found in this scope
[INFO] [stdout] 
[INFO] [stdout] error[E0425]: cannot find value `field` in this scope
[INFO] [stdout]   --> src/tuple.rs:104:1
[INFO] [stdout]    |
[INFO] [stdout] 14 | field = it.seek(3).unwrap();
[INFO] [stdout]    | ^^^^^
[INFO] [stdout]    |
[INFO] [stdout] help: you might have meant to introduce a new binding
[INFO] [stdout]    |
[INFO] [stdout] 14 | let field = it.seek(3).unwrap();
[INFO] [stdout]    | +++
[INFO] [stdout] 
[INFO] [stdout] error: aborting due to 2 previous errors
[INFO] [stdout] 
[INFO] [stdout] For more information about this error, try `rustc --explain E0425`.
[INFO] [stdout] Couldn't compile the test.
[INFO] [stdout] ---- src/fiber.rs - fiber::Cond (line 288) stdout ----
[INFO] [stdout] error[E0425]: cannot find value `cond` in this scope
[INFO] [stdout]  --> src/fiber.rs:290:1
[INFO] [stdout]   |
[INFO] [stdout] 4 | cond.signal();
[INFO] [stdout]   | ^^^^ not found in this scope
[INFO] [stdout] 
[INFO] [stdout] error: aborting due to previous error
[INFO] [stdout] 
[INFO] [stdout] For more information about this error, try `rustc --explain E0425`.
[INFO] [stdout] Couldn't compile the test.
[INFO] [stdout] ---- src/coio.rs - coio::coio_call (line 186) stdout ----
[INFO] [stdout] error[E0425]: cannot find function `coio_call` in this scope
[INFO] [stdout]  --> src/coio.rs:191:4
[INFO] [stdout]   |
[INFO] [stdout] 7 | if coio_call(func, FuncArgs{}) == -1 {
[INFO] [stdout]   |    ^^^^^^^^^ not found in this scope
[INFO] [stdout]   |
[INFO] [stdout] help: consider importing this function
[INFO] [stdout]   |
[INFO] [stdout] 2 + use tarantool_module::coio::coio_call;
[INFO] [stdout]   |
[INFO] [stdout] 
[INFO] [stdout] error[E0308]: mismatched types
[INFO] [stdout]  --> src/coio.rs:189:28
[INFO] [stdout]   |
[INFO] [stdout] 5 | fn func(args: FuncArgs) -> i32 {}
[INFO] [stdout]   |    ----                    ^^^ expected `i32`, found `()`
[INFO] [stdout]   |    |
[INFO] [stdout]   |    implicitly returns `()` as its body has no tail or `return` expression
[INFO] [stdout] 
[INFO] [stdout] error: aborting due to 2 previous errors
[INFO] [stdout] 
[INFO] [stdout] Some errors have detailed explanations: E0308, E0425.
[INFO] [stdout] For more information about an error, try `rustc --explain E0308`.
[INFO] [stdout] Couldn't compile the test.
[INFO] [stdout] ---- src/fiber.rs - fiber::Cond (line 280) stdout ----
[INFO] [stdout] error[E0425]: cannot find value `fiber` in this scope
[INFO] [stdout]  --> src/fiber.rs:283:12
[INFO] [stdout]   |
[INFO] [stdout] 6 | let cond = fiber.cond();
[INFO] [stdout]   |            ^^^^^ not found in this scope
[INFO] [stdout] 
[INFO] [stdout] error: aborting due to previous error
[INFO] [stdout] 
[INFO] [stdout] For more information about this error, try `rustc --explain E0425`.
[INFO] [stdout] Couldn't compile the test.
[INFO] [stdout] ---- src/log.rs - log (line 4) stdout ----
[INFO] [stdout] error[E0425]: cannot find value `username` in this scope
[INFO] [stdout]   --> src/log.rs:11:19
[INFO] [stdout]    |
[INFO] [stdout] 10 | info!("Hello {}", username);
[INFO] [stdout]    |                   ^^^^^^^^ not found in this scope
[INFO] [stdout] 
[INFO] [stdout] error: aborting due to previous error
[INFO] [stdout] 
[INFO] [stdout] For more information about this error, try `rustc --explain E0425`.
[INFO] [stdout] Couldn't compile the test.
[INFO] [stdout] ---- src/clock.rs - clock::process (line 83) stdout ----
[INFO] [stdout] error: linking with `cc` failed: exit status: 1
[INFO] [stdout]   |
[INFO] [stdout]   = note: LC_ALL="C" PATH="/opt/rustwide/rustup-home/toolchains/1.75.0-x86_64-unknown-linux-gnu/lib/rustlib/x86_64-unknown-linux-gnu/bin:/opt/rustwide/cargo-home/bin:/usr/local/sbin:/usr/local/bin:/usr/sbin:/usr/bin:/sbin:/bin" VSLANG="1033" "cc" "-m64" "/tmp/rustcygwEDv/symbols.o" "/tmp/rustdoctest6eYGY6/rust_out.rust_out.263fb70ac1c95110-cgu.0.rcgu.o" "/tmp/rustdoctest6eYGY6/rust_out.2uel00cfmdh5ufit.rcgu.o" "-Wl,--as-needed" "-L" "/opt/rustwide/target/debug/deps" "-L" "/opt/rustwide/target/debug/deps" "-L" "/opt/rustwide/rustup-home/toolchains/1.75.0-x86_64-unknown-linux-gnu/lib/rustlib/x86_64-unknown-linux-gnu/lib" "-Wl,-Bstatic" "/opt/rustwide/target/debug/deps/libtarantool_module-94926ab597618841.rlib" "/opt/rustwide/target/debug/deps/liblog-4f472032e8cdd371.rlib" "/opt/rustwide/target/debug/deps/librmp_serde-16b42e712cb0b299.rlib" "/opt/rustwide/target/debug/deps/librmp-d5fc75d66f2906ce.rlib" "/opt/rustwide/target/debug/deps/libbyteorder-e9468b374a0c0c11.rlib" "/opt/rustwide/target/debug/deps/libnum_traits-dcf66cbda2c5463d.rlib" "/opt/rustwide/target/debug/deps/libva_list-127d2b05152d5293.rlib" "/opt/rustwide/target/debug/deps/libserde-45e106c9ad1be78c.rlib" "/opt/rustwide/target/debug/deps/libfailure-7a2b6bb99c9d0582.rlib" "/opt/rustwide/target/debug/deps/libbacktrace-2e9a35bb140c9bf0.rlib" "/opt/rustwide/target/debug/deps/libminiz_oxide-3fde4c3c03045389.rlib" "/opt/rustwide/target/debug/deps/libadler-c8f2240c56a0abca.rlib" "/opt/rustwide/target/debug/deps/libobject-5123595bd7280b56.rlib" "/opt/rustwide/target/debug/deps/libmemchr-b51c5d7c252ae4be.rlib" "/opt/rustwide/target/debug/deps/liblibc-f01c1240f7c859d0.rlib" "/opt/rustwide/target/debug/deps/libaddr2line-2d4126a5dc567f39.rlib" "/opt/rustwide/target/debug/deps/libgimli-7f4f1abc0cbbfdc4.rlib" "/opt/rustwide/target/debug/deps/libcfg_if-61dc7a6799e72b18.rlib" "/opt/rustwide/target/debug/deps/librustc_demangle-7ef8571a19a75907.rlib" "/opt/rustwide/target/debug/deps/libbitflags-b7cee2ca4fb438d0.rlib" "/opt/rustwide/rustup-home/toolchains/1.75.0-x86_64-unknown-linux-gnu/lib/rustlib/x86_64-unknown-linux-gnu/lib/libstd-90f6ddbf82de36ec.rlib" "/opt/rustwide/rustup-home/toolchains/1.75.0-x86_64-unknown-linux-gnu/lib/rustlib/x86_64-unknown-linux-gnu/lib/libpanic_unwind-480c41e9d4e1f677.rlib" "/opt/rustwide/rustup-home/toolchains/1.75.0-x86_64-unknown-linux-gnu/lib/rustlib/x86_64-unknown-linux-gnu/lib/libobject-db744c0ca03eed1d.rlib" "/opt/rustwide/rustup-home/toolchains/1.75.0-x86_64-unknown-linux-gnu/lib/rustlib/x86_64-unknown-linux-gnu/lib/libmemchr-8ba652dc7d4b285a.rlib" "/opt/rustwide/rustup-home/toolchains/1.75.0-x86_64-unknown-linux-gnu/lib/rustlib/x86_64-unknown-linux-gnu/lib/libaddr2line-d5f4520a9ebc0d58.rlib" "/opt/rustwide/rustup-home/toolchains/1.75.0-x86_64-unknown-linux-gnu/lib/rustlib/x86_64-unknown-linux-gnu/lib/libgimli-4ad84de58f0cb463.rlib" "/opt/rustwide/rustup-home/toolchains/1.75.0-x86_64-unknown-linux-gnu/lib/rustlib/x86_64-unknown-linux-gnu/lib/librustc_demangle-0d10aae2e0f38735.rlib" "/opt/rustwide/rustup-home/toolchains/1.75.0-x86_64-unknown-linux-gnu/lib/rustlib/x86_64-unknown-linux-gnu/lib/libstd_detect-0c17cff739e6745b.rlib" "/opt/rustwide/rustup-home/toolchains/1.75.0-x86_64-unknown-linux-gnu/lib/rustlib/x86_64-unknown-linux-gnu/lib/libhashbrown-b29e17139dde1aa8.rlib" "/opt/rustwide/rustup-home/toolchains/1.75.0-x86_64-unknown-linux-gnu/lib/rustlib/x86_64-unknown-linux-gnu/lib/librustc_std_workspace_alloc-1f975299829cc7bd.rlib" "/opt/rustwide/rustup-home/toolchains/1.75.0-x86_64-unknown-linux-gnu/lib/rustlib/x86_64-unknown-linux-gnu/lib/libminiz_oxide-86bae3bc3079f89b.rlib" "/opt/rustwide/rustup-home/toolchains/1.75.0-x86_64-unknown-linux-gnu/lib/rustlib/x86_64-unknown-linux-gnu/lib/libadler-321b82c30dffdf5f.rlib" "/opt/rustwide/rustup-home/toolchains/1.75.0-x86_64-unknown-linux-gnu/lib/rustlib/x86_64-unknown-linux-gnu/lib/libunwind-3dd8a6810a0bdfef.rlib" "/opt/rustwide/rustup-home/toolchains/1.75.0-x86_64-unknown-linux-gnu/lib/rustlib/x86_64-unknown-linux-gnu/lib/libcfg_if-eb39a61c0c879984.rlib" "/opt/rustwide/rustup-home/toolchains/1.75.0-x86_64-unknown-linux-gnu/lib/rustlib/x86_64-unknown-linux-gnu/lib/liblibc-aa769569f91c3548.rlib" "/opt/rustwide/rustup-home/toolchains/1.75.0-x86_64-unknown-linux-gnu/lib/rustlib/x86_64-unknown-linux-gnu/lib/liballoc-510a192a50a983ed.rlib" "/opt/rustwide/rustup-home/toolchains/1.75.0-x86_64-unknown-linux-gnu/lib/rustlib/x86_64-unknown-linux-gnu/lib/librustc_std_workspace_core-0577018320f99037.rlib" "/opt/rustwide/rustup-home/toolchains/1.75.0-x86_64-unknown-linux-gnu/lib/rustlib/x86_64-unknown-linux-gnu/lib/libcore-193cf992125ccd4c.rlib" "/opt/rustwide/rustup-home/toolchains/1.75.0-x86_64-unknown-linux-gnu/lib/rustlib/x86_64-unknown-linux-gnu/lib/libcompiler_builtins-8e138eaf26ebb4a8.rlib" "-Wl,-Bdynamic" "-lgcc_s" "-lutil" "-lrt" "-lpthread" "-lm" "-ldl" "-lc" "-Wl,--eh-frame-hdr" "-Wl,-z,noexecstack" "-L" "/opt/rustwide/rustup-home/toolchains/1.75.0-x86_64-unknown-linux-gnu/lib/rustlib/x86_64-unknown-linux-gnu/lib" "-o" "/tmp/rustdoctest6eYGY6/rust_out" "-Wl,--gc-sections" "-pie" "-Wl,-z,relro,-z,now" "-nodefaultlibs"
[INFO] [stdout]   = note: /usr/bin/ld: /tmp/rustdoctest6eYGY6/rust_out.rust_out.263fb70ac1c95110-cgu.0.rcgu.o: in function `rust_out::main::_doctest_main_src_clock_rs_83_0':
[INFO] [stdout]           rust_out.263fb70ac1c95110-cgu.0:(.text._ZN8rust_out4main31_doctest_main_src_clock_rs_83_017h3a7c77040861ecd2E+0x7): undefined reference to `clock_process64'
[INFO] [stdout]           collect2: error: ld returned 1 exit status
[INFO] [stdout]           
[INFO] [stdout]   = note: some `extern` functions couldn't be found; some native libraries may need to be installed or have their path specified
[INFO] [stdout]   = note: use the `-l` flag to specify native libraries to link
[INFO] [stdout]   = note: use the `cargo:rustc-link-lib` directive to specify the native libraries to link with Cargo (see https://doc.rust-lang.org/cargo/reference/build-scripts.html#cargorustc-link-libkindname)
[INFO] [stdout] 
[INFO] [stdout] error: aborting due to previous error
[INFO] [stdout] 
[INFO] [stdout] Couldn't compile the test.
[INFO] [stdout] ---- src/clock.rs - clock::thread (line 109) stdout ----
[INFO] [stdout] error: linking with `cc` failed: exit status: 1
[INFO] [stdout]   |
[INFO] [stdout]   = note: LC_ALL="C" PATH="/opt/rustwide/rustup-home/toolchains/1.75.0-x86_64-unknown-linux-gnu/lib/rustlib/x86_64-unknown-linux-gnu/bin:/opt/rustwide/cargo-home/bin:/usr/local/sbin:/usr/local/bin:/usr/sbin:/usr/bin:/sbin:/bin" VSLANG="1033" "cc" "-m64" "/tmp/rustctYYPhe/symbols.o" "/tmp/rustdoctestBhMsbp/rust_out.rust_out.263fb70ac1c95110-cgu.0.rcgu.o" "/tmp/rustdoctestBhMsbp/rust_out.2uel00cfmdh5ufit.rcgu.o" "-Wl,--as-needed" "-L" "/opt/rustwide/target/debug/deps" "-L" "/opt/rustwide/target/debug/deps" "-L" "/opt/rustwide/rustup-home/toolchains/1.75.0-x86_64-unknown-linux-gnu/lib/rustlib/x86_64-unknown-linux-gnu/lib" "-Wl,-Bstatic" "/opt/rustwide/target/debug/deps/libtarantool_module-94926ab597618841.rlib" "/opt/rustwide/target/debug/deps/liblog-4f472032e8cdd371.rlib" "/opt/rustwide/target/debug/deps/librmp_serde-16b42e712cb0b299.rlib" "/opt/rustwide/target/debug/deps/librmp-d5fc75d66f2906ce.rlib" "/opt/rustwide/target/debug/deps/libbyteorder-e9468b374a0c0c11.rlib" "/opt/rustwide/target/debug/deps/libnum_traits-dcf66cbda2c5463d.rlib" "/opt/rustwide/target/debug/deps/libva_list-127d2b05152d5293.rlib" "/opt/rustwide/target/debug/deps/libserde-45e106c9ad1be78c.rlib" "/opt/rustwide/target/debug/deps/libfailure-7a2b6bb99c9d0582.rlib" "/opt/rustwide/target/debug/deps/libbacktrace-2e9a35bb140c9bf0.rlib" "/opt/rustwide/target/debug/deps/libminiz_oxide-3fde4c3c03045389.rlib" "/opt/rustwide/target/debug/deps/libadler-c8f2240c56a0abca.rlib" "/opt/rustwide/target/debug/deps/libobject-5123595bd7280b56.rlib" "/opt/rustwide/target/debug/deps/libmemchr-b51c5d7c252ae4be.rlib" "/opt/rustwide/target/debug/deps/liblibc-f01c1240f7c859d0.rlib" "/opt/rustwide/target/debug/deps/libaddr2line-2d4126a5dc567f39.rlib" "/opt/rustwide/target/debug/deps/libgimli-7f4f1abc0cbbfdc4.rlib" "/opt/rustwide/target/debug/deps/libcfg_if-61dc7a6799e72b18.rlib" "/opt/rustwide/target/debug/deps/librustc_demangle-7ef8571a19a75907.rlib" "/opt/rustwide/target/debug/deps/libbitflags-b7cee2ca4fb438d0.rlib" "/opt/rustwide/rustup-home/toolchains/1.75.0-x86_64-unknown-linux-gnu/lib/rustlib/x86_64-unknown-linux-gnu/lib/libstd-90f6ddbf82de36ec.rlib" "/opt/rustwide/rustup-home/toolchains/1.75.0-x86_64-unknown-linux-gnu/lib/rustlib/x86_64-unknown-linux-gnu/lib/libpanic_unwind-480c41e9d4e1f677.rlib" "/opt/rustwide/rustup-home/toolchains/1.75.0-x86_64-unknown-linux-gnu/lib/rustlib/x86_64-unknown-linux-gnu/lib/libobject-db744c0ca03eed1d.rlib" "/opt/rustwide/rustup-home/toolchains/1.75.0-x86_64-unknown-linux-gnu/lib/rustlib/x86_64-unknown-linux-gnu/lib/libmemchr-8ba652dc7d4b285a.rlib" "/opt/rustwide/rustup-home/toolchains/1.75.0-x86_64-unknown-linux-gnu/lib/rustlib/x86_64-unknown-linux-gnu/lib/libaddr2line-d5f4520a9ebc0d58.rlib" "/opt/rustwide/rustup-home/toolchains/1.75.0-x86_64-unknown-linux-gnu/lib/rustlib/x86_64-unknown-linux-gnu/lib/libgimli-4ad84de58f0cb463.rlib" "/opt/rustwide/rustup-home/toolchains/1.75.0-x86_64-unknown-linux-gnu/lib/rustlib/x86_64-unknown-linux-gnu/lib/librustc_demangle-0d10aae2e0f38735.rlib" "/opt/rustwide/rustup-home/toolchains/1.75.0-x86_64-unknown-linux-gnu/lib/rustlib/x86_64-unknown-linux-gnu/lib/libstd_detect-0c17cff739e6745b.rlib" "/opt/rustwide/rustup-home/toolchains/1.75.0-x86_64-unknown-linux-gnu/lib/rustlib/x86_64-unknown-linux-gnu/lib/libhashbrown-b29e17139dde1aa8.rlib" "/opt/rustwide/rustup-home/toolchains/1.75.0-x86_64-unknown-linux-gnu/lib/rustlib/x86_64-unknown-linux-gnu/lib/librustc_std_workspace_alloc-1f975299829cc7bd.rlib" "/opt/rustwide/rustup-home/toolchains/1.75.0-x86_64-unknown-linux-gnu/lib/rustlib/x86_64-unknown-linux-gnu/lib/libminiz_oxide-86bae3bc3079f89b.rlib" "/opt/rustwide/rustup-home/toolchains/1.75.0-x86_64-unknown-linux-gnu/lib/rustlib/x86_64-unknown-linux-gnu/lib/libadler-321b82c30dffdf5f.rlib" "/opt/rustwide/rustup-home/toolchains/1.75.0-x86_64-unknown-linux-gnu/lib/rustlib/x86_64-unknown-linux-gnu/lib/libunwind-3dd8a6810a0bdfef.rlib" "/opt/rustwide/rustup-home/toolchains/1.75.0-x86_64-unknown-linux-gnu/lib/rustlib/x86_64-unknown-linux-gnu/lib/libcfg_if-eb39a61c0c879984.rlib" "/opt/rustwide/rustup-home/toolchains/1.75.0-x86_64-unknown-linux-gnu/lib/rustlib/x86_64-unknown-linux-gnu/lib/liblibc-aa769569f91c3548.rlib" "/opt/rustwide/rustup-home/toolchains/1.75.0-x86_64-unknown-linux-gnu/lib/rustlib/x86_64-unknown-linux-gnu/lib/liballoc-510a192a50a983ed.rlib" "/opt/rustwide/rustup-home/toolchains/1.75.0-x86_64-unknown-linux-gnu/lib/rustlib/x86_64-unknown-linux-gnu/lib/librustc_std_workspace_core-0577018320f99037.rlib" "/opt/rustwide/rustup-home/toolchains/1.75.0-x86_64-unknown-linux-gnu/lib/rustlib/x86_64-unknown-linux-gnu/lib/libcore-193cf992125ccd4c.rlib" "/opt/rustwide/rustup-home/toolchains/1.75.0-x86_64-unknown-linux-gnu/lib/rustlib/x86_64-unknown-linux-gnu/lib/libcompiler_builtins-8e138eaf26ebb4a8.rlib" "-Wl,-Bdynamic" "-lgcc_s" "-lutil" "-lrt" "-lpthread" "-lm" "-ldl" "-lc" "-Wl,--eh-frame-hdr" "-Wl,-z,noexecstack" "-L" "/opt/rustwide/rustup-home/toolchains/1.75.0-x86_64-unknown-linux-gnu/lib/rustlib/x86_64-unknown-linux-gnu/lib" "-o" "/tmp/rustdoctestBhMsbp/rust_out" "-Wl,--gc-sections" "-pie" "-Wl,-z,relro,-z,now" "-nodefaultlibs"
[INFO] [stdout]   = note: /usr/bin/ld: /tmp/rustdoctestBhMsbp/rust_out.rust_out.263fb70ac1c95110-cgu.0.rcgu.o: in function `rust_out::main::_doctest_main_src_clock_rs_109_0':
[INFO] [stdout]           rust_out.263fb70ac1c95110-cgu.0:(.text._ZN8rust_out4main32_doctest_main_src_clock_rs_109_017h2e48f581c05c7e69E+0x7): undefined reference to `clock_thread64'
[INFO] [stdout]           collect2: error: ld returned 1 exit status
[INFO] [stdout]           
[INFO] [stdout]   = note: some `extern` functions couldn't be found; some native libraries may need to be installed or have their path specified
[INFO] [stdout]   = note: use the `-l` flag to specify native libraries to link
[INFO] [stdout]   = note: use the `cargo:rustc-link-lib` directive to specify the native libraries to link with Cargo (see https://doc.rust-lang.org/cargo/reference/build-scripts.html#cargorustc-link-libkindname)
[INFO] [stdout] 
[INFO] [stdout] error: aborting due to previous error
[INFO] [stdout] 
[INFO] [stdout] Couldn't compile the test.
[INFO] [stdout] ---- src/clock.rs - clock::monotonic (line 58) stdout ----
[INFO] [stdout] error: linking with `cc` failed: exit status: 1
[INFO] [stdout]   |
[INFO] [stdout]   = note: LC_ALL="C" PATH="/opt/rustwide/rustup-home/toolchains/1.75.0-x86_64-unknown-linux-gnu/lib/rustlib/x86_64-unknown-linux-gnu/bin:/opt/rustwide/cargo-home/bin:/usr/local/sbin:/usr/local/bin:/usr/sbin:/usr/bin:/sbin:/bin" VSLANG="1033" "cc" "-m64" "/tmp/rustc40r5tl/symbols.o" "/tmp/rustdoctest6PSagp/rust_out.rust_out.263fb70ac1c95110-cgu.0.rcgu.o" "/tmp/rustdoctest6PSagp/rust_out.2uel00cfmdh5ufit.rcgu.o" "-Wl,--as-needed" "-L" "/opt/rustwide/target/debug/deps" "-L" "/opt/rustwide/target/debug/deps" "-L" "/opt/rustwide/rustup-home/toolchains/1.75.0-x86_64-unknown-linux-gnu/lib/rustlib/x86_64-unknown-linux-gnu/lib" "-Wl,-Bstatic" "/opt/rustwide/target/debug/deps/libtarantool_module-94926ab597618841.rlib" "/opt/rustwide/target/debug/deps/liblog-4f472032e8cdd371.rlib" "/opt/rustwide/target/debug/deps/librmp_serde-16b42e712cb0b299.rlib" "/opt/rustwide/target/debug/deps/librmp-d5fc75d66f2906ce.rlib" "/opt/rustwide/target/debug/deps/libbyteorder-e9468b374a0c0c11.rlib" "/opt/rustwide/target/debug/deps/libnum_traits-dcf66cbda2c5463d.rlib" "/opt/rustwide/target/debug/deps/libva_list-127d2b05152d5293.rlib" "/opt/rustwide/target/debug/deps/libserde-45e106c9ad1be78c.rlib" "/opt/rustwide/target/debug/deps/libfailure-7a2b6bb99c9d0582.rlib" "/opt/rustwide/target/debug/deps/libbacktrace-2e9a35bb140c9bf0.rlib" "/opt/rustwide/target/debug/deps/libminiz_oxide-3fde4c3c03045389.rlib" "/opt/rustwide/target/debug/deps/libadler-c8f2240c56a0abca.rlib" "/opt/rustwide/target/debug/deps/libobject-5123595bd7280b56.rlib" "/opt/rustwide/target/debug/deps/libmemchr-b51c5d7c252ae4be.rlib" "/opt/rustwide/target/debug/deps/liblibc-f01c1240f7c859d0.rlib" "/opt/rustwide/target/debug/deps/libaddr2line-2d4126a5dc567f39.rlib" "/opt/rustwide/target/debug/deps/libgimli-7f4f1abc0cbbfdc4.rlib" "/opt/rustwide/target/debug/deps/libcfg_if-61dc7a6799e72b18.rlib" "/opt/rustwide/target/debug/deps/librustc_demangle-7ef8571a19a75907.rlib" "/opt/rustwide/target/debug/deps/libbitflags-b7cee2ca4fb438d0.rlib" "/opt/rustwide/rustup-home/toolchains/1.75.0-x86_64-unknown-linux-gnu/lib/rustlib/x86_64-unknown-linux-gnu/lib/libstd-90f6ddbf82de36ec.rlib" "/opt/rustwide/rustup-home/toolchains/1.75.0-x86_64-unknown-linux-gnu/lib/rustlib/x86_64-unknown-linux-gnu/lib/libpanic_unwind-480c41e9d4e1f677.rlib" "/opt/rustwide/rustup-home/toolchains/1.75.0-x86_64-unknown-linux-gnu/lib/rustlib/x86_64-unknown-linux-gnu/lib/libobject-db744c0ca03eed1d.rlib" "/opt/rustwide/rustup-home/toolchains/1.75.0-x86_64-unknown-linux-gnu/lib/rustlib/x86_64-unknown-linux-gnu/lib/libmemchr-8ba652dc7d4b285a.rlib" "/opt/rustwide/rustup-home/toolchains/1.75.0-x86_64-unknown-linux-gnu/lib/rustlib/x86_64-unknown-linux-gnu/lib/libaddr2line-d5f4520a9ebc0d58.rlib" "/opt/rustwide/rustup-home/toolchains/1.75.0-x86_64-unknown-linux-gnu/lib/rustlib/x86_64-unknown-linux-gnu/lib/libgimli-4ad84de58f0cb463.rlib" "/opt/rustwide/rustup-home/toolchains/1.75.0-x86_64-unknown-linux-gnu/lib/rustlib/x86_64-unknown-linux-gnu/lib/librustc_demangle-0d10aae2e0f38735.rlib" "/opt/rustwide/rustup-home/toolchains/1.75.0-x86_64-unknown-linux-gnu/lib/rustlib/x86_64-unknown-linux-gnu/lib/libstd_detect-0c17cff739e6745b.rlib" "/opt/rustwide/rustup-home/toolchains/1.75.0-x86_64-unknown-linux-gnu/lib/rustlib/x86_64-unknown-linux-gnu/lib/libhashbrown-b29e17139dde1aa8.rlib" "/opt/rustwide/rustup-home/toolchains/1.75.0-x86_64-unknown-linux-gnu/lib/rustlib/x86_64-unknown-linux-gnu/lib/librustc_std_workspace_alloc-1f975299829cc7bd.rlib" "/opt/rustwide/rustup-home/toolchains/1.75.0-x86_64-unknown-linux-gnu/lib/rustlib/x86_64-unknown-linux-gnu/lib/libminiz_oxide-86bae3bc3079f89b.rlib" "/opt/rustwide/rustup-home/toolchains/1.75.0-x86_64-unknown-linux-gnu/lib/rustlib/x86_64-unknown-linux-gnu/lib/libadler-321b82c30dffdf5f.rlib" "/opt/rustwide/rustup-home/toolchains/1.75.0-x86_64-unknown-linux-gnu/lib/rustlib/x86_64-unknown-linux-gnu/lib/libunwind-3dd8a6810a0bdfef.rlib" "/opt/rustwide/rustup-home/toolchains/1.75.0-x86_64-unknown-linux-gnu/lib/rustlib/x86_64-unknown-linux-gnu/lib/libcfg_if-eb39a61c0c879984.rlib" "/opt/rustwide/rustup-home/toolchains/1.75.0-x86_64-unknown-linux-gnu/lib/rustlib/x86_64-unknown-linux-gnu/lib/liblibc-aa769569f91c3548.rlib" "/opt/rustwide/rustup-home/toolchains/1.75.0-x86_64-unknown-linux-gnu/lib/rustlib/x86_64-unknown-linux-gnu/lib/liballoc-510a192a50a983ed.rlib" "/opt/rustwide/rustup-home/toolchains/1.75.0-x86_64-unknown-linux-gnu/lib/rustlib/x86_64-unknown-linux-gnu/lib/librustc_std_workspace_core-0577018320f99037.rlib" "/opt/rustwide/rustup-home/toolchains/1.75.0-x86_64-unknown-linux-gnu/lib/rustlib/x86_64-unknown-linux-gnu/lib/libcore-193cf992125ccd4c.rlib" "/opt/rustwide/rustup-home/toolchains/1.75.0-x86_64-unknown-linux-gnu/lib/rustlib/x86_64-unknown-linux-gnu/lib/libcompiler_builtins-8e138eaf26ebb4a8.rlib" "-Wl,-Bdynamic" "-lgcc_s" "-lutil" "-lrt" "-lpthread" "-lm" "-ldl" "-lc" "-Wl,--eh-frame-hdr" "-Wl,-z,noexecstack" "-L" "/opt/rustwide/rustup-home/toolchains/1.75.0-x86_64-unknown-linux-gnu/lib/rustlib/x86_64-unknown-linux-gnu/lib" "-o" "/tmp/rustdoctest6PSagp/rust_out" "-Wl,--gc-sections" "-pie" "-Wl,-z,relro,-z,now" "-nodefaultlibs"
[INFO] [stdout]   = note: /usr/bin/ld: /tmp/rustdoctest6PSagp/rust_out.rust_out.263fb70ac1c95110-cgu.0.rcgu.o: in function `rust_out::main::_doctest_main_src_clock_rs_58_0':
[INFO] [stdout]           rust_out.263fb70ac1c95110-cgu.0:(.text._ZN8rust_out4main31_doctest_main_src_clock_rs_58_017h4322045e01c28fbbE+0x7): undefined reference to `clock_monotonic64'
[INFO] [stdout]           collect2: error: ld returned 1 exit status
[INFO] [stdout]           
[INFO] [stdout]   = note: some `extern` functions couldn't be found; some native libraries may need to be installed or have their path specified
[INFO] [stdout]   = note: use the `-l` flag to specify native libraries to link
[INFO] [stdout]   = note: use the `cargo:rustc-link-lib` directive to specify the native libraries to link with Cargo (see https://doc.rust-lang.org/cargo/reference/build-scripts.html#cargorustc-link-libkindname)
[INFO] [stdout] 
[INFO] [stdout] error: aborting due to previous error
[INFO] [stdout] 
[INFO] [stdout] Couldn't compile the test.
[INFO] [stdout] ---- src/fiber.rs - fiber::Fiber (line 41) stdout ----
[INFO] [stdout] error: linking with `cc` failed: exit status: 1
[INFO] [stdout]   |
[INFO] [stdout]   = note: LC_ALL="C" PATH="/opt/rustwide/rustup-home/toolchains/1.75.0-x86_64-unknown-linux-gnu/lib/rustlib/x86_64-unknown-linux-gnu/bin:/opt/rustwide/cargo-home/bin:/usr/local/sbin:/usr/local/bin:/usr/sbin:/usr/bin:/sbin:/bin" VSLANG="1033" "cc" "-m64" "/tmp/rustce2aPrd/symbols.o" "/tmp/rustdoctest1vCd9f/rust_out.rust_out.263fb70ac1c95110-cgu.0.rcgu.o" "/tmp/rustdoctest1vCd9f/rust_out.2uel00cfmdh5ufit.rcgu.o" "-Wl,--as-needed" "-L" "/opt/rustwide/target/debug/deps" "-L" "/opt/rustwide/target/debug/deps" "-L" "/opt/rustwide/rustup-home/toolchains/1.75.0-x86_64-unknown-linux-gnu/lib/rustlib/x86_64-unknown-linux-gnu/lib" "-Wl,-Bstatic" "/opt/rustwide/target/debug/deps/libtarantool_module-94926ab597618841.rlib" "/opt/rustwide/target/debug/deps/liblog-4f472032e8cdd371.rlib" "/opt/rustwide/target/debug/deps/librmp_serde-16b42e712cb0b299.rlib" "/opt/rustwide/target/debug/deps/librmp-d5fc75d66f2906ce.rlib" "/opt/rustwide/target/debug/deps/libbyteorder-e9468b374a0c0c11.rlib" "/opt/rustwide/target/debug/deps/libnum_traits-dcf66cbda2c5463d.rlib" "/opt/rustwide/target/debug/deps/libva_list-127d2b05152d5293.rlib" "/opt/rustwide/target/debug/deps/libserde-45e106c9ad1be78c.rlib" "/opt/rustwide/target/debug/deps/libfailure-7a2b6bb99c9d0582.rlib" "/opt/rustwide/target/debug/deps/libbacktrace-2e9a35bb140c9bf0.rlib" "/opt/rustwide/target/debug/deps/libminiz_oxide-3fde4c3c03045389.rlib" "/opt/rustwide/target/debug/deps/libadler-c8f2240c56a0abca.rlib" "/opt/rustwide/target/debug/deps/libobject-5123595bd7280b56.rlib" "/opt/rustwide/target/debug/deps/libmemchr-b51c5d7c252ae4be.rlib" "/opt/rustwide/target/debug/deps/liblibc-f01c1240f7c859d0.rlib" "/opt/rustwide/target/debug/deps/libaddr2line-2d4126a5dc567f39.rlib" "/opt/rustwide/target/debug/deps/libgimli-7f4f1abc0cbbfdc4.rlib" "/opt/rustwide/target/debug/deps/libcfg_if-61dc7a6799e72b18.rlib" "/opt/rustwide/target/debug/deps/librustc_demangle-7ef8571a19a75907.rlib" "/opt/rustwide/target/debug/deps/libbitflags-b7cee2ca4fb438d0.rlib" "/opt/rustwide/rustup-home/toolchains/1.75.0-x86_64-unknown-linux-gnu/lib/rustlib/x86_64-unknown-linux-gnu/lib/libstd-90f6ddbf82de36ec.rlib" "/opt/rustwide/rustup-home/toolchains/1.75.0-x86_64-unknown-linux-gnu/lib/rustlib/x86_64-unknown-linux-gnu/lib/libpanic_unwind-480c41e9d4e1f677.rlib" "/opt/rustwide/rustup-home/toolchains/1.75.0-x86_64-unknown-linux-gnu/lib/rustlib/x86_64-unknown-linux-gnu/lib/libobject-db744c0ca03eed1d.rlib" "/opt/rustwide/rustup-home/toolchains/1.75.0-x86_64-unknown-linux-gnu/lib/rustlib/x86_64-unknown-linux-gnu/lib/libmemchr-8ba652dc7d4b285a.rlib" "/opt/rustwide/rustup-home/toolchains/1.75.0-x86_64-unknown-linux-gnu/lib/rustlib/x86_64-unknown-linux-gnu/lib/libaddr2line-d5f4520a9ebc0d58.rlib" "/opt/rustwide/rustup-home/toolchains/1.75.0-x86_64-unknown-linux-gnu/lib/rustlib/x86_64-unknown-linux-gnu/lib/libgimli-4ad84de58f0cb463.rlib" "/opt/rustwide/rustup-home/toolchains/1.75.0-x86_64-unknown-linux-gnu/lib/rustlib/x86_64-unknown-linux-gnu/lib/librustc_demangle-0d10aae2e0f38735.rlib" "/opt/rustwide/rustup-home/toolchains/1.75.0-x86_64-unknown-linux-gnu/lib/rustlib/x86_64-unknown-linux-gnu/lib/libstd_detect-0c17cff739e6745b.rlib" "/opt/rustwide/rustup-home/toolchains/1.75.0-x86_64-unknown-linux-gnu/lib/rustlib/x86_64-unknown-linux-gnu/lib/libhashbrown-b29e17139dde1aa8.rlib" "/opt/rustwide/rustup-home/toolchains/1.75.0-x86_64-unknown-linux-gnu/lib/rustlib/x86_64-unknown-linux-gnu/lib/librustc_std_workspace_alloc-1f975299829cc7bd.rlib" "/opt/rustwide/rustup-home/toolchains/1.75.0-x86_64-unknown-linux-gnu/lib/rustlib/x86_64-unknown-linux-gnu/lib/libminiz_oxide-86bae3bc3079f89b.rlib" "/opt/rustwide/rustup-home/toolchains/1.75.0-x86_64-unknown-linux-gnu/lib/rustlib/x86_64-unknown-linux-gnu/lib/libadler-321b82c30dffdf5f.rlib" "/opt/rustwide/rustup-home/toolchains/1.75.0-x86_64-unknown-linux-gnu/lib/rustlib/x86_64-unknown-linux-gnu/lib/libunwind-3dd8a6810a0bdfef.rlib" "/opt/rustwide/rustup-home/toolchains/1.75.0-x86_64-unknown-linux-gnu/lib/rustlib/x86_64-unknown-linux-gnu/lib/libcfg_if-eb39a61c0c879984.rlib" "/opt/rustwide/rustup-home/toolchains/1.75.0-x86_64-unknown-linux-gnu/lib/rustlib/x86_64-unknown-linux-gnu/lib/liblibc-aa769569f91c3548.rlib" "/opt/rustwide/rustup-home/toolchains/1.75.0-x86_64-unknown-linux-gnu/lib/rustlib/x86_64-unknown-linux-gnu/lib/liballoc-510a192a50a983ed.rlib" "/opt/rustwide/rustup-home/toolchains/1.75.0-x86_64-unknown-linux-gnu/lib/rustlib/x86_64-unknown-linux-gnu/lib/librustc_std_workspace_core-0577018320f99037.rlib" "/opt/rustwide/rustup-home/toolchains/1.75.0-x86_64-unknown-linux-gnu/lib/rustlib/x86_64-unknown-linux-gnu/lib/libcore-193cf992125ccd4c.rlib" "/opt/rustwide/rustup-home/toolchains/1.75.0-x86_64-unknown-linux-gnu/lib/rustlib/x86_64-unknown-linux-gnu/lib/libcompiler_builtins-8e138eaf26ebb4a8.rlib" "-Wl,-Bdynamic" "-lgcc_s" "-lutil" "-lrt" "-lpthread" "-lm" "-ldl" "-lc" "-Wl,--eh-frame-hdr" "-Wl,-z,noexecstack" "-L" "/opt/rustwide/rustup-home/toolchains/1.75.0-x86_64-unknown-linux-gnu/lib/rustlib/x86_64-unknown-linux-gnu/lib" "-o" "/tmp/rustdoctest1vCd9f/rust_out" "-Wl,--gc-sections" "-pie" "-Wl,-z,relro,-z,now" "-nodefaultlibs"
[INFO] [stdout]   = note: /usr/bin/ld: /tmp/rustdoctest1vCd9f/rust_out.rust_out.263fb70ac1c95110-cgu.0.rcgu.o: in function `tarantool_module::fiber::Fiber<T>::new':
[INFO] [stdout]           rust_out.263fb70ac1c95110-cgu.0:(.text._ZN16tarantool_module5fiber14Fiber$LT$T$GT$3new17h10e38e3a828c83edE+0xd1): undefined reference to `fiber_new'
[INFO] [stdout]           /usr/bin/ld: /tmp/rustdoctest1vCd9f/rust_out.rust_out.263fb70ac1c95110-cgu.0.rcgu.o: in function `tarantool_module::fiber::Fiber<T>::start':
[INFO] [stdout]           rust_out.263fb70ac1c95110-cgu.0:(.text._ZN16tarantool_module5fiber14Fiber$LT$T$GT$5start17hcf91630fd25c38e3E+0x5d): undefined reference to `fiber_start'
[INFO] [stdout]           collect2: error: ld returned 1 exit status
[INFO] [stdout]           
[INFO] [stdout]   = note: some `extern` functions couldn't be found; some native libraries may need to be installed or have their path specified
[INFO] [stdout]   = note: use the `-l` flag to specify native libraries to link
[INFO] [stdout]   = note: use the `cargo:rustc-link-lib` directive to specify the native libraries to link with Cargo (see https://doc.rust-lang.org/cargo/reference/build-scripts.html#cargorustc-link-libkindname)
[INFO] [stdout] 
[INFO] [stdout] error: aborting due to previous error
[INFO] [stdout] 
[INFO] [stdout] Couldn't compile the test.
[INFO] [stdout] 
[INFO] [stdout] failures:
[INFO] [stdout]     src/clock.rs - clock::monotonic (line 58)
[INFO] [stdout]     src/clock.rs - clock::process (line 83)
[INFO] [stdout]     src/clock.rs - clock::thread (line 109)
[INFO] [stdout]     src/clock.rs - clock::time (line 30)
[INFO] [stdout]     src/coio.rs - coio::coio_call (line 186)
[INFO] [stdout]     src/fiber.rs - fiber::Cond (line 280)
[INFO] [stdout]     src/fiber.rs - fiber::Cond (line 288)
[INFO] [stdout]     src/fiber.rs - fiber::Fiber (line 41)
[INFO] [stdout]     src/log.rs - log (line 4)
[INFO] [stdout]     src/space.rs - space::SystemSpace (line 21)
[INFO] [stdout]     src/tuple.rs - tuple::Tuple::iter (line 92)
[INFO] [stdout] 
[INFO] [stdout] test result: FAILED. 1 passed; 11 failed; 0 ignored; 0 measured; 0 filtered out; finished in 0.51s
[INFO] [stdout] 
[INFO] [stderr] error: doctest failed, to rerun pass `--doc`
[INFO] running `Command { std: "docker" "inspect" "a1f76fb6ebe57df0871516d4fb9b9a1740905413e2a17d07270965b603ac7cfd", kill_on_drop: false }`
[INFO] running `Command { std: "docker" "rm" "-f" "a1f76fb6ebe57df0871516d4fb9b9a1740905413e2a17d07270965b603ac7cfd", kill_on_drop: false }`
[INFO] [stdout] a1f76fb6ebe57df0871516d4fb9b9a1740905413e2a17d07270965b603ac7cfd
[INFO] testing tarantool-module-0.2.1 against beta-2023-12-22 for beta-1.76-1
[INFO] extracting crate tarantool-module 0.2.1 into /workspace/builds/worker-4-tc2/source
[INFO] validating manifest of crates.io crate tarantool-module 0.2.1 on toolchain beta-2023-12-22
[INFO] running `Command { std: CARGO_HOME="/workspace/cargo-home" RUSTUP_HOME="/workspace/rustup-home" "/workspace/cargo-home/bin/cargo" "+beta-2023-12-22" "metadata" "--manifest-path" "Cargo.toml" "--no-deps", kill_on_drop: false }`
[INFO] started tweaking crates.io crate tarantool-module 0.2.1
[INFO] finished tweaking crates.io crate tarantool-module 0.2.1
[INFO] tweaked toml for crates.io crate tarantool-module 0.2.1 written to /workspace/builds/worker-4-tc2/source/Cargo.toml
[INFO] running `Command { std: CARGO_HOME="/workspace/cargo-home" RUSTUP_HOME="/workspace/rustup-home" "/workspace/cargo-home/bin/cargo" "+beta-2023-12-22" "generate-lockfile" "--manifest-path" "Cargo.toml", kill_on_drop: false }`
[INFO] [stderr]     Updating crates.io index
[INFO] running `Command { std: CARGO_HOME="/workspace/cargo-home" RUSTUP_HOME="/workspace/rustup-home" "/workspace/cargo-home/bin/cargo" "+beta-2023-12-22" "fetch" "--manifest-path" "Cargo.toml", kill_on_drop: false }`
[INFO] running `Command { std: "docker" "create" "-v" "/var/lib/crater-agent-workspace/builds/worker-4-tc2/target:/opt/rustwide/target:rw,Z" "-v" "/var/lib/crater-agent-workspace/builds/worker-4-tc2/source:/opt/rustwide/workdir:ro,Z" "-v" "/var/lib/crater-agent-workspace/cargo-home:/opt/rustwide/cargo-home:ro,Z" "-v" "/var/lib/crater-agent-workspace/rustup-home:/opt/rustwide/rustup-home:ro,Z" "-e" "SOURCE_DIR=/opt/rustwide/workdir" "-e" "CARGO_TARGET_DIR=/opt/rustwide/target" "-e" "CARGO_HOME=/opt/rustwide/cargo-home" "-e" "RUSTUP_HOME=/opt/rustwide/rustup-home" "-w" "/opt/rustwide/workdir" "-m" "1610612736" "--user" "0:0" "--network" "none" "ghcr.io/rust-lang/crates-build-env/linux@sha256:2788e3201cd34a07e3172128adcd8b3090168a8e3bcc40d7c032b9dda1df7d1c" "/opt/rustwide/cargo-home/bin/cargo" "+beta-2023-12-22" "metadata" "--no-deps" "--format-version=1", kill_on_drop: false }`
[INFO] [stdout] 634d0076820f10fde3fdb43479c131e813e9e10c5468418954de6e5ef3c33e66
[INFO] running `Command { std: "docker" "start" "-a" "634d0076820f10fde3fdb43479c131e813e9e10c5468418954de6e5ef3c33e66", kill_on_drop: false }`
[INFO] running `Command { std: "docker" "inspect" "634d0076820f10fde3fdb43479c131e813e9e10c5468418954de6e5ef3c33e66", kill_on_drop: false }`
[INFO] running `Command { std: "docker" "rm" "-f" "634d0076820f10fde3fdb43479c131e813e9e10c5468418954de6e5ef3c33e66", kill_on_drop: false }`
[INFO] [stdout] 634d0076820f10fde3fdb43479c131e813e9e10c5468418954de6e5ef3c33e66
[INFO] running `Command { std: "docker" "create" "-v" "/var/lib/crater-agent-workspace/builds/worker-4-tc2/target:/opt/rustwide/target:rw,Z" "-v" "/var/lib/crater-agent-workspace/builds/worker-4-tc2/source:/opt/rustwide/workdir:ro,Z" "-v" "/var/lib/crater-agent-workspace/cargo-home:/opt/rustwide/cargo-home:ro,Z" "-v" "/var/lib/crater-agent-workspace/rustup-home:/opt/rustwide/rustup-home:ro,Z" "-e" "SOURCE_DIR=/opt/rustwide/workdir" "-e" "CARGO_TARGET_DIR=/opt/rustwide/target" "-e" "CARGO_INCREMENTAL=0" "-e" "RUST_BACKTRACE=full" "-e" "RUSTFLAGS=--cap-lints=warn" "-e" "RUSTDOCFLAGS=--cap-lints=warn" "-e" "CARGO_HOME=/opt/rustwide/cargo-home" "-e" "RUSTUP_HOME=/opt/rustwide/rustup-home" "-w" "/opt/rustwide/workdir" "-m" "1610612736" "--user" "0:0" "--network" "none" "ghcr.io/rust-lang/crates-build-env/linux@sha256:2788e3201cd34a07e3172128adcd8b3090168a8e3bcc40d7c032b9dda1df7d1c" "/opt/rustwide/cargo-home/bin/cargo" "+beta-2023-12-22" "build" "--frozen" "--message-format=json", kill_on_drop: false }`
[INFO] [stdout] 3a15013584f014c8d20b95d29d54b59a671ada3d8cea29224f977c0fda4784a0
[INFO] running `Command { std: "docker" "start" "-a" "3a15013584f014c8d20b95d29d54b59a671ada3d8cea29224f977c0fda4784a0", kill_on_drop: false }`
[INFO] [stderr]    Compiling proc-macro2 v1.0.75
[INFO] [stderr]    Compiling unicode-ident v1.0.12
[INFO] [stderr]    Compiling syn v1.0.109
[INFO] [stderr]    Compiling libc v0.2.151
[INFO] [stderr]    Compiling paste v1.0.14
[INFO] [stderr]    Compiling serde v1.0.194
[INFO] [stderr]    Compiling unicode-xid v0.2.4
[INFO] [stderr]    Compiling failure_derive v0.1.8
[INFO] [stderr]    Compiling num-traits v0.2.17
[INFO] [stderr]    Compiling va_list v0.1.4
[INFO] [stderr]    Compiling quote v1.0.35
[INFO] [stderr]    Compiling syn v2.0.48
[INFO] [stderr]    Compiling cc v1.0.83
[INFO] [stderr]    Compiling rmp v0.8.12
[INFO] [stderr]    Compiling backtrace v0.3.69
[INFO] [stderr]    Compiling serde_derive v1.0.194
[INFO] [stderr]    Compiling synstructure v0.12.6
[INFO] [stderr]    Compiling derivative v2.2.0
[INFO] [stderr]    Compiling num-derive v0.3.3
[INFO] [stderr]    Compiling failure v0.1.8
[INFO] [stderr]    Compiling rmp-serde v0.14.4
[INFO] [stderr]    Compiling tarantool-module v0.2.1 (/opt/rustwide/workdir)
[INFO] [stdout] warning: getting the inner pointer of a temporary `CString`
[INFO] [stdout]    --> src/error.rs:377:41
[INFO] [stdout]     |
[INFO] [stdout] 377 |             CString::new(file).unwrap().as_ptr(),
[INFO] [stdout]     |             --------------------------- ^^^^^^ this pointer will be invalid
[INFO] [stdout]     |             |
[INFO] [stdout]     |             this `CString` is deallocated at the end of the statement, bind it to a variable to extend its lifetime
[INFO] [stdout]     |
[INFO] [stdout]     = note: pointers do not have a lifetime; when calling `as_ptr` the `CString` will be deallocated at the end of the statement because nothing is referencing it as far as the type system is concerned
[INFO] [stdout]     = help: for more information, see https://doc.rust-lang.org/reference/destructors.html
[INFO] [stdout]     = note: `#[warn(temporary_cstring_as_ptr)]` on by default
[INFO] [stdout] 
[INFO] [stdout] 
[INFO] [stdout] warning: getting the inner pointer of a temporary `CString`
[INFO] [stdout]    --> src/error.rs:380:40
[INFO] [stdout]     |
[INFO] [stdout] 380 |             CString::new(msg).unwrap().as_ptr(),
[INFO] [stdout]     |             -------------------------- ^^^^^^ this pointer will be invalid
[INFO] [stdout]     |             |
[INFO] [stdout]     |             this `CString` is deallocated at the end of the statement, bind it to a variable to extend its lifetime
[INFO] [stdout]     |
[INFO] [stdout]     = note: pointers do not have a lifetime; when calling `as_ptr` the `CString` will be deallocated at the end of the statement because nothing is referencing it as far as the type system is concerned
[INFO] [stdout]     = help: for more information, see https://doc.rust-lang.org/reference/destructors.html
[INFO] [stdout] 
[INFO] [stdout] 
[INFO] [stdout] warning: getting the inner pointer of a temporary `CString`
[INFO] [stdout]   --> src/fiber.rs:83:72
[INFO] [stdout]    |
[INFO] [stdout] 83 |             inner: unsafe { ffi::fiber_new(CString::new(name).unwrap().as_ptr(), trampoline) },
[INFO] [stdout]    |                                            --------------------------- ^^^^^^ this pointer will be invalid
[INFO] [stdout]    |                                            |
[INFO] [stdout]    |                                            this `CString` is deallocated at the end of the statement, bind it to a variable to extend its lifetime
[INFO] [stdout]    |
[INFO] [stdout]    = note: pointers do not have a lifetime; when calling `as_ptr` the `CString` will be deallocated at the end of the statement because nothing is referencing it as far as the type system is concerned
[INFO] [stdout]    = help: for more information, see https://doc.rust-lang.org/reference/destructors.html
[INFO] [stdout] 
[INFO] [stdout] 
[INFO] [stdout] warning: getting the inner pointer of a temporary `CString`
[INFO] [stdout]    --> src/fiber.rs:108:63
[INFO] [stdout]     |
[INFO] [stdout] 108 |                 ffi::fiber_new_ex(CString::new(name).unwrap().as_ptr(), attr.inner, trampoline)
[INFO] [stdout]     |                                   --------------------------- ^^^^^^ this pointer will be invalid
[INFO] [stdout]     |                                   |
[INFO] [stdout]     |                                   this `CString` is deallocated at the end of the statement, bind it to a variable to extend its lifetime
[INFO] [stdout]     |
[INFO] [stdout]     = note: pointers do not have a lifetime; when calling `as_ptr` the `CString` will be deallocated at the end of the statement because nothing is referencing it as far as the type system is concerned
[INFO] [stdout]     = help: for more information, see https://doc.rust-lang.org/reference/destructors.html
[INFO] [stdout] 
[INFO] [stdout] 
[INFO] [stdout] warning: 4 warnings emitted
[INFO] [stdout] 
[INFO] [stdout] 
[INFO] [stderr]     Finished dev [unoptimized + debuginfo] target(s) in 14.53s
[INFO] running `Command { std: "docker" "inspect" "3a15013584f014c8d20b95d29d54b59a671ada3d8cea29224f977c0fda4784a0", kill_on_drop: false }`
[INFO] running `Command { std: "docker" "rm" "-f" "3a15013584f014c8d20b95d29d54b59a671ada3d8cea29224f977c0fda4784a0", kill_on_drop: false }`
[INFO] [stdout] 3a15013584f014c8d20b95d29d54b59a671ada3d8cea29224f977c0fda4784a0
[INFO] running `Command { std: "docker" "create" "-v" "/var/lib/crater-agent-workspace/builds/worker-4-tc2/target:/opt/rustwide/target:rw,Z" "-v" "/var/lib/crater-agent-workspace/builds/worker-4-tc2/source:/opt/rustwide/workdir:ro,Z" "-v" "/var/lib/crater-agent-workspace/cargo-home:/opt/rustwide/cargo-home:ro,Z" "-v" "/var/lib/crater-agent-workspace/rustup-home:/opt/rustwide/rustup-home:ro,Z" "-e" "SOURCE_DIR=/opt/rustwide/workdir" "-e" "CARGO_TARGET_DIR=/opt/rustwide/target" "-e" "CARGO_INCREMENTAL=0" "-e" "RUST_BACKTRACE=full" "-e" "RUSTFLAGS=--cap-lints=warn" "-e" "RUSTDOCFLAGS=--cap-lints=warn" "-e" "CARGO_HOME=/opt/rustwide/cargo-home" "-e" "RUSTUP_HOME=/opt/rustwide/rustup-home" "-w" "/opt/rustwide/workdir" "-m" "1610612736" "--user" "0:0" "--network" "none" "ghcr.io/rust-lang/crates-build-env/linux@sha256:2788e3201cd34a07e3172128adcd8b3090168a8e3bcc40d7c032b9dda1df7d1c" "/opt/rustwide/cargo-home/bin/cargo" "+beta-2023-12-22" "test" "--frozen" "--no-run" "--message-format=json", kill_on_drop: false }`
[INFO] [stdout] 09750f3e161e467c00f0c6a6834f0b8ecdd9350cb7454c6737e62ebe09b0a16b
[INFO] running `Command { std: "docker" "start" "-a" "09750f3e161e467c00f0c6a6834f0b8ecdd9350cb7454c6737e62ebe09b0a16b", kill_on_drop: false }`
[INFO] [stdout] warning: getting the inner pointer of a temporary `CString`
[INFO] [stdout]    --> src/error.rs:377:41
[INFO] [stdout]     |
[INFO] [stdout] 377 |             CString::new(file).unwrap().as_ptr(),
[INFO] [stdout]     |             --------------------------- ^^^^^^ this pointer will be invalid
[INFO] [stdout]     |             |
[INFO] [stdout]     |             this `CString` is deallocated at the end of the statement, bind it to a variable to extend its lifetime
[INFO] [stdout]     |
[INFO] [stdout]     = note: pointers do not have a lifetime; when calling `as_ptr` the `CString` will be deallocated at the end of the statement because nothing is referencing it as far as the type system is concerned
[INFO] [stdout]     = help: for more information, see https://doc.rust-lang.org/reference/destructors.html
[INFO] [stdout]     = note: `#[warn(temporary_cstring_as_ptr)]` on by default
[INFO] [stdout] 
[INFO] [stdout] 
[INFO] [stdout] warning: getting the inner pointer of a temporary `CString`
[INFO] [stdout]    --> src/error.rs:380:40
[INFO] [stdout]     |
[INFO] [stdout] 380 |             CString::new(msg).unwrap().as_ptr(),
[INFO] [stdout]     |             -------------------------- ^^^^^^ this pointer will be invalid
[INFO] [stdout]     |             |
[INFO] [stdout]     |             this `CString` is deallocated at the end of the statement, bind it to a variable to extend its lifetime
[INFO] [stdout]     |
[INFO] [stdout]     = note: pointers do not have a lifetime; when calling `as_ptr` the `CString` will be deallocated at the end of the statement because nothing is referencing it as far as the type system is concerned
[INFO] [stdout]     = help: for more information, see https://doc.rust-lang.org/reference/destructors.html
[INFO] [stdout] 
[INFO] [stdout] 
[INFO] [stdout] warning: getting the inner pointer of a temporary `CString`
[INFO] [stdout]   --> src/fiber.rs:83:72
[INFO] [stdout]    |
[INFO] [stdout] 83 |             inner: unsafe { ffi::fiber_new(CString::new(name).unwrap().as_ptr(), trampoline) },
[INFO] [stdout]    |                                            --------------------------- ^^^^^^ this pointer will be invalid
[INFO] [stdout]    |                                            |
[INFO] [stdout]    |                                            this `CString` is deallocated at the end of the statement, bind it to a variable to extend its lifetime
[INFO] [stdout]    |
[INFO] [stdout]    = note: pointers do not have a lifetime; when calling `as_ptr` the `CString` will be deallocated at the end of the statement because nothing is referencing it as far as the type system is concerned
[INFO] [stdout]    = help: for more information, see https://doc.rust-lang.org/reference/destructors.html
[INFO] [stdout] 
[INFO] [stdout] 
[INFO] [stdout] warning: getting the inner pointer of a temporary `CString`
[INFO] [stdout]    --> src/fiber.rs:108:63
[INFO] [stdout]     |
[INFO] [stdout] 108 |                 ffi::fiber_new_ex(CString::new(name).unwrap().as_ptr(), attr.inner, trampoline)
[INFO] [stdout]     |                                   --------------------------- ^^^^^^ this pointer will be invalid
[INFO] [stdout]     |                                   |
[INFO] [stdout]     |                                   this `CString` is deallocated at the end of the statement, bind it to a variable to extend its lifetime
[INFO] [stdout]     |
[INFO] [stdout]     = note: pointers do not have a lifetime; when calling `as_ptr` the `CString` will be deallocated at the end of the statement because nothing is referencing it as far as the type system is concerned
[INFO] [stdout]     = help: for more information, see https://doc.rust-lang.org/reference/destructors.html
[INFO] [stdout] 
[INFO] [stdout] 
[INFO] [stdout] warning: 4 warnings emitted
[INFO] [stdout] 
[INFO] [stdout] 
[INFO] [stderr]    Compiling tarantool-module v0.2.1 (/opt/rustwide/workdir)
[INFO] [stdout] warning: getting the inner pointer of a temporary `CString`
[INFO] [stdout]    --> src/error.rs:377:41
[INFO] [stdout]     |
[INFO] [stdout] 377 |             CString::new(file).unwrap().as_ptr(),
[INFO] [stdout]     |             --------------------------- ^^^^^^ this pointer will be invalid
[INFO] [stdout]     |             |
[INFO] [stdout]     |             this `CString` is deallocated at the end of the statement, bind it to a variable to extend its lifetime
[INFO] [stdout]     |
[INFO] [stdout]     = note: pointers do not have a lifetime; when calling `as_ptr` the `CString` will be deallocated at the end of the statement because nothing is referencing it as far as the type system is concerned
[INFO] [stdout]     = help: for more information, see https://doc.rust-lang.org/reference/destructors.html
[INFO] [stdout]     = note: `#[warn(temporary_cstring_as_ptr)]` on by default
[INFO] [stdout] 
[INFO] [stdout] 
[INFO] [stdout] warning: getting the inner pointer of a temporary `CString`
[INFO] [stdout]    --> src/error.rs:380:40
[INFO] [stdout]     |
[INFO] [stdout] 380 |             CString::new(msg).unwrap().as_ptr(),
[INFO] [stdout]     |             -------------------------- ^^^^^^ this pointer will be invalid
[INFO] [stdout]     |             |
[INFO] [stdout]     |             this `CString` is deallocated at the end of the statement, bind it to a variable to extend its lifetime
[INFO] [stdout]     |
[INFO] [stdout]     = note: pointers do not have a lifetime; when calling `as_ptr` the `CString` will be deallocated at the end of the statement because nothing is referencing it as far as the type system is concerned
[INFO] [stdout]     = help: for more information, see https://doc.rust-lang.org/reference/destructors.html
[INFO] [stdout] 
[INFO] [stdout] 
[INFO] [stdout] warning: getting the inner pointer of a temporary `CString`
[INFO] [stdout]   --> src/fiber.rs:83:72
[INFO] [stdout]    |
[INFO] [stdout] 83 |             inner: unsafe { ffi::fiber_new(CString::new(name).unwrap().as_ptr(), trampoline) },
[INFO] [stdout]    |                                            --------------------------- ^^^^^^ this pointer will be invalid
[INFO] [stdout]    |                                            |
[INFO] [stdout]    |                                            this `CString` is deallocated at the end of the statement, bind it to a variable to extend its lifetime
[INFO] [stdout]    |
[INFO] [stdout]    = note: pointers do not have a lifetime; when calling `as_ptr` the `CString` will be deallocated at the end of the statement because nothing is referencing it as far as the type system is concerned
[INFO] [stdout]    = help: for more information, see https://doc.rust-lang.org/reference/destructors.html
[INFO] [stdout] 
[INFO] [stdout] 
[INFO] [stdout] warning: getting the inner pointer of a temporary `CString`
[INFO] [stdout]    --> src/fiber.rs:108:63
[INFO] [stdout]     |
[INFO] [stdout] 108 |                 ffi::fiber_new_ex(CString::new(name).unwrap().as_ptr(), attr.inner, trampoline)
[INFO] [stdout]     |                                   --------------------------- ^^^^^^ this pointer will be invalid
[INFO] [stdout]     |                                   |
[INFO] [stdout]     |                                   this `CString` is deallocated at the end of the statement, bind it to a variable to extend its lifetime
[INFO] [stdout]     |
[INFO] [stdout]     = note: pointers do not have a lifetime; when calling `as_ptr` the `CString` will be deallocated at the end of the statement because nothing is referencing it as far as the type system is concerned
[INFO] [stdout]     = help: for more information, see https://doc.rust-lang.org/reference/destructors.html
[INFO] [stdout] 
[INFO] [stdout] 
[INFO] [stdout] warning: 4 warnings emitted
[INFO] [stdout] 
[INFO] [stdout] 
[INFO] [stderr]     Finished test [unoptimized + debuginfo] target(s) in 0.70s
[INFO] running `Command { std: "docker" "inspect" "09750f3e161e467c00f0c6a6834f0b8ecdd9350cb7454c6737e62ebe09b0a16b", kill_on_drop: false }`
[INFO] running `Command { std: "docker" "rm" "-f" "09750f3e161e467c00f0c6a6834f0b8ecdd9350cb7454c6737e62ebe09b0a16b", kill_on_drop: false }`
[INFO] [stdout] 09750f3e161e467c00f0c6a6834f0b8ecdd9350cb7454c6737e62ebe09b0a16b
[INFO] running `Command { std: "docker" "create" "-v" "/var/lib/crater-agent-workspace/builds/worker-4-tc2/target:/opt/rustwide/target:rw,Z" "-v" "/var/lib/crater-agent-workspace/builds/worker-4-tc2/source:/opt/rustwide/workdir:ro,Z" "-v" "/var/lib/crater-agent-workspace/cargo-home:/opt/rustwide/cargo-home:ro,Z" "-v" "/var/lib/crater-agent-workspace/rustup-home:/opt/rustwide/rustup-home:ro,Z" "-e" "SOURCE_DIR=/opt/rustwide/workdir" "-e" "CARGO_TARGET_DIR=/opt/rustwide/target" "-e" "CARGO_INCREMENTAL=0" "-e" "RUST_BACKTRACE=full" "-e" "RUSTFLAGS=--cap-lints=warn" "-e" "RUSTDOCFLAGS=--cap-lints=warn" "-e" "CARGO_HOME=/opt/rustwide/cargo-home" "-e" "RUSTUP_HOME=/opt/rustwide/rustup-home" "-w" "/opt/rustwide/workdir" "-m" "1610612736" "--user" "0:0" "--network" "none" "ghcr.io/rust-lang/crates-build-env/linux@sha256:2788e3201cd34a07e3172128adcd8b3090168a8e3bcc40d7c032b9dda1df7d1c" "/opt/rustwide/cargo-home/bin/cargo" "+beta-2023-12-22" "test" "--frozen", kill_on_drop: false }`
[INFO] [stdout] b0d33063c8669095f1294301fe7655090c792c633a101cca75bf0474bfa50411
[INFO] running `Command { std: "docker" "start" "-a" "b0d33063c8669095f1294301fe7655090c792c633a101cca75bf0474bfa50411", kill_on_drop: false }`
[INFO] [stderr] warning: getting the inner pointer of a temporary `CString`
[INFO] [stderr]    --> src/error.rs:377:41
[INFO] [stderr]     |
[INFO] [stderr] 377 |             CString::new(file).unwrap().as_ptr(),
[INFO] [stderr]     |             --------------------------- ^^^^^^ this pointer will be invalid
[INFO] [stderr]     |             |
[INFO] [stderr]     |             this `CString` is deallocated at the end of the statement, bind it to a variable to extend its lifetime
[INFO] [stderr]     |
[INFO] [stderr]     = note: pointers do not have a lifetime; when calling `as_ptr` the `CString` will be deallocated at the end of the statement because nothing is referencing it as far as the type system is concerned
[INFO] [stderr]     = help: for more information, see https://doc.rust-lang.org/reference/destructors.html
[INFO] [stderr]     = note: `#[warn(temporary_cstring_as_ptr)]` on by default
[INFO] [stderr] 
[INFO] [stderr] warning: getting the inner pointer of a temporary `CString`
[INFO] [stderr]    --> src/error.rs:380:40
[INFO] [stderr]     |
[INFO] [stderr] 380 |             CString::new(msg).unwrap().as_ptr(),
[INFO] [stderr]     |             -------------------------- ^^^^^^ this pointer will be invalid
[INFO] [stderr]     |             |
[INFO] [stderr]     |             this `CString` is deallocated at the end of the statement, bind it to a variable to extend its lifetime
[INFO] [stderr]     |
[INFO] [stderr]     = note: pointers do not have a lifetime; when calling `as_ptr` the `CString` will be deallocated at the end of the statement because nothing is referencing it as far as the type system is concerned
[INFO] [stderr]     = help: for more information, see https://doc.rust-lang.org/reference/destructors.html
[INFO] [stderr] 
[INFO] [stderr] warning: getting the inner pointer of a temporary `CString`
[INFO] [stderr]   --> src/fiber.rs:83:72
[INFO] [stderr]    |
[INFO] [stderr] 83 |             inner: unsafe { ffi::fiber_new(CString::new(name).unwrap().as_ptr(), trampoline) },
[INFO] [stderr]    |                                            --------------------------- ^^^^^^ this pointer will be invalid
[INFO] [stderr]    |                                            |
[INFO] [stderr]    |                                            this `CString` is deallocated at the end of the statement, bind it to a variable to extend its lifetime
[INFO] [stderr]    |
[INFO] [stderr]    = note: pointers do not have a lifetime; when calling `as_ptr` the `CString` will be deallocated at the end of the statement because nothing is referencing it as far as the type system is concerned
[INFO] [stderr]    = help: for more information, see https://doc.rust-lang.org/reference/destructors.html
[INFO] [stderr] 
[INFO] [stderr] warning: getting the inner pointer of a temporary `CString`
[INFO] [stderr]    --> src/fiber.rs:108:63
[INFO] [stderr]     |
[INFO] [stderr] 108 |                 ffi::fiber_new_ex(CString::new(name).unwrap().as_ptr(), attr.inner, trampoline)
[INFO] [stderr]     |                                   --------------------------- ^^^^^^ this pointer will be invalid
[INFO] [stderr]     |                                   |
[INFO] [stderr]     |                                   this `CString` is deallocated at the end of the statement, bind it to a variable to extend its lifetime
[INFO] [stderr]     |
[INFO] [stderr]     = note: pointers do not have a lifetime; when calling `as_ptr` the `CString` will be deallocated at the end of the statement because nothing is referencing it as far as the type system is concerned
[INFO] [stderr]     = help: for more information, see https://doc.rust-lang.org/reference/destructors.html
[INFO] [stderr] 
[INFO] [stderr] warning: `tarantool-module` (lib) generated 4 warnings
[INFO] [stderr] warning: `tarantool-module` (lib test) generated 4 warnings (4 duplicates)
[INFO] [stderr]     Finished test [unoptimized + debuginfo] target(s) in 0.03s
[INFO] [stderr]      Running unittests src/lib.rs (/opt/rustwide/target/debug/deps/tarantool_module-780046594f418c45)
[INFO] [stdout] 
[INFO] [stdout] running 0 tests
[INFO] [stdout] 
[INFO] [stdout] test result: ok. 0 passed; 0 failed; 0 ignored; 0 measured; 0 filtered out; finished in 0.00s
[INFO] [stdout] 
[INFO] [stderr]    Doc-tests tarantool-module
[INFO] [stdout] 
[INFO] [stdout] running 12 tests
[INFO] [stdout] test src/coio.rs - coio::coio_call (line 186) ... FAILED
[INFO] [stdout] test src/space.rs - space::SystemSpace (line 21) ... FAILED
[INFO] [stdout] test src/tuple.rs - tuple::Tuple::iter (line 92) ... FAILED
[INFO] [stdout] test src/clock.rs - clock::time (line 30) ... FAILED
[INFO] [stdout] test src/log.rs - log (line 4) ... FAILED
[INFO] [stdout] test src/fiber.rs - fiber::Cond (line 288) ... FAILED
[INFO] [stdout] test src/fiber.rs - fiber::Cond (line 280) ... FAILED
[INFO] [stdout] test src/clock.rs - clock::monotonic (line 58) ... FAILED
[INFO] [stdout] test src/lib.rs - (line 85) ... ok
[INFO] [stdout] test src/clock.rs - clock::thread (line 109) ... FAILED
[INFO] [stdout] test src/clock.rs - clock::process (line 83) ... FAILED
[INFO] [stdout] test src/fiber.rs - fiber::Fiber (line 41) ... FAILED
[INFO] [stdout] 
[INFO] [stdout] failures:
[INFO] [stdout] 
[INFO] [stdout] ---- src/coio.rs - coio::coio_call (line 186) stdout ----
[INFO] [stdout] error[E0425]: cannot find function `coio_call` in this scope
[INFO] [stdout]  --> src/coio.rs:191:4
[INFO] [stdout]   |
[INFO] [stdout] 7 | if coio_call(func, FuncArgs{}) == -1 {
[INFO] [stdout]   |    ^^^^^^^^^ not found in this scope
[INFO] [stdout]   |
[INFO] [stdout] help: consider importing this function
[INFO] [stdout]   |
[INFO] [stdout] 2 + use tarantool_module::coio::coio_call;
[INFO] [stdout]   |
[INFO] [stdout] 
[INFO] [stdout] error[E0308]: mismatched types
[INFO] [stdout]  --> src/coio.rs:189:28
[INFO] [stdout]   |
[INFO] [stdout] 5 | fn func(args: FuncArgs) -> i32 {}
[INFO] [stdout]   |    ----                    ^^^ expected `i32`, found `()`
[INFO] [stdout]   |    |
[INFO] [stdout]   |    implicitly returns `()` as its body has no tail or `return` expression
[INFO] [stdout] 
[INFO] [stdout] error: aborting due to 2 previous errors
[INFO] [stdout] 
[INFO] [stdout] Some errors have detailed explanations: E0308, E0425.
[INFO] [stdout] For more information about an error, try `rustc --explain E0308`.
[INFO] [stdout] Couldn't compile the test.
[INFO] [stdout] ---- src/space.rs - space::SystemSpace (line 21) stdout ----
[INFO] [stdout] error[E0283]: type annotations needed
[INFO] [stdout]  --> src/space.rs:24:5
[INFO] [stdout]   |
[INFO] [stdout] 6 | let schema_space = SystemSpace::Schema.into();
[INFO] [stdout]   |     ^^^^^^^^^^^^                       ---- type must be known at this point
[INFO] [stdout]   |
[INFO] [stdout]   = note: multiple `impl`s satisfying `SystemSpace: Into<_>` found in the following crates: `core`, `tarantool_module`:
[INFO] [stdout]           - impl Into<tarantool_module::space::Space> for SystemSpace;
[INFO] [stdout]           - impl<T, U> Into<U> for T
[INFO] [stdout]             where U: From<T>;
[INFO] [stdout] help: consider giving `schema_space` an explicit type
[INFO] [stdout]   |
[INFO] [stdout] 6 | let schema_space: /* Type */ = SystemSpace::Schema.into();
[INFO] [stdout]   |                 ++++++++++++
[INFO] [stdout] 
[INFO] [stdout] error: aborting due to 1 previous error
[INFO] [stdout] 
[INFO] [stdout] For more information about this error, try `rustc --explain E0283`.
[INFO] [stdout] Couldn't compile the test.
[INFO] [stdout] ---- src/tuple.rs - tuple::Tuple::iter (line 92) stdout ----
[INFO] [stdout] error[E0425]: cannot find value `tuple` in this scope
[INFO] [stdout]  --> src/tuple.rs:93:14
[INFO] [stdout]   |
[INFO] [stdout] 3 | let mut it = tuple.iter().unwrap();
[INFO] [stdout]   |              ^^^^^ not found in this scope
[INFO] [stdout] 
[INFO] [stdout] error[E0425]: cannot find value `field` in this scope
[INFO] [stdout]   --> src/tuple.rs:104:1
[INFO] [stdout]    |
[INFO] [stdout] 14 | field = it.seek(3).unwrap();
[INFO] [stdout]    | ^^^^^
[INFO] [stdout]    |
[INFO] [stdout] help: you might have meant to introduce a new binding
[INFO] [stdout]    |
[INFO] [stdout] 14 | let field = it.seek(3).unwrap();
[INFO] [stdout]    | +++
[INFO] [stdout] 
[INFO] [stdout] error: aborting due to 2 previous errors
[INFO] [stdout] 
[INFO] [stdout] For more information about this error, try `rustc --explain E0425`.
[INFO] [stdout] Couldn't compile the test.
[INFO] [stdout] ---- src/clock.rs - clock::time (line 30) stdout ----
[INFO] [stdout] error[E0277]: cannot divide `f64` by `{integer}`
[INFO] [stdout]  --> src/clock.rs:34:23
[INFO] [stdout]   |
[INFO] [stdout] 7 | println!("{}", time() / (365 * 24 * 60 * 60));
[INFO] [stdout]   |                       ^ no implementation for `f64 / {integer}`
[INFO] [stdout]   |
[INFO] [stdout]   = help: the trait `Div<{integer}>` is not implemented for `f64`
[INFO] [stdout]   = help: the following other types implement trait `Div<Rhs>`:
[INFO] [stdout]             <f64 as Div>
[INFO] [stdout]             <f64 as Div<&f64>>
[INFO] [stdout]             <&'a f64 as Div<f64>>
[INFO] [stdout]             <&f64 as Div<&f64>>
[INFO] [stdout] 
[INFO] [stdout] error: aborting due to 1 previous error
[INFO] [stdout] 
[INFO] [stdout] For more information about this error, try `rustc --explain E0277`.
[INFO] [stdout] Couldn't compile the test.
[INFO] [stdout] ---- src/log.rs - log (line 4) stdout ----
[INFO] [stdout] error[E0425]: cannot find value `username` in this scope
[INFO] [stdout]   --> src/log.rs:11:19
[INFO] [stdout]    |
[INFO] [stdout] 10 | info!("Hello {}", username);
[INFO] [stdout]    |                   ^^^^^^^^ not found in this scope
[INFO] [stdout] 
[INFO] [stdout] error: aborting due to 1 previous error
[INFO] [stdout] 
[INFO] [stdout] For more information about this error, try `rustc --explain E0425`.
[INFO] [stdout] Couldn't compile the test.
[INFO] [stdout] ---- src/fiber.rs - fiber::Cond (line 288) stdout ----
[INFO] [stdout] error[E0425]: cannot find value `cond` in this scope
[INFO] [stdout]  --> src/fiber.rs:290:1
[INFO] [stdout]   |
[INFO] [stdout] 4 | cond.signal();
[INFO] [stdout]   | ^^^^ not found in this scope
[INFO] [stdout] 
[INFO] [stdout] error: aborting due to 1 previous error
[INFO] [stdout] 
[INFO] [stdout] For more information about this error, try `rustc --explain E0425`.
[INFO] [stdout] Couldn't compile the test.
[INFO] [stdout] ---- src/fiber.rs - fiber::Cond (line 280) stdout ----
[INFO] [stdout] error[E0425]: cannot find value `fiber` in this scope
[INFO] [stdout]  --> src/fiber.rs:283:12
[INFO] [stdout]   |
[INFO] [stdout] 6 | let cond = fiber.cond();
[INFO] [stdout]   |            ^^^^^ not found in this scope
[INFO] [stdout] 
[INFO] [stdout] error: aborting due to 1 previous error
[INFO] [stdout] 
[INFO] [stdout] For more information about this error, try `rustc --explain E0425`.
[INFO] [stdout] Couldn't compile the test.
[INFO] [stdout] ---- src/clock.rs - clock::monotonic (line 58) stdout ----
[INFO] [stdout] error: linking with `cc` failed: exit status: 1
[INFO] [stdout]   |
[INFO] [stdout]   = note: LC_ALL="C" PATH="/opt/rustwide/rustup-home/toolchains/beta-2023-12-22-x86_64-unknown-linux-gnu/lib/rustlib/x86_64-unknown-linux-gnu/bin:/opt/rustwide/cargo-home/bin:/usr/local/sbin:/usr/local/bin:/usr/sbin:/usr/bin:/sbin:/bin" VSLANG="1033" "cc" "-m64" "/tmp/rustccGgKAT/symbols.o" "/tmp/rustdoctestq7CK7j/rust_out.rust_out.1380c8ea7c88b8e2-cgu.0.rcgu.o" "/tmp/rustdoctestq7CK7j/rust_out.3lr6z6385pynyhem.rcgu.o" "-Wl,--as-needed" "-L" "/opt/rustwide/target/debug/deps" "-L" "/opt/rustwide/target/debug/deps" "-L" "/opt/rustwide/rustup-home/toolchains/beta-2023-12-22-x86_64-unknown-linux-gnu/lib/rustlib/x86_64-unknown-linux-gnu/lib" "-Wl,-Bstatic" "/opt/rustwide/target/debug/deps/libtarantool_module-b88329cf5be6fb74.rlib" "/opt/rustwide/target/debug/deps/liblog-8188d82fb061445d.rlib" "/opt/rustwide/target/debug/deps/librmp_serde-af5ad66f46ee95e3.rlib" "/opt/rustwide/target/debug/deps/librmp-cc6c467ad0b71af7.rlib" "/opt/rustwide/target/debug/deps/libbyteorder-6ac88002c46ec63a.rlib" "/opt/rustwide/target/debug/deps/libnum_traits-d78ef80edf268e06.rlib" "/opt/rustwide/target/debug/deps/libva_list-fc0f86903e58e5b5.rlib" "/opt/rustwide/target/debug/deps/libserde-61134f3d1a2c1b08.rlib" "/opt/rustwide/target/debug/deps/libfailure-e71c625ce47ff5e8.rlib" "/opt/rustwide/target/debug/deps/libbacktrace-64c02d7a6a86d0f5.rlib" "/opt/rustwide/target/debug/deps/libminiz_oxide-612aa2003885fc91.rlib" "/opt/rustwide/target/debug/deps/libadler-eba61f23bb3cdb48.rlib" "/opt/rustwide/target/debug/deps/libobject-85f9c8f1711ccb98.rlib" "/opt/rustwide/target/debug/deps/libmemchr-1dbd883230497095.rlib" "/opt/rustwide/target/debug/deps/liblibc-9bdc13f38078ecbe.rlib" "/opt/rustwide/target/debug/deps/libaddr2line-21893705b0d8abc8.rlib" "/opt/rustwide/target/debug/deps/libgimli-f171d86691d4b49e.rlib" "/opt/rustwide/target/debug/deps/libcfg_if-e7002d307f97bc56.rlib" "/opt/rustwide/target/debug/deps/librustc_demangle-880659badff80dc2.rlib" "/opt/rustwide/target/debug/deps/libbitflags-85e13ed1e0c6d910.rlib" "/opt/rustwide/rustup-home/toolchains/beta-2023-12-22-x86_64-unknown-linux-gnu/lib/rustlib/x86_64-unknown-linux-gnu/lib/libstd-0672489a78b613de.rlib" "/opt/rustwide/rustup-home/toolchains/beta-2023-12-22-x86_64-unknown-linux-gnu/lib/rustlib/x86_64-unknown-linux-gnu/lib/libpanic_unwind-7eb3ffc34a49f675.rlib" "/opt/rustwide/rustup-home/toolchains/beta-2023-12-22-x86_64-unknown-linux-gnu/lib/rustlib/x86_64-unknown-linux-gnu/lib/libobject-6478a9daa4bee8e2.rlib" "/opt/rustwide/rustup-home/toolchains/beta-2023-12-22-x86_64-unknown-linux-gnu/lib/rustlib/x86_64-unknown-linux-gnu/lib/libmemchr-0c75d871a5c3923d.rlib" "/opt/rustwide/rustup-home/toolchains/beta-2023-12-22-x86_64-unknown-linux-gnu/lib/rustlib/x86_64-unknown-linux-gnu/lib/libaddr2line-d163ef63ad37bb71.rlib" "/opt/rustwide/rustup-home/toolchains/beta-2023-12-22-x86_64-unknown-linux-gnu/lib/rustlib/x86_64-unknown-linux-gnu/lib/libgimli-8a3fd810a85b9f4c.rlib" "/opt/rustwide/rustup-home/toolchains/beta-2023-12-22-x86_64-unknown-linux-gnu/lib/rustlib/x86_64-unknown-linux-gnu/lib/librustc_demangle-462a2cde8c5dfc10.rlib" "/opt/rustwide/rustup-home/toolchains/beta-2023-12-22-x86_64-unknown-linux-gnu/lib/rustlib/x86_64-unknown-linux-gnu/lib/libstd_detect-cb06ac9f54713f71.rlib" "/opt/rustwide/rustup-home/toolchains/beta-2023-12-22-x86_64-unknown-linux-gnu/lib/rustlib/x86_64-unknown-linux-gnu/lib/libhashbrown-f20bfd1f8e59b393.rlib" "/opt/rustwide/rustup-home/toolchains/beta-2023-12-22-x86_64-unknown-linux-gnu/lib/rustlib/x86_64-unknown-linux-gnu/lib/librustc_std_workspace_alloc-1ef460949b49da4b.rlib" "/opt/rustwide/rustup-home/toolchains/beta-2023-12-22-x86_64-unknown-linux-gnu/lib/rustlib/x86_64-unknown-linux-gnu/lib/libminiz_oxide-2cb0c0ffe4f87514.rlib" "/opt/rustwide/rustup-home/toolchains/beta-2023-12-22-x86_64-unknown-linux-gnu/lib/rustlib/x86_64-unknown-linux-gnu/lib/libadler-58d841eb322a11a2.rlib" "/opt/rustwide/rustup-home/toolchains/beta-2023-12-22-x86_64-unknown-linux-gnu/lib/rustlib/x86_64-unknown-linux-gnu/lib/libunwind-aa2ae0b0a9d11533.rlib" "/opt/rustwide/rustup-home/toolchains/beta-2023-12-22-x86_64-unknown-linux-gnu/lib/rustlib/x86_64-unknown-linux-gnu/lib/libcfg_if-23874e15830ed336.rlib" "/opt/rustwide/rustup-home/toolchains/beta-2023-12-22-x86_64-unknown-linux-gnu/lib/rustlib/x86_64-unknown-linux-gnu/lib/liblibc-e47cddc003bce885.rlib" "/opt/rustwide/rustup-home/toolchains/beta-2023-12-22-x86_64-unknown-linux-gnu/lib/rustlib/x86_64-unknown-linux-gnu/lib/liballoc-c22b13b48a8f128e.rlib" "/opt/rustwide/rustup-home/toolchains/beta-2023-12-22-x86_64-unknown-linux-gnu/lib/rustlib/x86_64-unknown-linux-gnu/lib/librustc_std_workspace_core-e46bc3da6d7c462f.rlib" "/opt/rustwide/rustup-home/toolchains/beta-2023-12-22-x86_64-unknown-linux-gnu/lib/rustlib/x86_64-unknown-linux-gnu/lib/libcore-8d1ac131d3cb2645.rlib" "/opt/rustwide/rustup-home/toolchains/beta-2023-12-22-x86_64-unknown-linux-gnu/lib/rustlib/x86_64-unknown-linux-gnu/lib/libcompiler_builtins-a1b43df8c6899c1f.rlib" "-Wl,-Bdynamic" "-lgcc_s" "-lutil" "-lrt" "-lpthread" "-lm" "-ldl" "-lc" "-Wl,--eh-frame-hdr" "-Wl,-z,noexecstack" "-L" "/opt/rustwide/rustup-home/toolchains/beta-2023-12-22-x86_64-unknown-linux-gnu/lib/rustlib/x86_64-unknown-linux-gnu/lib" "-o" "/tmp/rustdoctestq7CK7j/rust_out" "-Wl,--gc-sections" "-pie" "-Wl,-z,relro,-z,now" "-nodefaultlibs"
[INFO] [stdout]   = note: /usr/bin/ld: /tmp/rustdoctestq7CK7j/rust_out.rust_out.1380c8ea7c88b8e2-cgu.0.rcgu.o: in function `rust_out::main::_doctest_main_src_clock_rs_58_0':
[INFO] [stdout]           rust_out.1380c8ea7c88b8e2-cgu.0:(.text._ZN8rust_out4main31_doctest_main_src_clock_rs_58_017he2bbbccb6975796aE+0x7): undefined reference to `clock_monotonic64'
[INFO] [stdout]           collect2: error: ld returned 1 exit status
[INFO] [stdout]           
[INFO] [stdout]   = note: some `extern` functions couldn't be found; some native libraries may need to be installed or have their path specified
[INFO] [stdout]   = note: use the `-l` flag to specify native libraries to link
[INFO] [stdout]   = note: use the `cargo:rustc-link-lib` directive to specify the native libraries to link with Cargo (see https://doc.rust-lang.org/cargo/reference/build-scripts.html#cargorustc-link-libkindname)
[INFO] [stdout] 
[INFO] [stdout] error: aborting due to 1 previous error
[INFO] [stdout] 
[INFO] [stdout] Couldn't compile the test.
[INFO] [stdout] ---- src/clock.rs - clock::thread (line 109) stdout ----
[INFO] [stdout] error: linking with `cc` failed: exit status: 1
[INFO] [stdout]   |
[INFO] [stdout]   = note: LC_ALL="C" PATH="/opt/rustwide/rustup-home/toolchains/beta-2023-12-22-x86_64-unknown-linux-gnu/lib/rustlib/x86_64-unknown-linux-gnu/bin:/opt/rustwide/cargo-home/bin:/usr/local/sbin:/usr/local/bin:/usr/sbin:/usr/bin:/sbin:/bin" VSLANG="1033" "cc" "-m64" "/tmp/rustcaNT5le/symbols.o" "/tmp/rustdoctestu7FqHi/rust_out.rust_out.1380c8ea7c88b8e2-cgu.0.rcgu.o" "/tmp/rustdoctestu7FqHi/rust_out.3lr6z6385pynyhem.rcgu.o" "-Wl,--as-needed" "-L" "/opt/rustwide/target/debug/deps" "-L" "/opt/rustwide/target/debug/deps" "-L" "/opt/rustwide/rustup-home/toolchains/beta-2023-12-22-x86_64-unknown-linux-gnu/lib/rustlib/x86_64-unknown-linux-gnu/lib" "-Wl,-Bstatic" "/opt/rustwide/target/debug/deps/libtarantool_module-b88329cf5be6fb74.rlib" "/opt/rustwide/target/debug/deps/liblog-8188d82fb061445d.rlib" "/opt/rustwide/target/debug/deps/librmp_serde-af5ad66f46ee95e3.rlib" "/opt/rustwide/target/debug/deps/librmp-cc6c467ad0b71af7.rlib" "/opt/rustwide/target/debug/deps/libbyteorder-6ac88002c46ec63a.rlib" "/opt/rustwide/target/debug/deps/libnum_traits-d78ef80edf268e06.rlib" "/opt/rustwide/target/debug/deps/libva_list-fc0f86903e58e5b5.rlib" "/opt/rustwide/target/debug/deps/libserde-61134f3d1a2c1b08.rlib" "/opt/rustwide/target/debug/deps/libfailure-e71c625ce47ff5e8.rlib" "/opt/rustwide/target/debug/deps/libbacktrace-64c02d7a6a86d0f5.rlib" "/opt/rustwide/target/debug/deps/libminiz_oxide-612aa2003885fc91.rlib" "/opt/rustwide/target/debug/deps/libadler-eba61f23bb3cdb48.rlib" "/opt/rustwide/target/debug/deps/libobject-85f9c8f1711ccb98.rlib" "/opt/rustwide/target/debug/deps/libmemchr-1dbd883230497095.rlib" "/opt/rustwide/target/debug/deps/liblibc-9bdc13f38078ecbe.rlib" "/opt/rustwide/target/debug/deps/libaddr2line-21893705b0d8abc8.rlib" "/opt/rustwide/target/debug/deps/libgimli-f171d86691d4b49e.rlib" "/opt/rustwide/target/debug/deps/libcfg_if-e7002d307f97bc56.rlib" "/opt/rustwide/target/debug/deps/librustc_demangle-880659badff80dc2.rlib" "/opt/rustwide/target/debug/deps/libbitflags-85e13ed1e0c6d910.rlib" "/opt/rustwide/rustup-home/toolchains/beta-2023-12-22-x86_64-unknown-linux-gnu/lib/rustlib/x86_64-unknown-linux-gnu/lib/libstd-0672489a78b613de.rlib" "/opt/rustwide/rustup-home/toolchains/beta-2023-12-22-x86_64-unknown-linux-gnu/lib/rustlib/x86_64-unknown-linux-gnu/lib/libpanic_unwind-7eb3ffc34a49f675.rlib" "/opt/rustwide/rustup-home/toolchains/beta-2023-12-22-x86_64-unknown-linux-gnu/lib/rustlib/x86_64-unknown-linux-gnu/lib/libobject-6478a9daa4bee8e2.rlib" "/opt/rustwide/rustup-home/toolchains/beta-2023-12-22-x86_64-unknown-linux-gnu/lib/rustlib/x86_64-unknown-linux-gnu/lib/libmemchr-0c75d871a5c3923d.rlib" "/opt/rustwide/rustup-home/toolchains/beta-2023-12-22-x86_64-unknown-linux-gnu/lib/rustlib/x86_64-unknown-linux-gnu/lib/libaddr2line-d163ef63ad37bb71.rlib" "/opt/rustwide/rustup-home/toolchains/beta-2023-12-22-x86_64-unknown-linux-gnu/lib/rustlib/x86_64-unknown-linux-gnu/lib/libgimli-8a3fd810a85b9f4c.rlib" "/opt/rustwide/rustup-home/toolchains/beta-2023-12-22-x86_64-unknown-linux-gnu/lib/rustlib/x86_64-unknown-linux-gnu/lib/librustc_demangle-462a2cde8c5dfc10.rlib" "/opt/rustwide/rustup-home/toolchains/beta-2023-12-22-x86_64-unknown-linux-gnu/lib/rustlib/x86_64-unknown-linux-gnu/lib/libstd_detect-cb06ac9f54713f71.rlib" "/opt/rustwide/rustup-home/toolchains/beta-2023-12-22-x86_64-unknown-linux-gnu/lib/rustlib/x86_64-unknown-linux-gnu/lib/libhashbrown-f20bfd1f8e59b393.rlib" "/opt/rustwide/rustup-home/toolchains/beta-2023-12-22-x86_64-unknown-linux-gnu/lib/rustlib/x86_64-unknown-linux-gnu/lib/librustc_std_workspace_alloc-1ef460949b49da4b.rlib" "/opt/rustwide/rustup-home/toolchains/beta-2023-12-22-x86_64-unknown-linux-gnu/lib/rustlib/x86_64-unknown-linux-gnu/lib/libminiz_oxide-2cb0c0ffe4f87514.rlib" "/opt/rustwide/rustup-home/toolchains/beta-2023-12-22-x86_64-unknown-linux-gnu/lib/rustlib/x86_64-unknown-linux-gnu/lib/libadler-58d841eb322a11a2.rlib" "/opt/rustwide/rustup-home/toolchains/beta-2023-12-22-x86_64-unknown-linux-gnu/lib/rustlib/x86_64-unknown-linux-gnu/lib/libunwind-aa2ae0b0a9d11533.rlib" "/opt/rustwide/rustup-home/toolchains/beta-2023-12-22-x86_64-unknown-linux-gnu/lib/rustlib/x86_64-unknown-linux-gnu/lib/libcfg_if-23874e15830ed336.rlib" "/opt/rustwide/rustup-home/toolchains/beta-2023-12-22-x86_64-unknown-linux-gnu/lib/rustlib/x86_64-unknown-linux-gnu/lib/liblibc-e47cddc003bce885.rlib" "/opt/rustwide/rustup-home/toolchains/beta-2023-12-22-x86_64-unknown-linux-gnu/lib/rustlib/x86_64-unknown-linux-gnu/lib/liballoc-c22b13b48a8f128e.rlib" "/opt/rustwide/rustup-home/toolchains/beta-2023-12-22-x86_64-unknown-linux-gnu/lib/rustlib/x86_64-unknown-linux-gnu/lib/librustc_std_workspace_core-e46bc3da6d7c462f.rlib" "/opt/rustwide/rustup-home/toolchains/beta-2023-12-22-x86_64-unknown-linux-gnu/lib/rustlib/x86_64-unknown-linux-gnu/lib/libcore-8d1ac131d3cb2645.rlib" "/opt/rustwide/rustup-home/toolchains/beta-2023-12-22-x86_64-unknown-linux-gnu/lib/rustlib/x86_64-unknown-linux-gnu/lib/libcompiler_builtins-a1b43df8c6899c1f.rlib" "-Wl,-Bdynamic" "-lgcc_s" "-lutil" "-lrt" "-lpthread" "-lm" "-ldl" "-lc" "-Wl,--eh-frame-hdr" "-Wl,-z,noexecstack" "-L" "/opt/rustwide/rustup-home/toolchains/beta-2023-12-22-x86_64-unknown-linux-gnu/lib/rustlib/x86_64-unknown-linux-gnu/lib" "-o" "/tmp/rustdoctestu7FqHi/rust_out" "-Wl,--gc-sections" "-pie" "-Wl,-z,relro,-z,now" "-nodefaultlibs"
[INFO] [stdout]   = note: /usr/bin/ld: /tmp/rustdoctestu7FqHi/rust_out.rust_out.1380c8ea7c88b8e2-cgu.0.rcgu.o: in function `rust_out::main::_doctest_main_src_clock_rs_109_0':
[INFO] [stdout]           rust_out.1380c8ea7c88b8e2-cgu.0:(.text._ZN8rust_out4main32_doctest_main_src_clock_rs_109_017h8a9d2fd6e60d0f9fE+0x7): undefined reference to `clock_thread64'
[INFO] [stdout]           collect2: error: ld returned 1 exit status
[INFO] [stdout]           
[INFO] [stdout]   = note: some `extern` functions couldn't be found; some native libraries may need to be installed or have their path specified
[INFO] [stdout]   = note: use the `-l` flag to specify native libraries to link
[INFO] [stdout]   = note: use the `cargo:rustc-link-lib` directive to specify the native libraries to link with Cargo (see https://doc.rust-lang.org/cargo/reference/build-scripts.html#cargorustc-link-libkindname)
[INFO] [stdout] 
[INFO] [stdout] error: aborting due to 1 previous error
[INFO] [stdout] 
[INFO] [stdout] Couldn't compile the test.
[INFO] [stdout] ---- src/clock.rs - clock::process (line 83) stdout ----
[INFO] [stdout] error: linking with `cc` failed: exit status: 1
[INFO] [stdout]   |
[INFO] [stdout]   = note: LC_ALL="C" PATH="/opt/rustwide/rustup-home/toolchains/beta-2023-12-22-x86_64-unknown-linux-gnu/lib/rustlib/x86_64-unknown-linux-gnu/bin:/opt/rustwide/cargo-home/bin:/usr/local/sbin:/usr/local/bin:/usr/sbin:/usr/bin:/sbin:/bin" VSLANG="1033" "cc" "-m64" "/tmp/rustcTiJGcm/symbols.o" "/tmp/rustdoctestrPFTNx/rust_out.rust_out.1380c8ea7c88b8e2-cgu.0.rcgu.o" "/tmp/rustdoctestrPFTNx/rust_out.3lr6z6385pynyhem.rcgu.o" "-Wl,--as-needed" "-L" "/opt/rustwide/target/debug/deps" "-L" "/opt/rustwide/target/debug/deps" "-L" "/opt/rustwide/rustup-home/toolchains/beta-2023-12-22-x86_64-unknown-linux-gnu/lib/rustlib/x86_64-unknown-linux-gnu/lib" "-Wl,-Bstatic" "/opt/rustwide/target/debug/deps/libtarantool_module-b88329cf5be6fb74.rlib" "/opt/rustwide/target/debug/deps/liblog-8188d82fb061445d.rlib" "/opt/rustwide/target/debug/deps/librmp_serde-af5ad66f46ee95e3.rlib" "/opt/rustwide/target/debug/deps/librmp-cc6c467ad0b71af7.rlib" "/opt/rustwide/target/debug/deps/libbyteorder-6ac88002c46ec63a.rlib" "/opt/rustwide/target/debug/deps/libnum_traits-d78ef80edf268e06.rlib" "/opt/rustwide/target/debug/deps/libva_list-fc0f86903e58e5b5.rlib" "/opt/rustwide/target/debug/deps/libserde-61134f3d1a2c1b08.rlib" "/opt/rustwide/target/debug/deps/libfailure-e71c625ce47ff5e8.rlib" "/opt/rustwide/target/debug/deps/libbacktrace-64c02d7a6a86d0f5.rlib" "/opt/rustwide/target/debug/deps/libminiz_oxide-612aa2003885fc91.rlib" "/opt/rustwide/target/debug/deps/libadler-eba61f23bb3cdb48.rlib" "/opt/rustwide/target/debug/deps/libobject-85f9c8f1711ccb98.rlib" "/opt/rustwide/target/debug/deps/libmemchr-1dbd883230497095.rlib" "/opt/rustwide/target/debug/deps/liblibc-9bdc13f38078ecbe.rlib" "/opt/rustwide/target/debug/deps/libaddr2line-21893705b0d8abc8.rlib" "/opt/rustwide/target/debug/deps/libgimli-f171d86691d4b49e.rlib" "/opt/rustwide/target/debug/deps/libcfg_if-e7002d307f97bc56.rlib" "/opt/rustwide/target/debug/deps/librustc_demangle-880659badff80dc2.rlib" "/opt/rustwide/target/debug/deps/libbitflags-85e13ed1e0c6d910.rlib" "/opt/rustwide/rustup-home/toolchains/beta-2023-12-22-x86_64-unknown-linux-gnu/lib/rustlib/x86_64-unknown-linux-gnu/lib/libstd-0672489a78b613de.rlib" "/opt/rustwide/rustup-home/toolchains/beta-2023-12-22-x86_64-unknown-linux-gnu/lib/rustlib/x86_64-unknown-linux-gnu/lib/libpanic_unwind-7eb3ffc34a49f675.rlib" "/opt/rustwide/rustup-home/toolchains/beta-2023-12-22-x86_64-unknown-linux-gnu/lib/rustlib/x86_64-unknown-linux-gnu/lib/libobject-6478a9daa4bee8e2.rlib" "/opt/rustwide/rustup-home/toolchains/beta-2023-12-22-x86_64-unknown-linux-gnu/lib/rustlib/x86_64-unknown-linux-gnu/lib/libmemchr-0c75d871a5c3923d.rlib" "/opt/rustwide/rustup-home/toolchains/beta-2023-12-22-x86_64-unknown-linux-gnu/lib/rustlib/x86_64-unknown-linux-gnu/lib/libaddr2line-d163ef63ad37bb71.rlib" "/opt/rustwide/rustup-home/toolchains/beta-2023-12-22-x86_64-unknown-linux-gnu/lib/rustlib/x86_64-unknown-linux-gnu/lib/libgimli-8a3fd810a85b9f4c.rlib" "/opt/rustwide/rustup-home/toolchains/beta-2023-12-22-x86_64-unknown-linux-gnu/lib/rustlib/x86_64-unknown-linux-gnu/lib/librustc_demangle-462a2cde8c5dfc10.rlib" "/opt/rustwide/rustup-home/toolchains/beta-2023-12-22-x86_64-unknown-linux-gnu/lib/rustlib/x86_64-unknown-linux-gnu/lib/libstd_detect-cb06ac9f54713f71.rlib" "/opt/rustwide/rustup-home/toolchains/beta-2023-12-22-x86_64-unknown-linux-gnu/lib/rustlib/x86_64-unknown-linux-gnu/lib/libhashbrown-f20bfd1f8e59b393.rlib" "/opt/rustwide/rustup-home/toolchains/beta-2023-12-22-x86_64-unknown-linux-gnu/lib/rustlib/x86_64-unknown-linux-gnu/lib/librustc_std_workspace_alloc-1ef460949b49da4b.rlib" "/opt/rustwide/rustup-home/toolchains/beta-2023-12-22-x86_64-unknown-linux-gnu/lib/rustlib/x86_64-unknown-linux-gnu/lib/libminiz_oxide-2cb0c0ffe4f87514.rlib" "/opt/rustwide/rustup-home/toolchains/beta-2023-12-22-x86_64-unknown-linux-gnu/lib/rustlib/x86_64-unknown-linux-gnu/lib/libadler-58d841eb322a11a2.rlib" "/opt/rustwide/rustup-home/toolchains/beta-2023-12-22-x86_64-unknown-linux-gnu/lib/rustlib/x86_64-unknown-linux-gnu/lib/libunwind-aa2ae0b0a9d11533.rlib" "/opt/rustwide/rustup-home/toolchains/beta-2023-12-22-x86_64-unknown-linux-gnu/lib/rustlib/x86_64-unknown-linux-gnu/lib/libcfg_if-23874e15830ed336.rlib" "/opt/rustwide/rustup-home/toolchains/beta-2023-12-22-x86_64-unknown-linux-gnu/lib/rustlib/x86_64-unknown-linux-gnu/lib/liblibc-e47cddc003bce885.rlib" "/opt/rustwide/rustup-home/toolchains/beta-2023-12-22-x86_64-unknown-linux-gnu/lib/rustlib/x86_64-unknown-linux-gnu/lib/liballoc-c22b13b48a8f128e.rlib" "/opt/rustwide/rustup-home/toolchains/beta-2023-12-22-x86_64-unknown-linux-gnu/lib/rustlib/x86_64-unknown-linux-gnu/lib/librustc_std_workspace_core-e46bc3da6d7c462f.rlib" "/opt/rustwide/rustup-home/toolchains/beta-2023-12-22-x86_64-unknown-linux-gnu/lib/rustlib/x86_64-unknown-linux-gnu/lib/libcore-8d1ac131d3cb2645.rlib" "/opt/rustwide/rustup-home/toolchains/beta-2023-12-22-x86_64-unknown-linux-gnu/lib/rustlib/x86_64-unknown-linux-gnu/lib/libcompiler_builtins-a1b43df8c6899c1f.rlib" "-Wl,-Bdynamic" "-lgcc_s" "-lutil" "-lrt" "-lpthread" "-lm" "-ldl" "-lc" "-Wl,--eh-frame-hdr" "-Wl,-z,noexecstack" "-L" "/opt/rustwide/rustup-home/toolchains/beta-2023-12-22-x86_64-unknown-linux-gnu/lib/rustlib/x86_64-unknown-linux-gnu/lib" "-o" "/tmp/rustdoctestrPFTNx/rust_out" "-Wl,--gc-sections" "-pie" "-Wl,-z,relro,-z,now" "-nodefaultlibs"
[INFO] [stdout]   = note: /usr/bin/ld: /tmp/rustdoctestrPFTNx/rust_out.rust_out.1380c8ea7c88b8e2-cgu.0.rcgu.o: in function `rust_out::main::_doctest_main_src_clock_rs_83_0':
[INFO] [stdout]           rust_out.1380c8ea7c88b8e2-cgu.0:(.text._ZN8rust_out4main31_doctest_main_src_clock_rs_83_017haf503628322c4dd6E+0x7): undefined reference to `clock_process64'
[INFO] [stdout]           collect2: error: ld returned 1 exit status
[INFO] [stdout]           
[INFO] [stdout]   = note: some `extern` functions couldn't be found; some native libraries may need to be installed or have their path specified
[INFO] [stdout]   = note: use the `-l` flag to specify native libraries to link
[INFO] [stdout]   = note: use the `cargo:rustc-link-lib` directive to specify the native libraries to link with Cargo (see https://doc.rust-lang.org/cargo/reference/build-scripts.html#cargorustc-link-libkindname)
[INFO] [stdout] 
[INFO] [stdout] error: aborting due to 1 previous error
[INFO] [stdout] 
[INFO] [stdout] Couldn't compile the test.
[INFO] [stdout] ---- src/fiber.rs - fiber::Fiber (line 41) stdout ----
[INFO] [stdout] error: linking with `cc` failed: exit status: 1
[INFO] [stdout]   |
[INFO] [stdout]   = note: LC_ALL="C" PATH="/opt/rustwide/rustup-home/toolchains/beta-2023-12-22-x86_64-unknown-linux-gnu/lib/rustlib/x86_64-unknown-linux-gnu/bin:/opt/rustwide/cargo-home/bin:/usr/local/sbin:/usr/local/bin:/usr/sbin:/usr/bin:/sbin:/bin" VSLANG="1033" "cc" "-m64" "/tmp/rustcHvCcSd/symbols.o" "/tmp/rustdoctestoMkoOH/rust_out.rust_out.1380c8ea7c88b8e2-cgu.0.rcgu.o" "/tmp/rustdoctestoMkoOH/rust_out.3lr6z6385pynyhem.rcgu.o" "-Wl,--as-needed" "-L" "/opt/rustwide/target/debug/deps" "-L" "/opt/rustwide/target/debug/deps" "-L" "/opt/rustwide/rustup-home/toolchains/beta-2023-12-22-x86_64-unknown-linux-gnu/lib/rustlib/x86_64-unknown-linux-gnu/lib" "-Wl,-Bstatic" "/opt/rustwide/target/debug/deps/libtarantool_module-b88329cf5be6fb74.rlib" "/opt/rustwide/target/debug/deps/liblog-8188d82fb061445d.rlib" "/opt/rustwide/target/debug/deps/librmp_serde-af5ad66f46ee95e3.rlib" "/opt/rustwide/target/debug/deps/librmp-cc6c467ad0b71af7.rlib" "/opt/rustwide/target/debug/deps/libbyteorder-6ac88002c46ec63a.rlib" "/opt/rustwide/target/debug/deps/libnum_traits-d78ef80edf268e06.rlib" "/opt/rustwide/target/debug/deps/libva_list-fc0f86903e58e5b5.rlib" "/opt/rustwide/target/debug/deps/libserde-61134f3d1a2c1b08.rlib" "/opt/rustwide/target/debug/deps/libfailure-e71c625ce47ff5e8.rlib" "/opt/rustwide/target/debug/deps/libbacktrace-64c02d7a6a86d0f5.rlib" "/opt/rustwide/target/debug/deps/libminiz_oxide-612aa2003885fc91.rlib" "/opt/rustwide/target/debug/deps/libadler-eba61f23bb3cdb48.rlib" "/opt/rustwide/target/debug/deps/libobject-85f9c8f1711ccb98.rlib" "/opt/rustwide/target/debug/deps/libmemchr-1dbd883230497095.rlib" "/opt/rustwide/target/debug/deps/liblibc-9bdc13f38078ecbe.rlib" "/opt/rustwide/target/debug/deps/libaddr2line-21893705b0d8abc8.rlib" "/opt/rustwide/target/debug/deps/libgimli-f171d86691d4b49e.rlib" "/opt/rustwide/target/debug/deps/libcfg_if-e7002d307f97bc56.rlib" "/opt/rustwide/target/debug/deps/librustc_demangle-880659badff80dc2.rlib" "/opt/rustwide/target/debug/deps/libbitflags-85e13ed1e0c6d910.rlib" "/opt/rustwide/rustup-home/toolchains/beta-2023-12-22-x86_64-unknown-linux-gnu/lib/rustlib/x86_64-unknown-linux-gnu/lib/libstd-0672489a78b613de.rlib" "/opt/rustwide/rustup-home/toolchains/beta-2023-12-22-x86_64-unknown-linux-gnu/lib/rustlib/x86_64-unknown-linux-gnu/lib/libpanic_unwind-7eb3ffc34a49f675.rlib" "/opt/rustwide/rustup-home/toolchains/beta-2023-12-22-x86_64-unknown-linux-gnu/lib/rustlib/x86_64-unknown-linux-gnu/lib/libobject-6478a9daa4bee8e2.rlib" "/opt/rustwide/rustup-home/toolchains/beta-2023-12-22-x86_64-unknown-linux-gnu/lib/rustlib/x86_64-unknown-linux-gnu/lib/libmemchr-0c75d871a5c3923d.rlib" "/opt/rustwide/rustup-home/toolchains/beta-2023-12-22-x86_64-unknown-linux-gnu/lib/rustlib/x86_64-unknown-linux-gnu/lib/libaddr2line-d163ef63ad37bb71.rlib" "/opt/rustwide/rustup-home/toolchains/beta-2023-12-22-x86_64-unknown-linux-gnu/lib/rustlib/x86_64-unknown-linux-gnu/lib/libgimli-8a3fd810a85b9f4c.rlib" "/opt/rustwide/rustup-home/toolchains/beta-2023-12-22-x86_64-unknown-linux-gnu/lib/rustlib/x86_64-unknown-linux-gnu/lib/librustc_demangle-462a2cde8c5dfc10.rlib" "/opt/rustwide/rustup-home/toolchains/beta-2023-12-22-x86_64-unknown-linux-gnu/lib/rustlib/x86_64-unknown-linux-gnu/lib/libstd_detect-cb06ac9f54713f71.rlib" "/opt/rustwide/rustup-home/toolchains/beta-2023-12-22-x86_64-unknown-linux-gnu/lib/rustlib/x86_64-unknown-linux-gnu/lib/libhashbrown-f20bfd1f8e59b393.rlib" "/opt/rustwide/rustup-home/toolchains/beta-2023-12-22-x86_64-unknown-linux-gnu/lib/rustlib/x86_64-unknown-linux-gnu/lib/librustc_std_workspace_alloc-1ef460949b49da4b.rlib" "/opt/rustwide/rustup-home/toolchains/beta-2023-12-22-x86_64-unknown-linux-gnu/lib/rustlib/x86_64-unknown-linux-gnu/lib/libminiz_oxide-2cb0c0ffe4f87514.rlib" "/opt/rustwide/rustup-home/toolchains/beta-2023-12-22-x86_64-unknown-linux-gnu/lib/rustlib/x86_64-unknown-linux-gnu/lib/libadler-58d841eb322a11a2.rlib" "/opt/rustwide/rustup-home/toolchains/beta-2023-12-22-x86_64-unknown-linux-gnu/lib/rustlib/x86_64-unknown-linux-gnu/lib/libunwind-aa2ae0b0a9d11533.rlib" "/opt/rustwide/rustup-home/toolchains/beta-2023-12-22-x86_64-unknown-linux-gnu/lib/rustlib/x86_64-unknown-linux-gnu/lib/libcfg_if-23874e15830ed336.rlib" "/opt/rustwide/rustup-home/toolchains/beta-2023-12-22-x86_64-unknown-linux-gnu/lib/rustlib/x86_64-unknown-linux-gnu/lib/liblibc-e47cddc003bce885.rlib" "/opt/rustwide/rustup-home/toolchains/beta-2023-12-22-x86_64-unknown-linux-gnu/lib/rustlib/x86_64-unknown-linux-gnu/lib/liballoc-c22b13b48a8f128e.rlib" "/opt/rustwide/rustup-home/toolchains/beta-2023-12-22-x86_64-unknown-linux-gnu/lib/rustlib/x86_64-unknown-linux-gnu/lib/librustc_std_workspace_core-e46bc3da6d7c462f.rlib" "/opt/rustwide/rustup-home/toolchains/beta-2023-12-22-x86_64-unknown-linux-gnu/lib/rustlib/x86_64-unknown-linux-gnu/lib/libcore-8d1ac131d3cb2645.rlib" "/opt/rustwide/rustup-home/toolchains/beta-2023-12-22-x86_64-unknown-linux-gnu/lib/rustlib/x86_64-unknown-linux-gnu/lib/libcompiler_builtins-a1b43df8c6899c1f.rlib" "-Wl,-Bdynamic" "-lgcc_s" "-lutil" "-lrt" "-lpthread" "-lm" "-ldl" "-lc" "-Wl,--eh-frame-hdr" "-Wl,-z,noexecstack" "-L" "/opt/rustwide/rustup-home/toolchains/beta-2023-12-22-x86_64-unknown-linux-gnu/lib/rustlib/x86_64-unknown-linux-gnu/lib" "-o" "/tmp/rustdoctestoMkoOH/rust_out" "-Wl,--gc-sections" "-pie" "-Wl,-z,relro,-z,now" "-nodefaultlibs"
[INFO] [stdout]   = note: /usr/bin/ld: /tmp/rustdoctestoMkoOH/rust_out.rust_out.1380c8ea7c88b8e2-cgu.0.rcgu.o: in function `tarantool_module::fiber::Fiber<T>::new':
[INFO] [stdout]           rust_out.1380c8ea7c88b8e2-cgu.0:(.text._ZN16tarantool_module5fiber14Fiber$LT$T$GT$3new17he1ed07748ba55312E+0xd1): undefined reference to `fiber_new'
[INFO] [stdout]           /usr/bin/ld: /tmp/rustdoctestoMkoOH/rust_out.rust_out.1380c8ea7c88b8e2-cgu.0.rcgu.o: in function `tarantool_module::fiber::Fiber<T>::start':
[INFO] [stdout]           rust_out.1380c8ea7c88b8e2-cgu.0:(.text._ZN16tarantool_module5fiber14Fiber$LT$T$GT$5start17h288f583ae29475f3E+0x5b): undefined reference to `fiber_start'
[INFO] [stdout]           collect2: error: ld returned 1 exit status
[INFO] [stdout]           
[INFO] [stdout]   = note: some `extern` functions couldn't be found; some native libraries may need to be installed or have their path specified
[INFO] [stdout]   = note: use the `-l` flag to specify native libraries to link
[INFO] [stdout]   = note: use the `cargo:rustc-link-lib` directive to specify the native libraries to link with Cargo (see https://doc.rust-lang.org/cargo/reference/build-scripts.html#cargorustc-link-libkindname)
[INFO] [stdout] 
[INFO] [stdout] error: aborting due to 1 previous error
[INFO] [stdout] 
[INFO] [stdout] Couldn't compile the test.
[INFO] [stdout] 
[INFO] [stdout] failures:
[INFO] [stdout]     src/clock.rs - clock::monotonic (line 58)
[INFO] [stdout]     src/clock.rs - clock::process (line 83)
[INFO] [stdout]     src/clock.rs - clock::thread (line 109)
[INFO] [stdout]     src/clock.rs - clock::time (line 30)
[INFO] [stdout]     src/coio.rs - coio::coio_call (line 186)
[INFO] [stdout]     src/fiber.rs - fiber::Cond (line 280)
[INFO] [stdout]     src/fiber.rs - fiber::Cond (line 288)
[INFO] [stdout]     src/fiber.rs - fiber::Fiber (line 41)
[INFO] [stdout]     src/log.rs - log (line 4)
[INFO] [stdout]     src/space.rs - space::SystemSpace (line 21)
[INFO] [stdout]     src/tuple.rs - tuple::Tuple::iter (line 92)
[INFO] [stdout] 
[INFO] [stdout] test result: FAILED. 1 passed; 11 failed; 0 ignored; 0 measured; 0 filtered out; finished in 0.52s
[INFO] [stdout] 
[INFO] [stderr] error: doctest failed, to rerun pass `--doc`
[INFO] running `Command { std: "docker" "inspect" "b0d33063c8669095f1294301fe7655090c792c633a101cca75bf0474bfa50411", kill_on_drop: false }`
[INFO] running `Command { std: "docker" "rm" "-f" "b0d33063c8669095f1294301fe7655090c792c633a101cca75bf0474bfa50411", kill_on_drop: false }`
[INFO] [stdout] b0d33063c8669095f1294301fe7655090c792c633a101cca75bf0474bfa50411
