[INFO] fetching crate takyon 0.2.0...
[INFO] testing takyon-0.2.0 against 1.75.0 for beta-1.76-1
[INFO] extracting crate takyon 0.2.0 into /workspace/builds/worker-2-tc1/source
[INFO] validating manifest of crates.io crate takyon 0.2.0 on toolchain 1.75.0
[INFO] running `Command { std: CARGO_HOME="/workspace/cargo-home" RUSTUP_HOME="/workspace/rustup-home" "/workspace/cargo-home/bin/cargo" "+1.75.0" "metadata" "--manifest-path" "Cargo.toml" "--no-deps", kill_on_drop: false }`
[INFO] started tweaking crates.io crate takyon 0.2.0
[INFO] finished tweaking crates.io crate takyon 0.2.0
[INFO] tweaked toml for crates.io crate takyon 0.2.0 written to /workspace/builds/worker-2-tc1/source/Cargo.toml
[INFO] crate crates.io crate takyon 0.2.0 already has a lockfile, it will not be regenerated
[INFO] running `Command { std: CARGO_HOME="/workspace/cargo-home" RUSTUP_HOME="/workspace/rustup-home" "/workspace/cargo-home/bin/cargo" "+1.75.0" "fetch" "--manifest-path" "Cargo.toml", kill_on_drop: false }`
[INFO] [stderr]     Updating crates.io index
[INFO] [stderr]  Downloading crates ...
[INFO] [stderr]   Downloaded io-uring v0.6.2
[INFO] running `Command { std: "docker" "create" "-v" "/var/lib/crater-agent-workspace/builds/worker-2-tc1/target:/opt/rustwide/target:rw,Z" "-v" "/var/lib/crater-agent-workspace/builds/worker-2-tc1/source:/opt/rustwide/workdir:ro,Z" "-v" "/var/lib/crater-agent-workspace/cargo-home:/opt/rustwide/cargo-home:ro,Z" "-v" "/var/lib/crater-agent-workspace/rustup-home:/opt/rustwide/rustup-home:ro,Z" "-e" "SOURCE_DIR=/opt/rustwide/workdir" "-e" "CARGO_TARGET_DIR=/opt/rustwide/target" "-e" "CARGO_HOME=/opt/rustwide/cargo-home" "-e" "RUSTUP_HOME=/opt/rustwide/rustup-home" "-w" "/opt/rustwide/workdir" "-m" "1610612736" "--user" "0:0" "--network" "none" "ghcr.io/rust-lang/crates-build-env/linux@sha256:2788e3201cd34a07e3172128adcd8b3090168a8e3bcc40d7c032b9dda1df7d1c" "/opt/rustwide/cargo-home/bin/cargo" "+1.75.0" "metadata" "--no-deps" "--format-version=1", kill_on_drop: false }`
[INFO] [stdout] d1060068511d92abb5afc78afdf68f6993787a727e95b2eb581a7f57dce99bbc
[INFO] running `Command { std: "docker" "start" "-a" "d1060068511d92abb5afc78afdf68f6993787a727e95b2eb581a7f57dce99bbc", kill_on_drop: false }`
[INFO] running `Command { std: "docker" "inspect" "d1060068511d92abb5afc78afdf68f6993787a727e95b2eb581a7f57dce99bbc", kill_on_drop: false }`
[INFO] running `Command { std: "docker" "rm" "-f" "d1060068511d92abb5afc78afdf68f6993787a727e95b2eb581a7f57dce99bbc", kill_on_drop: false }`
[INFO] [stdout] d1060068511d92abb5afc78afdf68f6993787a727e95b2eb581a7f57dce99bbc
[INFO] running `Command { std: "docker" "create" "-v" "/var/lib/crater-agent-workspace/builds/worker-2-tc1/target:/opt/rustwide/target:rw,Z" "-v" "/var/lib/crater-agent-workspace/builds/worker-2-tc1/source:/opt/rustwide/workdir:ro,Z" "-v" "/var/lib/crater-agent-workspace/cargo-home:/opt/rustwide/cargo-home:ro,Z" "-v" "/var/lib/crater-agent-workspace/rustup-home:/opt/rustwide/rustup-home:ro,Z" "-e" "SOURCE_DIR=/opt/rustwide/workdir" "-e" "CARGO_TARGET_DIR=/opt/rustwide/target" "-e" "CARGO_INCREMENTAL=0" "-e" "RUST_BACKTRACE=full" "-e" "RUSTFLAGS=--cap-lints=warn" "-e" "RUSTDOCFLAGS=--cap-lints=warn" "-e" "CARGO_HOME=/opt/rustwide/cargo-home" "-e" "RUSTUP_HOME=/opt/rustwide/rustup-home" "-w" "/opt/rustwide/workdir" "-m" "1610612736" "--user" "0:0" "--network" "none" "ghcr.io/rust-lang/crates-build-env/linux@sha256:2788e3201cd34a07e3172128adcd8b3090168a8e3bcc40d7c032b9dda1df7d1c" "/opt/rustwide/cargo-home/bin/cargo" "+1.75.0" "build" "--frozen" "--message-format=json", kill_on_drop: false }`
[INFO] [stdout] 17e1c46207824b982c6a29f4cd122bcb7588ff90990101d13c8db0e493095487
[INFO] running `Command { std: "docker" "start" "-a" "17e1c46207824b982c6a29f4cd122bcb7588ff90990101d13c8db0e493095487", kill_on_drop: false }`
[INFO] [stderr]    Compiling libc v0.2.149
[INFO] [stderr]    Compiling io-uring v0.6.2
[INFO] [stderr]    Compiling nohash v0.2.0
[INFO] [stderr]    Compiling takyon v0.2.0 (/opt/rustwide/workdir)
[INFO] [stderr]     Finished dev [unoptimized + debuginfo] target(s) in 1.63s
[INFO] running `Command { std: "docker" "inspect" "17e1c46207824b982c6a29f4cd122bcb7588ff90990101d13c8db0e493095487", kill_on_drop: false }`
[INFO] running `Command { std: "docker" "rm" "-f" "17e1c46207824b982c6a29f4cd122bcb7588ff90990101d13c8db0e493095487", kill_on_drop: false }`
[INFO] [stdout] 17e1c46207824b982c6a29f4cd122bcb7588ff90990101d13c8db0e493095487
[INFO] running `Command { std: "docker" "create" "-v" "/var/lib/crater-agent-workspace/builds/worker-2-tc1/target:/opt/rustwide/target:rw,Z" "-v" "/var/lib/crater-agent-workspace/builds/worker-2-tc1/source:/opt/rustwide/workdir:ro,Z" "-v" "/var/lib/crater-agent-workspace/cargo-home:/opt/rustwide/cargo-home:ro,Z" "-v" "/var/lib/crater-agent-workspace/rustup-home:/opt/rustwide/rustup-home:ro,Z" "-e" "SOURCE_DIR=/opt/rustwide/workdir" "-e" "CARGO_TARGET_DIR=/opt/rustwide/target" "-e" "CARGO_INCREMENTAL=0" "-e" "RUST_BACKTRACE=full" "-e" "RUSTFLAGS=--cap-lints=warn" "-e" "RUSTDOCFLAGS=--cap-lints=warn" "-e" "CARGO_HOME=/opt/rustwide/cargo-home" "-e" "RUSTUP_HOME=/opt/rustwide/rustup-home" "-w" "/opt/rustwide/workdir" "-m" "1610612736" "--user" "0:0" "--network" "none" "ghcr.io/rust-lang/crates-build-env/linux@sha256:2788e3201cd34a07e3172128adcd8b3090168a8e3bcc40d7c032b9dda1df7d1c" "/opt/rustwide/cargo-home/bin/cargo" "+1.75.0" "test" "--frozen" "--no-run" "--message-format=json", kill_on_drop: false }`
[INFO] [stdout] 4ee395948cf818b0acf0371ab95e29360995dfd9f914b155c19484e9581d47d7
[INFO] running `Command { std: "docker" "start" "-a" "4ee395948cf818b0acf0371ab95e29360995dfd9f914b155c19484e9581d47d7", kill_on_drop: false }`
[INFO] [stderr]    Compiling takyon v0.2.0 (/opt/rustwide/workdir)
[INFO] [stderr]     Finished test [unoptimized + debuginfo] target(s) in 0.48s
[INFO] running `Command { std: "docker" "inspect" "4ee395948cf818b0acf0371ab95e29360995dfd9f914b155c19484e9581d47d7", kill_on_drop: false }`
[INFO] running `Command { std: "docker" "rm" "-f" "4ee395948cf818b0acf0371ab95e29360995dfd9f914b155c19484e9581d47d7", kill_on_drop: false }`
[INFO] [stdout] 4ee395948cf818b0acf0371ab95e29360995dfd9f914b155c19484e9581d47d7
[INFO] running `Command { std: "docker" "create" "-v" "/var/lib/crater-agent-workspace/builds/worker-2-tc1/target:/opt/rustwide/target:rw,Z" "-v" "/var/lib/crater-agent-workspace/builds/worker-2-tc1/source:/opt/rustwide/workdir:ro,Z" "-v" "/var/lib/crater-agent-workspace/cargo-home:/opt/rustwide/cargo-home:ro,Z" "-v" "/var/lib/crater-agent-workspace/rustup-home:/opt/rustwide/rustup-home:ro,Z" "-e" "SOURCE_DIR=/opt/rustwide/workdir" "-e" "CARGO_TARGET_DIR=/opt/rustwide/target" "-e" "CARGO_INCREMENTAL=0" "-e" "RUST_BACKTRACE=full" "-e" "RUSTFLAGS=--cap-lints=warn" "-e" "RUSTDOCFLAGS=--cap-lints=warn" "-e" "CARGO_HOME=/opt/rustwide/cargo-home" "-e" "RUSTUP_HOME=/opt/rustwide/rustup-home" "-w" "/opt/rustwide/workdir" "-m" "1610612736" "--user" "0:0" "--network" "none" "ghcr.io/rust-lang/crates-build-env/linux@sha256:2788e3201cd34a07e3172128adcd8b3090168a8e3bcc40d7c032b9dda1df7d1c" "/opt/rustwide/cargo-home/bin/cargo" "+1.75.0" "test" "--frozen", kill_on_drop: false }`
[INFO] [stdout] ad978ea079d654c8748710aefd9e98a1522d83657ff6e524a9782a7f2d7f8cf9
[INFO] running `Command { std: "docker" "start" "-a" "ad978ea079d654c8748710aefd9e98a1522d83657ff6e524a9782a7f2d7f8cf9", kill_on_drop: false }`
[INFO] [stderr]     Finished test [unoptimized + debuginfo] target(s) in 0.00s
[INFO] [stderr]      Running unittests src/lib.rs (/opt/rustwide/target/debug/deps/takyon-89af05153db93245)
[INFO] [stdout] 
[INFO] [stdout] running 0 tests
[INFO] [stdout] 
[INFO] [stdout] test result: ok. 0 passed; 0 failed; 0 ignored; 0 measured; 0 filtered out; finished in 0.00s
[INFO] [stdout] 
[INFO] [stderr]    Doc-tests takyon
[INFO] [stdout] 
[INFO] [stdout] running 4 tests
[INFO] [stdout] test src/join_handle.rs - join_handle::JoinHandle (line 22) ... FAILED
[INFO] [stdout] test src/lib.rs - run (line 128) ... FAILED
[INFO] [stdout] test src/lib.rs - (line 20) has been running for over 60 seconds
[INFO] [stdout] test src/lib.rs - (line 56) has been running for over 60 seconds
[ERROR] error running command: no output for 300 seconds
[INFO] running `Command { std: "docker" "inspect" "ad978ea079d654c8748710aefd9e98a1522d83657ff6e524a9782a7f2d7f8cf9", kill_on_drop: false }`
[INFO] running `Command { std: "docker" "rm" "-f" "ad978ea079d654c8748710aefd9e98a1522d83657ff6e524a9782a7f2d7f8cf9", kill_on_drop: false }`
[INFO] [stdout] ad978ea079d654c8748710aefd9e98a1522d83657ff6e524a9782a7f2d7f8cf9
