[INFO] fetching crate tagged-base64-macros 0.3.3...
[INFO] testing tagged-base64-macros-0.3.3 against 1.75.0 for beta-1.76-1
[INFO] extracting crate tagged-base64-macros 0.3.3 into /workspace/builds/worker-2-tc1/source
[INFO] validating manifest of crates.io crate tagged-base64-macros 0.3.3 on toolchain 1.75.0
[INFO] running `Command { std: CARGO_HOME="/workspace/cargo-home" RUSTUP_HOME="/workspace/rustup-home" "/workspace/cargo-home/bin/cargo" "+1.75.0" "metadata" "--manifest-path" "Cargo.toml" "--no-deps", kill_on_drop: false }`
[INFO] started tweaking crates.io crate tagged-base64-macros 0.3.3
[INFO] finished tweaking crates.io crate tagged-base64-macros 0.3.3
[INFO] tweaked toml for crates.io crate tagged-base64-macros 0.3.3 written to /workspace/builds/worker-2-tc1/source/Cargo.toml
[INFO] running `Command { std: CARGO_HOME="/workspace/cargo-home" RUSTUP_HOME="/workspace/rustup-home" "/workspace/cargo-home/bin/cargo" "+1.75.0" "generate-lockfile" "--manifest-path" "Cargo.toml", kill_on_drop: false }`
[INFO] [stderr]     Updating crates.io index
[INFO] running `Command { std: CARGO_HOME="/workspace/cargo-home" RUSTUP_HOME="/workspace/rustup-home" "/workspace/cargo-home/bin/cargo" "+1.75.0" "fetch" "--manifest-path" "Cargo.toml", kill_on_drop: false }`
[INFO] running `Command { std: "docker" "create" "-v" "/var/lib/crater-agent-workspace/builds/worker-2-tc1/target:/opt/rustwide/target:rw,Z" "-v" "/var/lib/crater-agent-workspace/builds/worker-2-tc1/source:/opt/rustwide/workdir:ro,Z" "-v" "/var/lib/crater-agent-workspace/cargo-home:/opt/rustwide/cargo-home:ro,Z" "-v" "/var/lib/crater-agent-workspace/rustup-home:/opt/rustwide/rustup-home:ro,Z" "-e" "SOURCE_DIR=/opt/rustwide/workdir" "-e" "CARGO_TARGET_DIR=/opt/rustwide/target" "-e" "CARGO_HOME=/opt/rustwide/cargo-home" "-e" "RUSTUP_HOME=/opt/rustwide/rustup-home" "-w" "/opt/rustwide/workdir" "-m" "1610612736" "--user" "0:0" "--network" "none" "ghcr.io/rust-lang/crates-build-env/linux@sha256:2788e3201cd34a07e3172128adcd8b3090168a8e3bcc40d7c032b9dda1df7d1c" "/opt/rustwide/cargo-home/bin/cargo" "+1.75.0" "metadata" "--no-deps" "--format-version=1", kill_on_drop: false }`
[INFO] [stdout] 49eb3cffa6991c1ff69466ecdcca6b0db99b86623cd2065c031ce3b28ecc37ed
[INFO] running `Command { std: "docker" "start" "-a" "49eb3cffa6991c1ff69466ecdcca6b0db99b86623cd2065c031ce3b28ecc37ed", kill_on_drop: false }`
[INFO] running `Command { std: "docker" "inspect" "49eb3cffa6991c1ff69466ecdcca6b0db99b86623cd2065c031ce3b28ecc37ed", kill_on_drop: false }`
[INFO] running `Command { std: "docker" "rm" "-f" "49eb3cffa6991c1ff69466ecdcca6b0db99b86623cd2065c031ce3b28ecc37ed", kill_on_drop: false }`
[INFO] [stdout] 49eb3cffa6991c1ff69466ecdcca6b0db99b86623cd2065c031ce3b28ecc37ed
[INFO] running `Command { std: "docker" "create" "-v" "/var/lib/crater-agent-workspace/builds/worker-2-tc1/target:/opt/rustwide/target:rw,Z" "-v" "/var/lib/crater-agent-workspace/builds/worker-2-tc1/source:/opt/rustwide/workdir:ro,Z" "-v" "/var/lib/crater-agent-workspace/cargo-home:/opt/rustwide/cargo-home:ro,Z" "-v" "/var/lib/crater-agent-workspace/rustup-home:/opt/rustwide/rustup-home:ro,Z" "-e" "SOURCE_DIR=/opt/rustwide/workdir" "-e" "CARGO_TARGET_DIR=/opt/rustwide/target" "-e" "CARGO_INCREMENTAL=0" "-e" "RUST_BACKTRACE=full" "-e" "RUSTFLAGS=--cap-lints=warn" "-e" "RUSTDOCFLAGS=--cap-lints=warn" "-e" "CARGO_HOME=/opt/rustwide/cargo-home" "-e" "RUSTUP_HOME=/opt/rustwide/rustup-home" "-w" "/opt/rustwide/workdir" "-m" "1610612736" "--user" "0:0" "--network" "none" "ghcr.io/rust-lang/crates-build-env/linux@sha256:2788e3201cd34a07e3172128adcd8b3090168a8e3bcc40d7c032b9dda1df7d1c" "/opt/rustwide/cargo-home/bin/cargo" "+1.75.0" "build" "--frozen" "--message-format=json", kill_on_drop: false }`
[INFO] [stdout] aab78fe2fcbdf5ed18e51bbc783fe8694f02150a28c9d8576f108e4269ca7265
[INFO] running `Command { std: "docker" "start" "-a" "aab78fe2fcbdf5ed18e51bbc783fe8694f02150a28c9d8576f108e4269ca7265", kill_on_drop: false }`
[INFO] [stderr]    Compiling proc-macro2 v1.0.75
[INFO] [stderr]    Compiling unicode-ident v1.0.12
[INFO] [stderr]    Compiling syn v1.0.109
[INFO] [stderr]    Compiling quote v1.0.35
[INFO] [stderr]    Compiling tagged-base64-macros v0.3.3 (/opt/rustwide/workdir)
[INFO] [stderr]     Finished dev [unoptimized + debuginfo] target(s) in 3.55s
[INFO] running `Command { std: "docker" "inspect" "aab78fe2fcbdf5ed18e51bbc783fe8694f02150a28c9d8576f108e4269ca7265", kill_on_drop: false }`
[INFO] running `Command { std: "docker" "rm" "-f" "aab78fe2fcbdf5ed18e51bbc783fe8694f02150a28c9d8576f108e4269ca7265", kill_on_drop: false }`
[INFO] [stdout] aab78fe2fcbdf5ed18e51bbc783fe8694f02150a28c9d8576f108e4269ca7265
[INFO] running `Command { std: "docker" "create" "-v" "/var/lib/crater-agent-workspace/builds/worker-2-tc1/target:/opt/rustwide/target:rw,Z" "-v" "/var/lib/crater-agent-workspace/builds/worker-2-tc1/source:/opt/rustwide/workdir:ro,Z" "-v" "/var/lib/crater-agent-workspace/cargo-home:/opt/rustwide/cargo-home:ro,Z" "-v" "/var/lib/crater-agent-workspace/rustup-home:/opt/rustwide/rustup-home:ro,Z" "-e" "SOURCE_DIR=/opt/rustwide/workdir" "-e" "CARGO_TARGET_DIR=/opt/rustwide/target" "-e" "CARGO_INCREMENTAL=0" "-e" "RUST_BACKTRACE=full" "-e" "RUSTFLAGS=--cap-lints=warn" "-e" "RUSTDOCFLAGS=--cap-lints=warn" "-e" "CARGO_HOME=/opt/rustwide/cargo-home" "-e" "RUSTUP_HOME=/opt/rustwide/rustup-home" "-w" "/opt/rustwide/workdir" "-m" "1610612736" "--user" "0:0" "--network" "none" "ghcr.io/rust-lang/crates-build-env/linux@sha256:2788e3201cd34a07e3172128adcd8b3090168a8e3bcc40d7c032b9dda1df7d1c" "/opt/rustwide/cargo-home/bin/cargo" "+1.75.0" "test" "--frozen" "--no-run" "--message-format=json", kill_on_drop: false }`
[INFO] [stdout] 7a67bf112ff9c6970b339d29cfc2a5ead7f943593554d563980ca5c799378376
[INFO] running `Command { std: "docker" "start" "-a" "7a67bf112ff9c6970b339d29cfc2a5ead7f943593554d563980ca5c799378376", kill_on_drop: false }`
[INFO] [stderr]    Compiling tagged-base64-macros v0.3.3 (/opt/rustwide/workdir)
[INFO] [stderr]     Finished test [unoptimized + debuginfo] target(s) in 0.45s
[INFO] running `Command { std: "docker" "inspect" "7a67bf112ff9c6970b339d29cfc2a5ead7f943593554d563980ca5c799378376", kill_on_drop: false }`
[INFO] running `Command { std: "docker" "rm" "-f" "7a67bf112ff9c6970b339d29cfc2a5ead7f943593554d563980ca5c799378376", kill_on_drop: false }`
[INFO] [stdout] 7a67bf112ff9c6970b339d29cfc2a5ead7f943593554d563980ca5c799378376
[INFO] running `Command { std: "docker" "create" "-v" "/var/lib/crater-agent-workspace/builds/worker-2-tc1/target:/opt/rustwide/target:rw,Z" "-v" "/var/lib/crater-agent-workspace/builds/worker-2-tc1/source:/opt/rustwide/workdir:ro,Z" "-v" "/var/lib/crater-agent-workspace/cargo-home:/opt/rustwide/cargo-home:ro,Z" "-v" "/var/lib/crater-agent-workspace/rustup-home:/opt/rustwide/rustup-home:ro,Z" "-e" "SOURCE_DIR=/opt/rustwide/workdir" "-e" "CARGO_TARGET_DIR=/opt/rustwide/target" "-e" "CARGO_INCREMENTAL=0" "-e" "RUST_BACKTRACE=full" "-e" "RUSTFLAGS=--cap-lints=warn" "-e" "RUSTDOCFLAGS=--cap-lints=warn" "-e" "CARGO_HOME=/opt/rustwide/cargo-home" "-e" "RUSTUP_HOME=/opt/rustwide/rustup-home" "-w" "/opt/rustwide/workdir" "-m" "1610612736" "--user" "0:0" "--network" "none" "ghcr.io/rust-lang/crates-build-env/linux@sha256:2788e3201cd34a07e3172128adcd8b3090168a8e3bcc40d7c032b9dda1df7d1c" "/opt/rustwide/cargo-home/bin/cargo" "+1.75.0" "test" "--frozen", kill_on_drop: false }`
[INFO] [stdout] 4b88d725fd6d163284a464358f3a77e86a7f371086cd51414da44b3f874106a9
[INFO] running `Command { std: "docker" "start" "-a" "4b88d725fd6d163284a464358f3a77e86a7f371086cd51414da44b3f874106a9", kill_on_drop: false }`
[INFO] [stderr]     Finished test [unoptimized + debuginfo] target(s) in 0.01s
[INFO] [stderr]      Running unittests src/lib.rs (/opt/rustwide/target/debug/deps/tagged_base64_macros-c8412e5fc6a50bd9)
[INFO] [stdout] 
[INFO] [stdout] running 0 tests
[INFO] [stdout] 
[INFO] [stdout] test result: ok. 0 passed; 0 failed; 0 ignored; 0 measured; 0 filtered out; finished in 0.00s
[INFO] [stdout] 
[INFO] [stderr]    Doc-tests tagged-base64-macros
[INFO] [stdout] 
[INFO] [stdout] running 3 tests
[INFO] [stdout] test src/lib.rs - tagged (line 41) ... FAILED
[INFO] [stdout] test src/lib.rs - tagged (line 66) ... FAILED
[INFO] [stdout] test src/lib.rs - tagged (line 54) ... FAILED
[INFO] [stdout] 
[INFO] [stdout] failures:
[INFO] [stdout] 
[INFO] [stdout] ---- src/lib.rs - tagged (line 41) stdout ----
[INFO] [stdout] error[E0432]: unresolved import `ark_serialize`
[INFO] [stdout]  --> src/lib.rs:43:5
[INFO] [stdout]   |
[INFO] [stdout] 4 | use ark_serialize::*;
[INFO] [stdout]   |     ^^^^^^^^^^^^^ use of undeclared crate or module `ark_serialize`
[INFO] [stdout] 
[INFO] [stdout] error[E0433]: failed to resolve: use of undeclared crate or module `serde`
[INFO] [stdout]  --> src/lib.rs:45:1
[INFO] [stdout]   |
[INFO] [stdout] 6 | #[tagged("PRIM")]
[INFO] [stdout]   | ^^^^^^^^^^^^^^^^^ use of undeclared crate or module `serde`
[INFO] [stdout]   |
[INFO] [stdout]   = note: this error originates in the attribute macro `tagged` (in Nightly builds, run with -Z macro-backtrace for more info)
[INFO] [stdout] 
[INFO] [stdout] error[E0433]: failed to resolve: use of undeclared crate or module `ark_std`
[INFO] [stdout]  --> src/lib.rs:45:1
[INFO] [stdout]   |
[INFO] [stdout] 6 | #[tagged("PRIM")]
[INFO] [stdout]   | ^^^^^^^^^^^^^^^^^ use of undeclared crate or module `ark_std`
[INFO] [stdout]   |
[INFO] [stdout]   = note: this error originates in the attribute macro `tagged` (in Nightly builds, run with -Z macro-backtrace for more info)
[INFO] [stdout] 
[INFO] [stdout] error: cannot find derive macro `CanonicalSerialize` in this scope
[INFO] [stdout]  --> src/lib.rs:46:17
[INFO] [stdout]   |
[INFO] [stdout] 7 | #[derive(Clone, CanonicalSerialize, CanonicalDeserialize, /* any other derives */)]
[INFO] [stdout]   |                 ^^^^^^^^^^^^^^^^^^
[INFO] [stdout] 
[INFO] [stdout] error: cannot find derive macro `CanonicalDeserialize` in this scope
[INFO] [stdout]  --> src/lib.rs:46:37
[INFO] [stdout]   |
[INFO] [stdout] 7 | #[derive(Clone, CanonicalSerialize, CanonicalDeserialize, /* any other derives */)]
[INFO] [stdout]   |                                     ^^^^^^^^^^^^^^^^^^^^
[INFO] [stdout] 
[INFO] [stdout] error: cannot find attribute `serde` in this scope
[INFO] [stdout]  --> src/lib.rs:45:1
[INFO] [stdout]   |
[INFO] [stdout] 6 | #[tagged("PRIM")]
[INFO] [stdout]   | ^^^^^^^^^^^^^^^^^
[INFO] [stdout]   |
[INFO] [stdout]   = note: this error originates in the attribute macro `tagged` (in Nightly builds, run with -Z macro-backtrace for more info)
[INFO] [stdout] 
[INFO] [stdout] error[E0433]: failed to resolve: use of undeclared crate or module `tagged_base64`
[INFO] [stdout]  --> src/lib.rs:45:1
[INFO] [stdout]   |
[INFO] [stdout] 6 | #[tagged("PRIM")]
[INFO] [stdout]   | ^^^^^^^^^^^^^^^^^ use of undeclared crate or module `tagged_base64`
[INFO] [stdout]   |
[INFO] [stdout]   = note: this error originates in the attribute macro `tagged` (in Nightly builds, run with -Z macro-backtrace for more info)
[INFO] [stdout] 
[INFO] [stdout] error[E0433]: failed to resolve: use of undeclared crate or module `ark_std`
[INFO] [stdout]  --> src/lib.rs:45:1
[INFO] [stdout]   |
[INFO] [stdout] 6 | #[tagged("PRIM")]
[INFO] [stdout]   | ^^^^^^^^^^^^^^^^^ use of undeclared crate or module `ark_std`
[INFO] [stdout]   |
[INFO] [stdout]   = note: this error originates in the attribute macro `tagged` (in Nightly builds, run with -Z macro-backtrace for more info)
[INFO] [stdout] help: consider importing this module
[INFO] [stdout]   |
[INFO] [stdout] 2 + use std::string;
[INFO] [stdout]   |
[INFO] [stdout] 
[INFO] [stdout] error[E0433]: failed to resolve: use of undeclared crate or module `ark_std`
[INFO] [stdout]  --> src/lib.rs:45:1
[INFO] [stdout]   |
[INFO] [stdout] 6 | #[tagged("PRIM")]
[INFO] [stdout]   | ^^^^^^^^^^^^^^^^^ use of undeclared crate or module `ark_std`
[INFO] [stdout]   |
[INFO] [stdout]   = note: this error originates in the attribute macro `tagged` (in Nightly builds, run with -Z macro-backtrace for more info)
[INFO] [stdout] help: consider importing this struct
[INFO] [stdout]   |
[INFO] [stdout] 2 + use std::string::String;
[INFO] [stdout]   |
[INFO] [stdout] 
[INFO] [stdout] error[E0405]: cannot find trait `CanonicalDeserialize` in this scope
[INFO] [stdout]  --> src/lib.rs:45:1
[INFO] [stdout]   |
[INFO] [stdout] 6 | #[tagged("PRIM")]
[INFO] [stdout]   | ^^^^^^^^^^^^^^^^^ not found in this scope
[INFO] [stdout]   |
[INFO] [stdout]   = note: this error originates in the attribute macro `tagged` (in Nightly builds, run with -Z macro-backtrace for more info)
[INFO] [stdout] 
[INFO] [stdout] error[E0433]: failed to resolve: use of undeclared crate or module `ark_std`
[INFO] [stdout]  --> src/lib.rs:45:1
[INFO] [stdout]   |
[INFO] [stdout] 6 | #[tagged("PRIM")]
[INFO] [stdout]   | ^^^^^^^^^^^^^^^^^ use of undeclared crate or module `ark_std`
[INFO] [stdout]   |
[INFO] [stdout]   = note: this error originates in the attribute macro `tagged` (in Nightly builds, run with -Z macro-backtrace for more info)
[INFO] [stdout] help: consider importing one of these items
[INFO] [stdout]   |
[INFO] [stdout] 2 + use core::fmt;
[INFO] [stdout]   |
[INFO] [stdout] 2 + use std::fmt;
[INFO] [stdout]   |
[INFO] [stdout] 2 + use syn::__private::fmt;
[INFO] [stdout]   |
[INFO] [stdout] 
[INFO] [stdout] error[E0433]: failed to resolve: use of undeclared crate or module `ark_std`
[INFO] [stdout]  --> src/lib.rs:45:1
[INFO] [stdout]   |
[INFO] [stdout] 6 | #[tagged("PRIM")]
[INFO] [stdout]   | ^^^^^^^^^^^^^^^^^ use of undeclared crate or module `ark_std`
[INFO] [stdout]   |
[INFO] [stdout]   = note: this error originates in the attribute macro `tagged` (in Nightly builds, run with -Z macro-backtrace for more info)
[INFO] [stdout] help: consider importing one of these items
[INFO] [stdout]   |
[INFO] [stdout] 2 + use core::primitive::str;
[INFO] [stdout]   |
[INFO] [stdout] 2 + use std::primitive::str;
[INFO] [stdout]   |
[INFO] [stdout] 2 + use syn::__private::str;
[INFO] [stdout]   |
[INFO] [stdout] 
[INFO] [stdout] error[E0433]: failed to resolve: use of undeclared crate or module `ark_bls12_381`
[INFO] [stdout]   --> src/lib.rs:49:16
[INFO] [stdout]    |
[INFO] [stdout] 10 |     pub(crate) ark_bls12_381::Fr,
[INFO] [stdout]    |                ^^^^^^^^^^^^^ use of undeclared crate or module `ark_bls12_381`
[INFO] [stdout] 
[INFO] [stdout] error: aborting due to 13 previous errors
[INFO] [stdout] 
[INFO] [stdout] Some errors have detailed explanations: E0405, E0432, E0433.
[INFO] [stdout] For more information about an error, try `rustc --explain E0405`.
[INFO] [stdout] Couldn't compile the test.
[INFO] [stdout] ---- src/lib.rs - tagged (line 66) stdout ----
[INFO] [stdout] error[E0432]: unresolved import `ark_serialize`
[INFO] [stdout]  --> src/lib.rs:68:5
[INFO] [stdout]   |
[INFO] [stdout] 5 | use ark_serialize::*;
[INFO] [stdout]   |     ^^^^^^^^^^^^^ use of undeclared crate or module `ark_serialize`
[INFO] [stdout] 
[INFO] [stdout] error[E0432]: unresolved import `ark_std`
[INFO] [stdout]  --> src/lib.rs:69:5
[INFO] [stdout]   |
[INFO] [stdout] 6 | use ark_std::UniformRand;
[INFO] [stdout]   |     ^^^^^^^ use of undeclared crate or module `ark_std`
[INFO] [stdout] 
[INFO] [stdout] error[E0433]: failed to resolve: use of undeclared crate or module `rand_chacha`
[INFO] [stdout]  --> src/lib.rs:71:5
[INFO] [stdout]   |
[INFO] [stdout] 8 | use rand_chacha::{ChaChaRng, rand_core::SeedableRng};
[INFO] [stdout]   |     ^^^^^^^^^^^ use of undeclared crate or module `rand_chacha`
[INFO] [stdout] 
[INFO] [stdout] error[E0432]: unresolved import `rand_chacha`
[INFO] [stdout]  --> src/lib.rs:71:5
[INFO] [stdout]   |
[INFO] [stdout] 8 | use rand_chacha::{ChaChaRng, rand_core::SeedableRng};
[INFO] [stdout]   |     ^^^^^^^^^^^ use of undeclared crate or module `rand_chacha`
[INFO] [stdout] 
[INFO] [stdout] error[E0433]: failed to resolve: use of undeclared crate or module `serde`
[INFO] [stdout]  --> src/lib.rs:72:1
[INFO] [stdout]   |
[INFO] [stdout] 9 | #[tagged("PRIM", compressed, checked)]
[INFO] [stdout]   | ^^^^^^^^^^^^^^^^^^^^^^^^^^^^^^^^^^^^^^ use of undeclared crate or module `serde`
[INFO] [stdout]   |
[INFO] [stdout]   = note: this error originates in the attribute macro `tagged` (in Nightly builds, run with -Z macro-backtrace for more info)
[INFO] [stdout] 
[INFO] [stdout] error[E0433]: failed to resolve: use of undeclared crate or module `ark_std`
[INFO] [stdout]  --> src/lib.rs:72:1
[INFO] [stdout]   |
[INFO] [stdout] 9 | #[tagged("PRIM", compressed, checked)]
[INFO] [stdout]   | ^^^^^^^^^^^^^^^^^^^^^^^^^^^^^^^^^^^^^^ use of undeclared crate or module `ark_std`
[INFO] [stdout]   |
[INFO] [stdout]   = note: this error originates in the attribute macro `tagged` (in Nightly builds, run with -Z macro-backtrace for more info)
[INFO] [stdout] 
[INFO] [stdout] error: cannot find derive macro `CanonicalSerialize` in this scope
[INFO] [stdout]   --> src/lib.rs:73:17
[INFO] [stdout]    |
[INFO] [stdout] 10 | #[derive(Clone, CanonicalSerialize, CanonicalDeserialize, /* any other derives */)]
[INFO] [stdout]    |                 ^^^^^^^^^^^^^^^^^^
[INFO] [stdout] 
[INFO] [stdout] error: cannot find derive macro `CanonicalDeserialize` in this scope
[INFO] [stdout]   --> src/lib.rs:73:37
[INFO] [stdout]    |
[INFO] [stdout] 10 | #[derive(Clone, CanonicalSerialize, CanonicalDeserialize, /* any other derives */)]
[INFO] [stdout]    |                                     ^^^^^^^^^^^^^^^^^^^^
[INFO] [stdout] 
[INFO] [stdout] error: cannot find attribute `serde` in this scope
[INFO] [stdout]  --> src/lib.rs:72:1
[INFO] [stdout]   |
[INFO] [stdout] 9 | #[tagged("PRIM", compressed, checked)]
[INFO] [stdout]   | ^^^^^^^^^^^^^^^^^^^^^^^^^^^^^^^^^^^^^^
[INFO] [stdout]   |
[INFO] [stdout]   = note: this error originates in the attribute macro `tagged` (in Nightly builds, run with -Z macro-backtrace for more info)
[INFO] [stdout] 
[INFO] [stdout] error[E0433]: failed to resolve: use of undeclared crate or module `tagged_base64`
[INFO] [stdout]  --> src/lib.rs:72:1
[INFO] [stdout]   |
[INFO] [stdout] 9 | #[tagged("PRIM", compressed, checked)]
[INFO] [stdout]   | ^^^^^^^^^^^^^^^^^^^^^^^^^^^^^^^^^^^^^^ use of undeclared crate or module `tagged_base64`
[INFO] [stdout]   |
[INFO] [stdout]   = note: this error originates in the attribute macro `tagged` (in Nightly builds, run with -Z macro-backtrace for more info)
[INFO] [stdout] 
[INFO] [stdout] error[E0433]: failed to resolve: use of undeclared crate or module `ark_bls12_381`
[INFO] [stdout]   --> src/lib.rs:75:30
[INFO] [stdout]    |
[INFO] [stdout] 12 | let crypto_prim = CryptoPrim(ark_bls12_381::Fr::rand(&mut ChaChaRng::from_seed([42; 32])));
[INFO] [stdout]    |                              ^^^^^^^^^^^^^ use of undeclared crate or module `ark_bls12_381`
[INFO] [stdout] 
[INFO] [stdout] error[E0433]: failed to resolve: use of undeclared crate or module `ark_std`
[INFO] [stdout]  --> src/lib.rs:72:1
[INFO] [stdout]   |
[INFO] [stdout] 9 | #[tagged("PRIM", compressed, checked)]
[INFO] [stdout]   | ^^^^^^^^^^^^^^^^^^^^^^^^^^^^^^^^^^^^^^ use of undeclared crate or module `ark_std`
[INFO] [stdout]   |
[INFO] [stdout]   = note: this error originates in the attribute macro `tagged` (in Nightly builds, run with -Z macro-backtrace for more info)
[INFO] [stdout] help: consider importing this module
[INFO] [stdout]   |
[INFO] [stdout] 2 + use std::string;
[INFO] [stdout]   |
[INFO] [stdout] 
[INFO] [stdout] error[E0433]: failed to resolve: use of undeclared crate or module `ark_std`
[INFO] [stdout]  --> src/lib.rs:72:1
[INFO] [stdout]   |
[INFO] [stdout] 9 | #[tagged("PRIM", compressed, checked)]
[INFO] [stdout]   | ^^^^^^^^^^^^^^^^^^^^^^^^^^^^^^^^^^^^^^ use of undeclared crate or module `ark_std`
[INFO] [stdout]   |
[INFO] [stdout]   = note: this error originates in the attribute macro `tagged` (in Nightly builds, run with -Z macro-backtrace for more info)
[INFO] [stdout] help: consider importing this struct
[INFO] [stdout]   |
[INFO] [stdout] 2 + use std::string::String;
[INFO] [stdout]   |
[INFO] [stdout] 
[INFO] [stdout] error[E0405]: cannot find trait `CanonicalDeserialize` in this scope
[INFO] [stdout]  --> src/lib.rs:72:1
[INFO] [stdout]   |
[INFO] [stdout] 9 | #[tagged("PRIM", compressed, checked)]
[INFO] [stdout]   | ^^^^^^^^^^^^^^^^^^^^^^^^^^^^^^^^^^^^^^ not found in this scope
[INFO] [stdout]   |
[INFO] [stdout]   = note: this error originates in the attribute macro `tagged` (in Nightly builds, run with -Z macro-backtrace for more info)
[INFO] [stdout] 
[INFO] [stdout] error[E0433]: failed to resolve: use of undeclared crate or module `ark_std`
[INFO] [stdout]  --> src/lib.rs:72:1
[INFO] [stdout]   |
[INFO] [stdout] 9 | #[tagged("PRIM", compressed, checked)]
[INFO] [stdout]   | ^^^^^^^^^^^^^^^^^^^^^^^^^^^^^^^^^^^^^^ use of undeclared crate or module `ark_std`
[INFO] [stdout]   |
[INFO] [stdout]   = note: this error originates in the attribute macro `tagged` (in Nightly builds, run with -Z macro-backtrace for more info)
[INFO] [stdout] help: consider importing one of these items
[INFO] [stdout]   |
[INFO] [stdout] 2 + use core::fmt;
[INFO] [stdout]   |
[INFO] [stdout] 2 + use std::fmt;
[INFO] [stdout]   |
[INFO] [stdout] 2 + use syn::__private::fmt;
[INFO] [stdout]   |
[INFO] [stdout] 
[INFO] [stdout] error[E0433]: failed to resolve: use of undeclared crate or module `ark_std`
[INFO] [stdout]  --> src/lib.rs:72:1
[INFO] [stdout]   |
[INFO] [stdout] 9 | #[tagged("PRIM", compressed, checked)]
[INFO] [stdout]   | ^^^^^^^^^^^^^^^^^^^^^^^^^^^^^^^^^^^^^^ use of undeclared crate or module `ark_std`
[INFO] [stdout]   |
[INFO] [stdout]   = note: this error originates in the attribute macro `tagged` (in Nightly builds, run with -Z macro-backtrace for more info)
[INFO] [stdout] help: consider importing one of these items
[INFO] [stdout]   |
[INFO] [stdout] 2 + use core::primitive::str;
[INFO] [stdout]   |
[INFO] [stdout] 2 + use std::primitive::str;
[INFO] [stdout]   |
[INFO] [stdout] 2 + use syn::__private::str;
[INFO] [stdout]   |
[INFO] [stdout] 
[INFO] [stdout] error[E0433]: failed to resolve: use of undeclared crate or module `ark_bls12_381`
[INFO] [stdout]   --> src/lib.rs:74:19
[INFO] [stdout]    |
[INFO] [stdout] 11 | struct CryptoPrim(ark_bls12_381::Fr);
[INFO] [stdout]    |                   ^^^^^^^^^^^^^ use of undeclared crate or module `ark_bls12_381`
[INFO] [stdout] 
[INFO] [stdout] error[E0433]: failed to resolve: use of undeclared crate or module `serde_json`
[INFO] [stdout]   --> src/lib.rs:76:1
[INFO] [stdout]    |
[INFO] [stdout] 13 | serde_json::to_string(&crypto_prim).unwrap();
[INFO] [stdout]    | ^^^^^^^^^^ use of undeclared crate or module `serde_json`
[INFO] [stdout] 
[INFO] [stdout] error: aborting due to 18 previous errors
[INFO] [stdout] 
[INFO] [stdout] Some errors have detailed explanations: E0405, E0432, E0433.
[INFO] [stdout] For more information about an error, try `rustc --explain E0405`.
[INFO] [stdout] Couldn't compile the test.
[INFO] [stdout] ---- src/lib.rs - tagged (line 54) stdout ----
[INFO] [stdout] error[E0432]: unresolved import `ark_serialize`
[INFO] [stdout]  --> src/lib.rs:56:5
[INFO] [stdout]   |
[INFO] [stdout] 5 | use ark_serialize::*;
[INFO] [stdout]   |     ^^^^^^^^^^^^^ use of undeclared crate or module `ark_serialize`
[INFO] [stdout] 
[INFO] [stdout] error[E0432]: unresolved import `ark_std`
[INFO] [stdout]  --> src/lib.rs:57:5
[INFO] [stdout]   |
[INFO] [stdout] 6 | use ark_std::UniformRand;
[INFO] [stdout]   |     ^^^^^^^ use of undeclared crate or module `ark_std`
[INFO] [stdout] 
[INFO] [stdout] error[E0433]: failed to resolve: use of undeclared crate or module `rand_chacha`
[INFO] [stdout]  --> src/lib.rs:59:5
[INFO] [stdout]   |
[INFO] [stdout] 8 | use rand_chacha::{ChaChaRng, rand_core::SeedableRng};
[INFO] [stdout]   |     ^^^^^^^^^^^ use of undeclared crate or module `rand_chacha`
[INFO] [stdout] 
[INFO] [stdout] error[E0432]: unresolved import `rand_chacha`
[INFO] [stdout]  --> src/lib.rs:59:5
[INFO] [stdout]   |
[INFO] [stdout] 8 | use rand_chacha::{ChaChaRng, rand_core::SeedableRng};
[INFO] [stdout]   |     ^^^^^^^^^^^ use of undeclared crate or module `rand_chacha`
[INFO] [stdout] 
[INFO] [stdout] error[E0433]: failed to resolve: use of undeclared crate or module `serde`
[INFO] [stdout]  --> src/lib.rs:60:1
[INFO] [stdout]   |
[INFO] [stdout] 9 | #[tagged("PRIM", compressed)]
[INFO] [stdout]   | ^^^^^^^^^^^^^^^^^^^^^^^^^^^^^ use of undeclared crate or module `serde`
[INFO] [stdout]   |
[INFO] [stdout]   = note: this error originates in the attribute macro `tagged` (in Nightly builds, run with -Z macro-backtrace for more info)
[INFO] [stdout] 
[INFO] [stdout] error[E0433]: failed to resolve: use of undeclared crate or module `ark_std`
[INFO] [stdout]  --> src/lib.rs:60:1
[INFO] [stdout]   |
[INFO] [stdout] 9 | #[tagged("PRIM", compressed)]
[INFO] [stdout]   | ^^^^^^^^^^^^^^^^^^^^^^^^^^^^^ use of undeclared crate or module `ark_std`
[INFO] [stdout]   |
[INFO] [stdout]   = note: this error originates in the attribute macro `tagged` (in Nightly builds, run with -Z macro-backtrace for more info)
[INFO] [stdout] 
[INFO] [stdout] error: cannot find derive macro `CanonicalSerialize` in this scope
[INFO] [stdout]   --> src/lib.rs:61:17
[INFO] [stdout]    |
[INFO] [stdout] 10 | #[derive(Clone, CanonicalSerialize, CanonicalDeserialize, /* any other derives */)]
[INFO] [stdout]    |                 ^^^^^^^^^^^^^^^^^^
[INFO] [stdout] 
[INFO] [stdout] error: cannot find derive macro `CanonicalDeserialize` in this scope
[INFO] [stdout]   --> src/lib.rs:61:37
[INFO] [stdout]    |
[INFO] [stdout] 10 | #[derive(Clone, CanonicalSerialize, CanonicalDeserialize, /* any other derives */)]
[INFO] [stdout]    |                                     ^^^^^^^^^^^^^^^^^^^^
[INFO] [stdout] 
[INFO] [stdout] error: cannot find attribute `serde` in this scope
[INFO] [stdout]  --> src/lib.rs:60:1
[INFO] [stdout]   |
[INFO] [stdout] 9 | #[tagged("PRIM", compressed)]
[INFO] [stdout]   | ^^^^^^^^^^^^^^^^^^^^^^^^^^^^^
[INFO] [stdout]   |
[INFO] [stdout]   = note: this error originates in the attribute macro `tagged` (in Nightly builds, run with -Z macro-backtrace for more info)
[INFO] [stdout] 
[INFO] [stdout] error[E0433]: failed to resolve: use of undeclared crate or module `tagged_base64`
[INFO] [stdout]  --> src/lib.rs:60:1
[INFO] [stdout]   |
[INFO] [stdout] 9 | #[tagged("PRIM", compressed)]
[INFO] [stdout]   | ^^^^^^^^^^^^^^^^^^^^^^^^^^^^^ use of undeclared crate or module `tagged_base64`
[INFO] [stdout]   |
[INFO] [stdout]   = note: this error originates in the attribute macro `tagged` (in Nightly builds, run with -Z macro-backtrace for more info)
[INFO] [stdout] 
[INFO] [stdout] error[E0433]: failed to resolve: use of undeclared crate or module `ark_bls12_381`
[INFO] [stdout]   --> src/lib.rs:63:30
[INFO] [stdout]    |
[INFO] [stdout] 12 | let crypto_prim = CryptoPrim(ark_bls12_381::Fr::rand(&mut ChaChaRng::from_seed([42; 32])));
[INFO] [stdout]    |                              ^^^^^^^^^^^^^ use of undeclared crate or module `ark_bls12_381`
[INFO] [stdout] 
[INFO] [stdout] error[E0433]: failed to resolve: use of undeclared crate or module `ark_std`
[INFO] [stdout]  --> src/lib.rs:60:1
[INFO] [stdout]   |
[INFO] [stdout] 9 | #[tagged("PRIM", compressed)]
[INFO] [stdout]   | ^^^^^^^^^^^^^^^^^^^^^^^^^^^^^ use of undeclared crate or module `ark_std`
[INFO] [stdout]   |
[INFO] [stdout]   = note: this error originates in the attribute macro `tagged` (in Nightly builds, run with -Z macro-backtrace for more info)
[INFO] [stdout] help: consider importing this module
[INFO] [stdout]   |
[INFO] [stdout] 2 + use std::string;
[INFO] [stdout]   |
[INFO] [stdout] 
[INFO] [stdout] error[E0433]: failed to resolve: use of undeclared crate or module `ark_std`
[INFO] [stdout]  --> src/lib.rs:60:1
[INFO] [stdout]   |
[INFO] [stdout] 9 | #[tagged("PRIM", compressed)]
[INFO] [stdout]   | ^^^^^^^^^^^^^^^^^^^^^^^^^^^^^ use of undeclared crate or module `ark_std`
[INFO] [stdout]   |
[INFO] [stdout]   = note: this error originates in the attribute macro `tagged` (in Nightly builds, run with -Z macro-backtrace for more info)
[INFO] [stdout] help: consider importing this struct
[INFO] [stdout]   |
[INFO] [stdout] 2 + use std::string::String;
[INFO] [stdout]   |
[INFO] [stdout] 
[INFO] [stdout] error[E0405]: cannot find trait `CanonicalDeserialize` in this scope
[INFO] [stdout]  --> src/lib.rs:60:1
[INFO] [stdout]   |
[INFO] [stdout] 9 | #[tagged("PRIM", compressed)]
[INFO] [stdout]   | ^^^^^^^^^^^^^^^^^^^^^^^^^^^^^ not found in this scope
[INFO] [stdout]   |
[INFO] [stdout]   = note: this error originates in the attribute macro `tagged` (in Nightly builds, run with -Z macro-backtrace for more info)
[INFO] [stdout] 
[INFO] [stdout] error[E0433]: failed to resolve: use of undeclared crate or module `ark_std`
[INFO] [stdout]  --> src/lib.rs:60:1
[INFO] [stdout]   |
[INFO] [stdout] 9 | #[tagged("PRIM", compressed)]
[INFO] [stdout]   | ^^^^^^^^^^^^^^^^^^^^^^^^^^^^^ use of undeclared crate or module `ark_std`
[INFO] [stdout]   |
[INFO] [stdout]   = note: this error originates in the attribute macro `tagged` (in Nightly builds, run with -Z macro-backtrace for more info)
[INFO] [stdout] help: consider importing one of these items
[INFO] [stdout]   |
[INFO] [stdout] 2 + use core::fmt;
[INFO] [stdout]   |
[INFO] [stdout] 2 + use std::fmt;
[INFO] [stdout]   |
[INFO] [stdout] 2 + use syn::__private::fmt;
[INFO] [stdout]   |
[INFO] [stdout] 
[INFO] [stdout] error[E0433]: failed to resolve: use of undeclared crate or module `ark_std`
[INFO] [stdout]  --> src/lib.rs:60:1
[INFO] [stdout]   |
[INFO] [stdout] 9 | #[tagged("PRIM", compressed)]
[INFO] [stdout]   | ^^^^^^^^^^^^^^^^^^^^^^^^^^^^^ use of undeclared crate or module `ark_std`
[INFO] [stdout]   |
[INFO] [stdout]   = note: this error originates in the attribute macro `tagged` (in Nightly builds, run with -Z macro-backtrace for more info)
[INFO] [stdout] help: consider importing one of these items
[INFO] [stdout]   |
[INFO] [stdout] 2 + use core::primitive::str;
[INFO] [stdout]   |
[INFO] [stdout] 2 + use std::primitive::str;
[INFO] [stdout]   |
[INFO] [stdout] 2 + use syn::__private::str;
[INFO] [stdout]   |
[INFO] [stdout] 
[INFO] [stdout] error[E0433]: failed to resolve: use of undeclared crate or module `ark_bls12_381`
[INFO] [stdout]   --> src/lib.rs:62:19
[INFO] [stdout]    |
[INFO] [stdout] 11 | struct CryptoPrim(ark_bls12_381::Fr);
[INFO] [stdout]    |                   ^^^^^^^^^^^^^ use of undeclared crate or module `ark_bls12_381`
[INFO] [stdout] 
[INFO] [stdout] error[E0433]: failed to resolve: use of undeclared crate or module `bincode`
[INFO] [stdout]   --> src/lib.rs:64:1
[INFO] [stdout]    |
[INFO] [stdout] 13 | bincode::serialize(&crypto_prim).unwrap();
[INFO] [stdout]    | ^^^^^^^ use of undeclared crate or module `bincode`
[INFO] [stdout] 
[INFO] [stdout] error: aborting due to 18 previous errors
[INFO] [stdout] 
[INFO] [stdout] Some errors have detailed explanations: E0405, E0432, E0433.
[INFO] [stdout] For more information about an error, try `rustc --explain E0405`.
[INFO] [stdout] Couldn't compile the test.
[INFO] [stdout] 
[INFO] [stdout] failures:
[INFO] [stdout]     src/lib.rs - tagged (line 41)
[INFO] [stdout]     src/lib.rs - tagged (line 54)
[INFO] [stdout]     src/lib.rs - tagged (line 66)
[INFO] [stdout] 
[INFO] [stdout] test result: FAILED. 0 passed; 3 failed; 0 ignored; 0 measured; 0 filtered out; finished in 0.08s
[INFO] [stdout] 
[INFO] [stderr] error: doctest failed, to rerun pass `--doc`
[INFO] running `Command { std: "docker" "inspect" "4b88d725fd6d163284a464358f3a77e86a7f371086cd51414da44b3f874106a9", kill_on_drop: false }`
[INFO] running `Command { std: "docker" "rm" "-f" "4b88d725fd6d163284a464358f3a77e86a7f371086cd51414da44b3f874106a9", kill_on_drop: false }`
[INFO] [stdout] 4b88d725fd6d163284a464358f3a77e86a7f371086cd51414da44b3f874106a9
[INFO] testing tagged-base64-macros-0.3.3 against beta-2023-12-22 for beta-1.76-1
[INFO] extracting crate tagged-base64-macros 0.3.3 into /workspace/builds/worker-2-tc2/source
[INFO] validating manifest of crates.io crate tagged-base64-macros 0.3.3 on toolchain beta-2023-12-22
[INFO] running `Command { std: CARGO_HOME="/workspace/cargo-home" RUSTUP_HOME="/workspace/rustup-home" "/workspace/cargo-home/bin/cargo" "+beta-2023-12-22" "metadata" "--manifest-path" "Cargo.toml" "--no-deps", kill_on_drop: false }`
[INFO] started tweaking crates.io crate tagged-base64-macros 0.3.3
[INFO] finished tweaking crates.io crate tagged-base64-macros 0.3.3
[INFO] tweaked toml for crates.io crate tagged-base64-macros 0.3.3 written to /workspace/builds/worker-2-tc2/source/Cargo.toml
[INFO] running `Command { std: CARGO_HOME="/workspace/cargo-home" RUSTUP_HOME="/workspace/rustup-home" "/workspace/cargo-home/bin/cargo" "+beta-2023-12-22" "generate-lockfile" "--manifest-path" "Cargo.toml", kill_on_drop: false }`
[INFO] [stderr]     Updating crates.io index
[INFO] running `Command { std: CARGO_HOME="/workspace/cargo-home" RUSTUP_HOME="/workspace/rustup-home" "/workspace/cargo-home/bin/cargo" "+beta-2023-12-22" "fetch" "--manifest-path" "Cargo.toml", kill_on_drop: false }`
[INFO] running `Command { std: "docker" "create" "-v" "/var/lib/crater-agent-workspace/builds/worker-2-tc2/target:/opt/rustwide/target:rw,Z" "-v" "/var/lib/crater-agent-workspace/builds/worker-2-tc2/source:/opt/rustwide/workdir:ro,Z" "-v" "/var/lib/crater-agent-workspace/cargo-home:/opt/rustwide/cargo-home:ro,Z" "-v" "/var/lib/crater-agent-workspace/rustup-home:/opt/rustwide/rustup-home:ro,Z" "-e" "SOURCE_DIR=/opt/rustwide/workdir" "-e" "CARGO_TARGET_DIR=/opt/rustwide/target" "-e" "CARGO_HOME=/opt/rustwide/cargo-home" "-e" "RUSTUP_HOME=/opt/rustwide/rustup-home" "-w" "/opt/rustwide/workdir" "-m" "1610612736" "--user" "0:0" "--network" "none" "ghcr.io/rust-lang/crates-build-env/linux@sha256:2788e3201cd34a07e3172128adcd8b3090168a8e3bcc40d7c032b9dda1df7d1c" "/opt/rustwide/cargo-home/bin/cargo" "+beta-2023-12-22" "metadata" "--no-deps" "--format-version=1", kill_on_drop: false }`
[INFO] [stdout] 20009b00cafa8f653e242a85195dc6724d7e7715ede778153642c8eeeb1512f0
[INFO] running `Command { std: "docker" "start" "-a" "20009b00cafa8f653e242a85195dc6724d7e7715ede778153642c8eeeb1512f0", kill_on_drop: false }`
[INFO] running `Command { std: "docker" "inspect" "20009b00cafa8f653e242a85195dc6724d7e7715ede778153642c8eeeb1512f0", kill_on_drop: false }`
[INFO] running `Command { std: "docker" "rm" "-f" "20009b00cafa8f653e242a85195dc6724d7e7715ede778153642c8eeeb1512f0", kill_on_drop: false }`
[INFO] [stdout] 20009b00cafa8f653e242a85195dc6724d7e7715ede778153642c8eeeb1512f0
[INFO] running `Command { std: "docker" "create" "-v" "/var/lib/crater-agent-workspace/builds/worker-2-tc2/target:/opt/rustwide/target:rw,Z" "-v" "/var/lib/crater-agent-workspace/builds/worker-2-tc2/source:/opt/rustwide/workdir:ro,Z" "-v" "/var/lib/crater-agent-workspace/cargo-home:/opt/rustwide/cargo-home:ro,Z" "-v" "/var/lib/crater-agent-workspace/rustup-home:/opt/rustwide/rustup-home:ro,Z" "-e" "SOURCE_DIR=/opt/rustwide/workdir" "-e" "CARGO_TARGET_DIR=/opt/rustwide/target" "-e" "CARGO_INCREMENTAL=0" "-e" "RUST_BACKTRACE=full" "-e" "RUSTFLAGS=--cap-lints=warn" "-e" "RUSTDOCFLAGS=--cap-lints=warn" "-e" "CARGO_HOME=/opt/rustwide/cargo-home" "-e" "RUSTUP_HOME=/opt/rustwide/rustup-home" "-w" "/opt/rustwide/workdir" "-m" "1610612736" "--user" "0:0" "--network" "none" "ghcr.io/rust-lang/crates-build-env/linux@sha256:2788e3201cd34a07e3172128adcd8b3090168a8e3bcc40d7c032b9dda1df7d1c" "/opt/rustwide/cargo-home/bin/cargo" "+beta-2023-12-22" "build" "--frozen" "--message-format=json", kill_on_drop: false }`
[INFO] [stdout] c031900fc998e93135edc33734582fb6d6185a4bfb2424d06f92c99540382dbd
[INFO] running `Command { std: "docker" "start" "-a" "c031900fc998e93135edc33734582fb6d6185a4bfb2424d06f92c99540382dbd", kill_on_drop: false }`
[INFO] [stderr]    Compiling proc-macro2 v1.0.75
[INFO] [stderr]    Compiling unicode-ident v1.0.12
[INFO] [stderr]    Compiling syn v1.0.109
[INFO] [stderr]    Compiling quote v1.0.35
[INFO] [stderr]    Compiling tagged-base64-macros v0.3.3 (/opt/rustwide/workdir)
[INFO] [stderr]     Finished dev [unoptimized + debuginfo] target(s) in 3.59s
[INFO] running `Command { std: "docker" "inspect" "c031900fc998e93135edc33734582fb6d6185a4bfb2424d06f92c99540382dbd", kill_on_drop: false }`
[INFO] running `Command { std: "docker" "rm" "-f" "c031900fc998e93135edc33734582fb6d6185a4bfb2424d06f92c99540382dbd", kill_on_drop: false }`
[INFO] [stdout] c031900fc998e93135edc33734582fb6d6185a4bfb2424d06f92c99540382dbd
[INFO] running `Command { std: "docker" "create" "-v" "/var/lib/crater-agent-workspace/builds/worker-2-tc2/target:/opt/rustwide/target:rw,Z" "-v" "/var/lib/crater-agent-workspace/builds/worker-2-tc2/source:/opt/rustwide/workdir:ro,Z" "-v" "/var/lib/crater-agent-workspace/cargo-home:/opt/rustwide/cargo-home:ro,Z" "-v" "/var/lib/crater-agent-workspace/rustup-home:/opt/rustwide/rustup-home:ro,Z" "-e" "SOURCE_DIR=/opt/rustwide/workdir" "-e" "CARGO_TARGET_DIR=/opt/rustwide/target" "-e" "CARGO_INCREMENTAL=0" "-e" "RUST_BACKTRACE=full" "-e" "RUSTFLAGS=--cap-lints=warn" "-e" "RUSTDOCFLAGS=--cap-lints=warn" "-e" "CARGO_HOME=/opt/rustwide/cargo-home" "-e" "RUSTUP_HOME=/opt/rustwide/rustup-home" "-w" "/opt/rustwide/workdir" "-m" "1610612736" "--user" "0:0" "--network" "none" "ghcr.io/rust-lang/crates-build-env/linux@sha256:2788e3201cd34a07e3172128adcd8b3090168a8e3bcc40d7c032b9dda1df7d1c" "/opt/rustwide/cargo-home/bin/cargo" "+beta-2023-12-22" "test" "--frozen" "--no-run" "--message-format=json", kill_on_drop: false }`
[INFO] [stdout] eddeaf8f6aee4f9a36057b51465c87b554ff33cde6588dd7e692da2062d7afe3
[INFO] running `Command { std: "docker" "start" "-a" "eddeaf8f6aee4f9a36057b51465c87b554ff33cde6588dd7e692da2062d7afe3", kill_on_drop: false }`
[INFO] [stderr]    Compiling tagged-base64-macros v0.3.3 (/opt/rustwide/workdir)
[INFO] [stderr]     Finished test [unoptimized + debuginfo] target(s) in 0.45s
[INFO] running `Command { std: "docker" "inspect" "eddeaf8f6aee4f9a36057b51465c87b554ff33cde6588dd7e692da2062d7afe3", kill_on_drop: false }`
[INFO] running `Command { std: "docker" "rm" "-f" "eddeaf8f6aee4f9a36057b51465c87b554ff33cde6588dd7e692da2062d7afe3", kill_on_drop: false }`
[INFO] [stdout] eddeaf8f6aee4f9a36057b51465c87b554ff33cde6588dd7e692da2062d7afe3
[INFO] running `Command { std: "docker" "create" "-v" "/var/lib/crater-agent-workspace/builds/worker-2-tc2/target:/opt/rustwide/target:rw,Z" "-v" "/var/lib/crater-agent-workspace/builds/worker-2-tc2/source:/opt/rustwide/workdir:ro,Z" "-v" "/var/lib/crater-agent-workspace/cargo-home:/opt/rustwide/cargo-home:ro,Z" "-v" "/var/lib/crater-agent-workspace/rustup-home:/opt/rustwide/rustup-home:ro,Z" "-e" "SOURCE_DIR=/opt/rustwide/workdir" "-e" "CARGO_TARGET_DIR=/opt/rustwide/target" "-e" "CARGO_INCREMENTAL=0" "-e" "RUST_BACKTRACE=full" "-e" "RUSTFLAGS=--cap-lints=warn" "-e" "RUSTDOCFLAGS=--cap-lints=warn" "-e" "CARGO_HOME=/opt/rustwide/cargo-home" "-e" "RUSTUP_HOME=/opt/rustwide/rustup-home" "-w" "/opt/rustwide/workdir" "-m" "1610612736" "--user" "0:0" "--network" "none" "ghcr.io/rust-lang/crates-build-env/linux@sha256:2788e3201cd34a07e3172128adcd8b3090168a8e3bcc40d7c032b9dda1df7d1c" "/opt/rustwide/cargo-home/bin/cargo" "+beta-2023-12-22" "test" "--frozen", kill_on_drop: false }`
[INFO] [stdout] 0269d7bd8f78abbd634e08eff85438d3ec74aea9a94896b94e185c6e37bf9d68
[INFO] running `Command { std: "docker" "start" "-a" "0269d7bd8f78abbd634e08eff85438d3ec74aea9a94896b94e185c6e37bf9d68", kill_on_drop: false }`
[INFO] [stderr]     Finished test [unoptimized + debuginfo] target(s) in 0.01s
[INFO] [stderr]      Running unittests src/lib.rs (/opt/rustwide/target/debug/deps/tagged_base64_macros-5c4078640ce87fd2)
[INFO] [stdout] 
[INFO] [stdout] running 0 tests
[INFO] [stdout] 
[INFO] [stdout] test result: ok. 0 passed; 0 failed; 0 ignored; 0 measured; 0 filtered out; finished in 0.00s
[INFO] [stdout] 
[INFO] [stderr]    Doc-tests tagged-base64-macros
[INFO] [stdout] 
[INFO] [stdout] running 3 tests
[INFO] [stdout] test src/lib.rs - tagged (line 54) ... FAILED
[INFO] [stdout] test src/lib.rs - tagged (line 41) ... FAILED
[INFO] [stdout] test src/lib.rs - tagged (line 66) ... FAILED
[INFO] [stdout] 
[INFO] [stdout] failures:
[INFO] [stdout] 
[INFO] [stdout] ---- src/lib.rs - tagged (line 54) stdout ----
[INFO] [stdout] error[E0432]: unresolved import `ark_serialize`
[INFO] [stdout]  --> src/lib.rs:56:5
[INFO] [stdout]   |
[INFO] [stdout] 5 | use ark_serialize::*;
[INFO] [stdout]   |     ^^^^^^^^^^^^^ use of undeclared crate or module `ark_serialize`
[INFO] [stdout] 
[INFO] [stdout] error[E0432]: unresolved import `ark_std`
[INFO] [stdout]  --> src/lib.rs:57:5
[INFO] [stdout]   |
[INFO] [stdout] 6 | use ark_std::UniformRand;
[INFO] [stdout]   |     ^^^^^^^ use of undeclared crate or module `ark_std`
[INFO] [stdout] 
[INFO] [stdout] error[E0433]: failed to resolve: use of undeclared crate or module `rand_chacha`
[INFO] [stdout]  --> src/lib.rs:59:5
[INFO] [stdout]   |
[INFO] [stdout] 8 | use rand_chacha::{ChaChaRng, rand_core::SeedableRng};
[INFO] [stdout]   |     ^^^^^^^^^^^ use of undeclared crate or module `rand_chacha`
[INFO] [stdout] 
[INFO] [stdout] error[E0432]: unresolved import `rand_chacha`
[INFO] [stdout]  --> src/lib.rs:59:5
[INFO] [stdout]   |
[INFO] [stdout] 8 | use rand_chacha::{ChaChaRng, rand_core::SeedableRng};
[INFO] [stdout]   |     ^^^^^^^^^^^ use of undeclared crate or module `rand_chacha`
[INFO] [stdout] 
[INFO] [stdout] error[E0433]: failed to resolve: use of undeclared crate or module `serde`
[INFO] [stdout]  --> src/lib.rs:60:1
[INFO] [stdout]   |
[INFO] [stdout] 9 | #[tagged("PRIM", compressed)]
[INFO] [stdout]   | ^^^^^^^^^^^^^^^^^^^^^^^^^^^^^ use of undeclared crate or module `serde`
[INFO] [stdout]   |
[INFO] [stdout]   = note: this error originates in the attribute macro `tagged` (in Nightly builds, run with -Z macro-backtrace for more info)
[INFO] [stdout] 
[INFO] [stdout] error[E0433]: failed to resolve: use of undeclared crate or module `ark_std`
[INFO] [stdout]  --> src/lib.rs:60:1
[INFO] [stdout]   |
[INFO] [stdout] 9 | #[tagged("PRIM", compressed)]
[INFO] [stdout]   | ^^^^^^^^^^^^^^^^^^^^^^^^^^^^^ use of undeclared crate or module `ark_std`
[INFO] [stdout]   |
[INFO] [stdout]   = note: this error originates in the attribute macro `tagged` (in Nightly builds, run with -Z macro-backtrace for more info)
[INFO] [stdout] 
[INFO] [stdout] error: cannot find derive macro `CanonicalSerialize` in this scope
[INFO] [stdout]   --> src/lib.rs:61:17
[INFO] [stdout]    |
[INFO] [stdout] 10 | #[derive(Clone, CanonicalSerialize, CanonicalDeserialize, /* any other derives */)]
[INFO] [stdout]    |                 ^^^^^^^^^^^^^^^^^^
[INFO] [stdout] 
[INFO] [stdout] error: cannot find derive macro `CanonicalDeserialize` in this scope
[INFO] [stdout]   --> src/lib.rs:61:37
[INFO] [stdout]    |
[INFO] [stdout] 10 | #[derive(Clone, CanonicalSerialize, CanonicalDeserialize, /* any other derives */)]
[INFO] [stdout]    |                                     ^^^^^^^^^^^^^^^^^^^^
[INFO] [stdout] 
[INFO] [stdout] error: cannot find attribute `serde` in this scope
[INFO] [stdout]  --> src/lib.rs:60:1
[INFO] [stdout]   |
[INFO] [stdout] 9 | #[tagged("PRIM", compressed)]
[INFO] [stdout]   | ^^^^^^^^^^^^^^^^^^^^^^^^^^^^^
[INFO] [stdout]   |
[INFO] [stdout]   = note: this error originates in the attribute macro `tagged` (in Nightly builds, run with -Z macro-backtrace for more info)
[INFO] [stdout] 
[INFO] [stdout] error[E0433]: failed to resolve: use of undeclared crate or module `tagged_base64`
[INFO] [stdout]  --> src/lib.rs:60:1
[INFO] [stdout]   |
[INFO] [stdout] 9 | #[tagged("PRIM", compressed)]
[INFO] [stdout]   | ^^^^^^^^^^^^^^^^^^^^^^^^^^^^^ use of undeclared crate or module `tagged_base64`
[INFO] [stdout]   |
[INFO] [stdout]   = note: this error originates in the attribute macro `tagged` (in Nightly builds, run with -Z macro-backtrace for more info)
[INFO] [stdout] 
[INFO] [stdout] error[E0433]: failed to resolve: use of undeclared crate or module `ark_bls12_381`
[INFO] [stdout]   --> src/lib.rs:63:30
[INFO] [stdout]    |
[INFO] [stdout] 12 | let crypto_prim = CryptoPrim(ark_bls12_381::Fr::rand(&mut ChaChaRng::from_seed([42; 32])));
[INFO] [stdout]    |                              ^^^^^^^^^^^^^ use of undeclared crate or module `ark_bls12_381`
[INFO] [stdout] 
[INFO] [stdout] error[E0433]: failed to resolve: use of undeclared crate or module `ark_std`
[INFO] [stdout]  --> src/lib.rs:60:1
[INFO] [stdout]   |
[INFO] [stdout] 9 | #[tagged("PRIM", compressed)]
[INFO] [stdout]   | ^^^^^^^^^^^^^^^^^^^^^^^^^^^^^ use of undeclared crate or module `ark_std`
[INFO] [stdout]   |
[INFO] [stdout]   = note: this error originates in the attribute macro `tagged` (in Nightly builds, run with -Z macro-backtrace for more info)
[INFO] [stdout] help: consider importing this module
[INFO] [stdout]   |
[INFO] [stdout] 2 + use std::string;
[INFO] [stdout]   |
[INFO] [stdout] 
[INFO] [stdout] error[E0433]: failed to resolve: use of undeclared crate or module `ark_std`
[INFO] [stdout]  --> src/lib.rs:60:1
[INFO] [stdout]   |
[INFO] [stdout] 9 | #[tagged("PRIM", compressed)]
[INFO] [stdout]   | ^^^^^^^^^^^^^^^^^^^^^^^^^^^^^ use of undeclared crate or module `ark_std`
[INFO] [stdout]   |
[INFO] [stdout]   = note: this error originates in the attribute macro `tagged` (in Nightly builds, run with -Z macro-backtrace for more info)
[INFO] [stdout] help: consider importing this struct
[INFO] [stdout]   |
[INFO] [stdout] 2 + use std::string::String;
[INFO] [stdout]   |
[INFO] [stdout] 
[INFO] [stdout] error[E0405]: cannot find trait `CanonicalDeserialize` in this scope
[INFO] [stdout]  --> src/lib.rs:60:1
[INFO] [stdout]   |
[INFO] [stdout] 9 | #[tagged("PRIM", compressed)]
[INFO] [stdout]   | ^^^^^^^^^^^^^^^^^^^^^^^^^^^^^ not found in this scope
[INFO] [stdout]   |
[INFO] [stdout]   = note: this error originates in the attribute macro `tagged` (in Nightly builds, run with -Z macro-backtrace for more info)
[INFO] [stdout] 
[INFO] [stdout] error[E0433]: failed to resolve: use of undeclared crate or module `ark_std`
[INFO] [stdout]  --> src/lib.rs:60:1
[INFO] [stdout]   |
[INFO] [stdout] 9 | #[tagged("PRIM", compressed)]
[INFO] [stdout]   | ^^^^^^^^^^^^^^^^^^^^^^^^^^^^^ use of undeclared crate or module `ark_std`
[INFO] [stdout]   |
[INFO] [stdout]   = note: this error originates in the attribute macro `tagged` (in Nightly builds, run with -Z macro-backtrace for more info)
[INFO] [stdout] help: consider importing one of these items
[INFO] [stdout]   |
[INFO] [stdout] 2 + use core::fmt;
[INFO] [stdout]   |
[INFO] [stdout] 2 + use std::fmt;
[INFO] [stdout]   |
[INFO] [stdout] 2 + use syn::__private::fmt;
[INFO] [stdout]   |
[INFO] [stdout] 
[INFO] [stdout] error[E0433]: failed to resolve: use of undeclared crate or module `ark_std`
[INFO] [stdout]  --> src/lib.rs:60:1
[INFO] [stdout]   |
[INFO] [stdout] 9 | #[tagged("PRIM", compressed)]
[INFO] [stdout]   | ^^^^^^^^^^^^^^^^^^^^^^^^^^^^^ use of undeclared crate or module `ark_std`
[INFO] [stdout]   |
[INFO] [stdout]   = note: this error originates in the attribute macro `tagged` (in Nightly builds, run with -Z macro-backtrace for more info)
[INFO] [stdout] help: consider importing one of these items
[INFO] [stdout]   |
[INFO] [stdout] 2 + use core::primitive::str;
[INFO] [stdout]   |
[INFO] [stdout] 2 + use std::primitive::str;
[INFO] [stdout]   |
[INFO] [stdout] 2 + use syn::__private::str;
[INFO] [stdout]   |
[INFO] [stdout] 
[INFO] [stdout] error[E0433]: failed to resolve: use of undeclared crate or module `ark_bls12_381`
[INFO] [stdout]   --> src/lib.rs:62:19
[INFO] [stdout]    |
[INFO] [stdout] 11 | struct CryptoPrim(ark_bls12_381::Fr);
[INFO] [stdout]    |                   ^^^^^^^^^^^^^ use of undeclared crate or module `ark_bls12_381`
[INFO] [stdout] 
[INFO] [stdout] error[E0433]: failed to resolve: use of undeclared crate or module `bincode`
[INFO] [stdout]   --> src/lib.rs:64:1
[INFO] [stdout]    |
[INFO] [stdout] 13 | bincode::serialize(&crypto_prim).unwrap();
[INFO] [stdout]    | ^^^^^^^ use of undeclared crate or module `bincode`
[INFO] [stdout] 
[INFO] [stdout] error: aborting due to 18 previous errors
[INFO] [stdout] 
[INFO] [stdout] Some errors have detailed explanations: E0405, E0432, E0433.
[INFO] [stdout] For more information about an error, try `rustc --explain E0405`.
[INFO] [stdout] Couldn't compile the test.
[INFO] [stdout] ---- src/lib.rs - tagged (line 41) stdout ----
[INFO] [stdout] error[E0432]: unresolved import `ark_serialize`
[INFO] [stdout]  --> src/lib.rs:43:5
[INFO] [stdout]   |
[INFO] [stdout] 4 | use ark_serialize::*;
[INFO] [stdout]   |     ^^^^^^^^^^^^^ use of undeclared crate or module `ark_serialize`
[INFO] [stdout] 
[INFO] [stdout] error[E0433]: failed to resolve: use of undeclared crate or module `serde`
[INFO] [stdout]  --> src/lib.rs:45:1
[INFO] [stdout]   |
[INFO] [stdout] 6 | #[tagged("PRIM")]
[INFO] [stdout]   | ^^^^^^^^^^^^^^^^^ use of undeclared crate or module `serde`
[INFO] [stdout]   |
[INFO] [stdout]   = note: this error originates in the attribute macro `tagged` (in Nightly builds, run with -Z macro-backtrace for more info)
[INFO] [stdout] 
[INFO] [stdout] error[E0433]: failed to resolve: use of undeclared crate or module `ark_std`
[INFO] [stdout]  --> src/lib.rs:45:1
[INFO] [stdout]   |
[INFO] [stdout] 6 | #[tagged("PRIM")]
[INFO] [stdout]   | ^^^^^^^^^^^^^^^^^ use of undeclared crate or module `ark_std`
[INFO] [stdout]   |
[INFO] [stdout]   = note: this error originates in the attribute macro `tagged` (in Nightly builds, run with -Z macro-backtrace for more info)
[INFO] [stdout] 
[INFO] [stdout] error: cannot find derive macro `CanonicalSerialize` in this scope
[INFO] [stdout]  --> src/lib.rs:46:17
[INFO] [stdout]   |
[INFO] [stdout] 7 | #[derive(Clone, CanonicalSerialize, CanonicalDeserialize, /* any other derives */)]
[INFO] [stdout]   |                 ^^^^^^^^^^^^^^^^^^
[INFO] [stdout] 
[INFO] [stdout] error: cannot find derive macro `CanonicalDeserialize` in this scope
[INFO] [stdout]  --> src/lib.rs:46:37
[INFO] [stdout]   |
[INFO] [stdout] 7 | #[derive(Clone, CanonicalSerialize, CanonicalDeserialize, /* any other derives */)]
[INFO] [stdout]   |                                     ^^^^^^^^^^^^^^^^^^^^
[INFO] [stdout] 
[INFO] [stdout] error: cannot find attribute `serde` in this scope
[INFO] [stdout]  --> src/lib.rs:45:1
[INFO] [stdout]   |
[INFO] [stdout] 6 | #[tagged("PRIM")]
[INFO] [stdout]   | ^^^^^^^^^^^^^^^^^
[INFO] [stdout]   |
[INFO] [stdout]   = note: this error originates in the attribute macro `tagged` (in Nightly builds, run with -Z macro-backtrace for more info)
[INFO] [stdout] 
[INFO] [stdout] error[E0433]: failed to resolve: use of undeclared crate or module `tagged_base64`
[INFO] [stdout]  --> src/lib.rs:45:1
[INFO] [stdout]   |
[INFO] [stdout] 6 | #[tagged("PRIM")]
[INFO] [stdout]   | ^^^^^^^^^^^^^^^^^ use of undeclared crate or module `tagged_base64`
[INFO] [stdout]   |
[INFO] [stdout]   = note: this error originates in the attribute macro `tagged` (in Nightly builds, run with -Z macro-backtrace for more info)
[INFO] [stdout] 
[INFO] [stdout] error[E0433]: failed to resolve: use of undeclared crate or module `ark_std`
[INFO] [stdout]  --> src/lib.rs:45:1
[INFO] [stdout]   |
[INFO] [stdout] 6 | #[tagged("PRIM")]
[INFO] [stdout]   | ^^^^^^^^^^^^^^^^^ use of undeclared crate or module `ark_std`
[INFO] [stdout]   |
[INFO] [stdout]   = note: this error originates in the attribute macro `tagged` (in Nightly builds, run with -Z macro-backtrace for more info)
[INFO] [stdout] help: consider importing this module
[INFO] [stdout]   |
[INFO] [stdout] 2 + use std::string;
[INFO] [stdout]   |
[INFO] [stdout] 
[INFO] [stdout] error[E0433]: failed to resolve: use of undeclared crate or module `ark_std`
[INFO] [stdout]  --> src/lib.rs:45:1
[INFO] [stdout]   |
[INFO] [stdout] 6 | #[tagged("PRIM")]
[INFO] [stdout]   | ^^^^^^^^^^^^^^^^^ use of undeclared crate or module `ark_std`
[INFO] [stdout]   |
[INFO] [stdout]   = note: this error originates in the attribute macro `tagged` (in Nightly builds, run with -Z macro-backtrace for more info)
[INFO] [stdout] help: consider importing this struct
[INFO] [stdout]   |
[INFO] [stdout] 2 + use std::string::String;
[INFO] [stdout]   |
[INFO] [stdout] 
[INFO] [stdout] error[E0405]: cannot find trait `CanonicalDeserialize` in this scope
[INFO] [stdout]  --> src/lib.rs:45:1
[INFO] [stdout]   |
[INFO] [stdout] 6 | #[tagged("PRIM")]
[INFO] [stdout]   | ^^^^^^^^^^^^^^^^^ not found in this scope
[INFO] [stdout]   |
[INFO] [stdout]   = note: this error originates in the attribute macro `tagged` (in Nightly builds, run with -Z macro-backtrace for more info)
[INFO] [stdout] 
[INFO] [stdout] error[E0433]: failed to resolve: use of undeclared crate or module `ark_std`
[INFO] [stdout]  --> src/lib.rs:45:1
[INFO] [stdout]   |
[INFO] [stdout] 6 | #[tagged("PRIM")]
[INFO] [stdout]   | ^^^^^^^^^^^^^^^^^ use of undeclared crate or module `ark_std`
[INFO] [stdout]   |
[INFO] [stdout]   = note: this error originates in the attribute macro `tagged` (in Nightly builds, run with -Z macro-backtrace for more info)
[INFO] [stdout] help: consider importing one of these items
[INFO] [stdout]   |
[INFO] [stdout] 2 + use core::fmt;
[INFO] [stdout]   |
[INFO] [stdout] 2 + use std::fmt;
[INFO] [stdout]   |
[INFO] [stdout] 2 + use syn::__private::fmt;
[INFO] [stdout]   |
[INFO] [stdout] 
[INFO] [stdout] error[E0433]: failed to resolve: use of undeclared crate or module `ark_std`
[INFO] [stdout]  --> src/lib.rs:45:1
[INFO] [stdout]   |
[INFO] [stdout] 6 | #[tagged("PRIM")]
[INFO] [stdout]   | ^^^^^^^^^^^^^^^^^ use of undeclared crate or module `ark_std`
[INFO] [stdout]   |
[INFO] [stdout]   = note: this error originates in the attribute macro `tagged` (in Nightly builds, run with -Z macro-backtrace for more info)
[INFO] [stdout] help: consider importing one of these items
[INFO] [stdout]   |
[INFO] [stdout] 2 + use core::primitive::str;
[INFO] [stdout]   |
[INFO] [stdout] 2 + use std::primitive::str;
[INFO] [stdout]   |
[INFO] [stdout] 2 + use syn::__private::str;
[INFO] [stdout]   |
[INFO] [stdout] 
[INFO] [stdout] error[E0433]: failed to resolve: use of undeclared crate or module `ark_bls12_381`
[INFO] [stdout]   --> src/lib.rs:49:16
[INFO] [stdout]    |
[INFO] [stdout] 10 |     pub(crate) ark_bls12_381::Fr,
[INFO] [stdout]    |                ^^^^^^^^^^^^^ use of undeclared crate or module `ark_bls12_381`
[INFO] [stdout] 
[INFO] [stdout] error: aborting due to 13 previous errors
[INFO] [stdout] 
[INFO] [stdout] Some errors have detailed explanations: E0405, E0432, E0433.
[INFO] [stdout] For more information about an error, try `rustc --explain E0405`.
[INFO] [stdout] Couldn't compile the test.
[INFO] [stdout] ---- src/lib.rs - tagged (line 66) stdout ----
[INFO] [stdout] error[E0432]: unresolved import `ark_serialize`
[INFO] [stdout]  --> src/lib.rs:68:5
[INFO] [stdout]   |
[INFO] [stdout] 5 | use ark_serialize::*;
[INFO] [stdout]   |     ^^^^^^^^^^^^^ use of undeclared crate or module `ark_serialize`
[INFO] [stdout] 
[INFO] [stdout] error[E0432]: unresolved import `ark_std`
[INFO] [stdout]  --> src/lib.rs:69:5
[INFO] [stdout]   |
[INFO] [stdout] 6 | use ark_std::UniformRand;
[INFO] [stdout]   |     ^^^^^^^ use of undeclared crate or module `ark_std`
[INFO] [stdout] 
[INFO] [stdout] error[E0433]: failed to resolve: use of undeclared crate or module `rand_chacha`
[INFO] [stdout]  --> src/lib.rs:71:5
[INFO] [stdout]   |
[INFO] [stdout] 8 | use rand_chacha::{ChaChaRng, rand_core::SeedableRng};
[INFO] [stdout]   |     ^^^^^^^^^^^ use of undeclared crate or module `rand_chacha`
[INFO] [stdout] 
[INFO] [stdout] error[E0432]: unresolved import `rand_chacha`
[INFO] [stdout]  --> src/lib.rs:71:5
[INFO] [stdout]   |
[INFO] [stdout] 8 | use rand_chacha::{ChaChaRng, rand_core::SeedableRng};
[INFO] [stdout]   |     ^^^^^^^^^^^ use of undeclared crate or module `rand_chacha`
[INFO] [stdout] 
[INFO] [stdout] error[E0433]: failed to resolve: use of undeclared crate or module `serde`
[INFO] [stdout]  --> src/lib.rs:72:1
[INFO] [stdout]   |
[INFO] [stdout] 9 | #[tagged("PRIM", compressed, checked)]
[INFO] [stdout]   | ^^^^^^^^^^^^^^^^^^^^^^^^^^^^^^^^^^^^^^ use of undeclared crate or module `serde`
[INFO] [stdout]   |
[INFO] [stdout]   = note: this error originates in the attribute macro `tagged` (in Nightly builds, run with -Z macro-backtrace for more info)
[INFO] [stdout] 
[INFO] [stdout] error[E0433]: failed to resolve: use of undeclared crate or module `ark_std`
[INFO] [stdout]  --> src/lib.rs:72:1
[INFO] [stdout]   |
[INFO] [stdout] 9 | #[tagged("PRIM", compressed, checked)]
[INFO] [stdout]   | ^^^^^^^^^^^^^^^^^^^^^^^^^^^^^^^^^^^^^^ use of undeclared crate or module `ark_std`
[INFO] [stdout]   |
[INFO] [stdout]   = note: this error originates in the attribute macro `tagged` (in Nightly builds, run with -Z macro-backtrace for more info)
[INFO] [stdout] 
[INFO] [stdout] error: cannot find derive macro `CanonicalSerialize` in this scope
[INFO] [stdout]   --> src/lib.rs:73:17
[INFO] [stdout]    |
[INFO] [stdout] 10 | #[derive(Clone, CanonicalSerialize, CanonicalDeserialize, /* any other derives */)]
[INFO] [stdout]    |                 ^^^^^^^^^^^^^^^^^^
[INFO] [stdout] 
[INFO] [stdout] error: cannot find derive macro `CanonicalDeserialize` in this scope
[INFO] [stdout]   --> src/lib.rs:73:37
[INFO] [stdout]    |
[INFO] [stdout] 10 | #[derive(Clone, CanonicalSerialize, CanonicalDeserialize, /* any other derives */)]
[INFO] [stdout]    |                                     ^^^^^^^^^^^^^^^^^^^^
[INFO] [stdout] 
[INFO] [stdout] error: cannot find attribute `serde` in this scope
[INFO] [stdout]  --> src/lib.rs:72:1
[INFO] [stdout]   |
[INFO] [stdout] 9 | #[tagged("PRIM", compressed, checked)]
[INFO] [stdout]   | ^^^^^^^^^^^^^^^^^^^^^^^^^^^^^^^^^^^^^^
[INFO] [stdout]   |
[INFO] [stdout]   = note: this error originates in the attribute macro `tagged` (in Nightly builds, run with -Z macro-backtrace for more info)
[INFO] [stdout] 
[INFO] [stdout] error[E0433]: failed to resolve: use of undeclared crate or module `tagged_base64`
[INFO] [stdout]  --> src/lib.rs:72:1
[INFO] [stdout]   |
[INFO] [stdout] 9 | #[tagged("PRIM", compressed, checked)]
[INFO] [stdout]   | ^^^^^^^^^^^^^^^^^^^^^^^^^^^^^^^^^^^^^^ use of undeclared crate or module `tagged_base64`
[INFO] [stdout]   |
[INFO] [stdout]   = note: this error originates in the attribute macro `tagged` (in Nightly builds, run with -Z macro-backtrace for more info)
[INFO] [stdout] 
[INFO] [stdout] error[E0433]: failed to resolve: use of undeclared crate or module `ark_bls12_381`
[INFO] [stdout]   --> src/lib.rs:75:30
[INFO] [stdout]    |
[INFO] [stdout] 12 | let crypto_prim = CryptoPrim(ark_bls12_381::Fr::rand(&mut ChaChaRng::from_seed([42; 32])));
[INFO] [stdout]    |                              ^^^^^^^^^^^^^ use of undeclared crate or module `ark_bls12_381`
[INFO] [stdout] 
[INFO] [stdout] error[E0433]: failed to resolve: use of undeclared crate or module `ark_std`
[INFO] [stdout]  --> src/lib.rs:72:1
[INFO] [stdout]   |
[INFO] [stdout] 9 | #[tagged("PRIM", compressed, checked)]
[INFO] [stdout]   | ^^^^^^^^^^^^^^^^^^^^^^^^^^^^^^^^^^^^^^ use of undeclared crate or module `ark_std`
[INFO] [stdout]   |
[INFO] [stdout]   = note: this error originates in the attribute macro `tagged` (in Nightly builds, run with -Z macro-backtrace for more info)
[INFO] [stdout] help: consider importing this module
[INFO] [stdout]   |
[INFO] [stdout] 2 + use std::string;
[INFO] [stdout]   |
[INFO] [stdout] 
[INFO] [stdout] error[E0433]: failed to resolve: use of undeclared crate or module `ark_std`
[INFO] [stdout]  --> src/lib.rs:72:1
[INFO] [stdout]   |
[INFO] [stdout] 9 | #[tagged("PRIM", compressed, checked)]
[INFO] [stdout]   | ^^^^^^^^^^^^^^^^^^^^^^^^^^^^^^^^^^^^^^ use of undeclared crate or module `ark_std`
[INFO] [stdout]   |
[INFO] [stdout]   = note: this error originates in the attribute macro `tagged` (in Nightly builds, run with -Z macro-backtrace for more info)
[INFO] [stdout] help: consider importing this struct
[INFO] [stdout]   |
[INFO] [stdout] 2 + use std::string::String;
[INFO] [stdout]   |
[INFO] [stdout] 
[INFO] [stdout] error[E0405]: cannot find trait `CanonicalDeserialize` in this scope
[INFO] [stdout]  --> src/lib.rs:72:1
[INFO] [stdout]   |
[INFO] [stdout] 9 | #[tagged("PRIM", compressed, checked)]
[INFO] [stdout]   | ^^^^^^^^^^^^^^^^^^^^^^^^^^^^^^^^^^^^^^ not found in this scope
[INFO] [stdout]   |
[INFO] [stdout]   = note: this error originates in the attribute macro `tagged` (in Nightly builds, run with -Z macro-backtrace for more info)
[INFO] [stdout] 
[INFO] [stdout] error[E0433]: failed to resolve: use of undeclared crate or module `ark_std`
[INFO] [stdout]  --> src/lib.rs:72:1
[INFO] [stdout]   |
[INFO] [stdout] 9 | #[tagged("PRIM", compressed, checked)]
[INFO] [stdout]   | ^^^^^^^^^^^^^^^^^^^^^^^^^^^^^^^^^^^^^^ use of undeclared crate or module `ark_std`
[INFO] [stdout]   |
[INFO] [stdout]   = note: this error originates in the attribute macro `tagged` (in Nightly builds, run with -Z macro-backtrace for more info)
[INFO] [stdout] help: consider importing one of these items
[INFO] [stdout]   |
[INFO] [stdout] 2 + use core::fmt;
[INFO] [stdout]   |
[INFO] [stdout] 2 + use std::fmt;
[INFO] [stdout]   |
[INFO] [stdout] 2 + use syn::__private::fmt;
[INFO] [stdout]   |
[INFO] [stdout] 
[INFO] [stdout] error[E0433]: failed to resolve: use of undeclared crate or module `ark_std`
[INFO] [stdout]  --> src/lib.rs:72:1
[INFO] [stdout]   |
[INFO] [stdout] 9 | #[tagged("PRIM", compressed, checked)]
[INFO] [stdout]   | ^^^^^^^^^^^^^^^^^^^^^^^^^^^^^^^^^^^^^^ use of undeclared crate or module `ark_std`
[INFO] [stdout]   |
[INFO] [stdout]   = note: this error originates in the attribute macro `tagged` (in Nightly builds, run with -Z macro-backtrace for more info)
[INFO] [stdout] help: consider importing one of these items
[INFO] [stdout]   |
[INFO] [stdout] 2 + use core::primitive::str;
[INFO] [stdout]   |
[INFO] [stdout] 2 + use std::primitive::str;
[INFO] [stdout]   |
[INFO] [stdout] 2 + use syn::__private::str;
[INFO] [stdout]   |
[INFO] [stdout] 
[INFO] [stdout] error[E0433]: failed to resolve: use of undeclared crate or module `ark_bls12_381`
[INFO] [stdout]   --> src/lib.rs:74:19
[INFO] [stdout]    |
[INFO] [stdout] 11 | struct CryptoPrim(ark_bls12_381::Fr);
[INFO] [stdout]    |                   ^^^^^^^^^^^^^ use of undeclared crate or module `ark_bls12_381`
[INFO] [stdout] 
[INFO] [stdout] error[E0433]: failed to resolve: use of undeclared crate or module `serde_json`
[INFO] [stdout]   --> src/lib.rs:76:1
[INFO] [stdout]    |
[INFO] [stdout] 13 | serde_json::to_string(&crypto_prim).unwrap();
[INFO] [stdout]    | ^^^^^^^^^^ use of undeclared crate or module `serde_json`
[INFO] [stdout] 
[INFO] [stdout] error: aborting due to 18 previous errors
[INFO] [stdout] 
[INFO] [stdout] Some errors have detailed explanations: E0405, E0432, E0433.
[INFO] [stdout] For more information about an error, try `rustc --explain E0405`.
[INFO] [stdout] Couldn't compile the test.
[INFO] [stdout] 
[INFO] [stdout] failures:
[INFO] [stdout]     src/lib.rs - tagged (line 41)
[INFO] [stdout]     src/lib.rs - tagged (line 54)
[INFO] [stdout]     src/lib.rs - tagged (line 66)
[INFO] [stdout] 
[INFO] [stdout] test result: FAILED. 0 passed; 3 failed; 0 ignored; 0 measured; 0 filtered out; finished in 0.10s
[INFO] [stdout] 
[INFO] [stderr] error: doctest failed, to rerun pass `--doc`
[INFO] running `Command { std: "docker" "inspect" "0269d7bd8f78abbd634e08eff85438d3ec74aea9a94896b94e185c6e37bf9d68", kill_on_drop: false }`
[INFO] running `Command { std: "docker" "rm" "-f" "0269d7bd8f78abbd634e08eff85438d3ec74aea9a94896b94e185c6e37bf9d68", kill_on_drop: false }`
[INFO] [stdout] 0269d7bd8f78abbd634e08eff85438d3ec74aea9a94896b94e185c6e37bf9d68
