[INFO] fetching crate t-rec 0.7.6...
[INFO] testing t-rec-0.7.6 against 1.75.0 for beta-1.76-1
[INFO] extracting crate t-rec 0.7.6 into /workspace/builds/worker-3-tc1/source
[INFO] validating manifest of crates.io crate t-rec 0.7.6 on toolchain 1.75.0
[INFO] running `Command { std: CARGO_HOME="/workspace/cargo-home" RUSTUP_HOME="/workspace/rustup-home" "/workspace/cargo-home/bin/cargo" "+1.75.0" "metadata" "--manifest-path" "Cargo.toml" "--no-deps", kill_on_drop: false }`
[INFO] started tweaking crates.io crate t-rec 0.7.6
[INFO] finished tweaking crates.io crate t-rec 0.7.6
[INFO] tweaked toml for crates.io crate t-rec 0.7.6 written to /workspace/builds/worker-3-tc1/source/Cargo.toml
[INFO] crate crates.io crate t-rec 0.7.6 already has a lockfile, it will not be regenerated
[INFO] running `Command { std: CARGO_HOME="/workspace/cargo-home" RUSTUP_HOME="/workspace/rustup-home" "/workspace/cargo-home/bin/cargo" "+1.75.0" "fetch" "--manifest-path" "Cargo.toml", kill_on_drop: false }`
[INFO] [stderr]     Blocking waiting for file lock on package cache
[INFO] [stderr]     Updating crates.io index
[INFO] [stderr]     Blocking waiting for file lock on package cache
[INFO] [stderr]  Downloading crates ...
[INFO] [stderr]   Downloaded simplerand v1.3.0
[INFO] running `Command { std: "docker" "create" "-v" "/var/lib/crater-agent-workspace/builds/worker-3-tc1/target:/opt/rustwide/target:rw,Z" "-v" "/var/lib/crater-agent-workspace/builds/worker-3-tc1/source:/opt/rustwide/workdir:ro,Z" "-v" "/var/lib/crater-agent-workspace/cargo-home:/opt/rustwide/cargo-home:ro,Z" "-v" "/var/lib/crater-agent-workspace/rustup-home:/opt/rustwide/rustup-home:ro,Z" "-e" "SOURCE_DIR=/opt/rustwide/workdir" "-e" "CARGO_TARGET_DIR=/opt/rustwide/target" "-e" "CARGO_HOME=/opt/rustwide/cargo-home" "-e" "RUSTUP_HOME=/opt/rustwide/rustup-home" "-w" "/opt/rustwide/workdir" "-m" "1610612736" "--user" "0:0" "--network" "none" "ghcr.io/rust-lang/crates-build-env/linux@sha256:2788e3201cd34a07e3172128adcd8b3090168a8e3bcc40d7c032b9dda1df7d1c" "/opt/rustwide/cargo-home/bin/cargo" "+1.75.0" "metadata" "--no-deps" "--format-version=1", kill_on_drop: false }`
[INFO] [stdout] 1d4ef9b392521b4b51e8ef32167af7e3ab7f8615166344439fea25c957496a39
[INFO] running `Command { std: "docker" "start" "-a" "1d4ef9b392521b4b51e8ef32167af7e3ab7f8615166344439fea25c957496a39", kill_on_drop: false }`
[INFO] running `Command { std: "docker" "inspect" "1d4ef9b392521b4b51e8ef32167af7e3ab7f8615166344439fea25c957496a39", kill_on_drop: false }`
[INFO] running `Command { std: "docker" "rm" "-f" "1d4ef9b392521b4b51e8ef32167af7e3ab7f8615166344439fea25c957496a39", kill_on_drop: false }`
[INFO] [stdout] 1d4ef9b392521b4b51e8ef32167af7e3ab7f8615166344439fea25c957496a39
[INFO] running `Command { std: "docker" "create" "-v" "/var/lib/crater-agent-workspace/builds/worker-3-tc1/target:/opt/rustwide/target:rw,Z" "-v" "/var/lib/crater-agent-workspace/builds/worker-3-tc1/source:/opt/rustwide/workdir:ro,Z" "-v" "/var/lib/crater-agent-workspace/cargo-home:/opt/rustwide/cargo-home:ro,Z" "-v" "/var/lib/crater-agent-workspace/rustup-home:/opt/rustwide/rustup-home:ro,Z" "-e" "SOURCE_DIR=/opt/rustwide/workdir" "-e" "CARGO_TARGET_DIR=/opt/rustwide/target" "-e" "CARGO_INCREMENTAL=0" "-e" "RUST_BACKTRACE=full" "-e" "RUSTFLAGS=--cap-lints=warn" "-e" "RUSTDOCFLAGS=--cap-lints=warn" "-e" "CARGO_HOME=/opt/rustwide/cargo-home" "-e" "RUSTUP_HOME=/opt/rustwide/rustup-home" "-w" "/opt/rustwide/workdir" "-m" "1610612736" "--user" "0:0" "--network" "none" "ghcr.io/rust-lang/crates-build-env/linux@sha256:2788e3201cd34a07e3172128adcd8b3090168a8e3bcc40d7c032b9dda1df7d1c" "/opt/rustwide/cargo-home/bin/cargo" "+1.75.0" "build" "--frozen" "--message-format=json", kill_on_drop: false }`
[INFO] [stdout] 404801dc13a1fb9039cf1cf06f943c6dd33d14d3627b81ae2078f17ca98ec78e
[INFO] running `Command { std: "docker" "start" "-a" "404801dc13a1fb9039cf1cf06f943c6dd33d14d3627b81ae2078f17ca98ec78e", kill_on_drop: false }`
[INFO] [stderr]    Compiling libc v0.2.139
[INFO] [stderr]    Compiling crossbeam-utils v0.8.14
[INFO] [stderr]    Compiling memoffset v0.7.1
[INFO] [stderr]    Compiling proc-macro2 v1.0.50
[INFO] [stderr]    Compiling crossbeam-epoch v0.9.13
[INFO] [stderr]    Compiling quote v1.0.23
[INFO] [stderr]    Compiling unicode-ident v1.0.6
[INFO] [stderr]    Compiling syn v1.0.107
[INFO] [stderr]    Compiling lock_api v0.4.9
[INFO] [stderr]    Compiling adler v1.0.2
[INFO] [stderr]    Compiling rayon-core v1.10.1
[INFO] [stderr]    Compiling crc32fast v1.3.2
[INFO] [stderr]    Compiling io-lifetimes v1.0.4
[INFO] [stderr]    Compiling miniz_oxide v0.6.2
[INFO] [stderr]    Compiling num-traits v0.2.15
[INFO] [stderr]    Compiling crossbeam-channel v0.5.6
[INFO] [stderr]    Compiling futures-core v0.3.25
[INFO] [stderr]    Compiling crossbeam-deque v0.8.2
[INFO] [stderr]    Compiling rustix v0.36.7
[INFO] [stderr]    Compiling memoffset v0.6.5
[INFO] [stderr]    Compiling num-integer v0.1.45
[INFO] [stderr]    Compiling linux-raw-sys v0.1.4
[INFO] [stderr]    Compiling either v1.8.0
[INFO] [stderr]    Compiling spin v0.9.4
[INFO] [stderr]    Compiling flate2 v1.0.25
[INFO] [stderr]    Compiling num-rational v0.4.1
[INFO] [stderr]    Compiling weezl v0.1.7
[INFO] [stderr]    Compiling log v0.4.17
[INFO] [stderr]    Compiling num_cpus v1.15.0
[INFO] [stderr]    Compiling getrandom v0.2.8
[INFO] [stderr]    Compiling futures-sink v0.3.25
[INFO] [stderr]    Compiling nanorand v0.7.0
[INFO] [stderr]    Compiling threadpool v1.8.1
[INFO] [stderr]    Compiling aho-corasick v0.7.20
[INFO] [stderr]    Compiling anyhow v1.0.68
[INFO] [stderr]    Compiling bit_field v0.10.1
[INFO] [stderr]    Compiling regex-syntax v0.6.28
[INFO] [stderr]    Compiling half v2.2.1
[INFO] [stderr]    Compiling rayon v1.6.1
[INFO] [stderr]    Compiling lebe v0.5.2
[INFO] [stderr]    Compiling os_str_bytes v6.4.1
[INFO] [stderr]    Compiling termcolor v1.2.0
[INFO] [stderr]    Compiling color_quant v1.1.0
[INFO] [stderr]    Compiling gif v0.11.4
[INFO] [stderr]    Compiling clap_lex v0.3.1
[INFO] [stderr]    Compiling is-terminal v0.4.2
[INFO] [stderr]    Compiling regex v1.7.1
[INFO] [stderr]    Compiling nix v0.22.3
[INFO] [stderr]    Compiling png v0.17.7
[INFO] [stderr]    Compiling gethostname v0.2.3
[INFO] [stderr]    Compiling bytemuck v1.13.0
[INFO] [stderr]    Compiling jpeg-decoder v0.3.0
[INFO] [stderr]    Compiling humantime v2.1.0
[INFO] [stderr]    Compiling t-rec v0.7.6 (/opt/rustwide/workdir)
[INFO] [stderr]    Compiling fastrand v1.8.0
[INFO] [stderr]    Compiling once_cell v1.17.0
[INFO] [stderr]    Compiling byteorder v1.4.3
[INFO] [stderr]    Compiling remove_dir_all v0.5.3
[INFO] [stderr]    Compiling scoped_threadpool v0.1.9
[INFO] [stderr]    Compiling simplerand v1.3.0
[INFO] [stderr]    Compiling tiff v0.8.1
[INFO] [stderr]    Compiling tempfile v3.3.0
[INFO] [stderr]    Compiling clap v4.1.1
[INFO] [stderr]    Compiling env_logger v0.10.0
[INFO] [stderr]    Compiling x11rb v0.9.0
[INFO] [stderr]    Compiling pin-project-internal v1.0.12
[INFO] [stderr]    Compiling pin-project v1.0.12
[INFO] [stderr]    Compiling flume v0.10.14
[INFO] [stderr]    Compiling exr v1.5.2
[INFO] [stderr]    Compiling image v0.24.5
[INFO] [stderr]     Finished dev [unoptimized + debuginfo] target(s) in 30.54s
[INFO] running `Command { std: "docker" "inspect" "404801dc13a1fb9039cf1cf06f943c6dd33d14d3627b81ae2078f17ca98ec78e", kill_on_drop: false }`
[INFO] running `Command { std: "docker" "rm" "-f" "404801dc13a1fb9039cf1cf06f943c6dd33d14d3627b81ae2078f17ca98ec78e", kill_on_drop: false }`
[INFO] [stdout] 404801dc13a1fb9039cf1cf06f943c6dd33d14d3627b81ae2078f17ca98ec78e
[INFO] running `Command { std: "docker" "create" "-v" "/var/lib/crater-agent-workspace/builds/worker-3-tc1/target:/opt/rustwide/target:rw,Z" "-v" "/var/lib/crater-agent-workspace/builds/worker-3-tc1/source:/opt/rustwide/workdir:ro,Z" "-v" "/var/lib/crater-agent-workspace/cargo-home:/opt/rustwide/cargo-home:ro,Z" "-v" "/var/lib/crater-agent-workspace/rustup-home:/opt/rustwide/rustup-home:ro,Z" "-e" "SOURCE_DIR=/opt/rustwide/workdir" "-e" "CARGO_TARGET_DIR=/opt/rustwide/target" "-e" "CARGO_INCREMENTAL=0" "-e" "RUST_BACKTRACE=full" "-e" "RUSTFLAGS=--cap-lints=warn" "-e" "RUSTDOCFLAGS=--cap-lints=warn" "-e" "CARGO_HOME=/opt/rustwide/cargo-home" "-e" "RUSTUP_HOME=/opt/rustwide/rustup-home" "-w" "/opt/rustwide/workdir" "-m" "1610612736" "--user" "0:0" "--network" "none" "ghcr.io/rust-lang/crates-build-env/linux@sha256:2788e3201cd34a07e3172128adcd8b3090168a8e3bcc40d7c032b9dda1df7d1c" "/opt/rustwide/cargo-home/bin/cargo" "+1.75.0" "test" "--frozen" "--no-run" "--message-format=json", kill_on_drop: false }`
[INFO] [stdout] fce04c51bef719c9d1cbd3af12063968c91262c501f8afc1048e50a24db573ca
[INFO] running `Command { std: "docker" "start" "-a" "fce04c51bef719c9d1cbd3af12063968c91262c501f8afc1048e50a24db573ca", kill_on_drop: false }`
[INFO] [stderr]    Compiling t-rec v0.7.6 (/opt/rustwide/workdir)
[INFO] [stderr]     Finished test [unoptimized + debuginfo] target(s) in 2.70s
[INFO] running `Command { std: "docker" "inspect" "fce04c51bef719c9d1cbd3af12063968c91262c501f8afc1048e50a24db573ca", kill_on_drop: false }`
[INFO] running `Command { std: "docker" "rm" "-f" "fce04c51bef719c9d1cbd3af12063968c91262c501f8afc1048e50a24db573ca", kill_on_drop: false }`
[INFO] [stdout] fce04c51bef719c9d1cbd3af12063968c91262c501f8afc1048e50a24db573ca
[INFO] running `Command { std: "docker" "create" "-v" "/var/lib/crater-agent-workspace/builds/worker-3-tc1/target:/opt/rustwide/target:rw,Z" "-v" "/var/lib/crater-agent-workspace/builds/worker-3-tc1/source:/opt/rustwide/workdir:ro,Z" "-v" "/var/lib/crater-agent-workspace/cargo-home:/opt/rustwide/cargo-home:ro,Z" "-v" "/var/lib/crater-agent-workspace/rustup-home:/opt/rustwide/rustup-home:ro,Z" "-e" "SOURCE_DIR=/opt/rustwide/workdir" "-e" "CARGO_TARGET_DIR=/opt/rustwide/target" "-e" "CARGO_INCREMENTAL=0" "-e" "RUST_BACKTRACE=full" "-e" "RUSTFLAGS=--cap-lints=warn" "-e" "RUSTDOCFLAGS=--cap-lints=warn" "-e" "CARGO_HOME=/opt/rustwide/cargo-home" "-e" "RUSTUP_HOME=/opt/rustwide/rustup-home" "-w" "/opt/rustwide/workdir" "-m" "1610612736" "--user" "0:0" "--network" "none" "ghcr.io/rust-lang/crates-build-env/linux@sha256:2788e3201cd34a07e3172128adcd8b3090168a8e3bcc40d7c032b9dda1df7d1c" "/opt/rustwide/cargo-home/bin/cargo" "+1.75.0" "test" "--frozen", kill_on_drop: false }`
[INFO] [stdout] dcfbfbc6c08c0322fca74d39529fef443ca9b6c148af50bb60b62eefc99beb0b
[INFO] running `Command { std: "docker" "start" "-a" "dcfbfbc6c08c0322fca74d39529fef443ca9b6c148af50bb60b62eefc99beb0b", kill_on_drop: false }`
[INFO] [stderr]     Finished test [unoptimized + debuginfo] target(s) in 0.08s
[INFO] [stderr]      Running unittests src/main.rs (/opt/rustwide/target/debug/deps/t_rec-eb0130891d56b148)
[INFO] [stdout] 
[INFO] [stdout] running 9 tests
[INFO] [stdout] test common::test::margin_new ... ok
[INFO] [stdout] test common::test::margin_new_equal ... ok
[INFO] [stdout] test common::test::margin_zero ... ok
[INFO] [stdout] test common::image::tests::should_crop ... FAILED
[INFO] [stdout] test common::identify_transparency::test::should_identify_macos_right_side_issue ... FAILED
[INFO] [stdout] test common::utils::tests::should_parse_time ... ok
[INFO] [stdout] test common::utils::tests::should_format_time ... ok
[INFO] [stdout] test common::utils::tests::should_not_parse_time_that_is_too_long - should panic ... ok
[INFO] [stdout] test common::utils::tests::should_not_parse_time_that_is_invalid - should panic ... ok
[INFO] [stdout] 
[INFO] [stdout] failures:
[INFO] [stdout] 
[INFO] [stdout] ---- common::image::tests::should_crop stdout ----
[INFO] [stdout] Error: No such file or directory (os error 2)
[INFO] [stdout] 
[INFO] [stdout] ---- common::identify_transparency::test::should_identify_macos_right_side_issue stdout ----
[INFO] [stdout] Error: No such file or directory (os error 2)
[INFO] [stdout] 
[INFO] [stdout] 
[INFO] [stdout] failures:
[INFO] [stdout]     common::identify_transparency::test::should_identify_macos_right_side_issue
[INFO] [stdout]     common::image::tests::should_crop
[INFO] [stdout] 
[INFO] [stdout] test result: FAILED. 7 passed; 2 failed; 0 ignored; 0 measured; 0 filtered out; finished in 0.04s
[INFO] [stdout] 
[INFO] [stderr] error: test failed, to rerun pass `--bin t-rec`
[INFO] running `Command { std: "docker" "inspect" "dcfbfbc6c08c0322fca74d39529fef443ca9b6c148af50bb60b62eefc99beb0b", kill_on_drop: false }`
[INFO] running `Command { std: "docker" "rm" "-f" "dcfbfbc6c08c0322fca74d39529fef443ca9b6c148af50bb60b62eefc99beb0b", kill_on_drop: false }`
[INFO] [stdout] dcfbfbc6c08c0322fca74d39529fef443ca9b6c148af50bb60b62eefc99beb0b
