[INFO] fetching crate system-service 0.2.2...
[INFO] testing system-service-0.2.2 against 1.75.0 for beta-1.76-1
[INFO] extracting crate system-service 0.2.2 into /workspace/builds/worker-7-tc1/source
[INFO] validating manifest of crates.io crate system-service 0.2.2 on toolchain 1.75.0
[INFO] running `Command { std: CARGO_HOME="/workspace/cargo-home" RUSTUP_HOME="/workspace/rustup-home" "/workspace/cargo-home/bin/cargo" "+1.75.0" "metadata" "--manifest-path" "Cargo.toml" "--no-deps", kill_on_drop: false }`
[INFO] started tweaking crates.io crate system-service 0.2.2
[INFO] finished tweaking crates.io crate system-service 0.2.2
[INFO] tweaked toml for crates.io crate system-service 0.2.2 written to /workspace/builds/worker-7-tc1/source/Cargo.toml
[INFO] running `Command { std: CARGO_HOME="/workspace/cargo-home" RUSTUP_HOME="/workspace/rustup-home" "/workspace/cargo-home/bin/cargo" "+1.75.0" "generate-lockfile" "--manifest-path" "Cargo.toml", kill_on_drop: false }`
[INFO] [stderr]     Updating crates.io index
[INFO] running `Command { std: CARGO_HOME="/workspace/cargo-home" RUSTUP_HOME="/workspace/rustup-home" "/workspace/cargo-home/bin/cargo" "+1.75.0" "fetch" "--manifest-path" "Cargo.toml", kill_on_drop: false }`
[INFO] running `Command { std: "docker" "create" "-v" "/var/lib/crater-agent-workspace/builds/worker-7-tc1/target:/opt/rustwide/target:rw,Z" "-v" "/var/lib/crater-agent-workspace/builds/worker-7-tc1/source:/opt/rustwide/workdir:ro,Z" "-v" "/var/lib/crater-agent-workspace/cargo-home:/opt/rustwide/cargo-home:ro,Z" "-v" "/var/lib/crater-agent-workspace/rustup-home:/opt/rustwide/rustup-home:ro,Z" "-e" "SOURCE_DIR=/opt/rustwide/workdir" "-e" "CARGO_TARGET_DIR=/opt/rustwide/target" "-e" "CARGO_HOME=/opt/rustwide/cargo-home" "-e" "RUSTUP_HOME=/opt/rustwide/rustup-home" "-w" "/opt/rustwide/workdir" "-m" "1610612736" "--user" "0:0" "--network" "none" "ghcr.io/rust-lang/crates-build-env/linux@sha256:2788e3201cd34a07e3172128adcd8b3090168a8e3bcc40d7c032b9dda1df7d1c" "/opt/rustwide/cargo-home/bin/cargo" "+1.75.0" "metadata" "--no-deps" "--format-version=1", kill_on_drop: false }`
[INFO] [stdout] f6188b93a096bf39574827eab303e365bba0135f9cad4f459754351e0a394714
[INFO] running `Command { std: "docker" "start" "-a" "f6188b93a096bf39574827eab303e365bba0135f9cad4f459754351e0a394714", kill_on_drop: false }`
[INFO] running `Command { std: "docker" "inspect" "f6188b93a096bf39574827eab303e365bba0135f9cad4f459754351e0a394714", kill_on_drop: false }`
[INFO] running `Command { std: "docker" "rm" "-f" "f6188b93a096bf39574827eab303e365bba0135f9cad4f459754351e0a394714", kill_on_drop: false }`
[INFO] [stdout] f6188b93a096bf39574827eab303e365bba0135f9cad4f459754351e0a394714
[INFO] running `Command { std: "docker" "create" "-v" "/var/lib/crater-agent-workspace/builds/worker-7-tc1/target:/opt/rustwide/target:rw,Z" "-v" "/var/lib/crater-agent-workspace/builds/worker-7-tc1/source:/opt/rustwide/workdir:ro,Z" "-v" "/var/lib/crater-agent-workspace/cargo-home:/opt/rustwide/cargo-home:ro,Z" "-v" "/var/lib/crater-agent-workspace/rustup-home:/opt/rustwide/rustup-home:ro,Z" "-e" "SOURCE_DIR=/opt/rustwide/workdir" "-e" "CARGO_TARGET_DIR=/opt/rustwide/target" "-e" "CARGO_INCREMENTAL=0" "-e" "RUST_BACKTRACE=full" "-e" "RUSTFLAGS=--cap-lints=warn" "-e" "RUSTDOCFLAGS=--cap-lints=warn" "-e" "CARGO_HOME=/opt/rustwide/cargo-home" "-e" "RUSTUP_HOME=/opt/rustwide/rustup-home" "-w" "/opt/rustwide/workdir" "-m" "1610612736" "--user" "0:0" "--network" "none" "ghcr.io/rust-lang/crates-build-env/linux@sha256:2788e3201cd34a07e3172128adcd8b3090168a8e3bcc40d7c032b9dda1df7d1c" "/opt/rustwide/cargo-home/bin/cargo" "+1.75.0" "build" "--frozen" "--message-format=json", kill_on_drop: false }`
[INFO] [stdout] 5b3bbeb4f0f8d034da92ad08c0f12cfd97efaffe14491e8d8e36efb3784817ab
[INFO] running `Command { std: "docker" "start" "-a" "5b3bbeb4f0f8d034da92ad08c0f12cfd97efaffe14491e8d8e36efb3784817ab", kill_on_drop: false }`
[INFO] [stderr]    Compiling rand v0.4.6
[INFO] [stderr]    Compiling bit-vec v0.4.4
[INFO] [stderr]    Compiling quick-error v1.2.3
[INFO] [stderr]    Compiling atty v0.2.14
[INFO] [stderr]    Compiling log v0.4.20
[INFO] [stderr]    Compiling termcolor v1.4.0
[INFO] [stderr]    Compiling lazy_static v0.2.11
[INFO] [stderr]    Compiling regex v1.10.2
[INFO] [stderr]    Compiling humantime v1.3.0
[INFO] [stderr]    Compiling bit-set v0.4.0
[INFO] [stderr]    Compiling env_logger v0.5.13
[INFO] [stderr]    Compiling rand v0.3.23
[INFO] [stderr]    Compiling chan v0.1.23
[INFO] [stderr]    Compiling chan-signal v0.3.3
[INFO] [stderr]    Compiling system-service v0.2.2 (/opt/rustwide/workdir)
[INFO] [stdout] warning: trait objects without an explicit `dyn` are deprecated
[INFO] [stdout]   --> src/logging.rs:39:29
[INFO] [stdout]    |
[INFO] [stdout] 39 | impl<'a> LogOptions for &'a LogOptions {
[INFO] [stdout]    |                             ^^^^^^^^^^
[INFO] [stdout]    |
[INFO] [stdout]    = warning: this is accepted in the current edition (Rust 2015) but is a hard error in Rust 2021!
[INFO] [stdout]    = note: for more information, see <https://doc.rust-lang.org/nightly/edition-guide/rust-2021/warnings-promoted-to-error.html>
[INFO] [stdout]    = note: `#[warn(bare_trait_objects)]` on by default
[INFO] [stdout] help: use `dyn`
[INFO] [stdout]    |
[INFO] [stdout] 39 | impl<'a> LogOptions for &'a dyn LogOptions {
[INFO] [stdout]    |                             +++
[INFO] [stdout] 
[INFO] [stdout] 
[INFO] [stdout] warning: trait objects without an explicit `dyn` are deprecated
[INFO] [stdout]    --> src/logging.rs:125:38
[INFO] [stdout]     |
[INFO] [stdout] 125 | pub fn init<O: LogOptions>(options: &LogOptions) -> Result<(), log::SetLoggerError> {
[INFO] [stdout]     |                                      ^^^^^^^^^^
[INFO] [stdout]     |
[INFO] [stdout]     = warning: this is accepted in the current edition (Rust 2015) but is a hard error in Rust 2021!
[INFO] [stdout]     = note: for more information, see <https://doc.rust-lang.org/nightly/edition-guide/rust-2021/warnings-promoted-to-error.html>
[INFO] [stdout] help: use `dyn`
[INFO] [stdout]     |
[INFO] [stdout] 125 | pub fn init<O: LogOptions>(options: &dyn LogOptions) -> Result<(), log::SetLoggerError> {
[INFO] [stdout]     |                                      +++
[INFO] [stdout] 
[INFO] [stdout] 
[INFO] [stdout] warning: 2 warnings emitted
[INFO] [stdout] 
[INFO] [stdout] 
[INFO] [stderr]     Finished dev [unoptimized + debuginfo] target(s) in 0.96s
[INFO] running `Command { std: "docker" "inspect" "5b3bbeb4f0f8d034da92ad08c0f12cfd97efaffe14491e8d8e36efb3784817ab", kill_on_drop: false }`
[INFO] running `Command { std: "docker" "rm" "-f" "5b3bbeb4f0f8d034da92ad08c0f12cfd97efaffe14491e8d8e36efb3784817ab", kill_on_drop: false }`
[INFO] [stdout] 5b3bbeb4f0f8d034da92ad08c0f12cfd97efaffe14491e8d8e36efb3784817ab
[INFO] running `Command { std: "docker" "create" "-v" "/var/lib/crater-agent-workspace/builds/worker-7-tc1/target:/opt/rustwide/target:rw,Z" "-v" "/var/lib/crater-agent-workspace/builds/worker-7-tc1/source:/opt/rustwide/workdir:ro,Z" "-v" "/var/lib/crater-agent-workspace/cargo-home:/opt/rustwide/cargo-home:ro,Z" "-v" "/var/lib/crater-agent-workspace/rustup-home:/opt/rustwide/rustup-home:ro,Z" "-e" "SOURCE_DIR=/opt/rustwide/workdir" "-e" "CARGO_TARGET_DIR=/opt/rustwide/target" "-e" "CARGO_INCREMENTAL=0" "-e" "RUST_BACKTRACE=full" "-e" "RUSTFLAGS=--cap-lints=warn" "-e" "RUSTDOCFLAGS=--cap-lints=warn" "-e" "CARGO_HOME=/opt/rustwide/cargo-home" "-e" "RUSTUP_HOME=/opt/rustwide/rustup-home" "-w" "/opt/rustwide/workdir" "-m" "1610612736" "--user" "0:0" "--network" "none" "ghcr.io/rust-lang/crates-build-env/linux@sha256:2788e3201cd34a07e3172128adcd8b3090168a8e3bcc40d7c032b9dda1df7d1c" "/opt/rustwide/cargo-home/bin/cargo" "+1.75.0" "test" "--frozen" "--no-run" "--message-format=json", kill_on_drop: false }`
[INFO] [stdout] 1d72c249de3b090821f11433b000d19c42616383a640b8950d672d3b4b603d30
[INFO] running `Command { std: "docker" "start" "-a" "1d72c249de3b090821f11433b000d19c42616383a640b8950d672d3b4b603d30", kill_on_drop: false }`
[INFO] [stderr]    Compiling system-service v0.2.2 (/opt/rustwide/workdir)
[INFO] [stdout] warning: trait objects without an explicit `dyn` are deprecated
[INFO] [stdout]   --> src/logging.rs:39:29
[INFO] [stdout]    |
[INFO] [stdout] 39 | impl<'a> LogOptions for &'a LogOptions {
[INFO] [stdout]    |                             ^^^^^^^^^^
[INFO] [stdout]    |
[INFO] [stdout]    = warning: this is accepted in the current edition (Rust 2015) but is a hard error in Rust 2021!
[INFO] [stdout]    = note: for more information, see <https://doc.rust-lang.org/nightly/edition-guide/rust-2021/warnings-promoted-to-error.html>
[INFO] [stdout]    = note: `#[warn(bare_trait_objects)]` on by default
[INFO] [stdout] help: use `dyn`
[INFO] [stdout]    |
[INFO] [stdout] 39 | impl<'a> LogOptions for &'a dyn LogOptions {
[INFO] [stdout]    |                             +++
[INFO] [stdout] 
[INFO] [stdout] 
[INFO] [stdout] warning: trait objects without an explicit `dyn` are deprecated
[INFO] [stdout]    --> src/logging.rs:125:38
[INFO] [stdout]     |
[INFO] [stdout] 125 | pub fn init<O: LogOptions>(options: &LogOptions) -> Result<(), log::SetLoggerError> {
[INFO] [stdout]     |                                      ^^^^^^^^^^
[INFO] [stdout]     |
[INFO] [stdout]     = warning: this is accepted in the current edition (Rust 2015) but is a hard error in Rust 2021!
[INFO] [stdout]     = note: for more information, see <https://doc.rust-lang.org/nightly/edition-guide/rust-2021/warnings-promoted-to-error.html>
[INFO] [stdout] help: use `dyn`
[INFO] [stdout]     |
[INFO] [stdout] 125 | pub fn init<O: LogOptions>(options: &dyn LogOptions) -> Result<(), log::SetLoggerError> {
[INFO] [stdout]     |                                      +++
[INFO] [stdout] 
[INFO] [stdout] 
[INFO] [stdout] warning: 2 warnings emitted
[INFO] [stdout] 
[INFO] [stdout] 
[INFO] [stdout] warning: trait objects without an explicit `dyn` are deprecated
[INFO] [stdout]   --> src/logging.rs:39:29
[INFO] [stdout]    |
[INFO] [stdout] 39 | impl<'a> LogOptions for &'a LogOptions {
[INFO] [stdout]    |                             ^^^^^^^^^^
[INFO] [stdout]    |
[INFO] [stdout]    = warning: this is accepted in the current edition (Rust 2015) but is a hard error in Rust 2021!
[INFO] [stdout]    = note: for more information, see <https://doc.rust-lang.org/nightly/edition-guide/rust-2021/warnings-promoted-to-error.html>
[INFO] [stdout]    = note: `#[warn(bare_trait_objects)]` on by default
[INFO] [stdout] help: use `dyn`
[INFO] [stdout]    |
[INFO] [stdout] 39 | impl<'a> LogOptions for &'a dyn LogOptions {
[INFO] [stdout]    |                             +++
[INFO] [stdout] 
[INFO] [stdout] 
[INFO] [stdout] warning: trait objects without an explicit `dyn` are deprecated
[INFO] [stdout]    --> src/logging.rs:125:38
[INFO] [stdout]     |
[INFO] [stdout] 125 | pub fn init<O: LogOptions>(options: &LogOptions) -> Result<(), log::SetLoggerError> {
[INFO] [stdout]     |                                      ^^^^^^^^^^
[INFO] [stdout]     |
[INFO] [stdout]     = warning: this is accepted in the current edition (Rust 2015) but is a hard error in Rust 2021!
[INFO] [stdout]     = note: for more information, see <https://doc.rust-lang.org/nightly/edition-guide/rust-2021/warnings-promoted-to-error.html>
[INFO] [stdout] help: use `dyn`
[INFO] [stdout]     |
[INFO] [stdout] 125 | pub fn init<O: LogOptions>(options: &dyn LogOptions) -> Result<(), log::SetLoggerError> {
[INFO] [stdout]     |                                      +++
[INFO] [stdout] 
[INFO] [stdout] 
[INFO] [stdout] warning: 2 warnings emitted
[INFO] [stdout] 
[INFO] [stdout] 
[INFO] [stderr]     Finished test [unoptimized + debuginfo] target(s) in 0.33s
[INFO] running `Command { std: "docker" "inspect" "1d72c249de3b090821f11433b000d19c42616383a640b8950d672d3b4b603d30", kill_on_drop: false }`
[INFO] running `Command { std: "docker" "rm" "-f" "1d72c249de3b090821f11433b000d19c42616383a640b8950d672d3b4b603d30", kill_on_drop: false }`
[INFO] [stdout] 1d72c249de3b090821f11433b000d19c42616383a640b8950d672d3b4b603d30
[INFO] running `Command { std: "docker" "create" "-v" "/var/lib/crater-agent-workspace/builds/worker-7-tc1/target:/opt/rustwide/target:rw,Z" "-v" "/var/lib/crater-agent-workspace/builds/worker-7-tc1/source:/opt/rustwide/workdir:ro,Z" "-v" "/var/lib/crater-agent-workspace/cargo-home:/opt/rustwide/cargo-home:ro,Z" "-v" "/var/lib/crater-agent-workspace/rustup-home:/opt/rustwide/rustup-home:ro,Z" "-e" "SOURCE_DIR=/opt/rustwide/workdir" "-e" "CARGO_TARGET_DIR=/opt/rustwide/target" "-e" "CARGO_INCREMENTAL=0" "-e" "RUST_BACKTRACE=full" "-e" "RUSTFLAGS=--cap-lints=warn" "-e" "RUSTDOCFLAGS=--cap-lints=warn" "-e" "CARGO_HOME=/opt/rustwide/cargo-home" "-e" "RUSTUP_HOME=/opt/rustwide/rustup-home" "-w" "/opt/rustwide/workdir" "-m" "1610612736" "--user" "0:0" "--network" "none" "ghcr.io/rust-lang/crates-build-env/linux@sha256:2788e3201cd34a07e3172128adcd8b3090168a8e3bcc40d7c032b9dda1df7d1c" "/opt/rustwide/cargo-home/bin/cargo" "+1.75.0" "test" "--frozen", kill_on_drop: false }`
[INFO] [stdout] 6b96a2aa8d1624ce1c1db4fdb283d454ff40c2a3f42dff3f25f3ec95221fd091
[INFO] running `Command { std: "docker" "start" "-a" "6b96a2aa8d1624ce1c1db4fdb283d454ff40c2a3f42dff3f25f3ec95221fd091", kill_on_drop: false }`
[INFO] [stderr] warning: trait objects without an explicit `dyn` are deprecated
[INFO] [stderr]   --> src/logging.rs:39:29
[INFO] [stderr]    |
[INFO] [stderr] 39 | impl<'a> LogOptions for &'a LogOptions {
[INFO] [stderr]    |                             ^^^^^^^^^^
[INFO] [stderr]    |
[INFO] [stderr]    = warning: this is accepted in the current edition (Rust 2015) but is a hard error in Rust 2021!
[INFO] [stderr]    = note: for more information, see <https://doc.rust-lang.org/nightly/edition-guide/rust-2021/warnings-promoted-to-error.html>
[INFO] [stderr]    = note: `#[warn(bare_trait_objects)]` on by default
[INFO] [stderr] help: use `dyn`
[INFO] [stderr]    |
[INFO] [stderr] 39 | impl<'a> LogOptions for &'a dyn LogOptions {
[INFO] [stderr]    |                             +++
[INFO] [stderr] 
[INFO] [stderr] warning: trait objects without an explicit `dyn` are deprecated
[INFO] [stderr]    --> src/logging.rs:125:38
[INFO] [stderr]     |
[INFO] [stderr] 125 | pub fn init<O: LogOptions>(options: &LogOptions) -> Result<(), log::SetLoggerError> {
[INFO] [stderr]     |                                      ^^^^^^^^^^
[INFO] [stderr]     |
[INFO] [stderr]     = warning: this is accepted in the current edition (Rust 2015) but is a hard error in Rust 2021!
[INFO] [stderr]     = note: for more information, see <https://doc.rust-lang.org/nightly/edition-guide/rust-2021/warnings-promoted-to-error.html>
[INFO] [stderr] help: use `dyn`
[INFO] [stderr]     |
[INFO] [stderr] 125 | pub fn init<O: LogOptions>(options: &dyn LogOptions) -> Result<(), log::SetLoggerError> {
[INFO] [stderr]     |                                      +++
[INFO] [stderr] 
[INFO] [stderr] warning: `system-service` (lib) generated 2 warnings (run `cargo fix --lib -p system-service` to apply 2 suggestions)
[INFO] [stderr] warning: `system-service` (lib test) generated 2 warnings (2 duplicates)
[INFO] [stderr]     Finished test [unoptimized + debuginfo] target(s) in 0.01s
[INFO] [stderr]      Running unittests src/lib.rs (/opt/rustwide/target/debug/deps/system_service-ab73dd023ef02ce6)
[INFO] [stdout] 
[INFO] [stdout] running 0 tests
[INFO] [stdout] 
[INFO] [stdout] test result: ok. 0 passed; 0 failed; 0 ignored; 0 measured; 0 filtered out; finished in 0.00s
[INFO] [stdout] 
[INFO] [stderr]    Doc-tests system-service
[INFO] [stdout] 
[INFO] [stdout] running 1 test
[INFO] [stdout] test src/lib.rs - run (line 81) ... FAILED
[INFO] [stdout] 
[INFO] [stdout] failures:
[INFO] [stdout] 
[INFO] [stdout] ---- src/lib.rs - run (line 81) stdout ----
[INFO] [stdout] error: cannot find macro `die` in this scope
[INFO] [stdout]  --> src/lib.rs:84:9
[INFO] [stdout]   |
[INFO] [stdout] 4 |         die!("Application encountered error: {}", err);
[INFO] [stdout]   |         ^^^
[INFO] [stdout] 
[INFO] [stdout] error[E0412]: cannot find type `MyApplication` in this scope
[INFO] [stdout]  --> src/lib.rs:83:29
[INFO] [stdout]   |
[INFO] [stdout] 3 |     if let Err(err) = run::<MyApplication>() {
[INFO] [stdout]   |                             ^^^^^^^^^^^^^ not found in this scope
[INFO] [stdout] 
[INFO] [stdout] error[E0425]: cannot find function `run` in this scope
[INFO] [stdout]  --> src/lib.rs:83:23
[INFO] [stdout]   |
[INFO] [stdout] 3 |     if let Err(err) = run::<MyApplication>() {
[INFO] [stdout]   |                       ^^^ not found in this scope
[INFO] [stdout] 
[INFO] [stdout] error: aborting due to 3 previous errors
[INFO] [stdout] 
[INFO] [stdout] Some errors have detailed explanations: E0412, E0425.
[INFO] [stdout] For more information about an error, try `rustc --explain E0412`.
[INFO] [stdout] Couldn't compile the test.
[INFO] [stdout] 
[INFO] [stdout] failures:
[INFO] [stdout]     src/lib.rs - run (line 81)
[INFO] [stdout] 
[INFO] [stdout] test result: FAILED. 0 passed; 1 failed; 0 ignored; 0 measured; 0 filtered out; finished in 0.11s
[INFO] [stdout] 
[INFO] [stderr] error: doctest failed, to rerun pass `--doc`
[INFO] running `Command { std: "docker" "inspect" "6b96a2aa8d1624ce1c1db4fdb283d454ff40c2a3f42dff3f25f3ec95221fd091", kill_on_drop: false }`
[INFO] running `Command { std: "docker" "rm" "-f" "6b96a2aa8d1624ce1c1db4fdb283d454ff40c2a3f42dff3f25f3ec95221fd091", kill_on_drop: false }`
[INFO] [stdout] 6b96a2aa8d1624ce1c1db4fdb283d454ff40c2a3f42dff3f25f3ec95221fd091
[INFO] testing system-service-0.2.2 against beta-2023-12-22 for beta-1.76-1
[INFO] extracting crate system-service 0.2.2 into /workspace/builds/worker-7-tc2/source
[INFO] validating manifest of crates.io crate system-service 0.2.2 on toolchain beta-2023-12-22
[INFO] running `Command { std: CARGO_HOME="/workspace/cargo-home" RUSTUP_HOME="/workspace/rustup-home" "/workspace/cargo-home/bin/cargo" "+beta-2023-12-22" "metadata" "--manifest-path" "Cargo.toml" "--no-deps", kill_on_drop: false }`
[INFO] started tweaking crates.io crate system-service 0.2.2
[INFO] finished tweaking crates.io crate system-service 0.2.2
[INFO] tweaked toml for crates.io crate system-service 0.2.2 written to /workspace/builds/worker-7-tc2/source/Cargo.toml
[INFO] running `Command { std: CARGO_HOME="/workspace/cargo-home" RUSTUP_HOME="/workspace/rustup-home" "/workspace/cargo-home/bin/cargo" "+beta-2023-12-22" "generate-lockfile" "--manifest-path" "Cargo.toml", kill_on_drop: false }`
[INFO] [stderr]     Updating crates.io index
[INFO] running `Command { std: CARGO_HOME="/workspace/cargo-home" RUSTUP_HOME="/workspace/rustup-home" "/workspace/cargo-home/bin/cargo" "+beta-2023-12-22" "fetch" "--manifest-path" "Cargo.toml", kill_on_drop: false }`
[INFO] running `Command { std: "docker" "create" "-v" "/var/lib/crater-agent-workspace/builds/worker-7-tc2/target:/opt/rustwide/target:rw,Z" "-v" "/var/lib/crater-agent-workspace/builds/worker-7-tc2/source:/opt/rustwide/workdir:ro,Z" "-v" "/var/lib/crater-agent-workspace/cargo-home:/opt/rustwide/cargo-home:ro,Z" "-v" "/var/lib/crater-agent-workspace/rustup-home:/opt/rustwide/rustup-home:ro,Z" "-e" "SOURCE_DIR=/opt/rustwide/workdir" "-e" "CARGO_TARGET_DIR=/opt/rustwide/target" "-e" "CARGO_HOME=/opt/rustwide/cargo-home" "-e" "RUSTUP_HOME=/opt/rustwide/rustup-home" "-w" "/opt/rustwide/workdir" "-m" "1610612736" "--user" "0:0" "--network" "none" "ghcr.io/rust-lang/crates-build-env/linux@sha256:2788e3201cd34a07e3172128adcd8b3090168a8e3bcc40d7c032b9dda1df7d1c" "/opt/rustwide/cargo-home/bin/cargo" "+beta-2023-12-22" "metadata" "--no-deps" "--format-version=1", kill_on_drop: false }`
[INFO] [stdout] 2b136f0391d94a159805e649150645e75f05460c65fd5bce37ceb63b206fdcf1
[INFO] running `Command { std: "docker" "start" "-a" "2b136f0391d94a159805e649150645e75f05460c65fd5bce37ceb63b206fdcf1", kill_on_drop: false }`
[INFO] running `Command { std: "docker" "inspect" "2b136f0391d94a159805e649150645e75f05460c65fd5bce37ceb63b206fdcf1", kill_on_drop: false }`
[INFO] running `Command { std: "docker" "rm" "-f" "2b136f0391d94a159805e649150645e75f05460c65fd5bce37ceb63b206fdcf1", kill_on_drop: false }`
[INFO] [stdout] 2b136f0391d94a159805e649150645e75f05460c65fd5bce37ceb63b206fdcf1
[INFO] running `Command { std: "docker" "create" "-v" "/var/lib/crater-agent-workspace/builds/worker-7-tc2/target:/opt/rustwide/target:rw,Z" "-v" "/var/lib/crater-agent-workspace/builds/worker-7-tc2/source:/opt/rustwide/workdir:ro,Z" "-v" "/var/lib/crater-agent-workspace/cargo-home:/opt/rustwide/cargo-home:ro,Z" "-v" "/var/lib/crater-agent-workspace/rustup-home:/opt/rustwide/rustup-home:ro,Z" "-e" "SOURCE_DIR=/opt/rustwide/workdir" "-e" "CARGO_TARGET_DIR=/opt/rustwide/target" "-e" "CARGO_INCREMENTAL=0" "-e" "RUST_BACKTRACE=full" "-e" "RUSTFLAGS=--cap-lints=warn" "-e" "RUSTDOCFLAGS=--cap-lints=warn" "-e" "CARGO_HOME=/opt/rustwide/cargo-home" "-e" "RUSTUP_HOME=/opt/rustwide/rustup-home" "-w" "/opt/rustwide/workdir" "-m" "1610612736" "--user" "0:0" "--network" "none" "ghcr.io/rust-lang/crates-build-env/linux@sha256:2788e3201cd34a07e3172128adcd8b3090168a8e3bcc40d7c032b9dda1df7d1c" "/opt/rustwide/cargo-home/bin/cargo" "+beta-2023-12-22" "build" "--frozen" "--message-format=json", kill_on_drop: false }`
[INFO] [stdout] d9903590cfaa0418428ced94cd6f91fa897789c48eb04e8c496be8ced86a2ddb
[INFO] running `Command { std: "docker" "start" "-a" "d9903590cfaa0418428ced94cd6f91fa897789c48eb04e8c496be8ced86a2ddb", kill_on_drop: false }`
[INFO] [stderr]    Compiling bit-vec v0.4.4
[INFO] [stderr]    Compiling quick-error v1.2.3
[INFO] [stderr]    Compiling rand v0.4.6
[INFO] [stderr]    Compiling atty v0.2.14
[INFO] [stderr]    Compiling lazy_static v0.2.11
[INFO] [stderr]    Compiling log v0.4.20
[INFO] [stderr]    Compiling regex v1.10.2
[INFO] [stderr]    Compiling humantime v1.3.0
[INFO] [stderr]    Compiling bit-set v0.4.0
[INFO] [stderr]    Compiling env_logger v0.5.13
[INFO] [stderr]    Compiling rand v0.3.23
[INFO] [stderr]    Compiling chan v0.1.23
[INFO] [stderr]    Compiling chan-signal v0.3.3
[INFO] [stderr]    Compiling system-service v0.2.2 (/opt/rustwide/workdir)
[INFO] [stdout] warning: trait objects without an explicit `dyn` are deprecated
[INFO] [stdout]   --> src/logging.rs:39:29
[INFO] [stdout]    |
[INFO] [stdout] 39 | impl<'a> LogOptions for &'a LogOptions {
[INFO] [stdout]    |                             ^^^^^^^^^^
[INFO] [stdout]    |
[INFO] [stdout]    = warning: this is accepted in the current edition (Rust 2015) but is a hard error in Rust 2021!
[INFO] [stdout]    = note: for more information, see <https://doc.rust-lang.org/nightly/edition-guide/rust-2021/warnings-promoted-to-error.html>
[INFO] [stdout]    = note: `#[warn(bare_trait_objects)]` on by default
[INFO] [stdout] help: use `dyn`
[INFO] [stdout]    |
[INFO] [stdout] 39 | impl<'a> LogOptions for &'a dyn LogOptions {
[INFO] [stdout]    |                             +++
[INFO] [stdout] 
[INFO] [stdout] 
[INFO] [stdout] warning: trait objects without an explicit `dyn` are deprecated
[INFO] [stdout]    --> src/logging.rs:125:38
[INFO] [stdout]     |
[INFO] [stdout] 125 | pub fn init<O: LogOptions>(options: &LogOptions) -> Result<(), log::SetLoggerError> {
[INFO] [stdout]     |                                      ^^^^^^^^^^
[INFO] [stdout]     |
[INFO] [stdout]     = warning: this is accepted in the current edition (Rust 2015) but is a hard error in Rust 2021!
[INFO] [stdout]     = note: for more information, see <https://doc.rust-lang.org/nightly/edition-guide/rust-2021/warnings-promoted-to-error.html>
[INFO] [stdout] help: use `dyn`
[INFO] [stdout]     |
[INFO] [stdout] 125 | pub fn init<O: LogOptions>(options: &dyn LogOptions) -> Result<(), log::SetLoggerError> {
[INFO] [stdout]     |                                      +++
[INFO] [stdout] 
[INFO] [stdout] 
[INFO] [stdout] warning: 2 warnings emitted
[INFO] [stdout] 
[INFO] [stdout] 
[INFO] [stderr]     Finished dev [unoptimized + debuginfo] target(s) in 0.78s
[INFO] running `Command { std: "docker" "inspect" "d9903590cfaa0418428ced94cd6f91fa897789c48eb04e8c496be8ced86a2ddb", kill_on_drop: false }`
[INFO] running `Command { std: "docker" "rm" "-f" "d9903590cfaa0418428ced94cd6f91fa897789c48eb04e8c496be8ced86a2ddb", kill_on_drop: false }`
[INFO] [stdout] d9903590cfaa0418428ced94cd6f91fa897789c48eb04e8c496be8ced86a2ddb
[INFO] running `Command { std: "docker" "create" "-v" "/var/lib/crater-agent-workspace/builds/worker-7-tc2/target:/opt/rustwide/target:rw,Z" "-v" "/var/lib/crater-agent-workspace/builds/worker-7-tc2/source:/opt/rustwide/workdir:ro,Z" "-v" "/var/lib/crater-agent-workspace/cargo-home:/opt/rustwide/cargo-home:ro,Z" "-v" "/var/lib/crater-agent-workspace/rustup-home:/opt/rustwide/rustup-home:ro,Z" "-e" "SOURCE_DIR=/opt/rustwide/workdir" "-e" "CARGO_TARGET_DIR=/opt/rustwide/target" "-e" "CARGO_INCREMENTAL=0" "-e" "RUST_BACKTRACE=full" "-e" "RUSTFLAGS=--cap-lints=warn" "-e" "RUSTDOCFLAGS=--cap-lints=warn" "-e" "CARGO_HOME=/opt/rustwide/cargo-home" "-e" "RUSTUP_HOME=/opt/rustwide/rustup-home" "-w" "/opt/rustwide/workdir" "-m" "1610612736" "--user" "0:0" "--network" "none" "ghcr.io/rust-lang/crates-build-env/linux@sha256:2788e3201cd34a07e3172128adcd8b3090168a8e3bcc40d7c032b9dda1df7d1c" "/opt/rustwide/cargo-home/bin/cargo" "+beta-2023-12-22" "test" "--frozen" "--no-run" "--message-format=json", kill_on_drop: false }`
[INFO] [stdout] 4505a00fdd13f6136a40b3b69ed41d6f0cfe4cec6617bfd8ab9036bf40a67cd1
[INFO] running `Command { std: "docker" "start" "-a" "4505a00fdd13f6136a40b3b69ed41d6f0cfe4cec6617bfd8ab9036bf40a67cd1", kill_on_drop: false }`
[INFO] [stdout] warning: trait objects without an explicit `dyn` are deprecated
[INFO] [stdout]   --> src/logging.rs:39:29
[INFO] [stdout]    |
[INFO] [stdout] 39 | impl<'a> LogOptions for &'a LogOptions {
[INFO] [stdout]    |                             ^^^^^^^^^^
[INFO] [stdout]    |
[INFO] [stdout]    = warning: this is accepted in the current edition (Rust 2015) but is a hard error in Rust 2021!
[INFO] [stdout]    = note: for more information, see <https://doc.rust-lang.org/nightly/edition-guide/rust-2021/warnings-promoted-to-error.html>
[INFO] [stdout]    = note: `#[warn(bare_trait_objects)]` on by default
[INFO] [stdout] help: use `dyn`
[INFO] [stdout]    |
[INFO] [stdout] 39 | impl<'a> LogOptions for &'a dyn LogOptions {
[INFO] [stdout]    |                             +++
[INFO] [stdout] 
[INFO] [stdout] 
[INFO] [stderr]    Compiling system-service v0.2.2 (/opt/rustwide/workdir)
[INFO] [stdout] warning: trait objects without an explicit `dyn` are deprecated
[INFO] [stdout]    --> src/logging.rs:125:38
[INFO] [stdout]     |
[INFO] [stdout] 125 | pub fn init<O: LogOptions>(options: &LogOptions) -> Result<(), log::SetLoggerError> {
[INFO] [stdout]     |                                      ^^^^^^^^^^
[INFO] [stdout]     |
[INFO] [stdout]     = warning: this is accepted in the current edition (Rust 2015) but is a hard error in Rust 2021!
[INFO] [stdout]     = note: for more information, see <https://doc.rust-lang.org/nightly/edition-guide/rust-2021/warnings-promoted-to-error.html>
[INFO] [stdout] help: use `dyn`
[INFO] [stdout]     |
[INFO] [stdout] 125 | pub fn init<O: LogOptions>(options: &dyn LogOptions) -> Result<(), log::SetLoggerError> {
[INFO] [stdout]     |                                      +++
[INFO] [stdout] 
[INFO] [stdout] 
[INFO] [stdout] warning: 2 warnings emitted
[INFO] [stdout] 
[INFO] [stdout] 
[INFO] [stdout] warning: trait objects without an explicit `dyn` are deprecated
[INFO] [stdout]   --> src/logging.rs:39:29
[INFO] [stdout]    |
[INFO] [stdout] 39 | impl<'a> LogOptions for &'a LogOptions {
[INFO] [stdout]    |                             ^^^^^^^^^^
[INFO] [stdout]    |
[INFO] [stdout]    = warning: this is accepted in the current edition (Rust 2015) but is a hard error in Rust 2021!
[INFO] [stdout]    = note: for more information, see <https://doc.rust-lang.org/nightly/edition-guide/rust-2021/warnings-promoted-to-error.html>
[INFO] [stdout]    = note: `#[warn(bare_trait_objects)]` on by default
[INFO] [stdout] help: use `dyn`
[INFO] [stdout]    |
[INFO] [stdout] 39 | impl<'a> LogOptions for &'a dyn LogOptions {
[INFO] [stdout]    |                             +++
[INFO] [stdout] 
[INFO] [stdout] 
[INFO] [stdout] warning: trait objects without an explicit `dyn` are deprecated
[INFO] [stdout]    --> src/logging.rs:125:38
[INFO] [stdout]     |
[INFO] [stdout] 125 | pub fn init<O: LogOptions>(options: &LogOptions) -> Result<(), log::SetLoggerError> {
[INFO] [stdout]     |                                      ^^^^^^^^^^
[INFO] [stdout]     |
[INFO] [stdout]     = warning: this is accepted in the current edition (Rust 2015) but is a hard error in Rust 2021!
[INFO] [stdout]     = note: for more information, see <https://doc.rust-lang.org/nightly/edition-guide/rust-2021/warnings-promoted-to-error.html>
[INFO] [stdout] help: use `dyn`
[INFO] [stdout]     |
[INFO] [stdout] 125 | pub fn init<O: LogOptions>(options: &dyn LogOptions) -> Result<(), log::SetLoggerError> {
[INFO] [stdout]     |                                      +++
[INFO] [stdout] 
[INFO] [stdout] 
[INFO] [stdout] warning: 2 warnings emitted
[INFO] [stdout] 
[INFO] [stdout] 
[INFO] [stderr]     Finished test [unoptimized + debuginfo] target(s) in 0.32s
[INFO] running `Command { std: "docker" "inspect" "4505a00fdd13f6136a40b3b69ed41d6f0cfe4cec6617bfd8ab9036bf40a67cd1", kill_on_drop: false }`
[INFO] running `Command { std: "docker" "rm" "-f" "4505a00fdd13f6136a40b3b69ed41d6f0cfe4cec6617bfd8ab9036bf40a67cd1", kill_on_drop: false }`
[INFO] [stdout] 4505a00fdd13f6136a40b3b69ed41d6f0cfe4cec6617bfd8ab9036bf40a67cd1
[INFO] running `Command { std: "docker" "create" "-v" "/var/lib/crater-agent-workspace/builds/worker-7-tc2/target:/opt/rustwide/target:rw,Z" "-v" "/var/lib/crater-agent-workspace/builds/worker-7-tc2/source:/opt/rustwide/workdir:ro,Z" "-v" "/var/lib/crater-agent-workspace/cargo-home:/opt/rustwide/cargo-home:ro,Z" "-v" "/var/lib/crater-agent-workspace/rustup-home:/opt/rustwide/rustup-home:ro,Z" "-e" "SOURCE_DIR=/opt/rustwide/workdir" "-e" "CARGO_TARGET_DIR=/opt/rustwide/target" "-e" "CARGO_INCREMENTAL=0" "-e" "RUST_BACKTRACE=full" "-e" "RUSTFLAGS=--cap-lints=warn" "-e" "RUSTDOCFLAGS=--cap-lints=warn" "-e" "CARGO_HOME=/opt/rustwide/cargo-home" "-e" "RUSTUP_HOME=/opt/rustwide/rustup-home" "-w" "/opt/rustwide/workdir" "-m" "1610612736" "--user" "0:0" "--network" "none" "ghcr.io/rust-lang/crates-build-env/linux@sha256:2788e3201cd34a07e3172128adcd8b3090168a8e3bcc40d7c032b9dda1df7d1c" "/opt/rustwide/cargo-home/bin/cargo" "+beta-2023-12-22" "test" "--frozen", kill_on_drop: false }`
[INFO] [stdout] ae3bf3346579044ad43cc064793a7212a498958df7514143281843c98f517efb
[INFO] running `Command { std: "docker" "start" "-a" "ae3bf3346579044ad43cc064793a7212a498958df7514143281843c98f517efb", kill_on_drop: false }`
[INFO] [stderr] warning: trait objects without an explicit `dyn` are deprecated
[INFO] [stderr]   --> src/logging.rs:39:29
[INFO] [stderr]    |
[INFO] [stderr] 39 | impl<'a> LogOptions for &'a LogOptions {
[INFO] [stderr]    |                             ^^^^^^^^^^
[INFO] [stderr]    |
[INFO] [stderr]    = warning: this is accepted in the current edition (Rust 2015) but is a hard error in Rust 2021!
[INFO] [stderr]    = note: for more information, see <https://doc.rust-lang.org/nightly/edition-guide/rust-2021/warnings-promoted-to-error.html>
[INFO] [stderr]    = note: `#[warn(bare_trait_objects)]` on by default
[INFO] [stderr] help: use `dyn`
[INFO] [stderr]    |
[INFO] [stderr] 39 | impl<'a> LogOptions for &'a dyn LogOptions {
[INFO] [stderr]    |                             +++
[INFO] [stderr] 
[INFO] [stderr] warning: trait objects without an explicit `dyn` are deprecated
[INFO] [stderr]    --> src/logging.rs:125:38
[INFO] [stderr]     |
[INFO] [stderr] 125 | pub fn init<O: LogOptions>(options: &LogOptions) -> Result<(), log::SetLoggerError> {
[INFO] [stderr]     |                                      ^^^^^^^^^^
[INFO] [stderr]     |
[INFO] [stderr]     = warning: this is accepted in the current edition (Rust 2015) but is a hard error in Rust 2021!
[INFO] [stderr]     = note: for more information, see <https://doc.rust-lang.org/nightly/edition-guide/rust-2021/warnings-promoted-to-error.html>
[INFO] [stderr] help: use `dyn`
[INFO] [stderr]     |
[INFO] [stderr] 125 | pub fn init<O: LogOptions>(options: &dyn LogOptions) -> Result<(), log::SetLoggerError> {
[INFO] [stderr]     |                                      +++
[INFO] [stderr] 
[INFO] [stderr] warning: `system-service` (lib) generated 2 warnings (run `cargo fix --lib -p system-service` to apply 2 suggestions)
[INFO] [stderr] warning: `system-service` (lib test) generated 2 warnings (2 duplicates)
[INFO] [stderr]     Finished test [unoptimized + debuginfo] target(s) in 0.01s
[INFO] [stderr]      Running unittests src/lib.rs (/opt/rustwide/target/debug/deps/system_service-a4c77d577caec074)
[INFO] [stdout] 
[INFO] [stdout] running 0 tests
[INFO] [stdout] 
[INFO] [stdout] test result: ok. 0 passed; 0 failed; 0 ignored; 0 measured; 0 filtered out; finished in 0.00s
[INFO] [stdout] 
[INFO] [stderr]    Doc-tests system-service
[INFO] [stdout] 
[INFO] [stdout] running 1 test
[INFO] [stdout] test src/lib.rs - run (line 81) ... FAILED
[INFO] [stdout] 
[INFO] [stdout] failures:
[INFO] [stdout] 
[INFO] [stdout] ---- src/lib.rs - run (line 81) stdout ----
[INFO] [stdout] error: cannot find macro `die` in this scope
[INFO] [stdout]  --> src/lib.rs:84:9
[INFO] [stdout]   |
[INFO] [stdout] 4 |         die!("Application encountered error: {}", err);
[INFO] [stdout]   |         ^^^
[INFO] [stdout] 
[INFO] [stdout] error[E0412]: cannot find type `MyApplication` in this scope
[INFO] [stdout]  --> src/lib.rs:83:29
[INFO] [stdout]   |
[INFO] [stdout] 3 |     if let Err(err) = run::<MyApplication>() {
[INFO] [stdout]   |                             ^^^^^^^^^^^^^ not found in this scope
[INFO] [stdout] 
[INFO] [stdout] error[E0425]: cannot find function `run` in this scope
[INFO] [stdout]  --> src/lib.rs:83:23
[INFO] [stdout]   |
[INFO] [stdout] 3 |     if let Err(err) = run::<MyApplication>() {
[INFO] [stdout]   |                       ^^^ not found in this scope
[INFO] [stdout] 
[INFO] [stdout] error: aborting due to 3 previous errors
[INFO] [stdout] 
[INFO] [stdout] Some errors have detailed explanations: E0412, E0425.
[INFO] [stdout] For more information about an error, try `rustc --explain E0412`.
[INFO] [stdout] Couldn't compile the test.
[INFO] [stdout] 
[INFO] [stdout] failures:
[INFO] [stdout]     src/lib.rs - run (line 81)
[INFO] [stdout] 
[INFO] [stdout] test result: FAILED. 0 passed; 1 failed; 0 ignored; 0 measured; 0 filtered out; finished in 0.09s
[INFO] [stdout] 
[INFO] [stderr] error: doctest failed, to rerun pass `--doc`
[INFO] running `Command { std: "docker" "inspect" "ae3bf3346579044ad43cc064793a7212a498958df7514143281843c98f517efb", kill_on_drop: false }`
[INFO] running `Command { std: "docker" "rm" "-f" "ae3bf3346579044ad43cc064793a7212a498958df7514143281843c98f517efb", kill_on_drop: false }`
[INFO] [stdout] ae3bf3346579044ad43cc064793a7212a498958df7514143281843c98f517efb
