[INFO] fetching crate sysinfo 0.29.11...
[INFO] testing sysinfo-0.29.11 against 1.75.0 for beta-1.76-1
[INFO] extracting crate sysinfo 0.29.11 into /workspace/builds/worker-1-tc1/source
[INFO] validating manifest of crates.io crate sysinfo 0.29.11 on toolchain 1.75.0
[INFO] running `Command { std: CARGO_HOME="/workspace/cargo-home" RUSTUP_HOME="/workspace/rustup-home" "/workspace/cargo-home/bin/cargo" "+1.75.0" "metadata" "--manifest-path" "Cargo.toml" "--no-deps", kill_on_drop: false }`
[INFO] started tweaking crates.io crate sysinfo 0.29.11
[INFO] finished tweaking crates.io crate sysinfo 0.29.11
[INFO] tweaked toml for crates.io crate sysinfo 0.29.11 written to /workspace/builds/worker-1-tc1/source/Cargo.toml
[INFO] crate crates.io crate sysinfo 0.29.11 already has a lockfile, it will not be regenerated
[INFO] running `Command { std: CARGO_HOME="/workspace/cargo-home" RUSTUP_HOME="/workspace/rustup-home" "/workspace/cargo-home/bin/cargo" "+1.75.0" "fetch" "--manifest-path" "Cargo.toml", kill_on_drop: false }`
[INFO] running `Command { std: "docker" "create" "-v" "/var/lib/crater-agent-workspace/builds/worker-1-tc1/target:/opt/rustwide/target:rw,Z" "-v" "/var/lib/crater-agent-workspace/builds/worker-1-tc1/source:/opt/rustwide/workdir:ro,Z" "-v" "/var/lib/crater-agent-workspace/cargo-home:/opt/rustwide/cargo-home:ro,Z" "-v" "/var/lib/crater-agent-workspace/rustup-home:/opt/rustwide/rustup-home:ro,Z" "-e" "SOURCE_DIR=/opt/rustwide/workdir" "-e" "CARGO_TARGET_DIR=/opt/rustwide/target" "-e" "CARGO_HOME=/opt/rustwide/cargo-home" "-e" "RUSTUP_HOME=/opt/rustwide/rustup-home" "-w" "/opt/rustwide/workdir" "-m" "1610612736" "--user" "0:0" "--network" "none" "ghcr.io/rust-lang/crates-build-env/linux@sha256:2788e3201cd34a07e3172128adcd8b3090168a8e3bcc40d7c032b9dda1df7d1c" "/opt/rustwide/cargo-home/bin/cargo" "+1.75.0" "metadata" "--no-deps" "--format-version=1", kill_on_drop: false }`
[INFO] [stdout] 66c741ea68f0c01ca865790b69f40da3144c8d11bf453a6fee1fd5e96a263467
[INFO] running `Command { std: "docker" "start" "-a" "66c741ea68f0c01ca865790b69f40da3144c8d11bf453a6fee1fd5e96a263467", kill_on_drop: false }`
[INFO] running `Command { std: "docker" "inspect" "66c741ea68f0c01ca865790b69f40da3144c8d11bf453a6fee1fd5e96a263467", kill_on_drop: false }`
[INFO] running `Command { std: "docker" "rm" "-f" "66c741ea68f0c01ca865790b69f40da3144c8d11bf453a6fee1fd5e96a263467", kill_on_drop: false }`
[INFO] [stdout] 66c741ea68f0c01ca865790b69f40da3144c8d11bf453a6fee1fd5e96a263467
[INFO] running `Command { std: "docker" "create" "-v" "/var/lib/crater-agent-workspace/builds/worker-1-tc1/target:/opt/rustwide/target:rw,Z" "-v" "/var/lib/crater-agent-workspace/builds/worker-1-tc1/source:/opt/rustwide/workdir:ro,Z" "-v" "/var/lib/crater-agent-workspace/cargo-home:/opt/rustwide/cargo-home:ro,Z" "-v" "/var/lib/crater-agent-workspace/rustup-home:/opt/rustwide/rustup-home:ro,Z" "-e" "SOURCE_DIR=/opt/rustwide/workdir" "-e" "CARGO_TARGET_DIR=/opt/rustwide/target" "-e" "CARGO_INCREMENTAL=0" "-e" "RUST_BACKTRACE=full" "-e" "RUSTFLAGS=--cap-lints=warn" "-e" "RUSTDOCFLAGS=--cap-lints=warn" "-e" "CARGO_HOME=/opt/rustwide/cargo-home" "-e" "RUSTUP_HOME=/opt/rustwide/rustup-home" "-w" "/opt/rustwide/workdir" "-m" "1610612736" "--user" "0:0" "--network" "none" "ghcr.io/rust-lang/crates-build-env/linux@sha256:2788e3201cd34a07e3172128adcd8b3090168a8e3bcc40d7c032b9dda1df7d1c" "/opt/rustwide/cargo-home/bin/cargo" "+1.75.0" "build" "--frozen" "--message-format=json", kill_on_drop: false }`
[INFO] [stdout] b118f1c310daba07c0c3994325b4de41ca9003c8229d83a48bf6b51b592b04b7
[INFO] running `Command { std: "docker" "start" "-a" "b118f1c310daba07c0c3994325b4de41ca9003c8229d83a48bf6b51b592b04b7", kill_on_drop: false }`
[INFO] [stderr]    Compiling crossbeam-utils v0.8.16
[INFO] [stderr]    Compiling memoffset v0.9.0
[INFO] [stderr]    Compiling crossbeam-epoch v0.9.15
[INFO] [stderr]    Compiling libc v0.2.147
[INFO] [stderr]    Compiling rayon-core v1.11.0
[INFO] [stderr]    Compiling either v1.8.1
[INFO] [stderr]    Compiling once_cell v1.18.0
[INFO] [stderr]    Compiling crossbeam-channel v0.5.8
[INFO] [stderr]    Compiling crossbeam-deque v0.8.3
[INFO] [stderr]    Compiling num_cpus v1.16.0
[INFO] [stderr]    Compiling rayon v1.7.0
[INFO] [stderr]    Compiling sysinfo v0.29.11 (/opt/rustwide/workdir)
[INFO] [stderr]     Finished dev [unoptimized + debuginfo] target(s) in 3.74s
[INFO] running `Command { std: "docker" "inspect" "b118f1c310daba07c0c3994325b4de41ca9003c8229d83a48bf6b51b592b04b7", kill_on_drop: false }`
[INFO] running `Command { std: "docker" "rm" "-f" "b118f1c310daba07c0c3994325b4de41ca9003c8229d83a48bf6b51b592b04b7", kill_on_drop: false }`
[INFO] [stdout] b118f1c310daba07c0c3994325b4de41ca9003c8229d83a48bf6b51b592b04b7
[INFO] running `Command { std: "docker" "create" "-v" "/var/lib/crater-agent-workspace/builds/worker-1-tc1/target:/opt/rustwide/target:rw,Z" "-v" "/var/lib/crater-agent-workspace/builds/worker-1-tc1/source:/opt/rustwide/workdir:ro,Z" "-v" "/var/lib/crater-agent-workspace/cargo-home:/opt/rustwide/cargo-home:ro,Z" "-v" "/var/lib/crater-agent-workspace/rustup-home:/opt/rustwide/rustup-home:ro,Z" "-e" "SOURCE_DIR=/opt/rustwide/workdir" "-e" "CARGO_TARGET_DIR=/opt/rustwide/target" "-e" "CARGO_INCREMENTAL=0" "-e" "RUST_BACKTRACE=full" "-e" "RUSTFLAGS=--cap-lints=warn" "-e" "RUSTDOCFLAGS=--cap-lints=warn" "-e" "CARGO_HOME=/opt/rustwide/cargo-home" "-e" "RUSTUP_HOME=/opt/rustwide/rustup-home" "-w" "/opt/rustwide/workdir" "-m" "1610612736" "--user" "0:0" "--network" "none" "ghcr.io/rust-lang/crates-build-env/linux@sha256:2788e3201cd34a07e3172128adcd8b3090168a8e3bcc40d7c032b9dda1df7d1c" "/opt/rustwide/cargo-home/bin/cargo" "+1.75.0" "test" "--frozen" "--no-run" "--message-format=json", kill_on_drop: false }`
[INFO] [stdout] 6905185e55b5d3a90b8d86d84f964e653064db4036c9ad2748e5f9892c33a35a
[INFO] running `Command { std: "docker" "start" "-a" "6905185e55b5d3a90b8d86d84f964e653064db4036c9ad2748e5f9892c33a35a", kill_on_drop: false }`
[INFO] [stderr]    Compiling rustix v0.38.4
[INFO] [stderr]    Compiling serde v1.0.174
[INFO] [stderr]    Compiling serde_json v1.0.103
[INFO] [stderr]    Compiling bitflags v2.3.3
[INFO] [stderr]    Compiling linux-raw-sys v0.4.3
[INFO] [stderr]    Compiling ryu v1.0.15
[INFO] [stderr]    Compiling fastrand v2.0.0
[INFO] [stderr]    Compiling itoa v1.0.9
[INFO] [stderr]    Compiling tempfile v3.7.0
[INFO] [stderr]    Compiling sysinfo v0.29.11 (/opt/rustwide/workdir)
[INFO] [stderr]     Finished test [unoptimized + debuginfo] target(s) in 4.65s
[INFO] running `Command { std: "docker" "inspect" "6905185e55b5d3a90b8d86d84f964e653064db4036c9ad2748e5f9892c33a35a", kill_on_drop: false }`
[INFO] running `Command { std: "docker" "rm" "-f" "6905185e55b5d3a90b8d86d84f964e653064db4036c9ad2748e5f9892c33a35a", kill_on_drop: false }`
[INFO] [stdout] 6905185e55b5d3a90b8d86d84f964e653064db4036c9ad2748e5f9892c33a35a
[INFO] running `Command { std: "docker" "create" "-v" "/var/lib/crater-agent-workspace/builds/worker-1-tc1/target:/opt/rustwide/target:rw,Z" "-v" "/var/lib/crater-agent-workspace/builds/worker-1-tc1/source:/opt/rustwide/workdir:ro,Z" "-v" "/var/lib/crater-agent-workspace/cargo-home:/opt/rustwide/cargo-home:ro,Z" "-v" "/var/lib/crater-agent-workspace/rustup-home:/opt/rustwide/rustup-home:ro,Z" "-e" "SOURCE_DIR=/opt/rustwide/workdir" "-e" "CARGO_TARGET_DIR=/opt/rustwide/target" "-e" "CARGO_INCREMENTAL=0" "-e" "RUST_BACKTRACE=full" "-e" "RUSTFLAGS=--cap-lints=warn" "-e" "RUSTDOCFLAGS=--cap-lints=warn" "-e" "CARGO_HOME=/opt/rustwide/cargo-home" "-e" "RUSTUP_HOME=/opt/rustwide/rustup-home" "-w" "/opt/rustwide/workdir" "-m" "1610612736" "--user" "0:0" "--network" "none" "ghcr.io/rust-lang/crates-build-env/linux@sha256:2788e3201cd34a07e3172128adcd8b3090168a8e3bcc40d7c032b9dda1df7d1c" "/opt/rustwide/cargo-home/bin/cargo" "+1.75.0" "test" "--frozen", kill_on_drop: false }`
[INFO] [stdout] 4769b6d3cbb82d3ee97ba36cf235857461a22a150054b1032169b4cb0e9934e8
[INFO] running `Command { std: "docker" "start" "-a" "4769b6d3cbb82d3ee97ba36cf235857461a22a150054b1032169b4cb0e9934e8", kill_on_drop: false }`
[INFO] [stderr]     Finished test [unoptimized + debuginfo] target(s) in 0.03s
[INFO] [stderr]      Running unittests src/lib.rs (/opt/rustwide/target/debug/deps/sysinfo-5c49420a09fb7897)
[INFO] [stdout] 
[INFO] [stdout] running 31 tests
[INFO] [stdout] test common::tests::check_mac_address_is_unspecified_false ... ok
[INFO] [stdout] test common::tests::check_display_impl_mac_address ... ok
[INFO] [stdout] test common::tests::check_display_impl_process_status ... ok
[INFO] [stdout] test common::tests::check_mac_address_is_unspecified_true ... ok
[INFO] [stdout] test common::tests::check_uid_gid_from_impls ... ok
[INFO] [stdout] test system::tests::test_consecutive_cpu_usage_update ... ignored
[INFO] [stdout] test system::tests::check_hostname_has_no_nuls ... ok
[INFO] [stdout] test linux::network::test::refresh_networks_list_remove_interface ... ok
[INFO] [stdout] test linux::system::test::lsb_release_fallback_not_android ... ok
[INFO] [stdout] test linux::network::test::refresh_networks_list_add_interface ... ok
[INFO] [stdout] test test::check_host_name ... ok
[INFO] [stdout] test test::check_nb_supported_signals ... ok
[INFO] [stdout] test system::tests::test_refresh_system ... ok
[INFO] [stdout] test test::check_system_info ... ok
[INFO] [stdout] test test::check_memory_usage ... ok
[INFO] [stdout] test test::check_cpus_number ... ok
[INFO] [stdout] test system::tests::test_refresh_process ... ok
[INFO] [stdout] test test::ensure_is_supported_is_set_correctly ... ok
[INFO] [stdout] test test::check_refresh_process_return_value ... ok
[INFO] [stdout] test system::tests::check_if_send_and_sync ... ok
[INFO] [stdout] test test::check_process_memory_usage ... ok
[INFO] [stdout] test test::check_cmd_line ... ok
[INFO] [stdout] test test::check_cpu_frequency ... ok
[INFO] [stdout] test test::check_uid_gid ... ok
[INFO] [stdout] test system::tests::test_get_process ... ok
[INFO] [stdout] test test::check_all_process_uids_resolvable ... ok
[INFO] [stdout] test test::check_refresh_process_update ... ok
[INFO] [stdout] test test::check_users ... ok
[INFO] [stdout] test test::check_processes_cpu_usage ... ok
[INFO] [stdout] test test::check_cpu_usage ... ok
[INFO] [stdout] test system::tests::check_uptime ... ok
[INFO] [stdout] 
[INFO] [stdout] test result: ok. 30 passed; 0 failed; 1 ignored; 0 measured; 0 filtered out; finished in 1.00s
[INFO] [stdout] 
[INFO] [stderr]      Running tests/cpu.rs (/opt/rustwide/target/debug/deps/cpu-f25c376552d8ff3b)
[INFO] [stdout] 
[INFO] [stdout] running 2 tests
[INFO] [stdout] test test_physical_core_numbers ... ok
[INFO] [stdout] test test_cpu ... ok
[INFO] [stdout] 
[INFO] [stdout] test result: ok. 2 passed; 0 failed; 0 ignored; 0 measured; 0 filtered out; finished in 0.01s
[INFO] [stdout] 
[INFO] [stderr]      Running tests/disk_list.rs (/opt/rustwide/target/debug/deps/disk_list-3a64493eae2ca535)
[INFO] [stdout] 
[INFO] [stdout] running 1 test
[INFO] [stdout] test test_disks ... ok
[INFO] [stdout] 
[INFO] [stdout] test result: ok. 1 passed; 0 failed; 0 ignored; 0 measured; 0 filtered out; finished in 0.01s
[INFO] [stdout] 
[INFO] [stderr]      Running tests/extras.rs (/opt/rustwide/target/debug/deps/extras-a44fdf48942743c4)
[INFO] [stdout] 
[INFO] [stdout] running 1 test
[INFO] [stdout] test code_checkers::code_checks ... ok
[INFO] [stdout] 
[INFO] [stdout] test result: ok. 1 passed; 0 failed; 0 ignored; 0 measured; 0 filtered out; finished in 0.02s
[INFO] [stdout] 
[INFO] [stderr]      Running tests/network.rs (/opt/rustwide/target/debug/deps/network-a072a5da5b8f8774)
[INFO] [stdout] 
[INFO] [stdout] running 1 test
[INFO] [stdout] test test_networks ... ok
[INFO] [stdout] 
[INFO] [stdout] test result: ok. 1 passed; 0 failed; 0 ignored; 0 measured; 0 filtered out; finished in 0.02s
[INFO] [stdout] 
[INFO] [stderr]      Running tests/process.rs (/opt/rustwide/target/debug/deps/process-d6e774dd1767c0e6)
[INFO] [stdout] 
[INFO] [stdout] running 18 tests
[INFO] [stdout] test test_process_disk_usage ... FAILED
[INFO] [stdout] test test_wait_child ... ok
[INFO] [stdout] test test_process_refresh ... ok
[INFO] [stdout] test test_process ... ok
[INFO] [stdout] test test_process_iterator_lifetimes ... ok
[INFO] [stdout] test test_process_session_id ... ok
[INFO] [stdout] test cpu_usage_is_not_nan ... ok
[INFO] [stdout] test test_process_creds ... ok
[INFO] [stdout] test test_process_cpu_usage ... ok
[INFO] [stdout] test test_cmd ... ok
[INFO] [stdout] test test_process_times ... ok
[INFO] [stdout] test test_environ ... ok
[INFO] [stdout] test test_cwd ... ok
[INFO] [stdout] test test_big_environ ... ok
[INFO] [stdout] test test_refresh_process ... ok
[INFO] [stdout] test test_refresh_processes ... ok
[INFO] [stdout] test test_wait_non_child ... ok
[INFO] [stdout] test test_refresh_tasks ... ok
[INFO] [stdout] 
[INFO] [stdout] failures:
[INFO] [stdout] 
[INFO] [stdout] ---- test_process_disk_usage stdout ----
[INFO] [stdout] thread 'test_process_disk_usage' panicked at tests/process.rs:227:53:
[INFO] [stdout] failed to create file: Os { code: 30, kind: ReadOnlyFilesystem, message: "Read-only file system" }
[INFO] [stdout] stack backtrace:
[INFO] [stdout]    0:     0x55b6e390509c - std::backtrace_rs::backtrace::libunwind::trace::ha637c64ce894333a
[INFO] [stdout]                                at /rustc/82e1608dfa6e0b5569232559e3d385fea5a93112/library/std/src/../../backtrace/src/backtrace/libunwind.rs:104:5
[INFO] [stdout]    1:     0x55b6e390509c - std::backtrace_rs::backtrace::trace_unsynchronized::h47f62dea28e0c88d
[INFO] [stdout]                                at /rustc/82e1608dfa6e0b5569232559e3d385fea5a93112/library/std/src/../../backtrace/src/backtrace/mod.rs:66:5
[INFO] [stdout]    2:     0x55b6e390509c - std::sys_common::backtrace::_print_fmt::h9eef0abe20ede486
[INFO] [stdout]                                at /rustc/82e1608dfa6e0b5569232559e3d385fea5a93112/library/std/src/sys_common/backtrace.rs:67:5
[INFO] [stdout]    3:     0x55b6e390509c - <std::sys_common::backtrace::_print::DisplayBacktrace as core::fmt::Display>::fmt::hed7f999df88cc644
[INFO] [stdout]                                at /rustc/82e1608dfa6e0b5569232559e3d385fea5a93112/library/std/src/sys_common/backtrace.rs:44:22
[INFO] [stdout]    4:     0x55b6e3931270 - core::fmt::rt::Argument::fmt::h1539a9308b8d058d
[INFO] [stdout]                                at /rustc/82e1608dfa6e0b5569232559e3d385fea5a93112/library/core/src/fmt/rt.rs:142:9
[INFO] [stdout]    5:     0x55b6e3931270 - core::fmt::write::h3a39390d8560d9c9
[INFO] [stdout]                                at /rustc/82e1608dfa6e0b5569232559e3d385fea5a93112/library/core/src/fmt/mod.rs:1120:17
[INFO] [stdout]    6:     0x55b6e39025ff - std::io::Write::write_fmt::h040b369f3a0f9cbc
[INFO] [stdout]                                at /rustc/82e1608dfa6e0b5569232559e3d385fea5a93112/library/std/src/io/mod.rs:1762:15
[INFO] [stdout]    7:     0x55b6e3904e84 - std::sys_common::backtrace::_print::h894006fb5c6f3d45
[INFO] [stdout]                                at /rustc/82e1608dfa6e0b5569232559e3d385fea5a93112/library/std/src/sys_common/backtrace.rs:47:5
[INFO] [stdout]    8:     0x55b6e3904e84 - std::sys_common::backtrace::print::h23a2d212c6fff936
[INFO] [stdout]                                at /rustc/82e1608dfa6e0b5569232559e3d385fea5a93112/library/std/src/sys_common/backtrace.rs:34:9
[INFO] [stdout]    9:     0x55b6e3906b47 - std::panicking::default_hook::{{closure}}::h8a1d2ee00185001a
[INFO] [stdout]   10:     0x55b6e3906833 - std::panicking::default_hook::h6038f2eba384e475
[INFO] [stdout]                                at /rustc/82e1608dfa6e0b5569232559e3d385fea5a93112/library/std/src/panicking.rs:289:9
[INFO] [stdout]   11:     0x55b6e3800a17 - <alloc::boxed::Box<F,A> as core::ops::function::Fn<Args>>::call::h0ad024c9bdc6d768
[INFO] [stdout]                                at /rustc/82e1608dfa6e0b5569232559e3d385fea5a93112/library/alloc/src/boxed.rs:2021:9
[INFO] [stdout]   12:     0x55b6e3800a17 - test::test_main::{{closure}}::h7500b54257359db6
[INFO] [stdout]                                at /rustc/82e1608dfa6e0b5569232559e3d385fea5a93112/library/test/src/lib.rs:138:21
[INFO] [stdout]   13:     0x55b6e3907158 - <alloc::boxed::Box<F,A> as core::ops::function::Fn<Args>>::call::h1f8f335eaa9cfaee
[INFO] [stdout]                                at /rustc/82e1608dfa6e0b5569232559e3d385fea5a93112/library/alloc/src/boxed.rs:2021:9
[INFO] [stdout]   14:     0x55b6e3907158 - std::panicking::rust_panic_with_hook::h2b5517d590cab22e
[INFO] [stdout]                                at /rustc/82e1608dfa6e0b5569232559e3d385fea5a93112/library/std/src/panicking.rs:783:13
[INFO] [stdout]   15:     0x55b6e3906eae - std::panicking::begin_panic_handler::{{closure}}::h233112c06e0ef43e
[INFO] [stdout]                                at /rustc/82e1608dfa6e0b5569232559e3d385fea5a93112/library/std/src/panicking.rs:657:13
[INFO] [stdout]   16:     0x55b6e3905566 - std::sys_common::backtrace::__rust_end_short_backtrace::h6e893f24d7ebbff8
[INFO] [stdout]                                at /rustc/82e1608dfa6e0b5569232559e3d385fea5a93112/library/std/src/sys_common/backtrace.rs:170:18
[INFO] [stdout]   17:     0x55b6e3906c12 - rust_begin_unwind
[INFO] [stdout]                                at /rustc/82e1608dfa6e0b5569232559e3d385fea5a93112/library/std/src/panicking.rs:645:5
[INFO] [stdout]   18:     0x55b6e37b9ed5 - core::panicking::panic_fmt::hbf0e066aabfa482c
[INFO] [stdout]                                at /rustc/82e1608dfa6e0b5569232559e3d385fea5a93112/library/core/src/panicking.rs:72:14
[INFO] [stdout]   19:     0x55b6e37ba463 - core::result::unwrap_failed::hddb4fea594200c52
[INFO] [stdout]                                at /rustc/82e1608dfa6e0b5569232559e3d385fea5a93112/library/core/src/result.rs:1653:5
[INFO] [stdout]   20:     0x55b6e37cb61d - core::result::Result<T,E>::expect::h9e408616101143df
[INFO] [stdout]                                at /rustc/82e1608dfa6e0b5569232559e3d385fea5a93112/library/core/src/result.rs:1034:23
[INFO] [stdout]   21:     0x55b6e37c3089 - process::test_process_disk_usage::inner::hbdeeedfa4338d61e
[INFO] [stdout]                                at /opt/rustwide/workdir/tests/process.rs:227:28
[INFO] [stdout]   22:     0x55b6e37c2c4a - process::test_process_disk_usage::hd459b009783bed6a
[INFO] [stdout]                                at /opt/rustwide/workdir/tests/process.rs:241:22
[INFO] [stdout]   23:     0x55b6e37c2b97 - process::test_process_disk_usage::{{closure}}::h0b86eb0319b7af35
[INFO] [stdout]                                at /opt/rustwide/workdir/tests/process.rs:210:29
[INFO] [stdout]   24:     0x55b6e37ca036 - core::ops::function::FnOnce::call_once::hf77eb0467584388c
[INFO] [stdout]                                at /rustc/82e1608dfa6e0b5569232559e3d385fea5a93112/library/core/src/ops/function.rs:250:5
[INFO] [stdout]   25:     0x55b6e380606f - core::ops::function::FnOnce::call_once::h2b5d431d5046312d
[INFO] [stdout]                                at /rustc/82e1608dfa6e0b5569232559e3d385fea5a93112/library/core/src/ops/function.rs:250:5
[INFO] [stdout]   26:     0x55b6e380606f - test::__rust_begin_short_backtrace::h7714669af176e207
[INFO] [stdout]                                at /rustc/82e1608dfa6e0b5569232559e3d385fea5a93112/library/test/src/lib.rs:628:18
[INFO] [stdout]   27:     0x55b6e3805085 - test::run_test_in_process::{{closure}}::h85218797dcbcec12
[INFO] [stdout]                                at /rustc/82e1608dfa6e0b5569232559e3d385fea5a93112/library/test/src/lib.rs:651:60
[INFO] [stdout]   28:     0x55b6e3805085 - <core::panic::unwind_safe::AssertUnwindSafe<F> as core::ops::function::FnOnce<()>>::call_once::h76c106ea31c14d7b
[INFO] [stdout]                                at /rustc/82e1608dfa6e0b5569232559e3d385fea5a93112/library/core/src/panic/unwind_safe.rs:272:9
[INFO] [stdout]   29:     0x55b6e3805085 - std::panicking::try::do_call::h3bd5d0f6620ee946
[INFO] [stdout]                                at /rustc/82e1608dfa6e0b5569232559e3d385fea5a93112/library/std/src/panicking.rs:552:40
[INFO] [stdout]   30:     0x55b6e3805085 - std::panicking::try::h232e535e4744fe31
[INFO] [stdout]                                at /rustc/82e1608dfa6e0b5569232559e3d385fea5a93112/library/std/src/panicking.rs:516:19
[INFO] [stdout]   31:     0x55b6e3805085 - std::panic::catch_unwind::h3ce3bd6ca8dbac68
[INFO] [stdout]                                at /rustc/82e1608dfa6e0b5569232559e3d385fea5a93112/library/std/src/panic.rs:142:14
[INFO] [stdout]   32:     0x55b6e3805085 - test::run_test_in_process::hc97b257c9621286a
[INFO] [stdout]                                at /rustc/82e1608dfa6e0b5569232559e3d385fea5a93112/library/test/src/lib.rs:651:27
[INFO] [stdout]   33:     0x55b6e3805085 - test::run_test::{{closure}}::h2aa798823a438d38
[INFO] [stdout]                                at /rustc/82e1608dfa6e0b5569232559e3d385fea5a93112/library/test/src/lib.rs:574:43
[INFO] [stdout]   34:     0x55b6e37cd346 - test::run_test::{{closure}}::h87d231c78fb59832
[INFO] [stdout]                                at /rustc/82e1608dfa6e0b5569232559e3d385fea5a93112/library/test/src/lib.rs:602:41
[INFO] [stdout]   35:     0x55b6e37cd346 - std::sys_common::backtrace::__rust_begin_short_backtrace::he6df152596625789
[INFO] [stdout]                                at /rustc/82e1608dfa6e0b5569232559e3d385fea5a93112/library/std/src/sys_common/backtrace.rs:154:18
[INFO] [stdout]   36:     0x55b6e37d23f7 - std::thread::Builder::spawn_unchecked_::{{closure}}::{{closure}}::ha94be15d1e0acf36
[INFO] [stdout]                                at /rustc/82e1608dfa6e0b5569232559e3d385fea5a93112/library/std/src/thread/mod.rs:529:17
[INFO] [stdout]   37:     0x55b6e37d23f7 - <core::panic::unwind_safe::AssertUnwindSafe<F> as core::ops::function::FnOnce<()>>::call_once::h9dc6bd6372f16606
[INFO] [stdout]                                at /rustc/82e1608dfa6e0b5569232559e3d385fea5a93112/library/core/src/panic/unwind_safe.rs:272:9
[INFO] [stdout]   38:     0x55b6e37d23f7 - std::panicking::try::do_call::h9057517f80303cd4
[INFO] [stdout]                                at /rustc/82e1608dfa6e0b5569232559e3d385fea5a93112/library/std/src/panicking.rs:552:40
[INFO] [stdout]   39:     0x55b6e37d23f7 - std::panicking::try::he3a30b11ee45340c
[INFO] [stdout]                                at /rustc/82e1608dfa6e0b5569232559e3d385fea5a93112/library/std/src/panicking.rs:516:19
[INFO] [stdout]   40:     0x55b6e37d23f7 - std::panic::catch_unwind::h410458cfd3528b8b
[INFO] [stdout]                                at /rustc/82e1608dfa6e0b5569232559e3d385fea5a93112/library/std/src/panic.rs:142:14
[INFO] [stdout]   41:     0x55b6e37d23f7 - std::thread::Builder::spawn_unchecked_::{{closure}}::h72ac3bdb567b737b
[INFO] [stdout]                                at /rustc/82e1608dfa6e0b5569232559e3d385fea5a93112/library/std/src/thread/mod.rs:528:30
[INFO] [stdout]   42:     0x55b6e37d23f7 - core::ops::function::FnOnce::call_once{{vtable.shim}}::h38f34da3654a8344
[INFO] [stdout]                                at /rustc/82e1608dfa6e0b5569232559e3d385fea5a93112/library/core/src/ops/function.rs:250:5
[INFO] [stdout]   43:     0x55b6e390c4b5 - <alloc::boxed::Box<F,A> as core::ops::function::FnOnce<Args>>::call_once::hc7eafaff61e32df9
[INFO] [stdout]                                at /rustc/82e1608dfa6e0b5569232559e3d385fea5a93112/library/alloc/src/boxed.rs:2007:9
[INFO] [stdout]   44:     0x55b6e390c4b5 - <alloc::boxed::Box<F,A> as core::ops::function::FnOnce<Args>>::call_once::h6ba4a5de48dd2304
[INFO] [stdout]                                at /rustc/82e1608dfa6e0b5569232559e3d385fea5a93112/library/alloc/src/boxed.rs:2007:9
[INFO] [stdout]   45:     0x55b6e390c4b5 - std::sys::unix::thread::Thread::new::thread_start::he469335aef763e45
[INFO] [stdout]                                at /rustc/82e1608dfa6e0b5569232559e3d385fea5a93112/library/std/src/sys/unix/thread.rs:108:17
[INFO] [stdout]   46:     0x7fc02ba9dac3 - <unknown>
[INFO] [stdout]   47:     0x7fc02bb2ebf4 - __clone
[INFO] [stdout]   48:                0x0 - <unknown>
[INFO] [stdout] 
[INFO] [stdout] 
[INFO] [stdout] failures:
[INFO] [stdout]     test_process_disk_usage
[INFO] [stdout] 
[INFO] [stdout] test result: FAILED. 17 passed; 1 failed; 0 ignored; 0 measured; 0 filtered out; finished in 2.09s
[INFO] [stdout] 
[INFO] [stderr] error: test failed, to rerun pass `--test process`
[INFO] running `Command { std: "docker" "inspect" "4769b6d3cbb82d3ee97ba36cf235857461a22a150054b1032169b4cb0e9934e8", kill_on_drop: false }`
[INFO] running `Command { std: "docker" "rm" "-f" "4769b6d3cbb82d3ee97ba36cf235857461a22a150054b1032169b4cb0e9934e8", kill_on_drop: false }`
[INFO] [stdout] 4769b6d3cbb82d3ee97ba36cf235857461a22a150054b1032169b4cb0e9934e8
[INFO] testing sysinfo-0.29.11 against beta-2023-12-22 for beta-1.76-1
[INFO] extracting crate sysinfo 0.29.11 into /workspace/builds/worker-1-tc2/source
[INFO] validating manifest of crates.io crate sysinfo 0.29.11 on toolchain beta-2023-12-22
[INFO] running `Command { std: CARGO_HOME="/workspace/cargo-home" RUSTUP_HOME="/workspace/rustup-home" "/workspace/cargo-home/bin/cargo" "+beta-2023-12-22" "metadata" "--manifest-path" "Cargo.toml" "--no-deps", kill_on_drop: false }`
[INFO] started tweaking crates.io crate sysinfo 0.29.11
[INFO] finished tweaking crates.io crate sysinfo 0.29.11
[INFO] tweaked toml for crates.io crate sysinfo 0.29.11 written to /workspace/builds/worker-1-tc2/source/Cargo.toml
[INFO] crate crates.io crate sysinfo 0.29.11 already has a lockfile, it will not be regenerated
[INFO] running `Command { std: CARGO_HOME="/workspace/cargo-home" RUSTUP_HOME="/workspace/rustup-home" "/workspace/cargo-home/bin/cargo" "+beta-2023-12-22" "fetch" "--manifest-path" "Cargo.toml", kill_on_drop: false }`
[INFO] running `Command { std: "docker" "create" "-v" "/var/lib/crater-agent-workspace/builds/worker-1-tc2/target:/opt/rustwide/target:rw,Z" "-v" "/var/lib/crater-agent-workspace/builds/worker-1-tc2/source:/opt/rustwide/workdir:ro,Z" "-v" "/var/lib/crater-agent-workspace/cargo-home:/opt/rustwide/cargo-home:ro,Z" "-v" "/var/lib/crater-agent-workspace/rustup-home:/opt/rustwide/rustup-home:ro,Z" "-e" "SOURCE_DIR=/opt/rustwide/workdir" "-e" "CARGO_TARGET_DIR=/opt/rustwide/target" "-e" "CARGO_HOME=/opt/rustwide/cargo-home" "-e" "RUSTUP_HOME=/opt/rustwide/rustup-home" "-w" "/opt/rustwide/workdir" "-m" "1610612736" "--user" "0:0" "--network" "none" "ghcr.io/rust-lang/crates-build-env/linux@sha256:2788e3201cd34a07e3172128adcd8b3090168a8e3bcc40d7c032b9dda1df7d1c" "/opt/rustwide/cargo-home/bin/cargo" "+beta-2023-12-22" "metadata" "--no-deps" "--format-version=1", kill_on_drop: false }`
[INFO] [stdout] 69a303db48fb49fbf8d969e9e138a89e8308b946ab78746c4e740af1aa9f609f
[INFO] running `Command { std: "docker" "start" "-a" "69a303db48fb49fbf8d969e9e138a89e8308b946ab78746c4e740af1aa9f609f", kill_on_drop: false }`
[INFO] running `Command { std: "docker" "inspect" "69a303db48fb49fbf8d969e9e138a89e8308b946ab78746c4e740af1aa9f609f", kill_on_drop: false }`
[INFO] running `Command { std: "docker" "rm" "-f" "69a303db48fb49fbf8d969e9e138a89e8308b946ab78746c4e740af1aa9f609f", kill_on_drop: false }`
[INFO] [stdout] 69a303db48fb49fbf8d969e9e138a89e8308b946ab78746c4e740af1aa9f609f
[INFO] running `Command { std: "docker" "create" "-v" "/var/lib/crater-agent-workspace/builds/worker-1-tc2/target:/opt/rustwide/target:rw,Z" "-v" "/var/lib/crater-agent-workspace/builds/worker-1-tc2/source:/opt/rustwide/workdir:ro,Z" "-v" "/var/lib/crater-agent-workspace/cargo-home:/opt/rustwide/cargo-home:ro,Z" "-v" "/var/lib/crater-agent-workspace/rustup-home:/opt/rustwide/rustup-home:ro,Z" "-e" "SOURCE_DIR=/opt/rustwide/workdir" "-e" "CARGO_TARGET_DIR=/opt/rustwide/target" "-e" "CARGO_INCREMENTAL=0" "-e" "RUST_BACKTRACE=full" "-e" "RUSTFLAGS=--cap-lints=warn" "-e" "RUSTDOCFLAGS=--cap-lints=warn" "-e" "CARGO_HOME=/opt/rustwide/cargo-home" "-e" "RUSTUP_HOME=/opt/rustwide/rustup-home" "-w" "/opt/rustwide/workdir" "-m" "1610612736" "--user" "0:0" "--network" "none" "ghcr.io/rust-lang/crates-build-env/linux@sha256:2788e3201cd34a07e3172128adcd8b3090168a8e3bcc40d7c032b9dda1df7d1c" "/opt/rustwide/cargo-home/bin/cargo" "+beta-2023-12-22" "build" "--frozen" "--message-format=json", kill_on_drop: false }`
[INFO] [stdout] e4470e68b37e7c85da1aafe1ae82ec72425e64175d36660b84806a2bbc010201
[INFO] running `Command { std: "docker" "start" "-a" "e4470e68b37e7c85da1aafe1ae82ec72425e64175d36660b84806a2bbc010201", kill_on_drop: false }`
[INFO] [stderr]    Compiling crossbeam-utils v0.8.16
[INFO] [stderr]    Compiling memoffset v0.9.0
[INFO] [stderr]    Compiling crossbeam-epoch v0.9.15
[INFO] [stderr]    Compiling libc v0.2.147
[INFO] [stderr]    Compiling rayon-core v1.11.0
[INFO] [stderr]    Compiling either v1.8.1
[INFO] [stderr]    Compiling once_cell v1.18.0
[INFO] [stderr]    Compiling crossbeam-channel v0.5.8
[INFO] [stderr]    Compiling crossbeam-deque v0.8.3
[INFO] [stderr]    Compiling num_cpus v1.16.0
[INFO] [stderr]    Compiling rayon v1.7.0
[INFO] [stderr]    Compiling sysinfo v0.29.11 (/opt/rustwide/workdir)
[INFO] [stderr]     Finished dev [unoptimized + debuginfo] target(s) in 3.51s
[INFO] running `Command { std: "docker" "inspect" "e4470e68b37e7c85da1aafe1ae82ec72425e64175d36660b84806a2bbc010201", kill_on_drop: false }`
[INFO] running `Command { std: "docker" "rm" "-f" "e4470e68b37e7c85da1aafe1ae82ec72425e64175d36660b84806a2bbc010201", kill_on_drop: false }`
[INFO] [stdout] e4470e68b37e7c85da1aafe1ae82ec72425e64175d36660b84806a2bbc010201
[INFO] running `Command { std: "docker" "create" "-v" "/var/lib/crater-agent-workspace/builds/worker-1-tc2/target:/opt/rustwide/target:rw,Z" "-v" "/var/lib/crater-agent-workspace/builds/worker-1-tc2/source:/opt/rustwide/workdir:ro,Z" "-v" "/var/lib/crater-agent-workspace/cargo-home:/opt/rustwide/cargo-home:ro,Z" "-v" "/var/lib/crater-agent-workspace/rustup-home:/opt/rustwide/rustup-home:ro,Z" "-e" "SOURCE_DIR=/opt/rustwide/workdir" "-e" "CARGO_TARGET_DIR=/opt/rustwide/target" "-e" "CARGO_INCREMENTAL=0" "-e" "RUST_BACKTRACE=full" "-e" "RUSTFLAGS=--cap-lints=warn" "-e" "RUSTDOCFLAGS=--cap-lints=warn" "-e" "CARGO_HOME=/opt/rustwide/cargo-home" "-e" "RUSTUP_HOME=/opt/rustwide/rustup-home" "-w" "/opt/rustwide/workdir" "-m" "1610612736" "--user" "0:0" "--network" "none" "ghcr.io/rust-lang/crates-build-env/linux@sha256:2788e3201cd34a07e3172128adcd8b3090168a8e3bcc40d7c032b9dda1df7d1c" "/opt/rustwide/cargo-home/bin/cargo" "+beta-2023-12-22" "test" "--frozen" "--no-run" "--message-format=json", kill_on_drop: false }`
[INFO] [stdout] 227c88b30015275db8c94532bb95ca58b785e16a107b18f4cab910b5b6b351c2
[INFO] running `Command { std: "docker" "start" "-a" "227c88b30015275db8c94532bb95ca58b785e16a107b18f4cab910b5b6b351c2", kill_on_drop: false }`
[INFO] [stderr]    Compiling serde v1.0.174
[INFO] [stderr]    Compiling rustix v0.38.4
[INFO] [stderr]    Compiling serde_json v1.0.103
[INFO] [stderr]    Compiling bitflags v2.3.3
[INFO] [stderr]    Compiling linux-raw-sys v0.4.3
[INFO] [stderr]    Compiling fastrand v2.0.0
[INFO] [stderr]    Compiling ryu v1.0.15
[INFO] [stderr]    Compiling itoa v1.0.9
[INFO] [stderr]    Compiling tempfile v3.7.0
[INFO] [stderr]    Compiling sysinfo v0.29.11 (/opt/rustwide/workdir)
[INFO] [stderr]     Finished test [unoptimized + debuginfo] target(s) in 4.08s
[INFO] running `Command { std: "docker" "inspect" "227c88b30015275db8c94532bb95ca58b785e16a107b18f4cab910b5b6b351c2", kill_on_drop: false }`
[INFO] running `Command { std: "docker" "rm" "-f" "227c88b30015275db8c94532bb95ca58b785e16a107b18f4cab910b5b6b351c2", kill_on_drop: false }`
[INFO] [stdout] 227c88b30015275db8c94532bb95ca58b785e16a107b18f4cab910b5b6b351c2
[INFO] running `Command { std: "docker" "create" "-v" "/var/lib/crater-agent-workspace/builds/worker-1-tc2/target:/opt/rustwide/target:rw,Z" "-v" "/var/lib/crater-agent-workspace/builds/worker-1-tc2/source:/opt/rustwide/workdir:ro,Z" "-v" "/var/lib/crater-agent-workspace/cargo-home:/opt/rustwide/cargo-home:ro,Z" "-v" "/var/lib/crater-agent-workspace/rustup-home:/opt/rustwide/rustup-home:ro,Z" "-e" "SOURCE_DIR=/opt/rustwide/workdir" "-e" "CARGO_TARGET_DIR=/opt/rustwide/target" "-e" "CARGO_INCREMENTAL=0" "-e" "RUST_BACKTRACE=full" "-e" "RUSTFLAGS=--cap-lints=warn" "-e" "RUSTDOCFLAGS=--cap-lints=warn" "-e" "CARGO_HOME=/opt/rustwide/cargo-home" "-e" "RUSTUP_HOME=/opt/rustwide/rustup-home" "-w" "/opt/rustwide/workdir" "-m" "1610612736" "--user" "0:0" "--network" "none" "ghcr.io/rust-lang/crates-build-env/linux@sha256:2788e3201cd34a07e3172128adcd8b3090168a8e3bcc40d7c032b9dda1df7d1c" "/opt/rustwide/cargo-home/bin/cargo" "+beta-2023-12-22" "test" "--frozen", kill_on_drop: false }`
[INFO] [stdout] 622b03ea4835d486d671c936a4308e62a57317f0ee2ab537f5038b7ce071c16e
[INFO] running `Command { std: "docker" "start" "-a" "622b03ea4835d486d671c936a4308e62a57317f0ee2ab537f5038b7ce071c16e", kill_on_drop: false }`
[INFO] [stderr]     Finished test [unoptimized + debuginfo] target(s) in 0.02s
[INFO] [stderr]      Running unittests src/lib.rs (/opt/rustwide/target/debug/deps/sysinfo-80b3c4f4ef4fcc94)
[INFO] [stdout] 
[INFO] [stdout] running 31 tests
[INFO] [stdout] test common::tests::check_display_impl_mac_address ... ok
[INFO] [stdout] test common::tests::check_mac_address_is_unspecified_false ... ok
[INFO] [stdout] test common::tests::check_display_impl_process_status ... ok
[INFO] [stdout] test common::tests::check_uid_gid_from_impls ... ok
[INFO] [stdout] test common::tests::check_mac_address_is_unspecified_true ... ok
[INFO] [stdout] test system::tests::test_consecutive_cpu_usage_update ... ignored
[INFO] [stdout] test linux::network::test::refresh_networks_list_add_interface ... ok
[INFO] [stdout] test linux::network::test::refresh_networks_list_remove_interface ... ok
[INFO] [stdout] test system::tests::check_hostname_has_no_nuls ... ok
[INFO] [stdout] test linux::system::test::lsb_release_fallback_not_android ... ok
[INFO] [stdout] test test::check_host_name ... ok
[INFO] [stdout] test test::check_nb_supported_signals ... ok
[INFO] [stdout] test system::tests::test_refresh_system ... ok
[INFO] [stdout] test test::check_system_info ... ok
[INFO] [stdout] test test::check_memory_usage ... ok
[INFO] [stdout] test test::ensure_is_supported_is_set_correctly ... ok
[INFO] [stdout] test test::check_cpus_number ... ok
[INFO] [stdout] test system::tests::test_refresh_process ... ok
[INFO] [stdout] test test::check_refresh_process_return_value ... ok
[INFO] [stdout] test test::check_cmd_line ... ok
[INFO] [stdout] test test::check_process_memory_usage ... ok
[INFO] [stdout] test test::check_uid_gid ... ok
[INFO] [stdout] test system::tests::check_if_send_and_sync ... ok
[INFO] [stdout] test system::tests::test_get_process ... ok
[INFO] [stdout] test test::check_cpu_frequency ... ok
[INFO] [stdout] test test::check_all_process_uids_resolvable ... ok
[INFO] [stdout] test test::check_refresh_process_update ... ok
[INFO] [stdout] test test::check_users ... ok
[INFO] [stdout] test test::check_processes_cpu_usage ... ok
[INFO] [stdout] test test::check_cpu_usage ... ok
[INFO] [stdout] test system::tests::check_uptime ... ok
[INFO] [stdout] 
[INFO] [stdout] test result: ok. 30 passed; 0 failed; 1 ignored; 0 measured; 0 filtered out; finished in 1.00s
[INFO] [stdout] 
[INFO] [stderr]      Running tests/cpu.rs (/opt/rustwide/target/debug/deps/cpu-95036cfe1272e9a8)
[INFO] [stdout] 
[INFO] [stdout] running 2 tests
[INFO] [stdout] test test_physical_core_numbers ... ok
[INFO] [stdout] test test_cpu ... ok
[INFO] [stdout] 
[INFO] [stdout] test result: ok. 2 passed; 0 failed; 0 ignored; 0 measured; 0 filtered out; finished in 0.01s
[INFO] [stdout] 
[INFO] [stderr]      Running tests/disk_list.rs (/opt/rustwide/target/debug/deps/disk_list-a8c51b91996cb51c)
[INFO] [stdout] 
[INFO] [stdout] running 1 test
[INFO] [stdout] test test_disks ... ok
[INFO] [stdout] 
[INFO] [stdout] test result: ok. 1 passed; 0 failed; 0 ignored; 0 measured; 0 filtered out; finished in 0.01s
[INFO] [stdout] 
[INFO] [stderr]      Running tests/extras.rs (/opt/rustwide/target/debug/deps/extras-79e37ee9849163e3)
[INFO] [stdout] 
[INFO] [stdout] running 1 test
[INFO] [stdout] test code_checkers::code_checks ... ok
[INFO] [stdout] 
[INFO] [stdout] test result: ok. 1 passed; 0 failed; 0 ignored; 0 measured; 0 filtered out; finished in 0.02s
[INFO] [stdout] 
[INFO] [stderr]      Running tests/network.rs (/opt/rustwide/target/debug/deps/network-ad6d30eabd92dd97)
[INFO] [stdout] 
[INFO] [stdout] running 1 test
[INFO] [stdout] test test_networks ... ok
[INFO] [stdout] 
[INFO] [stdout] test result: ok. 1 passed; 0 failed; 0 ignored; 0 measured; 0 filtered out; finished in 0.01s
[INFO] [stdout] 
[INFO] [stderr]      Running tests/process.rs (/opt/rustwide/target/debug/deps/process-39af3bdc33b3b876)
[INFO] [stdout] 
[INFO] [stdout] running 18 tests
[INFO] [stdout] test test_process_disk_usage ... FAILED
[INFO] [stdout] test test_process_refresh ... ok
[INFO] [stdout] test test_wait_child ... ok
[INFO] [stdout] test test_process_iterator_lifetimes ... ok
[INFO] [stdout] test test_process_session_id ... ok
[INFO] [stdout] test cpu_usage_is_not_nan ... ok
[INFO] [stdout] test test_process ... ok
[INFO] [stdout] test test_process_creds ... ok
[INFO] [stdout] test test_process_cpu_usage ... ok
[INFO] [stdout] test test_cmd ... ok
[INFO] [stdout] test test_big_environ ... ok
[INFO] [stdout] test test_environ ... ok
[INFO] [stdout] test test_cwd ... ok
[INFO] [stdout] test test_process_times ... ok
[INFO] [stdout] test test_refresh_process ... ok
[INFO] [stdout] test test_refresh_processes ... ok
[INFO] [stdout] test test_wait_non_child ... ok
[INFO] [stdout] test test_refresh_tasks ... ok
[INFO] [stdout] 
[INFO] [stdout] failures:
[INFO] [stdout] 
[INFO] [stdout] ---- test_process_disk_usage stdout ----
[INFO] [stdout] thread 'test_process_disk_usage' panicked at tests/process.rs:227:53:
[INFO] [stdout] failed to create file: Os { code: 30, kind: ReadOnlyFilesystem, message: "Read-only file system" }
[INFO] [stdout] stack backtrace:
[INFO] [stdout]    0:     0x55ab0676d516 - std::backtrace_rs::backtrace::libunwind::trace::h261606ad26a499c1
[INFO] [stdout]                                at /rustc/0e09125c6c3c2fd70d7de961bcf0e51575235fad/library/std/src/../../backtrace/src/backtrace/libunwind.rs:104:5
[INFO] [stdout]    1:     0x55ab0676d516 - std::backtrace_rs::backtrace::trace_unsynchronized::hd183f0625477fb28
[INFO] [stdout]                                at /rustc/0e09125c6c3c2fd70d7de961bcf0e51575235fad/library/std/src/../../backtrace/src/backtrace/mod.rs:66:5
[INFO] [stdout]    2:     0x55ab0676d516 - std::sys_common::backtrace::_print_fmt::hd7f8fef21b4eda67
[INFO] [stdout]                                at /rustc/0e09125c6c3c2fd70d7de961bcf0e51575235fad/library/std/src/sys_common/backtrace.rs:68:5
[INFO] [stdout]    3:     0x55ab0676d516 - <std::sys_common::backtrace::_print::DisplayBacktrace as core::fmt::Display>::fmt::h623d9b51f2f453f1
[INFO] [stdout]                                at /rustc/0e09125c6c3c2fd70d7de961bcf0e51575235fad/library/std/src/sys_common/backtrace.rs:44:22
[INFO] [stdout]    4:     0x55ab06798a00 - core::fmt::rt::Argument::fmt::h9f417ac76a86f368
[INFO] [stdout]                                at /rustc/0e09125c6c3c2fd70d7de961bcf0e51575235fad/library/core/src/fmt/rt.rs:142:9
[INFO] [stdout]    5:     0x55ab06798a00 - core::fmt::write::hc9b6faf4ac2aeff7
[INFO] [stdout]                                at /rustc/0e09125c6c3c2fd70d7de961bcf0e51575235fad/library/core/src/fmt/mod.rs:1120:17
[INFO] [stdout]    6:     0x55ab0676ab8f - std::io::Write::write_fmt::he04625a3a989fec3
[INFO] [stdout]                                at /rustc/0e09125c6c3c2fd70d7de961bcf0e51575235fad/library/std/src/io/mod.rs:1810:15
[INFO] [stdout]    7:     0x55ab0676d2f4 - std::sys_common::backtrace::_print::hd5d66399c7df88a2
[INFO] [stdout]                                at /rustc/0e09125c6c3c2fd70d7de961bcf0e51575235fad/library/std/src/sys_common/backtrace.rs:47:5
[INFO] [stdout]    8:     0x55ab0676d2f4 - std::sys_common::backtrace::print::he81ed2da642d37e5
[INFO] [stdout]                                at /rustc/0e09125c6c3c2fd70d7de961bcf0e51575235fad/library/std/src/sys_common/backtrace.rs:34:9
[INFO] [stdout]    9:     0x55ab0676f067 - std::panicking::default_hook::{{closure}}::h85773f4fa117163d
[INFO] [stdout]   10:     0x55ab0676ed4d - std::panicking::default_hook::h6a1694a91d09b278
[INFO] [stdout]                                at /rustc/0e09125c6c3c2fd70d7de961bcf0e51575235fad/library/std/src/panicking.rs:289:9
[INFO] [stdout]   11:     0x55ab06667a27 - <alloc::boxed::Box<F,A> as core::ops::function::Fn<Args>>::call::h616ac37fa3cd6c8f
[INFO] [stdout]                                at /rustc/0e09125c6c3c2fd70d7de961bcf0e51575235fad/library/alloc/src/boxed.rs:2029:9
[INFO] [stdout]   12:     0x55ab06667a27 - test::test_main::{{closure}}::h00d84697cefdcbb6
[INFO] [stdout]                                at /rustc/0e09125c6c3c2fd70d7de961bcf0e51575235fad/library/test/src/lib.rs:138:21
[INFO] [stdout]   13:     0x55ab0676f686 - <alloc::boxed::Box<F,A> as core::ops::function::Fn<Args>>::call::hcb3fe3b9bb537ba8
[INFO] [stdout]                                at /rustc/0e09125c6c3c2fd70d7de961bcf0e51575235fad/library/alloc/src/boxed.rs:2029:9
[INFO] [stdout]   14:     0x55ab0676f686 - std::panicking::rust_panic_with_hook::h0a7ad96e90f7145b
[INFO] [stdout]                                at /rustc/0e09125c6c3c2fd70d7de961bcf0e51575235fad/library/std/src/panicking.rs:783:13
[INFO] [stdout]   15:     0x55ab0676f3d2 - std::panicking::begin_panic_handler::{{closure}}::h7919090525c6485e
[INFO] [stdout]                                at /rustc/0e09125c6c3c2fd70d7de961bcf0e51575235fad/library/std/src/panicking.rs:657:13
[INFO] [stdout]   16:     0x55ab0676da16 - std::sys_common::backtrace::__rust_end_short_backtrace::hf3289479464f7dfe
[INFO] [stdout]                                at /rustc/0e09125c6c3c2fd70d7de961bcf0e51575235fad/library/std/src/sys_common/backtrace.rs:171:18
[INFO] [stdout]   17:     0x55ab0676f130 - rust_begin_unwind
[INFO] [stdout]                                at /rustc/0e09125c6c3c2fd70d7de961bcf0e51575235fad/library/std/src/panicking.rs:645:5
[INFO] [stdout]   18:     0x55ab0661fec5 - core::panicking::panic_fmt::hcc9f77c5c132af55
[INFO] [stdout]                                at /rustc/0e09125c6c3c2fd70d7de961bcf0e51575235fad/library/core/src/panicking.rs:72:14
[INFO] [stdout]   19:     0x55ab06620463 - core::result::unwrap_failed::hbe14f498be1452f9
[INFO] [stdout]                                at /rustc/0e09125c6c3c2fd70d7de961bcf0e51575235fad/library/core/src/result.rs:1649:5
[INFO] [stdout]   20:     0x55ab0662e3bd - core::result::Result<T,E>::expect::hc270b4a40639c8bb
[INFO] [stdout]                                at /rustc/0e09125c6c3c2fd70d7de961bcf0e51575235fad/library/core/src/result.rs:1030:23
[INFO] [stdout]   21:     0x55ab066297a9 - process::test_process_disk_usage::inner::h4791bd2bb1240548
[INFO] [stdout]                                at /opt/rustwide/workdir/tests/process.rs:227:28
[INFO] [stdout]   22:     0x55ab0662936a - process::test_process_disk_usage::h5bda1f5245f88067
[INFO] [stdout]                                at /opt/rustwide/workdir/tests/process.rs:241:22
[INFO] [stdout]   23:     0x55ab066292b7 - process::test_process_disk_usage::{{closure}}::hfe4964958d55ce31
[INFO] [stdout]                                at /opt/rustwide/workdir/tests/process.rs:210:29
[INFO] [stdout]   24:     0x55ab066300d6 - core::ops::function::FnOnce::call_once::h5ab172789fd767a8
[INFO] [stdout]                                at /rustc/0e09125c6c3c2fd70d7de961bcf0e51575235fad/library/core/src/ops/function.rs:250:5
[INFO] [stdout]   25:     0x55ab0666d2ff - core::ops::function::FnOnce::call_once::hd64d26f405258157
[INFO] [stdout]                                at /rustc/0e09125c6c3c2fd70d7de961bcf0e51575235fad/library/core/src/ops/function.rs:250:5
[INFO] [stdout]   26:     0x55ab0666d2ff - test::__rust_begin_short_backtrace::he21b0b7a6d731bf9
[INFO] [stdout]                                at /rustc/0e09125c6c3c2fd70d7de961bcf0e51575235fad/library/test/src/lib.rs:627:18
[INFO] [stdout]   27:     0x55ab0666c081 - test::run_test_in_process::{{closure}}::hf5c73986d7bdfde2
[INFO] [stdout]                                at /rustc/0e09125c6c3c2fd70d7de961bcf0e51575235fad/library/test/src/lib.rs:650:60
[INFO] [stdout]   28:     0x55ab0666c081 - <core::panic::unwind_safe::AssertUnwindSafe<F> as core::ops::function::FnOnce<()>>::call_once::h330011ad032aadc0
[INFO] [stdout]                                at /rustc/0e09125c6c3c2fd70d7de961bcf0e51575235fad/library/core/src/panic/unwind_safe.rs:272:9
[INFO] [stdout]   29:     0x55ab0666c081 - std::panicking::try::do_call::he61b0a958b795a41
[INFO] [stdout]                                at /rustc/0e09125c6c3c2fd70d7de961bcf0e51575235fad/library/std/src/panicking.rs:552:40
[INFO] [stdout]   30:     0x55ab0666c081 - std::panicking::try::h7309da130f906eb7
[INFO] [stdout]                                at /rustc/0e09125c6c3c2fd70d7de961bcf0e51575235fad/library/std/src/panicking.rs:516:19
[INFO] [stdout]   31:     0x55ab0666c081 - std::panic::catch_unwind::hc5c3a06fdaf0a92a
[INFO] [stdout]                                at /rustc/0e09125c6c3c2fd70d7de961bcf0e51575235fad/library/std/src/panic.rs:142:14
[INFO] [stdout]   32:     0x55ab0666c081 - test::run_test_in_process::h7e7b7c71c3324e0f
[INFO] [stdout]                                at /rustc/0e09125c6c3c2fd70d7de961bcf0e51575235fad/library/test/src/lib.rs:650:27
[INFO] [stdout]   33:     0x55ab0666c081 - test::run_test::{{closure}}::h1f509f28f5cf20b1
[INFO] [stdout]                                at /rustc/0e09125c6c3c2fd70d7de961bcf0e51575235fad/library/test/src/lib.rs:573:43
[INFO] [stdout]   34:     0x55ab066333b6 - test::run_test::{{closure}}::h1754218abf443f6d
[INFO] [stdout]                                at /rustc/0e09125c6c3c2fd70d7de961bcf0e51575235fad/library/test/src/lib.rs:601:41
[INFO] [stdout]   35:     0x55ab066333b6 - std::sys_common::backtrace::__rust_begin_short_backtrace::h2ee174b9d5954948
[INFO] [stdout]                                at /rustc/0e09125c6c3c2fd70d7de961bcf0e51575235fad/library/std/src/sys_common/backtrace.rs:155:18
[INFO] [stdout]   36:     0x55ab06638417 - std::thread::Builder::spawn_unchecked_::{{closure}}::{{closure}}::hf60bee9c1a17ef09
[INFO] [stdout]                                at /rustc/0e09125c6c3c2fd70d7de961bcf0e51575235fad/library/std/src/thread/mod.rs:529:17
[INFO] [stdout]   37:     0x55ab06638417 - <core::panic::unwind_safe::AssertUnwindSafe<F> as core::ops::function::FnOnce<()>>::call_once::h33d0dddec5216160
[INFO] [stdout]                                at /rustc/0e09125c6c3c2fd70d7de961bcf0e51575235fad/library/core/src/panic/unwind_safe.rs:272:9
[INFO] [stdout]   38:     0x55ab06638417 - std::panicking::try::do_call::h144b3048b546f835
[INFO] [stdout]                                at /rustc/0e09125c6c3c2fd70d7de961bcf0e51575235fad/library/std/src/panicking.rs:552:40
[INFO] [stdout]   39:     0x55ab06638417 - std::panicking::try::h978244d04646189f
[INFO] [stdout]                                at /rustc/0e09125c6c3c2fd70d7de961bcf0e51575235fad/library/std/src/panicking.rs:516:19
[INFO] [stdout]   40:     0x55ab06638417 - std::panic::catch_unwind::hdf436369d188fe86
[INFO] [stdout]                                at /rustc/0e09125c6c3c2fd70d7de961bcf0e51575235fad/library/std/src/panic.rs:142:14
[INFO] [stdout]   41:     0x55ab06638417 - std::thread::Builder::spawn_unchecked_::{{closure}}::h87329cbdd33c79ec
[INFO] [stdout]                                at /rustc/0e09125c6c3c2fd70d7de961bcf0e51575235fad/library/std/src/thread/mod.rs:528:30
[INFO] [stdout]   42:     0x55ab06638417 - core::ops::function::FnOnce::call_once{{vtable.shim}}::h401abbe67897d450
[INFO] [stdout]                                at /rustc/0e09125c6c3c2fd70d7de961bcf0e51575235fad/library/core/src/ops/function.rs:250:5
[INFO] [stdout]   43:     0x55ab06774a25 - <alloc::boxed::Box<F,A> as core::ops::function::FnOnce<Args>>::call_once::h5d7c8f150ab9c84c
[INFO] [stdout]                                at /rustc/0e09125c6c3c2fd70d7de961bcf0e51575235fad/library/alloc/src/boxed.rs:2015:9
[INFO] [stdout]   44:     0x55ab06774a25 - <alloc::boxed::Box<F,A> as core::ops::function::FnOnce<Args>>::call_once::h570d5b005c242c15
[INFO] [stdout]                                at /rustc/0e09125c6c3c2fd70d7de961bcf0e51575235fad/library/alloc/src/boxed.rs:2015:9
[INFO] [stdout]   45:     0x55ab06774a25 - std::sys::unix::thread::Thread::new::thread_start::h36b0a20c0b2361ad
[INFO] [stdout]                                at /rustc/0e09125c6c3c2fd70d7de961bcf0e51575235fad/library/std/src/sys/unix/thread.rs:108:17
[INFO] [stdout]   46:     0x7f0ecfe5cac3 - <unknown>
[INFO] [stdout]   47:     0x7f0ecfeedbf4 - __clone
[INFO] [stdout]   48:                0x0 - <unknown>
[INFO] [stdout] 
[INFO] [stdout] 
[INFO] [stdout] failures:
[INFO] [stdout]     test_process_disk_usage
[INFO] [stdout] 
[INFO] [stdout] test result: FAILED. 17 passed; 1 failed; 0 ignored; 0 measured; 0 filtered out; finished in 2.08s
[INFO] [stdout] 
[INFO] [stderr] error: test failed, to rerun pass `--test process`
[INFO] running `Command { std: "docker" "inspect" "622b03ea4835d486d671c936a4308e62a57317f0ee2ab537f5038b7ce071c16e", kill_on_drop: false }`
[INFO] running `Command { std: "docker" "rm" "-f" "622b03ea4835d486d671c936a4308e62a57317f0ee2ab537f5038b7ce071c16e", kill_on_drop: false }`
[INFO] [stdout] 622b03ea4835d486d671c936a4308e62a57317f0ee2ab537f5038b7ce071c16e
