[INFO] fetching crate syntastica-parsers 0.4.1...
[INFO] testing syntastica-parsers-0.4.1 against 1.75.0 for beta-1.76-1
[INFO] extracting crate syntastica-parsers 0.4.1 into /workspace/builds/worker-5-tc1/source
[INFO] validating manifest of crates.io crate syntastica-parsers 0.4.1 on toolchain 1.75.0
[INFO] running `Command { std: CARGO_HOME="/workspace/cargo-home" RUSTUP_HOME="/workspace/rustup-home" "/workspace/cargo-home/bin/cargo" "+1.75.0" "metadata" "--manifest-path" "Cargo.toml" "--no-deps", kill_on_drop: false }`
[INFO] started tweaking crates.io crate syntastica-parsers 0.4.1
[INFO] finished tweaking crates.io crate syntastica-parsers 0.4.1
[INFO] tweaked toml for crates.io crate syntastica-parsers 0.4.1 written to /workspace/builds/worker-5-tc1/source/Cargo.toml
[INFO] running `Command { std: CARGO_HOME="/workspace/cargo-home" RUSTUP_HOME="/workspace/rustup-home" "/workspace/cargo-home/bin/cargo" "+1.75.0" "generate-lockfile" "--manifest-path" "Cargo.toml", kill_on_drop: false }`
[INFO] [stderr]     Updating crates.io index
[INFO] running `Command { std: CARGO_HOME="/workspace/cargo-home" RUSTUP_HOME="/workspace/rustup-home" "/workspace/cargo-home/bin/cargo" "+1.75.0" "fetch" "--manifest-path" "Cargo.toml", kill_on_drop: false }`
[INFO] [stderr]  Downloading crates ...
[INFO] [stderr]   Downloaded syntastica-highlight v0.4.1
[INFO] [stderr]   Downloaded casey v0.4.0
[INFO] [stderr]   Downloaded tree-sitter v0.20.10
[INFO] [stderr]   Downloaded lazy-regex v3.1.0
[INFO] [stderr]   Downloaded syntastica-macros v0.4.1
[INFO] [stderr]   Downloaded tree-sitter-asm v0.1.0
[INFO] [stderr]   Downloaded palette_derive v0.7.3
[INFO] [stderr]   Downloaded tree-sitter-css v0.19.0
[INFO] [stderr]   Downloaded syntastica-queries v0.4.1
[INFO] [stderr]   Downloaded tree-sitter-c v0.20.4
[INFO] [stderr]   Downloaded tree-sitter-c-sharp v0.20.0
[INFO] [stderr]   Downloaded tree-sitter-go v0.20.0
[INFO] [stderr]   Downloaded tree-sitter-md v0.1.5
[INFO] [stderr]   Downloaded tree-sitter-rust v0.20.3
[INFO] [stderr]   Downloaded tree-sitter-scala v0.20.1
[INFO] [stderr]   Downloaded tree-sitter-ebnf v0.1.0
[INFO] [stderr]   Downloaded tree-sitter-ocaml v0.20.4
[INFO] [stderr]   Downloaded tree-sitter-comment v0.1.0
[INFO] [stderr]   Downloaded tree-sitter-embedded-template v0.20.0
[INFO] [stderr]   Downloaded tree-sitter-lua v0.0.18
[INFO] [stderr]   Downloaded tree-sitter-rush v0.1.0
[INFO] [stderr]   Downloaded tree-sitter-regex v0.20.0
[INFO] [stderr]   Downloaded tree-sitter-hexdump v0.1.0
[INFO] [stderr]   Downloaded tree-sitter-json v0.19.0
[INFO] [stderr]   Downloaded tree-sitter-python v0.20.3
[INFO] [stderr]   Downloaded tree-sitter-ruby v0.20.0
[INFO] [stderr]   Downloaded palette v0.7.3
[INFO] [stderr]   Downloaded tft v0.1.1
[INFO] [stderr]   Downloaded tree-sitter-java v0.20.0
[INFO] [stderr]   Downloaded tree-sitter-javascript v0.20.0
[INFO] [stderr]   Downloaded tree-sitter-toml v0.20.0
[INFO] [stderr]   Downloaded fast-srgb8 v1.0.0
[INFO] [stderr]   Downloaded syntastica-core v0.4.1
[INFO] [stderr]   Downloaded lazy-regex-proc_macros v3.1.0
[INFO] [stderr]   Downloaded tree-sitter-cpp v0.20.2
[INFO] running `Command { std: "docker" "create" "-v" "/var/lib/crater-agent-workspace/builds/worker-5-tc1/target:/opt/rustwide/target:rw,Z" "-v" "/var/lib/crater-agent-workspace/builds/worker-5-tc1/source:/opt/rustwide/workdir:ro,Z" "-v" "/var/lib/crater-agent-workspace/cargo-home:/opt/rustwide/cargo-home:ro,Z" "-v" "/var/lib/crater-agent-workspace/rustup-home:/opt/rustwide/rustup-home:ro,Z" "-e" "SOURCE_DIR=/opt/rustwide/workdir" "-e" "CARGO_TARGET_DIR=/opt/rustwide/target" "-e" "CARGO_HOME=/opt/rustwide/cargo-home" "-e" "RUSTUP_HOME=/opt/rustwide/rustup-home" "-w" "/opt/rustwide/workdir" "-m" "1610612736" "--user" "0:0" "--network" "none" "ghcr.io/rust-lang/crates-build-env/linux@sha256:2788e3201cd34a07e3172128adcd8b3090168a8e3bcc40d7c032b9dda1df7d1c" "/opt/rustwide/cargo-home/bin/cargo" "+1.75.0" "metadata" "--no-deps" "--format-version=1", kill_on_drop: false }`
[INFO] [stdout] 0a83779a97c5c4d7e94956021924f937f352bcef797c8c0f9df96613e7775625
[INFO] running `Command { std: "docker" "start" "-a" "0a83779a97c5c4d7e94956021924f937f352bcef797c8c0f9df96613e7775625", kill_on_drop: false }`
[INFO] running `Command { std: "docker" "inspect" "0a83779a97c5c4d7e94956021924f937f352bcef797c8c0f9df96613e7775625", kill_on_drop: false }`
[INFO] running `Command { std: "docker" "rm" "-f" "0a83779a97c5c4d7e94956021924f937f352bcef797c8c0f9df96613e7775625", kill_on_drop: false }`
[INFO] [stdout] 0a83779a97c5c4d7e94956021924f937f352bcef797c8c0f9df96613e7775625
[INFO] running `Command { std: "docker" "create" "-v" "/var/lib/crater-agent-workspace/builds/worker-5-tc1/target:/opt/rustwide/target:rw,Z" "-v" "/var/lib/crater-agent-workspace/builds/worker-5-tc1/source:/opt/rustwide/workdir:ro,Z" "-v" "/var/lib/crater-agent-workspace/cargo-home:/opt/rustwide/cargo-home:ro,Z" "-v" "/var/lib/crater-agent-workspace/rustup-home:/opt/rustwide/rustup-home:ro,Z" "-e" "SOURCE_DIR=/opt/rustwide/workdir" "-e" "CARGO_TARGET_DIR=/opt/rustwide/target" "-e" "CARGO_INCREMENTAL=0" "-e" "RUST_BACKTRACE=full" "-e" "RUSTFLAGS=--cap-lints=warn" "-e" "RUSTDOCFLAGS=--cap-lints=warn" "-e" "CARGO_HOME=/opt/rustwide/cargo-home" "-e" "RUSTUP_HOME=/opt/rustwide/rustup-home" "-w" "/opt/rustwide/workdir" "-m" "1610612736" "--user" "0:0" "--network" "none" "ghcr.io/rust-lang/crates-build-env/linux@sha256:2788e3201cd34a07e3172128adcd8b3090168a8e3bcc40d7c032b9dda1df7d1c" "/opt/rustwide/cargo-home/bin/cargo" "+1.75.0" "build" "--frozen" "--message-format=json", kill_on_drop: false }`
[INFO] [stdout] f4f674d818ef2fcadf53fe4d3c02ab872306b02570e1f7f87cb4df27a0466983
[INFO] running `Command { std: "docker" "start" "-a" "f4f674d818ef2fcadf53fe4d3c02ab872306b02570e1f7f87cb4df27a0466983", kill_on_drop: false }`
[INFO] [stderr]    Compiling proc-macro2 v1.0.75
[INFO] [stderr]    Compiling libc v0.2.151
[INFO] [stderr]    Compiling cfg-if v1.0.0
[INFO] [stderr]    Compiling siphasher v0.3.11
[INFO] [stderr]    Compiling ppv-lite86 v0.2.17
[INFO] [stderr]    Compiling syn v1.0.109
[INFO] [stderr]    Compiling memchr v2.7.1
[INFO] [stderr]    Compiling serde v1.0.194
[INFO] [stderr]    Compiling proc-macro-hack v0.5.20+deprecated
[INFO] [stderr]    Compiling fnv v1.0.7
[INFO] [stderr]    Compiling strsim v0.10.0
[INFO] [stderr]    Compiling heck v0.4.1
[INFO] [stderr]    Compiling equivalent v1.0.1
[INFO] [stderr]    Compiling hashbrown v0.14.3
[INFO] [stderr]    Compiling tft v0.1.1
[INFO] [stderr]    Compiling palette v0.7.3
[INFO] [stderr]    Compiling syntastica-core v0.4.1
[INFO] [stderr]    Compiling fast-srgb8 v1.0.0
[INFO] [stderr]    Compiling phf_shared v0.10.0
[INFO] [stderr]    Compiling phf_shared v0.11.2
[INFO] [stderr]    Compiling syntastica-parsers v0.4.1 (/opt/rustwide/workdir)
[INFO] [stderr]    Compiling syntastica-queries v0.4.1
[INFO] [stderr]    Compiling aho-corasick v1.1.2
[INFO] [stderr]    Compiling indexmap v2.1.0
[INFO] [stderr]    Compiling quote v1.0.35
[INFO] [stderr]    Compiling syn v2.0.48
[INFO] [stderr]    Compiling getrandom v0.2.11
[INFO] [stderr]    Compiling cc v1.0.83
[INFO] [stderr]    Compiling rand_core v0.6.4
[INFO] [stderr]    Compiling rand_chacha v0.3.1
[INFO] [stderr]    Compiling rand v0.8.5
[INFO] [stderr]    Compiling regex-automata v0.4.3
[INFO] [stderr]    Compiling tree-sitter v0.20.10
[INFO] [stderr]    Compiling phf_generator v0.10.0
[INFO] [stderr]    Compiling phf_generator v0.11.2
[INFO] [stderr]    Compiling regex v1.10.2
[INFO] [stderr]    Compiling darling_core v0.20.3
[INFO] [stderr]    Compiling phf_macros v0.10.0
[INFO] [stderr]    Compiling casey v0.4.0
[INFO] [stderr]    Compiling serde_derive v1.0.194
[INFO] [stderr]    Compiling strum_macros v0.25.3
[INFO] [stderr]    Compiling thiserror-impl v1.0.56
[INFO] [stderr]    Compiling phf_macros v0.11.2
[INFO] [stderr]    Compiling derive-where v1.2.7
[INFO] [stderr]    Compiling palette_derive v0.7.3
[INFO] [stderr]    Compiling lazy-regex-proc_macros v3.1.0
[INFO] [stderr]    Compiling phf v0.10.1
[INFO] [stderr]    Compiling darling_macro v0.20.3
[INFO] [stderr]    Compiling phf v0.11.2
[INFO] [stderr]    Compiling thiserror v1.0.56
[INFO] [stderr]    Compiling syntastica-highlight v0.4.1
[INFO] [stderr]    Compiling quote-use-macros v0.7.2
[INFO] [stderr]    Compiling strum v0.25.0
[INFO] [stderr]    Compiling darling v0.20.3
[INFO] [stderr]    Compiling serde_with_macros v3.4.0
[INFO] [stderr]    Compiling lazy-regex v3.1.0
[INFO] [stderr]    Compiling quote-use v0.7.2
[INFO] [stderr]    Compiling serde_spanned v0.6.5
[INFO] [stderr]    Compiling toml_datetime v0.6.5
[INFO] [stderr]    Compiling serde_with v3.4.0
[INFO] [stderr]    Compiling toml_edit v0.19.15
[INFO] [stderr]    Compiling toml v0.7.8
[INFO] [stderr]    Compiling syntastica-macros v0.4.1
[INFO] [stderr]     Finished dev [unoptimized + debuginfo] target(s) in 12.68s
[INFO] running `Command { std: "docker" "inspect" "f4f674d818ef2fcadf53fe4d3c02ab872306b02570e1f7f87cb4df27a0466983", kill_on_drop: false }`
[INFO] running `Command { std: "docker" "rm" "-f" "f4f674d818ef2fcadf53fe4d3c02ab872306b02570e1f7f87cb4df27a0466983", kill_on_drop: false }`
[INFO] [stdout] f4f674d818ef2fcadf53fe4d3c02ab872306b02570e1f7f87cb4df27a0466983
[INFO] running `Command { std: "docker" "create" "-v" "/var/lib/crater-agent-workspace/builds/worker-5-tc1/target:/opt/rustwide/target:rw,Z" "-v" "/var/lib/crater-agent-workspace/builds/worker-5-tc1/source:/opt/rustwide/workdir:ro,Z" "-v" "/var/lib/crater-agent-workspace/cargo-home:/opt/rustwide/cargo-home:ro,Z" "-v" "/var/lib/crater-agent-workspace/rustup-home:/opt/rustwide/rustup-home:ro,Z" "-e" "SOURCE_DIR=/opt/rustwide/workdir" "-e" "CARGO_TARGET_DIR=/opt/rustwide/target" "-e" "CARGO_INCREMENTAL=0" "-e" "RUST_BACKTRACE=full" "-e" "RUSTFLAGS=--cap-lints=warn" "-e" "RUSTDOCFLAGS=--cap-lints=warn" "-e" "CARGO_HOME=/opt/rustwide/cargo-home" "-e" "RUSTUP_HOME=/opt/rustwide/rustup-home" "-w" "/opt/rustwide/workdir" "-m" "1610612736" "--user" "0:0" "--network" "none" "ghcr.io/rust-lang/crates-build-env/linux@sha256:2788e3201cd34a07e3172128adcd8b3090168a8e3bcc40d7c032b9dda1df7d1c" "/opt/rustwide/cargo-home/bin/cargo" "+1.75.0" "test" "--frozen" "--no-run" "--message-format=json", kill_on_drop: false }`
[INFO] [stdout] b06fe875aeee99920f76eb779f84f38a047dc58bd47aa606a9e1f7aeae0c5617
[INFO] running `Command { std: "docker" "start" "-a" "b06fe875aeee99920f76eb779f84f38a047dc58bd47aa606a9e1f7aeae0c5617", kill_on_drop: false }`
[INFO] [stderr]    Compiling syntastica-parsers v0.4.1 (/opt/rustwide/workdir)
[INFO] [stderr]     Finished test [unoptimized + debuginfo] target(s) in 0.64s
[INFO] running `Command { std: "docker" "inspect" "b06fe875aeee99920f76eb779f84f38a047dc58bd47aa606a9e1f7aeae0c5617", kill_on_drop: false }`
[INFO] running `Command { std: "docker" "rm" "-f" "b06fe875aeee99920f76eb779f84f38a047dc58bd47aa606a9e1f7aeae0c5617", kill_on_drop: false }`
[INFO] [stdout] b06fe875aeee99920f76eb779f84f38a047dc58bd47aa606a9e1f7aeae0c5617
[INFO] running `Command { std: "docker" "create" "-v" "/var/lib/crater-agent-workspace/builds/worker-5-tc1/target:/opt/rustwide/target:rw,Z" "-v" "/var/lib/crater-agent-workspace/builds/worker-5-tc1/source:/opt/rustwide/workdir:ro,Z" "-v" "/var/lib/crater-agent-workspace/cargo-home:/opt/rustwide/cargo-home:ro,Z" "-v" "/var/lib/crater-agent-workspace/rustup-home:/opt/rustwide/rustup-home:ro,Z" "-e" "SOURCE_DIR=/opt/rustwide/workdir" "-e" "CARGO_TARGET_DIR=/opt/rustwide/target" "-e" "CARGO_INCREMENTAL=0" "-e" "RUST_BACKTRACE=full" "-e" "RUSTFLAGS=--cap-lints=warn" "-e" "RUSTDOCFLAGS=--cap-lints=warn" "-e" "CARGO_HOME=/opt/rustwide/cargo-home" "-e" "RUSTUP_HOME=/opt/rustwide/rustup-home" "-w" "/opt/rustwide/workdir" "-m" "1610612736" "--user" "0:0" "--network" "none" "ghcr.io/rust-lang/crates-build-env/linux@sha256:2788e3201cd34a07e3172128adcd8b3090168a8e3bcc40d7c032b9dda1df7d1c" "/opt/rustwide/cargo-home/bin/cargo" "+1.75.0" "test" "--frozen", kill_on_drop: false }`
[INFO] [stdout] 309330d941d2b0ee4c35e6dbd262d0d499e2db5d49f2f1ef0e18dc46bfac5d06
[INFO] running `Command { std: "docker" "start" "-a" "309330d941d2b0ee4c35e6dbd262d0d499e2db5d49f2f1ef0e18dc46bfac5d06", kill_on_drop: false }`
[INFO] [stderr]     Finished test [unoptimized + debuginfo] target(s) in 0.05s
[INFO] [stderr]      Running unittests src/lib.rs (/opt/rustwide/target/debug/deps/syntastica_parsers-07921ef547fd3298)
[INFO] [stdout] 
[INFO] [stdout] running 0 tests
[INFO] [stdout] 
[INFO] [stdout] test result: ok. 0 passed; 0 failed; 0 ignored; 0 measured; 0 filtered out; finished in 0.00s
[INFO] [stdout] 
[INFO] [stderr]    Doc-tests syntastica-parsers
[INFO] [stdout] 
[INFO] [stdout] running 1 test
[INFO] [stdout] test src/lib.rs - Lang (line 36) ... FAILED
[INFO] [stdout] 
[INFO] [stdout] failures:
[INFO] [stdout] 
[INFO] [stdout] ---- src/lib.rs - Lang (line 36) stdout ----
[INFO] [stdout] error[E0599]: no variant or associated item named `Rust` found for enum `Lang` in the current scope
[INFO] [stdout]  --> src/lib.rs:42:18
[INFO] [stdout]   |
[INFO] [stdout] 9 | assert_eq!(Lang::Rust, Lang::for_name("rust").unwrap());
[INFO] [stdout]   |                  ^^^^ variant or associated item not found in `Lang`
[INFO] [stdout] 
[INFO] [stdout] error[E0599]: no variant or associated item named `Rust` found for enum `Lang` in the current scope
[INFO] [stdout]   --> src/lib.rs:44:23
[INFO] [stdout]    |
[INFO] [stdout] 11 | assert_eq!(Some(Lang::Rust), Lang::for_file_type(FileType::Rust));
[INFO] [stdout]    |                       ^^^^ variant or associated item not found in `Lang`
[INFO] [stdout] 
[INFO] [stdout] error: aborting due to 2 previous errors
[INFO] [stdout] 
[INFO] [stdout] For more information about this error, try `rustc --explain E0599`.
[INFO] [stdout] Couldn't compile the test.
[INFO] [stdout] 
[INFO] [stdout] failures:
[INFO] [stdout]     src/lib.rs - Lang (line 36)
[INFO] [stdout] 
[INFO] [stdout] test result: FAILED. 0 passed; 1 failed; 0 ignored; 0 measured; 0 filtered out; finished in 0.09s
[INFO] [stdout] 
[INFO] [stderr] error: doctest failed, to rerun pass `--doc`
[INFO] running `Command { std: "docker" "inspect" "309330d941d2b0ee4c35e6dbd262d0d499e2db5d49f2f1ef0e18dc46bfac5d06", kill_on_drop: false }`
[INFO] running `Command { std: "docker" "rm" "-f" "309330d941d2b0ee4c35e6dbd262d0d499e2db5d49f2f1ef0e18dc46bfac5d06", kill_on_drop: false }`
[INFO] [stdout] 309330d941d2b0ee4c35e6dbd262d0d499e2db5d49f2f1ef0e18dc46bfac5d06
[INFO] testing syntastica-parsers-0.4.1 against beta-2023-12-22 for beta-1.76-1
[INFO] extracting crate syntastica-parsers 0.4.1 into /workspace/builds/worker-5-tc2/source
[INFO] validating manifest of crates.io crate syntastica-parsers 0.4.1 on toolchain beta-2023-12-22
[INFO] running `Command { std: CARGO_HOME="/workspace/cargo-home" RUSTUP_HOME="/workspace/rustup-home" "/workspace/cargo-home/bin/cargo" "+beta-2023-12-22" "metadata" "--manifest-path" "Cargo.toml" "--no-deps", kill_on_drop: false }`
[INFO] started tweaking crates.io crate syntastica-parsers 0.4.1
[INFO] finished tweaking crates.io crate syntastica-parsers 0.4.1
[INFO] tweaked toml for crates.io crate syntastica-parsers 0.4.1 written to /workspace/builds/worker-5-tc2/source/Cargo.toml
[INFO] running `Command { std: CARGO_HOME="/workspace/cargo-home" RUSTUP_HOME="/workspace/rustup-home" "/workspace/cargo-home/bin/cargo" "+beta-2023-12-22" "generate-lockfile" "--manifest-path" "Cargo.toml", kill_on_drop: false }`
[INFO] [stderr]     Updating crates.io index
[INFO] running `Command { std: CARGO_HOME="/workspace/cargo-home" RUSTUP_HOME="/workspace/rustup-home" "/workspace/cargo-home/bin/cargo" "+beta-2023-12-22" "fetch" "--manifest-path" "Cargo.toml", kill_on_drop: false }`
[INFO] running `Command { std: "docker" "create" "-v" "/var/lib/crater-agent-workspace/builds/worker-5-tc2/target:/opt/rustwide/target:rw,Z" "-v" "/var/lib/crater-agent-workspace/builds/worker-5-tc2/source:/opt/rustwide/workdir:ro,Z" "-v" "/var/lib/crater-agent-workspace/cargo-home:/opt/rustwide/cargo-home:ro,Z" "-v" "/var/lib/crater-agent-workspace/rustup-home:/opt/rustwide/rustup-home:ro,Z" "-e" "SOURCE_DIR=/opt/rustwide/workdir" "-e" "CARGO_TARGET_DIR=/opt/rustwide/target" "-e" "CARGO_HOME=/opt/rustwide/cargo-home" "-e" "RUSTUP_HOME=/opt/rustwide/rustup-home" "-w" "/opt/rustwide/workdir" "-m" "1610612736" "--user" "0:0" "--network" "none" "ghcr.io/rust-lang/crates-build-env/linux@sha256:2788e3201cd34a07e3172128adcd8b3090168a8e3bcc40d7c032b9dda1df7d1c" "/opt/rustwide/cargo-home/bin/cargo" "+beta-2023-12-22" "metadata" "--no-deps" "--format-version=1", kill_on_drop: false }`
[INFO] [stdout] 64111b3dba94167c6d5e65ef737080f7d553fc46db5dfa7d0eb93626d3ce7033
[INFO] running `Command { std: "docker" "start" "-a" "64111b3dba94167c6d5e65ef737080f7d553fc46db5dfa7d0eb93626d3ce7033", kill_on_drop: false }`
[INFO] running `Command { std: "docker" "inspect" "64111b3dba94167c6d5e65ef737080f7d553fc46db5dfa7d0eb93626d3ce7033", kill_on_drop: false }`
[INFO] running `Command { std: "docker" "rm" "-f" "64111b3dba94167c6d5e65ef737080f7d553fc46db5dfa7d0eb93626d3ce7033", kill_on_drop: false }`
[INFO] [stdout] 64111b3dba94167c6d5e65ef737080f7d553fc46db5dfa7d0eb93626d3ce7033
[INFO] running `Command { std: "docker" "create" "-v" "/var/lib/crater-agent-workspace/builds/worker-5-tc2/target:/opt/rustwide/target:rw,Z" "-v" "/var/lib/crater-agent-workspace/builds/worker-5-tc2/source:/opt/rustwide/workdir:ro,Z" "-v" "/var/lib/crater-agent-workspace/cargo-home:/opt/rustwide/cargo-home:ro,Z" "-v" "/var/lib/crater-agent-workspace/rustup-home:/opt/rustwide/rustup-home:ro,Z" "-e" "SOURCE_DIR=/opt/rustwide/workdir" "-e" "CARGO_TARGET_DIR=/opt/rustwide/target" "-e" "CARGO_INCREMENTAL=0" "-e" "RUST_BACKTRACE=full" "-e" "RUSTFLAGS=--cap-lints=warn" "-e" "RUSTDOCFLAGS=--cap-lints=warn" "-e" "CARGO_HOME=/opt/rustwide/cargo-home" "-e" "RUSTUP_HOME=/opt/rustwide/rustup-home" "-w" "/opt/rustwide/workdir" "-m" "1610612736" "--user" "0:0" "--network" "none" "ghcr.io/rust-lang/crates-build-env/linux@sha256:2788e3201cd34a07e3172128adcd8b3090168a8e3bcc40d7c032b9dda1df7d1c" "/opt/rustwide/cargo-home/bin/cargo" "+beta-2023-12-22" "build" "--frozen" "--message-format=json", kill_on_drop: false }`
[INFO] [stdout] 32955391ff996a1b108b954cf470ce35cfd2f749e372c5cf831ed0aca9bfb925
[INFO] running `Command { std: "docker" "start" "-a" "32955391ff996a1b108b954cf470ce35cfd2f749e372c5cf831ed0aca9bfb925", kill_on_drop: false }`
[INFO] [stderr]    Compiling proc-macro2 v1.0.75
[INFO] [stderr]    Compiling libc v0.2.151
[INFO] [stderr]    Compiling cfg-if v1.0.0
[INFO] [stderr]    Compiling siphasher v0.3.11
[INFO] [stderr]    Compiling ppv-lite86 v0.2.17
[INFO] [stderr]    Compiling syn v1.0.109
[INFO] [stderr]    Compiling proc-macro-hack v0.5.20+deprecated
[INFO] [stderr]    Compiling memchr v2.7.1
[INFO] [stderr]    Compiling serde v1.0.194
[INFO] [stderr]    Compiling fnv v1.0.7
[INFO] [stderr]    Compiling strsim v0.10.0
[INFO] [stderr]    Compiling heck v0.4.1
[INFO] [stderr]    Compiling equivalent v1.0.1
[INFO] [stderr]    Compiling hashbrown v0.14.3
[INFO] [stderr]    Compiling tft v0.1.1
[INFO] [stderr]    Compiling palette v0.7.3
[INFO] [stderr]    Compiling fast-srgb8 v1.0.0
[INFO] [stderr]    Compiling syntastica-core v0.4.1
[INFO] [stderr]    Compiling syntastica-parsers v0.4.1 (/opt/rustwide/workdir)
[INFO] [stderr]    Compiling phf_shared v0.10.0
[INFO] [stderr]    Compiling phf_shared v0.11.2
[INFO] [stderr]    Compiling syntastica-queries v0.4.1
[INFO] [stderr]    Compiling aho-corasick v1.1.2
[INFO] [stderr]    Compiling indexmap v2.1.0
[INFO] [stderr]    Compiling quote v1.0.35
[INFO] [stderr]    Compiling syn v2.0.48
[INFO] [stderr]    Compiling getrandom v0.2.11
[INFO] [stderr]    Compiling cc v1.0.83
[INFO] [stderr]    Compiling rand_core v0.6.4
[INFO] [stderr]    Compiling rand_chacha v0.3.1
[INFO] [stderr]    Compiling rand v0.8.5
[INFO] [stderr]    Compiling regex-automata v0.4.3
[INFO] [stderr]    Compiling tree-sitter v0.20.10
[INFO] [stderr]    Compiling phf_generator v0.10.0
[INFO] [stderr]    Compiling phf_generator v0.11.2
[INFO] [stderr]    Compiling phf_macros v0.10.0
[INFO] [stderr]    Compiling casey v0.4.0
[INFO] [stderr]    Compiling darling_core v0.20.3
[INFO] [stderr]    Compiling regex v1.10.2
[INFO] [stderr]    Compiling phf v0.10.1
[INFO] [stderr]    Compiling serde_derive v1.0.194
[INFO] [stderr]    Compiling strum_macros v0.25.3
[INFO] [stderr]    Compiling phf_macros v0.11.2
[INFO] [stderr]    Compiling thiserror-impl v1.0.56
[INFO] [stderr]    Compiling derive-where v1.2.7
[INFO] [stderr]    Compiling palette_derive v0.7.3
[INFO] [stderr]    Compiling lazy-regex-proc_macros v3.1.0
[INFO] [stderr]    Compiling phf v0.11.2
[INFO] [stderr]    Compiling darling_macro v0.20.3
[INFO] [stderr]    Compiling thiserror v1.0.56
[INFO] [stderr]    Compiling syntastica-highlight v0.4.1
[INFO] [stderr]    Compiling quote-use-macros v0.7.2
[INFO] [stderr]    Compiling darling v0.20.3
[INFO] [stderr]    Compiling serde_with_macros v3.4.0
[INFO] [stderr]    Compiling strum v0.25.0
[INFO] [stderr]    Compiling quote-use v0.7.2
[INFO] [stderr]    Compiling lazy-regex v3.1.0
[INFO] [stderr]    Compiling toml_datetime v0.6.5
[INFO] [stderr]    Compiling serde_spanned v0.6.5
[INFO] [stderr]    Compiling serde_with v3.4.0
[INFO] [stderr]    Compiling toml_edit v0.19.15
[INFO] [stderr]    Compiling toml v0.7.8
[INFO] [stderr]    Compiling syntastica-macros v0.4.1
[INFO] [stderr]     Finished dev [unoptimized + debuginfo] target(s) in 10.97s
[INFO] running `Command { std: "docker" "inspect" "32955391ff996a1b108b954cf470ce35cfd2f749e372c5cf831ed0aca9bfb925", kill_on_drop: false }`
[INFO] running `Command { std: "docker" "rm" "-f" "32955391ff996a1b108b954cf470ce35cfd2f749e372c5cf831ed0aca9bfb925", kill_on_drop: false }`
[INFO] [stdout] 32955391ff996a1b108b954cf470ce35cfd2f749e372c5cf831ed0aca9bfb925
[INFO] running `Command { std: "docker" "create" "-v" "/var/lib/crater-agent-workspace/builds/worker-5-tc2/target:/opt/rustwide/target:rw,Z" "-v" "/var/lib/crater-agent-workspace/builds/worker-5-tc2/source:/opt/rustwide/workdir:ro,Z" "-v" "/var/lib/crater-agent-workspace/cargo-home:/opt/rustwide/cargo-home:ro,Z" "-v" "/var/lib/crater-agent-workspace/rustup-home:/opt/rustwide/rustup-home:ro,Z" "-e" "SOURCE_DIR=/opt/rustwide/workdir" "-e" "CARGO_TARGET_DIR=/opt/rustwide/target" "-e" "CARGO_INCREMENTAL=0" "-e" "RUST_BACKTRACE=full" "-e" "RUSTFLAGS=--cap-lints=warn" "-e" "RUSTDOCFLAGS=--cap-lints=warn" "-e" "CARGO_HOME=/opt/rustwide/cargo-home" "-e" "RUSTUP_HOME=/opt/rustwide/rustup-home" "-w" "/opt/rustwide/workdir" "-m" "1610612736" "--user" "0:0" "--network" "none" "ghcr.io/rust-lang/crates-build-env/linux@sha256:2788e3201cd34a07e3172128adcd8b3090168a8e3bcc40d7c032b9dda1df7d1c" "/opt/rustwide/cargo-home/bin/cargo" "+beta-2023-12-22" "test" "--frozen" "--no-run" "--message-format=json", kill_on_drop: false }`
[INFO] [stdout] ff9ef6b341ceeb33b9267bccf7db29c6f30062f6509589c9672313b3562b6586
[INFO] running `Command { std: "docker" "start" "-a" "ff9ef6b341ceeb33b9267bccf7db29c6f30062f6509589c9672313b3562b6586", kill_on_drop: false }`
[INFO] [stderr]    Compiling syntastica-parsers v0.4.1 (/opt/rustwide/workdir)
[INFO] [stderr]     Finished test [unoptimized + debuginfo] target(s) in 0.58s
[INFO] running `Command { std: "docker" "inspect" "ff9ef6b341ceeb33b9267bccf7db29c6f30062f6509589c9672313b3562b6586", kill_on_drop: false }`
[INFO] running `Command { std: "docker" "rm" "-f" "ff9ef6b341ceeb33b9267bccf7db29c6f30062f6509589c9672313b3562b6586", kill_on_drop: false }`
[INFO] [stdout] ff9ef6b341ceeb33b9267bccf7db29c6f30062f6509589c9672313b3562b6586
[INFO] running `Command { std: "docker" "create" "-v" "/var/lib/crater-agent-workspace/builds/worker-5-tc2/target:/opt/rustwide/target:rw,Z" "-v" "/var/lib/crater-agent-workspace/builds/worker-5-tc2/source:/opt/rustwide/workdir:ro,Z" "-v" "/var/lib/crater-agent-workspace/cargo-home:/opt/rustwide/cargo-home:ro,Z" "-v" "/var/lib/crater-agent-workspace/rustup-home:/opt/rustwide/rustup-home:ro,Z" "-e" "SOURCE_DIR=/opt/rustwide/workdir" "-e" "CARGO_TARGET_DIR=/opt/rustwide/target" "-e" "CARGO_INCREMENTAL=0" "-e" "RUST_BACKTRACE=full" "-e" "RUSTFLAGS=--cap-lints=warn" "-e" "RUSTDOCFLAGS=--cap-lints=warn" "-e" "CARGO_HOME=/opt/rustwide/cargo-home" "-e" "RUSTUP_HOME=/opt/rustwide/rustup-home" "-w" "/opt/rustwide/workdir" "-m" "1610612736" "--user" "0:0" "--network" "none" "ghcr.io/rust-lang/crates-build-env/linux@sha256:2788e3201cd34a07e3172128adcd8b3090168a8e3bcc40d7c032b9dda1df7d1c" "/opt/rustwide/cargo-home/bin/cargo" "+beta-2023-12-22" "test" "--frozen", kill_on_drop: false }`
[INFO] [stdout] 7af8a0dfbc4dadf5ad25425871640c0984283a8b9079438f915ebf2598b09b86
[INFO] running `Command { std: "docker" "start" "-a" "7af8a0dfbc4dadf5ad25425871640c0984283a8b9079438f915ebf2598b09b86", kill_on_drop: false }`
[INFO] [stderr]     Finished test [unoptimized + debuginfo] target(s) in 0.05s
[INFO] [stderr]      Running unittests src/lib.rs (/opt/rustwide/target/debug/deps/syntastica_parsers-f9514a3713755654)
[INFO] [stdout] 
[INFO] [stdout] running 0 tests
[INFO] [stdout] 
[INFO] [stdout] test result: ok. 0 passed; 0 failed; 0 ignored; 0 measured; 0 filtered out; finished in 0.00s
[INFO] [stdout] 
[INFO] [stderr]    Doc-tests syntastica-parsers
[INFO] [stdout] 
[INFO] [stdout] running 1 test
[INFO] [stdout] test src/lib.rs - Lang (line 36) ... FAILED
[INFO] [stdout] 
[INFO] [stdout] failures:
[INFO] [stdout] 
[INFO] [stdout] ---- src/lib.rs - Lang (line 36) stdout ----
[INFO] [stdout] error[E0599]: no variant or associated item named `Rust` found for enum `Lang` in the current scope
[INFO] [stdout]  --> src/lib.rs:42:18
[INFO] [stdout]   |
[INFO] [stdout] 9 | assert_eq!(Lang::Rust, Lang::for_name("rust").unwrap());
[INFO] [stdout]   |                  ^^^^ variant or associated item not found in `Lang`
[INFO] [stdout] 
[INFO] [stdout] error[E0599]: no variant or associated item named `Rust` found for enum `Lang` in the current scope
[INFO] [stdout]   --> src/lib.rs:44:23
[INFO] [stdout]    |
[INFO] [stdout] 11 | assert_eq!(Some(Lang::Rust), Lang::for_file_type(FileType::Rust));
[INFO] [stdout]    |                       ^^^^ variant or associated item not found in `Lang`
[INFO] [stdout] 
[INFO] [stdout] error: aborting due to 2 previous errors
[INFO] [stdout] 
[INFO] [stdout] For more information about this error, try `rustc --explain E0599`.
[INFO] [stdout] Couldn't compile the test.
[INFO] [stdout] 
[INFO] [stdout] failures:
[INFO] [stdout]     src/lib.rs - Lang (line 36)
[INFO] [stdout] 
[INFO] [stdout] test result: FAILED. 0 passed; 1 failed; 0 ignored; 0 measured; 0 filtered out; finished in 0.09s
[INFO] [stdout] 
[INFO] [stderr] error: doctest failed, to rerun pass `--doc`
[INFO] running `Command { std: "docker" "inspect" "7af8a0dfbc4dadf5ad25425871640c0984283a8b9079438f915ebf2598b09b86", kill_on_drop: false }`
[INFO] running `Command { std: "docker" "rm" "-f" "7af8a0dfbc4dadf5ad25425871640c0984283a8b9079438f915ebf2598b09b86", kill_on_drop: false }`
[INFO] [stdout] 7af8a0dfbc4dadf5ad25425871640c0984283a8b9079438f915ebf2598b09b86
