[INFO] fetching crate syntastica-parsers-git 0.4.1...
[INFO] testing syntastica-parsers-git-0.4.1 against 1.75.0 for beta-1.76-1
[INFO] extracting crate syntastica-parsers-git 0.4.1 into /workspace/builds/worker-6-tc1/source
[INFO] validating manifest of crates.io crate syntastica-parsers-git 0.4.1 on toolchain 1.75.0
[INFO] running `Command { std: CARGO_HOME="/workspace/cargo-home" RUSTUP_HOME="/workspace/rustup-home" "/workspace/cargo-home/bin/cargo" "+1.75.0" "metadata" "--manifest-path" "Cargo.toml" "--no-deps", kill_on_drop: false }`
[INFO] started tweaking crates.io crate syntastica-parsers-git 0.4.1
[INFO] finished tweaking crates.io crate syntastica-parsers-git 0.4.1
[INFO] tweaked toml for crates.io crate syntastica-parsers-git 0.4.1 written to /workspace/builds/worker-6-tc1/source/Cargo.toml
[INFO] running `Command { std: CARGO_HOME="/workspace/cargo-home" RUSTUP_HOME="/workspace/rustup-home" "/workspace/cargo-home/bin/cargo" "+1.75.0" "generate-lockfile" "--manifest-path" "Cargo.toml", kill_on_drop: false }`
[INFO] [stderr]     Updating crates.io index
[INFO] running `Command { std: CARGO_HOME="/workspace/cargo-home" RUSTUP_HOME="/workspace/rustup-home" "/workspace/cargo-home/bin/cargo" "+1.75.0" "fetch" "--manifest-path" "Cargo.toml", kill_on_drop: false }`
[INFO] [stderr]  Downloading crates ...
[INFO] [stderr]   Downloaded palette_derive v0.7.3
[INFO] [stderr]   Downloaded quote-use-macros v0.7.2
[INFO] [stderr]   Downloaded quote-use v0.7.2
[INFO] [stderr]   Downloaded c2rust-bitfields-derive v0.2.1
[INFO] [stderr]   Downloaded fast-srgb8 v1.0.0
[INFO] [stderr]   Downloaded casey v0.4.0
[INFO] [stderr]   Downloaded c2rust-bitfields v0.3.0
[INFO] [stderr]   Downloaded tree-sitter-wasm-build-tool v0.2.2
[INFO] [stderr]   Downloaded derive-where v1.2.7
[INFO] [stderr]   Downloaded tree-sitter v0.20.10
[INFO] [stderr]   Downloaded palette v0.7.3
[INFO] [stderr]   Downloaded tree-sitter-c2rust v0.20.10
[INFO] [stderr]   Downloaded syntastica-highlight v0.4.1
[INFO] [stderr]   Downloaded syntastica-queries v0.4.1
[INFO] [stderr]   Downloaded syntastica-core v0.4.1
[INFO] [stderr]   Downloaded tft v0.1.1
[INFO] [stderr]   Downloaded syntastica-macros v0.4.1
[INFO] running `Command { std: "docker" "create" "-v" "/var/lib/crater-agent-workspace/builds/worker-6-tc1/target:/opt/rustwide/target:rw,Z" "-v" "/var/lib/crater-agent-workspace/builds/worker-6-tc1/source:/opt/rustwide/workdir:ro,Z" "-v" "/var/lib/crater-agent-workspace/cargo-home:/opt/rustwide/cargo-home:ro,Z" "-v" "/var/lib/crater-agent-workspace/rustup-home:/opt/rustwide/rustup-home:ro,Z" "-e" "SOURCE_DIR=/opt/rustwide/workdir" "-e" "CARGO_TARGET_DIR=/opt/rustwide/target" "-e" "CARGO_HOME=/opt/rustwide/cargo-home" "-e" "RUSTUP_HOME=/opt/rustwide/rustup-home" "-w" "/opt/rustwide/workdir" "-m" "1610612736" "--user" "0:0" "--network" "none" "ghcr.io/rust-lang/crates-build-env/linux@sha256:2788e3201cd34a07e3172128adcd8b3090168a8e3bcc40d7c032b9dda1df7d1c" "/opt/rustwide/cargo-home/bin/cargo" "+1.75.0" "metadata" "--no-deps" "--format-version=1", kill_on_drop: false }`
[INFO] [stdout] 037e9ee295e289c4af0d259a5aac46b5c25bf7b44f0a5b7e5e0cfdcc45206681
[INFO] running `Command { std: "docker" "start" "-a" "037e9ee295e289c4af0d259a5aac46b5c25bf7b44f0a5b7e5e0cfdcc45206681", kill_on_drop: false }`
[INFO] running `Command { std: "docker" "inspect" "037e9ee295e289c4af0d259a5aac46b5c25bf7b44f0a5b7e5e0cfdcc45206681", kill_on_drop: false }`
[INFO] running `Command { std: "docker" "rm" "-f" "037e9ee295e289c4af0d259a5aac46b5c25bf7b44f0a5b7e5e0cfdcc45206681", kill_on_drop: false }`
[INFO] [stdout] 037e9ee295e289c4af0d259a5aac46b5c25bf7b44f0a5b7e5e0cfdcc45206681
[INFO] running `Command { std: "docker" "create" "-v" "/var/lib/crater-agent-workspace/builds/worker-6-tc1/target:/opt/rustwide/target:rw,Z" "-v" "/var/lib/crater-agent-workspace/builds/worker-6-tc1/source:/opt/rustwide/workdir:ro,Z" "-v" "/var/lib/crater-agent-workspace/cargo-home:/opt/rustwide/cargo-home:ro,Z" "-v" "/var/lib/crater-agent-workspace/rustup-home:/opt/rustwide/rustup-home:ro,Z" "-e" "SOURCE_DIR=/opt/rustwide/workdir" "-e" "CARGO_TARGET_DIR=/opt/rustwide/target" "-e" "CARGO_INCREMENTAL=0" "-e" "RUST_BACKTRACE=full" "-e" "RUSTFLAGS=--cap-lints=warn" "-e" "RUSTDOCFLAGS=--cap-lints=warn" "-e" "CARGO_HOME=/opt/rustwide/cargo-home" "-e" "RUSTUP_HOME=/opt/rustwide/rustup-home" "-w" "/opt/rustwide/workdir" "-m" "1610612736" "--user" "0:0" "--network" "none" "ghcr.io/rust-lang/crates-build-env/linux@sha256:2788e3201cd34a07e3172128adcd8b3090168a8e3bcc40d7c032b9dda1df7d1c" "/opt/rustwide/cargo-home/bin/cargo" "+1.75.0" "build" "--frozen" "--message-format=json", kill_on_drop: false }`
[INFO] [stdout] 3eae634ab0102eb44ec14ca9eb6b005be7e4d3e9c3fbf36332f2fb32df8ec667
[INFO] running `Command { std: "docker" "start" "-a" "3eae634ab0102eb44ec14ca9eb6b005be7e4d3e9c3fbf36332f2fb32df8ec667", kill_on_drop: false }`
[INFO] [stderr]    Compiling cfg-if v1.0.0
[INFO] [stderr]    Compiling siphasher v0.3.11
[INFO] [stderr]    Compiling ppv-lite86 v0.2.17
[INFO] [stderr]    Compiling syn v1.0.109
[INFO] [stderr]    Compiling proc-macro-hack v0.5.20+deprecated
[INFO] [stderr]    Compiling rustversion v1.0.14
[INFO] [stderr]    Compiling heck v0.4.1
[INFO] [stderr]    Compiling libc v0.2.151
[INFO] [stderr]    Compiling serde v1.0.194
[INFO] [stderr]    Compiling hashbrown v0.14.3
[INFO] [stderr]    Compiling equivalent v1.0.1
[INFO] [stderr]    Compiling tft v0.1.1
[INFO] [stderr]    Compiling winnow v0.5.32
[INFO] [stderr]    Compiling derive-where v1.2.7
[INFO] [stderr]    Compiling lazy-regex-proc_macros v3.1.0
[INFO] [stderr]    Compiling serde_with_macros v3.4.0
[INFO] [stderr]    Compiling palette v0.7.3
[INFO] [stderr]    Compiling phf_shared v0.10.0
[INFO] [stderr]    Compiling phf_shared v0.11.2
[INFO] [stderr]    Compiling palette_derive v0.7.3
[INFO] [stderr]    Compiling syntastica-core v0.4.1
[INFO] [stderr]    Compiling fast-srgb8 v1.0.0
[INFO] [stderr]    Compiling syntastica-queries v0.4.1
[INFO] [stderr]    Compiling indexmap v2.1.0
[INFO] [stderr]    Compiling getrandom v0.2.11
[INFO] [stderr]    Compiling cc v1.0.83
[INFO] [stderr]    Compiling rand_core v0.6.4
[INFO] [stderr]    Compiling rand_chacha v0.3.1
[INFO] [stderr]    Compiling strum_macros v0.25.3
[INFO] [stderr]    Compiling rand v0.8.5
[INFO] [stderr]    Compiling tree-sitter-wasm-build-tool v0.2.2
[INFO] [stderr]    Compiling tree-sitter v0.20.10
[INFO] [stderr]    Compiling quote-use-macros v0.7.2
[INFO] [stderr]    Compiling lazy-regex v3.1.0
[INFO] [stderr]    Compiling phf_generator v0.10.0
[INFO] [stderr]    Compiling phf_generator v0.11.2
[INFO] [stderr]    Compiling phf_macros v0.11.2
[INFO] [stderr]    Compiling quote-use v0.7.2
[INFO] [stderr]    Compiling phf v0.11.2
[INFO] [stderr]    Compiling toml_datetime v0.6.5
[INFO] [stderr]    Compiling serde_spanned v0.6.5
[INFO] [stderr]    Compiling serde_with v3.4.0
[INFO] [stderr]    Compiling toml_edit v0.19.15
[INFO] [stderr]    Compiling phf_macros v0.10.0
[INFO] [stderr]    Compiling casey v0.4.0
[INFO] [stderr]    Compiling syntastica-highlight v0.4.1
[INFO] [stderr]    Compiling phf v0.10.1
[INFO] [stderr]    Compiling strum v0.25.0
[INFO] [stderr]    Compiling toml v0.7.8
[INFO] [stderr]    Compiling syntastica-macros v0.4.1
[INFO] [stderr]    Compiling syntastica-parsers-git v0.4.1 (/opt/rustwide/workdir)
[INFO] [stderr]     Finished dev [unoptimized + debuginfo] target(s) in 6.97s
[INFO] running `Command { std: "docker" "inspect" "3eae634ab0102eb44ec14ca9eb6b005be7e4d3e9c3fbf36332f2fb32df8ec667", kill_on_drop: false }`
[INFO] running `Command { std: "docker" "rm" "-f" "3eae634ab0102eb44ec14ca9eb6b005be7e4d3e9c3fbf36332f2fb32df8ec667", kill_on_drop: false }`
[INFO] [stdout] 3eae634ab0102eb44ec14ca9eb6b005be7e4d3e9c3fbf36332f2fb32df8ec667
[INFO] running `Command { std: "docker" "create" "-v" "/var/lib/crater-agent-workspace/builds/worker-6-tc1/target:/opt/rustwide/target:rw,Z" "-v" "/var/lib/crater-agent-workspace/builds/worker-6-tc1/source:/opt/rustwide/workdir:ro,Z" "-v" "/var/lib/crater-agent-workspace/cargo-home:/opt/rustwide/cargo-home:ro,Z" "-v" "/var/lib/crater-agent-workspace/rustup-home:/opt/rustwide/rustup-home:ro,Z" "-e" "SOURCE_DIR=/opt/rustwide/workdir" "-e" "CARGO_TARGET_DIR=/opt/rustwide/target" "-e" "CARGO_INCREMENTAL=0" "-e" "RUST_BACKTRACE=full" "-e" "RUSTFLAGS=--cap-lints=warn" "-e" "RUSTDOCFLAGS=--cap-lints=warn" "-e" "CARGO_HOME=/opt/rustwide/cargo-home" "-e" "RUSTUP_HOME=/opt/rustwide/rustup-home" "-w" "/opt/rustwide/workdir" "-m" "1610612736" "--user" "0:0" "--network" "none" "ghcr.io/rust-lang/crates-build-env/linux@sha256:2788e3201cd34a07e3172128adcd8b3090168a8e3bcc40d7c032b9dda1df7d1c" "/opt/rustwide/cargo-home/bin/cargo" "+1.75.0" "test" "--frozen" "--no-run" "--message-format=json", kill_on_drop: false }`
[INFO] [stdout] 47d44433ac0b074827c38ab09c236bbb88dec5b0c9d81a07deea82853da880a6
[INFO] running `Command { std: "docker" "start" "-a" "47d44433ac0b074827c38ab09c236bbb88dec5b0c9d81a07deea82853da880a6", kill_on_drop: false }`
[INFO] [stderr]    Compiling syntastica-parsers-git v0.4.1 (/opt/rustwide/workdir)
[INFO] [stderr]     Finished test [unoptimized + debuginfo] target(s) in 0.79s
[INFO] running `Command { std: "docker" "inspect" "47d44433ac0b074827c38ab09c236bbb88dec5b0c9d81a07deea82853da880a6", kill_on_drop: false }`
[INFO] running `Command { std: "docker" "rm" "-f" "47d44433ac0b074827c38ab09c236bbb88dec5b0c9d81a07deea82853da880a6", kill_on_drop: false }`
[INFO] [stdout] 47d44433ac0b074827c38ab09c236bbb88dec5b0c9d81a07deea82853da880a6
[INFO] running `Command { std: "docker" "create" "-v" "/var/lib/crater-agent-workspace/builds/worker-6-tc1/target:/opt/rustwide/target:rw,Z" "-v" "/var/lib/crater-agent-workspace/builds/worker-6-tc1/source:/opt/rustwide/workdir:ro,Z" "-v" "/var/lib/crater-agent-workspace/cargo-home:/opt/rustwide/cargo-home:ro,Z" "-v" "/var/lib/crater-agent-workspace/rustup-home:/opt/rustwide/rustup-home:ro,Z" "-e" "SOURCE_DIR=/opt/rustwide/workdir" "-e" "CARGO_TARGET_DIR=/opt/rustwide/target" "-e" "CARGO_INCREMENTAL=0" "-e" "RUST_BACKTRACE=full" "-e" "RUSTFLAGS=--cap-lints=warn" "-e" "RUSTDOCFLAGS=--cap-lints=warn" "-e" "CARGO_HOME=/opt/rustwide/cargo-home" "-e" "RUSTUP_HOME=/opt/rustwide/rustup-home" "-w" "/opt/rustwide/workdir" "-m" "1610612736" "--user" "0:0" "--network" "none" "ghcr.io/rust-lang/crates-build-env/linux@sha256:2788e3201cd34a07e3172128adcd8b3090168a8e3bcc40d7c032b9dda1df7d1c" "/opt/rustwide/cargo-home/bin/cargo" "+1.75.0" "test" "--frozen", kill_on_drop: false }`
[INFO] [stdout] 376b482c1d35bb1e7ab1be37d6c121c203f20edb18583b728a77541ca9b8e40c
[INFO] running `Command { std: "docker" "start" "-a" "376b482c1d35bb1e7ab1be37d6c121c203f20edb18583b728a77541ca9b8e40c", kill_on_drop: false }`
[INFO] [stderr]     Finished test [unoptimized + debuginfo] target(s) in 0.06s
[INFO] [stderr]      Running unittests src/lib.rs (/opt/rustwide/target/debug/deps/syntastica_parsers_git-1a7068a9ff12732d)
[INFO] [stdout] 
[INFO] [stdout] running 0 tests
[INFO] [stdout] 
[INFO] [stdout] test result: ok. 0 passed; 0 failed; 0 ignored; 0 measured; 0 filtered out; finished in 0.00s
[INFO] [stdout] 
[INFO] [stderr]    Doc-tests syntastica-parsers-git
[INFO] [stdout] 
[INFO] [stdout] running 1 test
[INFO] [stdout] test src/lib.rs - Lang (line 36) ... FAILED
[INFO] [stdout] 
[INFO] [stdout] failures:
[INFO] [stdout] 
[INFO] [stdout] ---- src/lib.rs - Lang (line 36) stdout ----
[INFO] [stdout] error[E0599]: no variant or associated item named `Rust` found for enum `Lang` in the current scope
[INFO] [stdout]  --> src/lib.rs:42:18
[INFO] [stdout]   |
[INFO] [stdout] 9 | assert_eq!(Lang::Rust, Lang::for_name("rust").unwrap());
[INFO] [stdout]   |                  ^^^^ variant or associated item not found in `Lang`
[INFO] [stdout] 
[INFO] [stdout] error[E0599]: no variant or associated item named `Rust` found for enum `Lang` in the current scope
[INFO] [stdout]   --> src/lib.rs:44:23
[INFO] [stdout]    |
[INFO] [stdout] 11 | assert_eq!(Some(Lang::Rust), Lang::for_file_type(FileType::Rust));
[INFO] [stdout]    |                       ^^^^ variant or associated item not found in `Lang`
[INFO] [stdout] 
[INFO] [stdout] error: aborting due to 2 previous errors
[INFO] [stdout] 
[INFO] [stdout] For more information about this error, try `rustc --explain E0599`.
[INFO] [stdout] Couldn't compile the test.
[INFO] [stdout] 
[INFO] [stdout] failures:
[INFO] [stdout]     src/lib.rs - Lang (line 36)
[INFO] [stdout] 
[INFO] [stdout] test result: FAILED. 0 passed; 1 failed; 0 ignored; 0 measured; 0 filtered out; finished in 0.12s
[INFO] [stdout] 
[INFO] [stderr] error: doctest failed, to rerun pass `--doc`
[INFO] running `Command { std: "docker" "inspect" "376b482c1d35bb1e7ab1be37d6c121c203f20edb18583b728a77541ca9b8e40c", kill_on_drop: false }`
[INFO] running `Command { std: "docker" "rm" "-f" "376b482c1d35bb1e7ab1be37d6c121c203f20edb18583b728a77541ca9b8e40c", kill_on_drop: false }`
[INFO] [stdout] 376b482c1d35bb1e7ab1be37d6c121c203f20edb18583b728a77541ca9b8e40c
[INFO] testing syntastica-parsers-git-0.4.1 against beta-2023-12-22 for beta-1.76-1
[INFO] extracting crate syntastica-parsers-git 0.4.1 into /workspace/builds/worker-6-tc2/source
[INFO] validating manifest of crates.io crate syntastica-parsers-git 0.4.1 on toolchain beta-2023-12-22
[INFO] running `Command { std: CARGO_HOME="/workspace/cargo-home" RUSTUP_HOME="/workspace/rustup-home" "/workspace/cargo-home/bin/cargo" "+beta-2023-12-22" "metadata" "--manifest-path" "Cargo.toml" "--no-deps", kill_on_drop: false }`
[INFO] started tweaking crates.io crate syntastica-parsers-git 0.4.1
[INFO] finished tweaking crates.io crate syntastica-parsers-git 0.4.1
[INFO] tweaked toml for crates.io crate syntastica-parsers-git 0.4.1 written to /workspace/builds/worker-6-tc2/source/Cargo.toml
[INFO] running `Command { std: CARGO_HOME="/workspace/cargo-home" RUSTUP_HOME="/workspace/rustup-home" "/workspace/cargo-home/bin/cargo" "+beta-2023-12-22" "generate-lockfile" "--manifest-path" "Cargo.toml", kill_on_drop: false }`
[INFO] [stderr]     Updating crates.io index
[INFO] running `Command { std: CARGO_HOME="/workspace/cargo-home" RUSTUP_HOME="/workspace/rustup-home" "/workspace/cargo-home/bin/cargo" "+beta-2023-12-22" "fetch" "--manifest-path" "Cargo.toml", kill_on_drop: false }`
[INFO] running `Command { std: "docker" "create" "-v" "/var/lib/crater-agent-workspace/builds/worker-6-tc2/target:/opt/rustwide/target:rw,Z" "-v" "/var/lib/crater-agent-workspace/builds/worker-6-tc2/source:/opt/rustwide/workdir:ro,Z" "-v" "/var/lib/crater-agent-workspace/cargo-home:/opt/rustwide/cargo-home:ro,Z" "-v" "/var/lib/crater-agent-workspace/rustup-home:/opt/rustwide/rustup-home:ro,Z" "-e" "SOURCE_DIR=/opt/rustwide/workdir" "-e" "CARGO_TARGET_DIR=/opt/rustwide/target" "-e" "CARGO_HOME=/opt/rustwide/cargo-home" "-e" "RUSTUP_HOME=/opt/rustwide/rustup-home" "-w" "/opt/rustwide/workdir" "-m" "1610612736" "--user" "0:0" "--network" "none" "ghcr.io/rust-lang/crates-build-env/linux@sha256:2788e3201cd34a07e3172128adcd8b3090168a8e3bcc40d7c032b9dda1df7d1c" "/opt/rustwide/cargo-home/bin/cargo" "+beta-2023-12-22" "metadata" "--no-deps" "--format-version=1", kill_on_drop: false }`
[INFO] [stdout] 91abdaef98fdbe4e23e5a87a7ad7e2e1078eaead17c4d318fd77f0bde47f1e67
[INFO] running `Command { std: "docker" "start" "-a" "91abdaef98fdbe4e23e5a87a7ad7e2e1078eaead17c4d318fd77f0bde47f1e67", kill_on_drop: false }`
[INFO] running `Command { std: "docker" "inspect" "91abdaef98fdbe4e23e5a87a7ad7e2e1078eaead17c4d318fd77f0bde47f1e67", kill_on_drop: false }`
[INFO] running `Command { std: "docker" "rm" "-f" "91abdaef98fdbe4e23e5a87a7ad7e2e1078eaead17c4d318fd77f0bde47f1e67", kill_on_drop: false }`
[INFO] [stdout] 91abdaef98fdbe4e23e5a87a7ad7e2e1078eaead17c4d318fd77f0bde47f1e67
[INFO] running `Command { std: "docker" "create" "-v" "/var/lib/crater-agent-workspace/builds/worker-6-tc2/target:/opt/rustwide/target:rw,Z" "-v" "/var/lib/crater-agent-workspace/builds/worker-6-tc2/source:/opt/rustwide/workdir:ro,Z" "-v" "/var/lib/crater-agent-workspace/cargo-home:/opt/rustwide/cargo-home:ro,Z" "-v" "/var/lib/crater-agent-workspace/rustup-home:/opt/rustwide/rustup-home:ro,Z" "-e" "SOURCE_DIR=/opt/rustwide/workdir" "-e" "CARGO_TARGET_DIR=/opt/rustwide/target" "-e" "CARGO_INCREMENTAL=0" "-e" "RUST_BACKTRACE=full" "-e" "RUSTFLAGS=--cap-lints=warn" "-e" "RUSTDOCFLAGS=--cap-lints=warn" "-e" "CARGO_HOME=/opt/rustwide/cargo-home" "-e" "RUSTUP_HOME=/opt/rustwide/rustup-home" "-w" "/opt/rustwide/workdir" "-m" "1610612736" "--user" "0:0" "--network" "none" "ghcr.io/rust-lang/crates-build-env/linux@sha256:2788e3201cd34a07e3172128adcd8b3090168a8e3bcc40d7c032b9dda1df7d1c" "/opt/rustwide/cargo-home/bin/cargo" "+beta-2023-12-22" "build" "--frozen" "--message-format=json", kill_on_drop: false }`
[INFO] [stdout] bc1cace6d0a4e72f8ddc40ea2df473bbb428e9d9c725350a7b3d80f3d5202bb4
[INFO] running `Command { std: "docker" "start" "-a" "bc1cace6d0a4e72f8ddc40ea2df473bbb428e9d9c725350a7b3d80f3d5202bb4", kill_on_drop: false }`
[INFO] [stderr]    Compiling cfg-if v1.0.0
[INFO] [stderr]    Compiling siphasher v0.3.11
[INFO] [stderr]    Compiling ppv-lite86 v0.2.17
[INFO] [stderr]    Compiling syn v1.0.109
[INFO] [stderr]    Compiling proc-macro-hack v0.5.20+deprecated
[INFO] [stderr]    Compiling rustversion v1.0.14
[INFO] [stderr]    Compiling heck v0.4.1
[INFO] [stderr]    Compiling libc v0.2.151
[INFO] [stderr]    Compiling serde v1.0.194
[INFO] [stderr]    Compiling hashbrown v0.14.3
[INFO] [stderr]    Compiling equivalent v1.0.1
[INFO] [stderr]    Compiling winnow v0.5.32
[INFO] [stderr]    Compiling tft v0.1.1
[INFO] [stderr]    Compiling derive-where v1.2.7
[INFO] [stderr]    Compiling lazy-regex-proc_macros v3.1.0
[INFO] [stderr]    Compiling serde_with_macros v3.4.0
[INFO] [stderr]    Compiling palette v0.7.3
[INFO] [stderr]    Compiling phf_shared v0.10.0
[INFO] [stderr]    Compiling phf_shared v0.11.2
[INFO] [stderr]    Compiling palette_derive v0.7.3
[INFO] [stderr]    Compiling fast-srgb8 v1.0.0
[INFO] [stderr]    Compiling syntastica-core v0.4.1
[INFO] [stderr]    Compiling syntastica-queries v0.4.1
[INFO] [stderr]    Compiling indexmap v2.1.0
[INFO] [stderr]    Compiling getrandom v0.2.11
[INFO] [stderr]    Compiling cc v1.0.83
[INFO] [stderr]    Compiling rand_core v0.6.4
[INFO] [stderr]    Compiling strum_macros v0.25.3
[INFO] [stderr]    Compiling rand_chacha v0.3.1
[INFO] [stderr]    Compiling rand v0.8.5
[INFO] [stderr]    Compiling tree-sitter-wasm-build-tool v0.2.2
[INFO] [stderr]    Compiling quote-use-macros v0.7.2
[INFO] [stderr]    Compiling tree-sitter v0.20.10
[INFO] [stderr]    Compiling lazy-regex v3.1.0
[INFO] [stderr]    Compiling phf_generator v0.10.0
[INFO] [stderr]    Compiling phf_generator v0.11.2
[INFO] [stderr]    Compiling phf_macros v0.11.2
[INFO] [stderr]    Compiling quote-use v0.7.2
[INFO] [stderr]    Compiling phf v0.11.2
[INFO] [stderr]    Compiling serde_spanned v0.6.5
[INFO] [stderr]    Compiling toml_datetime v0.6.5
[INFO] [stderr]    Compiling serde_with v3.4.0
[INFO] [stderr]    Compiling toml_edit v0.19.15
[INFO] [stderr]    Compiling phf_macros v0.10.0
[INFO] [stderr]    Compiling casey v0.4.0
[INFO] [stderr]    Compiling syntastica-highlight v0.4.1
[INFO] [stderr]    Compiling phf v0.10.1
[INFO] [stderr]    Compiling strum v0.25.0
[INFO] [stderr]    Compiling toml v0.7.8
[INFO] [stderr]    Compiling syntastica-macros v0.4.1
[INFO] [stderr]    Compiling syntastica-parsers-git v0.4.1 (/opt/rustwide/workdir)
[INFO] [stderr]     Finished dev [unoptimized + debuginfo] target(s) in 9.02s
[INFO] running `Command { std: "docker" "inspect" "bc1cace6d0a4e72f8ddc40ea2df473bbb428e9d9c725350a7b3d80f3d5202bb4", kill_on_drop: false }`
[INFO] running `Command { std: "docker" "rm" "-f" "bc1cace6d0a4e72f8ddc40ea2df473bbb428e9d9c725350a7b3d80f3d5202bb4", kill_on_drop: false }`
[INFO] [stdout] bc1cace6d0a4e72f8ddc40ea2df473bbb428e9d9c725350a7b3d80f3d5202bb4
[INFO] running `Command { std: "docker" "create" "-v" "/var/lib/crater-agent-workspace/builds/worker-6-tc2/target:/opt/rustwide/target:rw,Z" "-v" "/var/lib/crater-agent-workspace/builds/worker-6-tc2/source:/opt/rustwide/workdir:ro,Z" "-v" "/var/lib/crater-agent-workspace/cargo-home:/opt/rustwide/cargo-home:ro,Z" "-v" "/var/lib/crater-agent-workspace/rustup-home:/opt/rustwide/rustup-home:ro,Z" "-e" "SOURCE_DIR=/opt/rustwide/workdir" "-e" "CARGO_TARGET_DIR=/opt/rustwide/target" "-e" "CARGO_INCREMENTAL=0" "-e" "RUST_BACKTRACE=full" "-e" "RUSTFLAGS=--cap-lints=warn" "-e" "RUSTDOCFLAGS=--cap-lints=warn" "-e" "CARGO_HOME=/opt/rustwide/cargo-home" "-e" "RUSTUP_HOME=/opt/rustwide/rustup-home" "-w" "/opt/rustwide/workdir" "-m" "1610612736" "--user" "0:0" "--network" "none" "ghcr.io/rust-lang/crates-build-env/linux@sha256:2788e3201cd34a07e3172128adcd8b3090168a8e3bcc40d7c032b9dda1df7d1c" "/opt/rustwide/cargo-home/bin/cargo" "+beta-2023-12-22" "test" "--frozen" "--no-run" "--message-format=json", kill_on_drop: false }`
[INFO] [stdout] 0716cae2b0752084ac9b028754b791f57549ccf7858ede3a01b69262055a3ce1
[INFO] running `Command { std: "docker" "start" "-a" "0716cae2b0752084ac9b028754b791f57549ccf7858ede3a01b69262055a3ce1", kill_on_drop: false }`
[INFO] [stderr]    Compiling syntastica-parsers-git v0.4.1 (/opt/rustwide/workdir)
[INFO] [stderr]     Finished test [unoptimized + debuginfo] target(s) in 1.33s
[INFO] running `Command { std: "docker" "inspect" "0716cae2b0752084ac9b028754b791f57549ccf7858ede3a01b69262055a3ce1", kill_on_drop: false }`
[INFO] running `Command { std: "docker" "rm" "-f" "0716cae2b0752084ac9b028754b791f57549ccf7858ede3a01b69262055a3ce1", kill_on_drop: false }`
[INFO] [stdout] 0716cae2b0752084ac9b028754b791f57549ccf7858ede3a01b69262055a3ce1
[INFO] running `Command { std: "docker" "create" "-v" "/var/lib/crater-agent-workspace/builds/worker-6-tc2/target:/opt/rustwide/target:rw,Z" "-v" "/var/lib/crater-agent-workspace/builds/worker-6-tc2/source:/opt/rustwide/workdir:ro,Z" "-v" "/var/lib/crater-agent-workspace/cargo-home:/opt/rustwide/cargo-home:ro,Z" "-v" "/var/lib/crater-agent-workspace/rustup-home:/opt/rustwide/rustup-home:ro,Z" "-e" "SOURCE_DIR=/opt/rustwide/workdir" "-e" "CARGO_TARGET_DIR=/opt/rustwide/target" "-e" "CARGO_INCREMENTAL=0" "-e" "RUST_BACKTRACE=full" "-e" "RUSTFLAGS=--cap-lints=warn" "-e" "RUSTDOCFLAGS=--cap-lints=warn" "-e" "CARGO_HOME=/opt/rustwide/cargo-home" "-e" "RUSTUP_HOME=/opt/rustwide/rustup-home" "-w" "/opt/rustwide/workdir" "-m" "1610612736" "--user" "0:0" "--network" "none" "ghcr.io/rust-lang/crates-build-env/linux@sha256:2788e3201cd34a07e3172128adcd8b3090168a8e3bcc40d7c032b9dda1df7d1c" "/opt/rustwide/cargo-home/bin/cargo" "+beta-2023-12-22" "test" "--frozen", kill_on_drop: false }`
[INFO] [stdout] 454cfd33d2f880c2f0390760ca67b4dc1521e6da323e2a7ce0bcb731fa669d45
[INFO] running `Command { std: "docker" "start" "-a" "454cfd33d2f880c2f0390760ca67b4dc1521e6da323e2a7ce0bcb731fa669d45", kill_on_drop: false }`
[INFO] [stderr]     Finished test [unoptimized + debuginfo] target(s) in 0.06s
[INFO] [stderr]      Running unittests src/lib.rs (/opt/rustwide/target/debug/deps/syntastica_parsers_git-cd4f5ad611b3fa85)
[INFO] [stdout] 
[INFO] [stdout] running 0 tests
[INFO] [stdout] 
[INFO] [stdout] test result: ok. 0 passed; 0 failed; 0 ignored; 0 measured; 0 filtered out; finished in 0.00s
[INFO] [stdout] 
[INFO] [stderr]    Doc-tests syntastica-parsers-git
[INFO] [stdout] 
[INFO] [stdout] running 1 test
[INFO] [stdout] test src/lib.rs - Lang (line 36) ... FAILED
[INFO] [stdout] 
[INFO] [stdout] failures:
[INFO] [stdout] 
[INFO] [stdout] ---- src/lib.rs - Lang (line 36) stdout ----
[INFO] [stdout] error[E0599]: no variant or associated item named `Rust` found for enum `Lang` in the current scope
[INFO] [stdout]  --> src/lib.rs:42:18
[INFO] [stdout]   |
[INFO] [stdout] 9 | assert_eq!(Lang::Rust, Lang::for_name("rust").unwrap());
[INFO] [stdout]   |                  ^^^^ variant or associated item not found in `Lang`
[INFO] [stdout] 
[INFO] [stdout] error[E0599]: no variant or associated item named `Rust` found for enum `Lang` in the current scope
[INFO] [stdout]   --> src/lib.rs:44:23
[INFO] [stdout]    |
[INFO] [stdout] 11 | assert_eq!(Some(Lang::Rust), Lang::for_file_type(FileType::Rust));
[INFO] [stdout]    |                       ^^^^ variant or associated item not found in `Lang`
[INFO] [stdout] 
[INFO] [stdout] error: aborting due to 2 previous errors
[INFO] [stdout] 
[INFO] [stdout] For more information about this error, try `rustc --explain E0599`.
[INFO] [stdout] Couldn't compile the test.
[INFO] [stdout] 
[INFO] [stdout] failures:
[INFO] [stdout]     src/lib.rs - Lang (line 36)
[INFO] [stdout] 
[INFO] [stdout] test result: FAILED. 0 passed; 1 failed; 0 ignored; 0 measured; 0 filtered out; finished in 0.06s
[INFO] [stdout] 
[INFO] [stderr] error: doctest failed, to rerun pass `--doc`
[INFO] running `Command { std: "docker" "inspect" "454cfd33d2f880c2f0390760ca67b4dc1521e6da323e2a7ce0bcb731fa669d45", kill_on_drop: false }`
[INFO] running `Command { std: "docker" "rm" "-f" "454cfd33d2f880c2f0390760ca67b4dc1521e6da323e2a7ce0bcb731fa669d45", kill_on_drop: false }`
[INFO] [stdout] 454cfd33d2f880c2f0390760ca67b4dc1521e6da323e2a7ce0bcb731fa669d45
