[INFO] fetching crate synonym 0.1.1...
[INFO] testing synonym-0.1.1 against 1.75.0 for beta-1.76-1
[INFO] extracting crate synonym 0.1.1 into /workspace/builds/worker-2-tc1/source
[INFO] validating manifest of crates.io crate synonym 0.1.1 on toolchain 1.75.0
[INFO] running `Command { std: CARGO_HOME="/workspace/cargo-home" RUSTUP_HOME="/workspace/rustup-home" "/workspace/cargo-home/bin/cargo" "+1.75.0" "metadata" "--manifest-path" "Cargo.toml" "--no-deps", kill_on_drop: false }`
[INFO] removed /workspace/builds/worker-2-tc1/source/rust-toolchain
[INFO] started tweaking crates.io crate synonym 0.1.1
[INFO] removed 0 missing tests
[INFO] finished tweaking crates.io crate synonym 0.1.1
[INFO] tweaked toml for crates.io crate synonym 0.1.1 written to /workspace/builds/worker-2-tc1/source/Cargo.toml
[INFO] running `Command { std: CARGO_HOME="/workspace/cargo-home" RUSTUP_HOME="/workspace/rustup-home" "/workspace/cargo-home/bin/cargo" "+1.75.0" "generate-lockfile" "--manifest-path" "Cargo.toml", kill_on_drop: false }`
[INFO] [stderr]     Updating crates.io index
[INFO] running `Command { std: CARGO_HOME="/workspace/cargo-home" RUSTUP_HOME="/workspace/rustup-home" "/workspace/cargo-home/bin/cargo" "+1.75.0" "fetch" "--manifest-path" "Cargo.toml", kill_on_drop: false }`
[INFO] running `Command { std: "docker" "create" "-v" "/var/lib/crater-agent-workspace/builds/worker-2-tc1/target:/opt/rustwide/target:rw,Z" "-v" "/var/lib/crater-agent-workspace/builds/worker-2-tc1/source:/opt/rustwide/workdir:ro,Z" "-v" "/var/lib/crater-agent-workspace/cargo-home:/opt/rustwide/cargo-home:ro,Z" "-v" "/var/lib/crater-agent-workspace/rustup-home:/opt/rustwide/rustup-home:ro,Z" "-e" "SOURCE_DIR=/opt/rustwide/workdir" "-e" "CARGO_TARGET_DIR=/opt/rustwide/target" "-e" "CARGO_HOME=/opt/rustwide/cargo-home" "-e" "RUSTUP_HOME=/opt/rustwide/rustup-home" "-w" "/opt/rustwide/workdir" "-m" "1610612736" "--user" "0:0" "--network" "none" "ghcr.io/rust-lang/crates-build-env/linux@sha256:2788e3201cd34a07e3172128adcd8b3090168a8e3bcc40d7c032b9dda1df7d1c" "/opt/rustwide/cargo-home/bin/cargo" "+1.75.0" "metadata" "--no-deps" "--format-version=1", kill_on_drop: false }`
[INFO] [stdout] fd251b2df87af6ab0789feea2b5fd4d52a9cdadfe3a3cb16e1a4ed6e29e44620
[INFO] running `Command { std: "docker" "start" "-a" "fd251b2df87af6ab0789feea2b5fd4d52a9cdadfe3a3cb16e1a4ed6e29e44620", kill_on_drop: false }`
[INFO] running `Command { std: "docker" "inspect" "fd251b2df87af6ab0789feea2b5fd4d52a9cdadfe3a3cb16e1a4ed6e29e44620", kill_on_drop: false }`
[INFO] running `Command { std: "docker" "rm" "-f" "fd251b2df87af6ab0789feea2b5fd4d52a9cdadfe3a3cb16e1a4ed6e29e44620", kill_on_drop: false }`
[INFO] [stdout] fd251b2df87af6ab0789feea2b5fd4d52a9cdadfe3a3cb16e1a4ed6e29e44620
[INFO] running `Command { std: "docker" "create" "-v" "/var/lib/crater-agent-workspace/builds/worker-2-tc1/target:/opt/rustwide/target:rw,Z" "-v" "/var/lib/crater-agent-workspace/builds/worker-2-tc1/source:/opt/rustwide/workdir:ro,Z" "-v" "/var/lib/crater-agent-workspace/cargo-home:/opt/rustwide/cargo-home:ro,Z" "-v" "/var/lib/crater-agent-workspace/rustup-home:/opt/rustwide/rustup-home:ro,Z" "-e" "SOURCE_DIR=/opt/rustwide/workdir" "-e" "CARGO_TARGET_DIR=/opt/rustwide/target" "-e" "CARGO_INCREMENTAL=0" "-e" "RUST_BACKTRACE=full" "-e" "RUSTFLAGS=--cap-lints=warn" "-e" "RUSTDOCFLAGS=--cap-lints=warn" "-e" "CARGO_HOME=/opt/rustwide/cargo-home" "-e" "RUSTUP_HOME=/opt/rustwide/rustup-home" "-w" "/opt/rustwide/workdir" "-m" "1610612736" "--user" "0:0" "--network" "none" "ghcr.io/rust-lang/crates-build-env/linux@sha256:2788e3201cd34a07e3172128adcd8b3090168a8e3bcc40d7c032b9dda1df7d1c" "/opt/rustwide/cargo-home/bin/cargo" "+1.75.0" "build" "--frozen" "--message-format=json", kill_on_drop: false }`
[INFO] [stdout] 5f1f448721b0487730d99e6bef466ce3f9bb42e8d986eadc375cba8953847374
[INFO] running `Command { std: "docker" "start" "-a" "5f1f448721b0487730d99e6bef466ce3f9bb42e8d986eadc375cba8953847374", kill_on_drop: false }`
[INFO] [stderr]    Compiling strsim v0.10.0
[INFO] [stderr]    Compiling syn v2.0.48
[INFO] [stderr]    Compiling darling_core v0.20.3
[INFO] [stderr]    Compiling darling_macro v0.20.3
[INFO] [stderr]    Compiling darling v0.20.3
[INFO] [stderr]    Compiling synonym v0.1.1 (/opt/rustwide/workdir)
[INFO] [stderr]     Finished dev [unoptimized + debuginfo] target(s) in 7.12s
[INFO] running `Command { std: "docker" "inspect" "5f1f448721b0487730d99e6bef466ce3f9bb42e8d986eadc375cba8953847374", kill_on_drop: false }`
[INFO] running `Command { std: "docker" "rm" "-f" "5f1f448721b0487730d99e6bef466ce3f9bb42e8d986eadc375cba8953847374", kill_on_drop: false }`
[INFO] [stdout] 5f1f448721b0487730d99e6bef466ce3f9bb42e8d986eadc375cba8953847374
[INFO] running `Command { std: "docker" "create" "-v" "/var/lib/crater-agent-workspace/builds/worker-2-tc1/target:/opt/rustwide/target:rw,Z" "-v" "/var/lib/crater-agent-workspace/builds/worker-2-tc1/source:/opt/rustwide/workdir:ro,Z" "-v" "/var/lib/crater-agent-workspace/cargo-home:/opt/rustwide/cargo-home:ro,Z" "-v" "/var/lib/crater-agent-workspace/rustup-home:/opt/rustwide/rustup-home:ro,Z" "-e" "SOURCE_DIR=/opt/rustwide/workdir" "-e" "CARGO_TARGET_DIR=/opt/rustwide/target" "-e" "CARGO_INCREMENTAL=0" "-e" "RUST_BACKTRACE=full" "-e" "RUSTFLAGS=--cap-lints=warn" "-e" "RUSTDOCFLAGS=--cap-lints=warn" "-e" "CARGO_HOME=/opt/rustwide/cargo-home" "-e" "RUSTUP_HOME=/opt/rustwide/rustup-home" "-w" "/opt/rustwide/workdir" "-m" "1610612736" "--user" "0:0" "--network" "none" "ghcr.io/rust-lang/crates-build-env/linux@sha256:2788e3201cd34a07e3172128adcd8b3090168a8e3bcc40d7c032b9dda1df7d1c" "/opt/rustwide/cargo-home/bin/cargo" "+1.75.0" "test" "--frozen" "--no-run" "--message-format=json", kill_on_drop: false }`
[INFO] [stdout] 4aa28ddca6642ec83559366a561772a82fea57319f3d7ab266231ce5569716e6
[INFO] running `Command { std: "docker" "start" "-a" "4aa28ddca6642ec83559366a561772a82fea57319f3d7ab266231ce5569716e6", kill_on_drop: false }`
[INFO] [stderr]    Compiling proc-macro2 v1.0.75
[INFO] [stderr]    Compiling unicode-ident v1.0.12
[INFO] [stderr]    Compiling strsim v0.10.0
[INFO] [stderr]    Compiling fnv v1.0.7
[INFO] [stderr]    Compiling ident_case v1.0.1
[INFO] [stderr]    Compiling quote v1.0.35
[INFO] [stderr]    Compiling syn v2.0.48
[INFO] [stderr]    Compiling darling_core v0.20.3
[INFO] [stderr]    Compiling serde_derive v1.0.194
[INFO] [stderr]    Compiling darling_macro v0.20.3
[INFO] [stderr]    Compiling darling v0.20.3
[INFO] [stderr]    Compiling synonym v0.1.1 (/opt/rustwide/workdir)
[INFO] [stderr]    Compiling serde v1.0.194
[INFO] [stderr]    Compiling serde_json v1.0.111
[INFO] [stderr]    Compiling basic-toml v0.1.8
[INFO] [stderr]    Compiling trybuild v1.0.87
[INFO] [stderr]     Finished test [unoptimized + debuginfo] target(s) in 14.12s
[INFO] running `Command { std: "docker" "inspect" "4aa28ddca6642ec83559366a561772a82fea57319f3d7ab266231ce5569716e6", kill_on_drop: false }`
[INFO] running `Command { std: "docker" "rm" "-f" "4aa28ddca6642ec83559366a561772a82fea57319f3d7ab266231ce5569716e6", kill_on_drop: false }`
[INFO] [stdout] 4aa28ddca6642ec83559366a561772a82fea57319f3d7ab266231ce5569716e6
[INFO] running `Command { std: "docker" "create" "-v" "/var/lib/crater-agent-workspace/builds/worker-2-tc1/target:/opt/rustwide/target:rw,Z" "-v" "/var/lib/crater-agent-workspace/builds/worker-2-tc1/source:/opt/rustwide/workdir:ro,Z" "-v" "/var/lib/crater-agent-workspace/cargo-home:/opt/rustwide/cargo-home:ro,Z" "-v" "/var/lib/crater-agent-workspace/rustup-home:/opt/rustwide/rustup-home:ro,Z" "-e" "SOURCE_DIR=/opt/rustwide/workdir" "-e" "CARGO_TARGET_DIR=/opt/rustwide/target" "-e" "CARGO_INCREMENTAL=0" "-e" "RUST_BACKTRACE=full" "-e" "RUSTFLAGS=--cap-lints=warn" "-e" "RUSTDOCFLAGS=--cap-lints=warn" "-e" "CARGO_HOME=/opt/rustwide/cargo-home" "-e" "RUSTUP_HOME=/opt/rustwide/rustup-home" "-w" "/opt/rustwide/workdir" "-m" "1610612736" "--user" "0:0" "--network" "none" "ghcr.io/rust-lang/crates-build-env/linux@sha256:2788e3201cd34a07e3172128adcd8b3090168a8e3bcc40d7c032b9dda1df7d1c" "/opt/rustwide/cargo-home/bin/cargo" "+1.75.0" "test" "--frozen", kill_on_drop: false }`
[INFO] [stdout] 9de56a505e3cc72eaf65c5b8bd20363ec7d98cbbca84546050df41555e2dd0e0
[INFO] running `Command { std: "docker" "start" "-a" "9de56a505e3cc72eaf65c5b8bd20363ec7d98cbbca84546050df41555e2dd0e0", kill_on_drop: false }`
[INFO] [stderr]     Finished test [unoptimized + debuginfo] target(s) in 0.02s
[INFO] [stderr]      Running unittests src/lib.rs (/opt/rustwide/target/debug/deps/synonym-330ecd89257e2aeb)
[INFO] [stdout] 
[INFO] [stdout] running 0 tests
[INFO] [stdout] 
[INFO] [stdout] test result: ok. 0 passed; 0 failed; 0 ignored; 0 measured; 0 filtered out; finished in 0.00s
[INFO] [stdout] 
[INFO] [stderr]      Running tests/synonym.rs (/opt/rustwide/target/debug/deps/synonym-06c9e23c63659e57)
[INFO] [stdout] 
[INFO] [stdout] running 1 test
[INFO] [stdout] test clone_derived_ ... ok
[INFO] [stdout] 
[INFO] [stdout] test result: ok. 1 passed; 0 failed; 0 ignored; 0 measured; 0 filtered out; finished in 0.00s
[INFO] [stdout] 
[INFO] [stderr]      Running tests/progress.rs (/opt/rustwide/target/debug/deps/tests-cb67625a95bb8df8)
[INFO] [stdout] 
[INFO] [stdout] running 1 test
[INFO] [stderr]    Compiling proc-macro2 v1.0.75
[INFO] [stderr]    Compiling unicode-ident v1.0.12
[INFO] [stderr]    Compiling strsim v0.10.0
[INFO] [stderr]    Compiling fnv v1.0.7
[INFO] [stderr]    Compiling ident_case v1.0.1
[INFO] [stderr]    Compiling serde v1.0.194
[INFO] [stderr]    Compiling serde_json v1.0.111
[INFO] [stderr]    Compiling ryu v1.0.16
[INFO] [stderr]    Compiling itoa v1.0.10
[INFO] [stderr]    Compiling quote v1.0.35
[INFO] [stderr]    Compiling syn v2.0.48
[INFO] [stderr]    Compiling darling_core v0.20.3
[INFO] [stderr]    Compiling serde_derive v1.0.194
[INFO] [stderr]    Compiling darling_macro v0.20.3
[INFO] [stderr]    Compiling darling v0.20.3
[INFO] [stderr]    Compiling synonym v0.1.1 (/opt/rustwide/workdir)
[INFO] [stderr]    Compiling synonym-tests v0.0.0 (/opt/rustwide/target/tests/trybuild/synonym)
[INFO] [stderr]     Finished dev [unoptimized + debuginfo] target(s) in 14.34s
[INFO] [stderr] 
[INFO] [stderr] 
[INFO] [stderr] test tests/cases/pass-char.rs [should pass] ... ok
[INFO] [stderr] test tests/cases/pass-display.rs [should pass] ... ok
[INFO] [stderr] test tests/cases/pass-floats.rs [should pass] ... ok
[INFO] [stderr] test tests/cases/pass-serde.rs [should pass] ... error
[INFO] [stderr] ┈┈┈┈┈┈┈┈┈┈┈┈┈┈┈┈┈┈┈┈┈┈┈┈┈┈┈┈┈┈┈┈┈┈┈┈┈┈┈┈┈┈┈┈┈┈┈┈┈┈┈┈┈┈┈┈┈┈┈┈
[INFO] [stderr] error[E0277]: the trait bound `main::Foo: Serialize` is not satisfied
[INFO] [stderr]   --> tests/cases/pass-serde.rs:11:46
[INFO] [stderr]    |
[INFO] [stderr] 11 |             let json = serde_json::to_string(&foo).unwrap();
[INFO] [stderr]    |                        --------------------- ^^^^ the trait `Serialize` is not implemented for `main::Foo`
[INFO] [stderr]    |                        |
[INFO] [stderr]    |                        required by a bound introduced by this call
[INFO] [stderr] ...
[INFO] [stderr] 22 |     check!(u8, 1u8, "1");
[INFO] [stderr]    |     -------------------- in this macro invocation
[INFO] [stderr]    |
[INFO] [stderr]    = help: the following other types implement trait `Serialize`:
[INFO] [stderr]              bool
[INFO] [stderr]              char
[INFO] [stderr]              isize
[INFO] [stderr]              i8
[INFO] [stderr]              i16
[INFO] [stderr]              i32
[INFO] [stderr]              i64
[INFO] [stderr]              i128
[INFO] [stderr]            and $N others
[INFO] [stderr] note: required by a bound in `serde_json::to_string`
[INFO] [stderr]   --> $CARGO/serde_json-1.0.111/src/ser.rs
[INFO] [stderr]    |
[INFO] [stderr]    | pub fn to_string<T>(value: &T) -> Result<String>
[INFO] [stderr]    |        --------- required by a bound in this function
[INFO] [stderr]    | where
[INFO] [stderr]    |     T: ?Sized + Serialize,
[INFO] [stderr]    |                 ^^^^^^^^^ required by this bound in `to_string`
[INFO] [stderr]    = note: this error originates in the macro `check` (in Nightly builds, run with -Z macro-backtrace for more info)
[INFO] [stderr] 
[INFO] [stderr] error[E0277]: the trait bound `main::Foo: Deserialize<'_>` is not satisfied
[INFO] [stderr]   --> tests/cases/pass-serde.rs:12:32
[INFO] [stderr]    |
[INFO] [stderr] 12 |             let deserialized = serde_json::from_str(&json).unwrap();
[INFO] [stderr]    |                                ^^^^^^^^^^^^^^^^^^^^ the trait `Deserialize<'_>` is not implemented for `main::Foo`
[INFO] [stderr] ...
[INFO] [stderr] 22 |     check!(u8, 1u8, "1");
[INFO] [stderr]    |     -------------------- in this macro invocation
[INFO] [stderr]    |
[INFO] [stderr]    = help: the following other types implement trait `Deserialize<'de>`:
[INFO] [stderr]              bool
[INFO] [stderr]              char
[INFO] [stderr]              isize
[INFO] [stderr]              i8
[INFO] [stderr]              i16
[INFO] [stderr]              i32
[INFO] [stderr]              i64
[INFO] [stderr]              i128
[INFO] [stderr]            and $N others
[INFO] [stderr] note: required by a bound in `serde_json::from_str`
[INFO] [stderr]   --> $CARGO/serde_json-1.0.111/src/de.rs
[INFO] [stderr]    |
[INFO] [stderr]    | pub fn from_str<'a, T>(s: &'a str) -> Result<T>
[INFO] [stderr]    |        -------- required by a bound in this function
[INFO] [stderr]    | where
[INFO] [stderr]    |     T: de::Deserialize<'a>,
[INFO] [stderr]    |        ^^^^^^^^^^^^^^^^^^^ required by this bound in `from_str`
[INFO] [stderr]    = note: this error originates in the macro `check` (in Nightly builds, run with -Z macro-backtrace for more info)
[INFO] [stderr] 
[INFO] [stderr] error[E0277]: the trait bound `main::Foo: Serialize` is not satisfied
[INFO] [stderr]   --> tests/cases/pass-serde.rs:11:46
[INFO] [stderr]    |
[INFO] [stderr] 11 |             let json = serde_json::to_string(&foo).unwrap();
[INFO] [stderr]    |                        --------------------- ^^^^ the trait `Serialize` is not implemented for `main::Foo`
[INFO] [stderr]    |                        |
[INFO] [stderr]    |                        required by a bound introduced by this call
[INFO] [stderr] ...
[INFO] [stderr] 23 |     check!(u16, 2u16, "2");
[INFO] [stderr]    |     ---------------------- in this macro invocation
[INFO] [stderr]    |
[INFO] [stderr]    = help: the following other types implement trait `Serialize`:
[INFO] [stderr]              bool
[INFO] [stderr]              char
[INFO] [stderr]              isize
[INFO] [stderr]              i8
[INFO] [stderr]              i16
[INFO] [stderr]              i32
[INFO] [stderr]              i64
[INFO] [stderr]              i128
[INFO] [stderr]            and $N others
[INFO] [stderr] note: required by a bound in `serde_json::to_string`
[INFO] [stderr]   --> $CARGO/serde_json-1.0.111/src/ser.rs
[INFO] [stderr]    |
[INFO] [stderr]    | pub fn to_string<T>(value: &T) -> Result<String>
[INFO] [stderr]    |        --------- required by a bound in this function
[INFO] [stderr]    | where
[INFO] [stderr]    |     T: ?Sized + Serialize,
[INFO] [stderr]    |                 ^^^^^^^^^ required by this bound in `to_string`
[INFO] [stderr]    = note: this error originates in the macro `check` (in Nightly builds, run with -Z macro-backtrace for more info)
[INFO] [stderr] 
[INFO] [stderr] error[E0277]: the trait bound `main::Foo: Deserialize<'_>` is not satisfied
[INFO] [stderr]   --> tests/cases/pass-serde.rs:12:32
[INFO] [stderr]    |
[INFO] [stderr] 12 |             let deserialized = serde_json::from_str(&json).unwrap();
[INFO] [stderr]    |                                ^^^^^^^^^^^^^^^^^^^^ the trait `Deserialize<'_>` is not implemented for `main::Foo`
[INFO] [stderr] ...
[INFO] [stderr] 23 |     check!(u16, 2u16, "2");
[INFO] [stderr]    |     ---------------------- in this macro invocation
[INFO] [stderr]    |
[INFO] [stderr]    = help: the following other types implement trait `Deserialize<'de>`:
[INFO] [stderr]              bool
[INFO] [stderr]              char
[INFO] [stderr]              isize
[INFO] [stderr]              i8
[INFO] [stderr]              i16
[INFO] [stderr]              i32
[INFO] [stderr]              i64
[INFO] [stderr]              i128
[INFO] [stderr]            and $N others
[INFO] [stderr] note: required by a bound in `serde_json::from_str`
[INFO] [stderr]   --> $CARGO/serde_json-1.0.111/src/de.rs
[INFO] [stderr]    |
[INFO] [stderr]    | pub fn from_str<'a, T>(s: &'a str) -> Result<T>
[INFO] [stderr]    |        -------- required by a bound in this function
[INFO] [stderr]    | where
[INFO] [stderr]    |     T: de::Deserialize<'a>,
[INFO] [stderr]    |        ^^^^^^^^^^^^^^^^^^^ required by this bound in `from_str`
[INFO] [stderr]    = note: this error originates in the macro `check` (in Nightly builds, run with -Z macro-backtrace for more info)
[INFO] [stderr] 
[INFO] [stderr] error[E0277]: the trait bound `main::Foo: Serialize` is not satisfied
[INFO] [stderr]   --> tests/cases/pass-serde.rs:11:46
[INFO] [stderr]    |
[INFO] [stderr] 11 |             let json = serde_json::to_string(&foo).unwrap();
[INFO] [stderr]    |                        --------------------- ^^^^ the trait `Serialize` is not implemented for `main::Foo`
[INFO] [stderr]    |                        |
[INFO] [stderr]    |                        required by a bound introduced by this call
[INFO] [stderr] ...
[INFO] [stderr] 24 |     check!(u32, 3u32, "3");
[INFO] [stderr]    |     ---------------------- in this macro invocation
[INFO] [stderr]    |
[INFO] [stderr]    = help: the following other types implement trait `Serialize`:
[INFO] [stderr]              bool
[INFO] [stderr]              char
[INFO] [stderr]              isize
[INFO] [stderr]              i8
[INFO] [stderr]              i16
[INFO] [stderr]              i32
[INFO] [stderr]              i64
[INFO] [stderr]              i128
[INFO] [stderr]            and $N others
[INFO] [stderr] note: required by a bound in `serde_json::to_string`
[INFO] [stderr]   --> $CARGO/serde_json-1.0.111/src/ser.rs
[INFO] [stderr]    |
[INFO] [stderr]    | pub fn to_string<T>(value: &T) -> Result<String>
[INFO] [stderr]    |        --------- required by a bound in this function
[INFO] [stderr]    | where
[INFO] [stderr]    |     T: ?Sized + Serialize,
[INFO] [stderr]    |                 ^^^^^^^^^ required by this bound in `to_string`
[INFO] [stderr]    = note: this error originates in the macro `check` (in Nightly builds, run with -Z macro-backtrace for more info)
[INFO] [stderr] 
[INFO] [stderr] error[E0277]: the trait bound `main::Foo: Deserialize<'_>` is not satisfied
[INFO] [stderr]   --> tests/cases/pass-serde.rs:12:32
[INFO] [stderr]    |
[INFO] [stderr] 12 |             let deserialized = serde_json::from_str(&json).unwrap();
[INFO] [stderr]    |                                ^^^^^^^^^^^^^^^^^^^^ the trait `Deserialize<'_>` is not implemented for `main::Foo`
[INFO] [stderr] ...
[INFO] [stderr] 24 |     check!(u32, 3u32, "3");
[INFO] [stderr]    |     ---------------------- in this macro invocation
[INFO] [stderr]    |
[INFO] [stderr]    = help: the following other types implement trait `Deserialize<'de>`:
[INFO] [stderr]              bool
[INFO] [stderr]              char
[INFO] [stderr]              isize
[INFO] [stderr]              i8
[INFO] [stderr]              i16
[INFO] [stderr]              i32
[INFO] [stderr]              i64
[INFO] [stderr]              i128
[INFO] [stderr]            and $N others
[INFO] [stderr] note: required by a bound in `serde_json::from_str`
[INFO] [stderr]   --> $CARGO/serde_json-1.0.111/src/de.rs
[INFO] [stderr]    |
[INFO] [stderr]    | pub fn from_str<'a, T>(s: &'a str) -> Result<T>
[INFO] [stderr]    |        -------- required by a bound in this function
[INFO] [stderr]    | where
[INFO] [stderr]    |     T: de::Deserialize<'a>,
[INFO] [stderr]    |        ^^^^^^^^^^^^^^^^^^^ required by this bound in `from_str`
[INFO] [stderr]    = note: this error originates in the macro `check` (in Nightly builds, run with -Z macro-backtrace for more info)
[INFO] [stderr] 
[INFO] [stderr] error[E0277]: the trait bound `main::Foo: Serialize` is not satisfied
[INFO] [stderr]   --> tests/cases/pass-serde.rs:11:46
[INFO] [stderr]    |
[INFO] [stderr] 11 |             let json = serde_json::to_string(&foo).unwrap();
[INFO] [stderr]    |                        --------------------- ^^^^ the trait `Serialize` is not implemented for `main::Foo`
[INFO] [stderr]    |                        |
[INFO] [stderr]    |                        required by a bound introduced by this call
[INFO] [stderr] ...
[INFO] [stderr] 25 |     check!(u64, 4u64, "4");
[INFO] [stderr]    |     ---------------------- in this macro invocation
[INFO] [stderr]    |
[INFO] [stderr]    = help: the following other types implement trait `Serialize`:
[INFO] [stderr]              bool
[INFO] [stderr]              char
[INFO] [stderr]              isize
[INFO] [stderr]              i8
[INFO] [stderr]              i16
[INFO] [stderr]              i32
[INFO] [stderr]              i64
[INFO] [stderr]              i128
[INFO] [stderr]            and $N others
[INFO] [stderr] note: required by a bound in `serde_json::to_string`
[INFO] [stderr]   --> $CARGO/serde_json-1.0.111/src/ser.rs
[INFO] [stderr]    |
[INFO] [stderr]    | pub fn to_string<T>(value: &T) -> Result<String>
[INFO] [stderr]    |        --------- required by a bound in this function
[INFO] [stderr]    | where
[INFO] [stderr]    |     T: ?Sized + Serialize,
[INFO] [stderr]    |                 ^^^^^^^^^ required by this bound in `to_string`
[INFO] [stderr]    = note: this error originates in the macro `check` (in Nightly builds, run with -Z macro-backtrace for more info)
[INFO] [stderr] 
[INFO] [stderr] error[E0277]: the trait bound `main::Foo: Deserialize<'_>` is not satisfied
[INFO] [stderr]   --> tests/cases/pass-serde.rs:12:32
[INFO] [stderr]    |
[INFO] [stderr] 12 |             let deserialized = serde_json::from_str(&json).unwrap();
[INFO] [stderr]    |                                ^^^^^^^^^^^^^^^^^^^^ the trait `Deserialize<'_>` is not implemented for `main::Foo`
[INFO] [stderr] ...
[INFO] [stderr] 25 |     check!(u64, 4u64, "4");
[INFO] [stderr]    |     ---------------------- in this macro invocation
[INFO] [stderr]    |
[INFO] [stderr]    = help: the following other types implement trait `Deserialize<'de>`:
[INFO] [stderr]              bool
[INFO] [stderr]              char
[INFO] [stderr]              isize
[INFO] [stderr]              i8
[INFO] [stderr]              i16
[INFO] [stderr]              i32
[INFO] [stderr]              i64
[INFO] [stderr]              i128
[INFO] [stderr]            and $N others
[INFO] [stderr] note: required by a bound in `serde_json::from_str`
[INFO] [stderr]   --> $CARGO/serde_json-1.0.111/src/de.rs
[INFO] [stderr]    |
[INFO] [stderr]    | pub fn from_str<'a, T>(s: &'a str) -> Result<T>
[INFO] [stderr]    |        -------- required by a bound in this function
[INFO] [stderr]    | where
[INFO] [stderr]    |     T: de::Deserialize<'a>,
[INFO] [stderr]    |        ^^^^^^^^^^^^^^^^^^^ required by this bound in `from_str`
[INFO] [stderr]    = note: this error originates in the macro `check` (in Nightly builds, run with -Z macro-backtrace for more info)
[INFO] [stderr] 
[INFO] [stderr] error[E0277]: the trait bound `main::Foo: Serialize` is not satisfied
[INFO] [stderr]   --> tests/cases/pass-serde.rs:11:46
[INFO] [stderr]    |
[INFO] [stderr] 11 |             let json = serde_json::to_string(&foo).unwrap();
[INFO] [stderr]    |                        --------------------- ^^^^ the trait `Serialize` is not implemented for `main::Foo`
[INFO] [stderr]    |                        |
[INFO] [stderr]    |                        required by a bound introduced by this call
[INFO] [stderr] ...
[INFO] [stderr] 26 |     check!(u128, 5u128, "5");
[INFO] [stderr]    |     ------------------------ in this macro invocation
[INFO] [stderr]    |
[INFO] [stderr]    = help: the following other types implement trait `Serialize`:
[INFO] [stderr]              bool
[INFO] [stderr]              char
[INFO] [stderr]              isize
[INFO] [stderr]              i8
[INFO] [stderr]              i16
[INFO] [stderr]              i32
[INFO] [stderr]              i64
[INFO] [stderr]              i128
[INFO] [stderr]            and $N others
[INFO] [stderr] note: required by a bound in `serde_json::to_string`
[INFO] [stderr]   --> $CARGO/serde_json-1.0.111/src/ser.rs
[INFO] [stderr]    |
[INFO] [stderr]    | pub fn to_string<T>(value: &T) -> Result<String>
[INFO] [stderr]    |        --------- required by a bound in this function
[INFO] [stderr]    | where
[INFO] [stderr]    |     T: ?Sized + Serialize,
[INFO] [stderr]    |                 ^^^^^^^^^ required by this bound in `to_string`
[INFO] [stderr]    = note: this error originates in the macro `check` (in Nightly builds, run with -Z macro-backtrace for more info)
[INFO] [stderr] 
[INFO] [stderr] error[E0277]: the trait bound `main::Foo: Deserialize<'_>` is not satisfied
[INFO] [stderr]   --> tests/cases/pass-serde.rs:12:32
[INFO] [stderr]    |
[INFO] [stderr] 12 |             let deserialized = serde_json::from_str(&json).unwrap();
[INFO] [stderr]    |                                ^^^^^^^^^^^^^^^^^^^^ the trait `Deserialize<'_>` is not implemented for `main::Foo`
[INFO] [stderr] ...
[INFO] [stderr] 26 |     check!(u128, 5u128, "5");
[INFO] [stderr]    |     ------------------------ in this macro invocation
[INFO] [stderr]    |
[INFO] [stderr]    = help: the following other types implement trait `Deserialize<'de>`:
[INFO] [stderr]              bool
[INFO] [stderr]              char
[INFO] [stderr]              isize
[INFO] [stderr]              i8
[INFO] [stderr]              i16
[INFO] [stderr]              i32
[INFO] [stderr]              i64
[INFO] [stderr]              i128
[INFO] [stderr]            and $N others
[INFO] [stderr] note: required by a bound in `serde_json::from_str`
[INFO] [stderr]   --> $CARGO/serde_json-1.0.111/src/de.rs
[INFO] [stderr]    |
[INFO] [stderr]    | pub fn from_str<'a, T>(s: &'a str) -> Result<T>
[INFO] [stderr]    |        -------- required by a bound in this function
[INFO] [stderr]    | where
[INFO] [stderr]    |     T: de::Deserialize<'a>,
[INFO] [stderr]    |        ^^^^^^^^^^^^^^^^^^^ required by this bound in `from_str`
[INFO] [stderr]    = note: this error originates in the macro `check` (in Nightly builds, run with -Z macro-backtrace for more info)
[INFO] [stderr] 
[INFO] [stderr] error[E0277]: the trait bound `main::Foo: Serialize` is not satisfied
[INFO] [stderr]   --> tests/cases/pass-serde.rs:11:46
[INFO] [stderr]    |
[INFO] [stderr] 11 |             let json = serde_json::to_string(&foo).unwrap();
[INFO] [stderr]    |                        --------------------- ^^^^ the trait `Serialize` is not implemented for `main::Foo`
[INFO] [stderr]    |                        |
[INFO] [stderr]    |                        required by a bound introduced by this call
[INFO] [stderr] ...
[INFO] [stderr] 27 |     check!(usize, 6usize, "6");
[INFO] [stderr]    |     -------------------------- in this macro invocation
[INFO] [stderr]    |
[INFO] [stderr]    = help: the following other types implement trait `Serialize`:
[INFO] [stderr]              bool
[INFO] [stderr]              char
[INFO] [stderr]              isize
[INFO] [stderr]              i8
[INFO] [stderr]              i16
[INFO] [stderr]              i32
[INFO] [stderr]              i64
[INFO] [stderr]              i128
[INFO] [stderr]            and $N others
[INFO] [stderr] note: required by a bound in `serde_json::to_string`
[INFO] [stderr]   --> $CARGO/serde_json-1.0.111/src/ser.rs
[INFO] [stderr]    |
[INFO] [stderr]    | pub fn to_string<T>(value: &T) -> Result<String>
[INFO] [stderr]    |        --------- required by a bound in this function
[INFO] [stderr]    | where
[INFO] [stderr]    |     T: ?Sized + Serialize,
[INFO] [stderr]    |                 ^^^^^^^^^ required by this bound in `to_string`
[INFO] [stderr]    = note: this error originates in the macro `check` (in Nightly builds, run with -Z macro-backtrace for more info)
[INFO] [stderr] 
[INFO] [stderr] error[E0277]: the trait bound `main::Foo: Deserialize<'_>` is not satisfied
[INFO] [stderr]   --> tests/cases/pass-serde.rs:12:32
[INFO] [stderr]    |
[INFO] [stderr] 12 |             let deserialized = serde_json::from_str(&json).unwrap();
[INFO] [stderr]    |                                ^^^^^^^^^^^^^^^^^^^^ the trait `Deserialize<'_>` is not implemented for `main::Foo`
[INFO] [stderr] ...
[INFO] [stderr] 27 |     check!(usize, 6usize, "6");
[INFO] [stderr]    |     -------------------------- in this macro invocation
[INFO] [stderr]    |
[INFO] [stderr]    = help: the following other types implement trait `Deserialize<'de>`:
[INFO] [stderr]              bool
[INFO] [stderr]              char
[INFO] [stderr]              isize
[INFO] [stderr]              i8
[INFO] [stderr]              i16
[INFO] [stderr]              i32
[INFO] [stderr]              i64
[INFO] [stderr]              i128
[INFO] [stderr]            and $N others
[INFO] [stderr] note: required by a bound in `serde_json::from_str`
[INFO] [stderr]   --> $CARGO/serde_json-1.0.111/src/de.rs
[INFO] [stderr]    |
[INFO] [stderr]    | pub fn from_str<'a, T>(s: &'a str) -> Result<T>
[INFO] [stderr]    |        -------- required by a bound in this function
[INFO] [stderr]    | where
[INFO] [stderr]    |     T: de::Deserialize<'a>,
[INFO] [stderr]    |        ^^^^^^^^^^^^^^^^^^^ required by this bound in `from_str`
[INFO] [stderr]    = note: this error originates in the macro `check` (in Nightly builds, run with -Z macro-backtrace for more info)
[INFO] [stderr] 
[INFO] [stderr] error[E0277]: the trait bound `main::Foo: Serialize` is not satisfied
[INFO] [stderr]   --> tests/cases/pass-serde.rs:11:46
[INFO] [stderr]    |
[INFO] [stderr] 11 |             let json = serde_json::to_string(&foo).unwrap();
[INFO] [stderr]    |                        --------------------- ^^^^ the trait `Serialize` is not implemented for `main::Foo`
[INFO] [stderr]    |                        |
[INFO] [stderr]    |                        required by a bound introduced by this call
[INFO] [stderr] ...
[INFO] [stderr] 28 |     check!(usize, 7usize, "7");
[INFO] [stderr]    |     -------------------------- in this macro invocation
[INFO] [stderr]    |
[INFO] [stderr]    = help: the following other types implement trait `Serialize`:
[INFO] [stderr]              bool
[INFO] [stderr]              char
[INFO] [stderr]              isize
[INFO] [stderr]              i8
[INFO] [stderr]              i16
[INFO] [stderr]              i32
[INFO] [stderr]              i64
[INFO] [stderr]              i128
[INFO] [stderr]            and $N others
[INFO] [stderr] note: required by a bound in `serde_json::to_string`
[INFO] [stderr]   --> $CARGO/serde_json-1.0.111/src/ser.rs
[INFO] [stderr]    |
[INFO] [stderr]    | pub fn to_string<T>(value: &T) -> Result<String>
[INFO] [stderr]    |        --------- required by a bound in this function
[INFO] [stderr]    | where
[INFO] [stderr]    |     T: ?Sized + Serialize,
[INFO] [stderr]    |                 ^^^^^^^^^ required by this bound in `to_string`
[INFO] [stderr]    = note: this error originates in the macro `check` (in Nightly builds, run with -Z macro-backtrace for more info)
[INFO] [stderr] 
[INFO] [stderr] error[E0277]: the trait bound `main::Foo: Deserialize<'_>` is not satisfied
[INFO] [stderr]   --> tests/cases/pass-serde.rs:12:32
[INFO] [stderr]    |
[INFO] [stderr] 12 |             let deserialized = serde_json::from_str(&json).unwrap();
[INFO] [stderr]    |                                ^^^^^^^^^^^^^^^^^^^^ the trait `Deserialize<'_>` is not implemented for `main::Foo`
[INFO] [stderr] ...
[INFO] [stderr] 28 |     check!(usize, 7usize, "7");
[INFO] [stderr]    |     -------------------------- in this macro invocation
[INFO] [stderr]    |
[INFO] [stderr]    = help: the following other types implement trait `Deserialize<'de>`:
[INFO] [stderr]              bool
[INFO] [stderr]              char
[INFO] [stderr]              isize
[INFO] [stderr]              i8
[INFO] [stderr]              i16
[INFO] [stderr]              i32
[INFO] [stderr]              i64
[INFO] [stderr]              i128
[INFO] [stderr]            and $N others
[INFO] [stderr] note: required by a bound in `serde_json::from_str`
[INFO] [stderr]   --> $CARGO/serde_json-1.0.111/src/de.rs
[INFO] [stderr]    |
[INFO] [stderr]    | pub fn from_str<'a, T>(s: &'a str) -> Result<T>
[INFO] [stderr]    |        -------- required by a bound in this function
[INFO] [stderr]    | where
[INFO] [stderr]    |     T: de::Deserialize<'a>,
[INFO] [stderr]    |        ^^^^^^^^^^^^^^^^^^^ required by this bound in `from_str`
[INFO] [stderr]    = note: this error originates in the macro `check` (in Nightly builds, run with -Z macro-backtrace for more info)
[INFO] [stderr] 
[INFO] [stderr] error[E0277]: the trait bound `main::Foo: Serialize` is not satisfied
[INFO] [stderr]   --> tests/cases/pass-serde.rs:11:46
[INFO] [stderr]    |
[INFO] [stderr] 11 |             let json = serde_json::to_string(&foo).unwrap();
[INFO] [stderr]    |                        --------------------- ^^^^ the trait `Serialize` is not implemented for `main::Foo`
[INFO] [stderr]    |                        |
[INFO] [stderr]    |                        required by a bound introduced by this call
[INFO] [stderr] ...
[INFO] [stderr] 29 |     check!(String, "Foo".to_string(), r#""Foo""#);
[INFO] [stderr]    |     --------------------------------------------- in this macro invocation
[INFO] [stderr]    |
[INFO] [stderr]    = help: the following other types implement trait `Serialize`:
[INFO] [stderr]              bool
[INFO] [stderr]              char
[INFO] [stderr]              isize
[INFO] [stderr]              i8
[INFO] [stderr]              i16
[INFO] [stderr]              i32
[INFO] [stderr]              i64
[INFO] [stderr]              i128
[INFO] [stderr]            and $N others
[INFO] [stderr] note: required by a bound in `serde_json::to_string`
[INFO] [stderr]   --> $CARGO/serde_json-1.0.111/src/ser.rs
[INFO] [stderr]    |
[INFO] [stderr]    | pub fn to_string<T>(value: &T) -> Result<String>
[INFO] [stderr]    |        --------- required by a bound in this function
[INFO] [stderr]    | where
[INFO] [stderr]    |     T: ?Sized + Serialize,
[INFO] [stderr]    |                 ^^^^^^^^^ required by this bound in `to_string`
[INFO] [stderr]    = note: this error originates in the macro `check` (in Nightly builds, run with -Z macro-backtrace for more info)
[INFO] [stderr] 
[INFO] [stderr] error[E0277]: the trait bound `main::Foo: Deserialize<'_>` is not satisfied
[INFO] [stderr]   --> tests/cases/pass-serde.rs:12:32
[INFO] [stderr]    |
[INFO] [stderr] 12 |             let deserialized = serde_json::from_str(&json).unwrap();
[INFO] [stderr]    |                                ^^^^^^^^^^^^^^^^^^^^ the trait `Deserialize<'_>` is not implemented for `main::Foo`
[INFO] [stderr] ...
[INFO] [stderr] 29 |     check!(String, "Foo".to_string(), r#""Foo""#);
[INFO] [stderr]    |     --------------------------------------------- in this macro invocation
[INFO] [stderr]    |
[INFO] [stderr]    = help: the following other types implement trait `Deserialize<'de>`:
[INFO] [stderr]              bool
[INFO] [stderr]              char
[INFO] [stderr]              isize
[INFO] [stderr]              i8
[INFO] [stderr]              i16
[INFO] [stderr]              i32
[INFO] [stderr]              i64
[INFO] [stderr]              i128
[INFO] [stderr]            and $N others
[INFO] [stderr] note: required by a bound in `serde_json::from_str`
[INFO] [stderr]   --> $CARGO/serde_json-1.0.111/src/de.rs
[INFO] [stderr]    |
[INFO] [stderr]    | pub fn from_str<'a, T>(s: &'a str) -> Result<T>
[INFO] [stderr]    |        -------- required by a bound in this function
[INFO] [stderr]    | where
[INFO] [stderr]    |     T: de::Deserialize<'a>,
[INFO] [stderr]    |        ^^^^^^^^^^^^^^^^^^^ required by this bound in `from_str`
[INFO] [stderr]    = note: this error originates in the macro `check` (in Nightly builds, run with -Z macro-backtrace for more info)
[INFO] [stderr] 
[INFO] [stderr] error[E0277]: the trait bound `main::Foo: Serialize` is not satisfied
[INFO] [stderr]   --> tests/cases/pass-serde.rs:11:46
[INFO] [stderr]    |
[INFO] [stderr] 11 |             let json = serde_json::to_string(&foo).unwrap();
[INFO] [stderr]    |                        --------------------- ^^^^ the trait `Serialize` is not implemented for `main::Foo`
[INFO] [stderr]    |                        |
[INFO] [stderr]    |                        required by a bound introduced by this call
[INFO] [stderr] ...
[INFO] [stderr] 30 |     check!(char, 'X', r#""X""#);
[INFO] [stderr]    |     --------------------------- in this macro invocation
[INFO] [stderr]    |
[INFO] [stderr]    = help: the following other types implement trait `Serialize`:
[INFO] [stderr]              bool
[INFO] [stderr]              char
[INFO] [stderr]              isize
[INFO] [stderr]              i8
[INFO] [stderr]              i16
[INFO] [stderr]              i32
[INFO] [stderr]              i64
[INFO] [stderr]              i128
[INFO] [stderr]            and $N others
[INFO] [stderr] note: required by a bound in `serde_json::to_string`
[INFO] [stderr]   --> $CARGO/serde_json-1.0.111/src/ser.rs
[INFO] [stderr]    |
[INFO] [stderr]    | pub fn to_string<T>(value: &T) -> Result<String>
[INFO] [stderr]    |        --------- required by a bound in this function
[INFO] [stderr]    | where
[INFO] [stderr]    |     T: ?Sized + Serialize,
[INFO] [stderr]    |                 ^^^^^^^^^ required by this bound in `to_string`
[INFO] [stderr]    = note: this error originates in the macro `check` (in Nightly builds, run with -Z macro-backtrace for more info)
[INFO] [stderr] 
[INFO] [stderr] error[E0277]: the trait bound `main::Foo: Deserialize<'_>` is not satisfied
[INFO] [stderr]   --> tests/cases/pass-serde.rs:12:32
[INFO] [stderr]    |
[INFO] [stderr] 12 |             let deserialized = serde_json::from_str(&json).unwrap();
[INFO] [stderr]    |                                ^^^^^^^^^^^^^^^^^^^^ the trait `Deserialize<'_>` is not implemented for `main::Foo`
[INFO] [stderr] ...
[INFO] [stderr] 30 |     check!(char, 'X', r#""X""#);
[INFO] [stderr]    |     --------------------------- in this macro invocation
[INFO] [stderr]    |
[INFO] [stderr]    = help: the following other types implement trait `Deserialize<'de>`:
[INFO] [stderr]              bool
[INFO] [stderr]              char
[INFO] [stderr]              isize
[INFO] [stderr]              i8
[INFO] [stderr]              i16
[INFO] [stderr]              i32
[INFO] [stderr]              i64
[INFO] [stderr]              i128
[INFO] [stderr]            and $N others
[INFO] [stderr] note: required by a bound in `serde_json::from_str`
[INFO] [stderr]   --> $CARGO/serde_json-1.0.111/src/de.rs
[INFO] [stderr]    |
[INFO] [stderr]    | pub fn from_str<'a, T>(s: &'a str) -> Result<T>
[INFO] [stderr]    |        -------- required by a bound in this function
[INFO] [stderr]    | where
[INFO] [stderr]    |     T: de::Deserialize<'a>,
[INFO] [stderr]    |        ^^^^^^^^^^^^^^^^^^^ required by this bound in `from_str`
[INFO] [stderr]    = note: this error originates in the macro `check` (in Nightly builds, run with -Z macro-backtrace for more info)
[INFO] [stderr] 
[INFO] [stderr] error[E0277]: the trait bound `Baz: Serialize` is not satisfied
[INFO] [stderr]   --> tests/cases/pass-serde.rs:35:14
[INFO] [stderr]    |
[INFO] [stderr] 35 |     #[derive(Serialize, Deserialize, Eq, PartialEq, Debug)]
[INFO] [stderr]    |              ^^^^^^^^^ the trait `Serialize` is not implemented for `Baz`
[INFO] [stderr] 36 |     struct Foo {
[INFO] [stderr] 37 |         bar: Baz
[INFO] [stderr]    |         --- required by a bound introduced by this call
[INFO] [stderr]    |
[INFO] [stderr]    = help: the following other types implement trait `Serialize`:
[INFO] [stderr]              bool
[INFO] [stderr]              char
[INFO] [stderr]              isize
[INFO] [stderr]              i8
[INFO] [stderr]              i16
[INFO] [stderr]              i32
[INFO] [stderr]              i64
[INFO] [stderr]              i128
[INFO] [stderr]            and $N others
[INFO] [stderr] note: required by a bound in `main::_::_serde::ser::SerializeStruct::serialize_field`
[INFO] [stderr]   --> $CARGO/serde-1.0.194/src/ser/mod.rs
[INFO] [stderr]    |
[INFO] [stderr]    |     fn serialize_field<T: ?Sized>(
[INFO] [stderr]    |        --------------- required by a bound in this associated function
[INFO] [stderr] ...
[INFO] [stderr]    |         T: Serialize;
[INFO] [stderr]    |            ^^^^^^^^^ required by this bound in `SerializeStruct::serialize_field`
[INFO] [stderr] 
[INFO] [stderr] error[E0277]: the trait bound `Baz: Deserialize<'_>` is not satisfied
[INFO] [stderr]   --> tests/cases/pass-serde.rs:37:14
[INFO] [stderr]    |
[INFO] [stderr] 37 |         bar: Baz
[INFO] [stderr]    |              ^^^ the trait `Deserialize<'_>` is not implemented for `Baz`
[INFO] [stderr]    |
[INFO] [stderr]    = help: the following other types implement trait `Deserialize<'de>`:
[INFO] [stderr]              bool
[INFO] [stderr]              char
[INFO] [stderr]              isize
[INFO] [stderr]              i8
[INFO] [stderr]              i16
[INFO] [stderr]              i32
[INFO] [stderr]              i64
[INFO] [stderr]              i128
[INFO] [stderr]            and $N others
[INFO] [stderr] note: required by a bound in `next_element`
[INFO] [stderr]   --> $CARGO/serde-1.0.194/src/de/mod.rs
[INFO] [stderr]    |
[INFO] [stderr]    |     fn next_element<T>(&mut self) -> Result<Option<T>, Self::Error>
[INFO] [stderr]    |        ------------ required by a bound in this associated function
[INFO] [stderr]    |     where
[INFO] [stderr]    |         T: Deserialize<'de>,
[INFO] [stderr]    |            ^^^^^^^^^^^^^^^^ required by this bound in `SeqAccess::next_element`
[INFO] [stderr] 
[INFO] [stderr] error[E0277]: the trait bound `Baz: Deserialize<'_>` is not satisfied
[INFO] [stderr]   --> tests/cases/pass-serde.rs:37:14
[INFO] [stderr]    |
[INFO] [stderr] 37 |         bar: Baz
[INFO] [stderr]    |              ^^^ the trait `Deserialize<'_>` is not implemented for `Baz`
[INFO] [stderr]    |
[INFO] [stderr]    = help: the following other types implement trait `Deserialize<'de>`:
[INFO] [stderr]              bool
[INFO] [stderr]              char
[INFO] [stderr]              isize
[INFO] [stderr]              i8
[INFO] [stderr]              i16
[INFO] [stderr]              i32
[INFO] [stderr]              i64
[INFO] [stderr]              i128
[INFO] [stderr]            and $N others
[INFO] [stderr] note: required by a bound in `next_value`
[INFO] [stderr]   --> $CARGO/serde-1.0.194/src/de/mod.rs
[INFO] [stderr]    |
[INFO] [stderr]    |     fn next_value<V>(&mut self) -> Result<V, Self::Error>
[INFO] [stderr]    |        ---------- required by a bound in this associated function
[INFO] [stderr]    |     where
[INFO] [stderr]    |         V: Deserialize<'de>,
[INFO] [stderr]    |            ^^^^^^^^^^^^^^^^ required by this bound in `MapAccess::next_value`
[INFO] [stderr] 
[INFO] [stderr] error[E0277]: the trait bound `Baz: Deserialize<'_>` is not satisfied
[INFO] [stderr]   --> tests/cases/pass-serde.rs:37:9
[INFO] [stderr]    |
[INFO] [stderr] 37 |         bar: Baz
[INFO] [stderr]    |         ^^^ the trait `Deserialize<'_>` is not implemented for `Baz`
[INFO] [stderr]    |
[INFO] [stderr]    = help: the following other types implement trait `Deserialize<'de>`:
[INFO] [stderr]              bool
[INFO] [stderr]              char
[INFO] [stderr]              isize
[INFO] [stderr]              i8
[INFO] [stderr]              i16
[INFO] [stderr]              i32
[INFO] [stderr]              i64
[INFO] [stderr]              i128
[INFO] [stderr]            and $N others
[INFO] [stderr] note: required by a bound in `main::_::_serde::__private::de::missing_field`
[INFO] [stderr]   --> $CARGO/serde-1.0.194/src/private/de.rs
[INFO] [stderr]    |
[INFO] [stderr]    | pub fn missing_field<'de, V, E>(field: &'static str) -> Result<V, E>
[INFO] [stderr]    |        ------------- required by a bound in this function
[INFO] [stderr]    | where
[INFO] [stderr]    |     V: Deserialize<'de>,
[INFO] [stderr]    |        ^^^^^^^^^^^^^^^^ required by this bound in `missing_field`
[INFO] [stderr] ┈┈┈┈┈┈┈┈┈┈┈┈┈┈┈┈┈┈┈┈┈┈┈┈┈┈┈┈┈┈┈┈┈┈┈┈┈┈┈┈┈┈┈┈┈┈┈┈┈┈┈┈┈┈┈┈┈┈┈┈
[INFO] [stderr] 
[INFO] [stderr] test tests/cases/pass-signed-int.rs [should pass] ... ok
[INFO] [stderr] test tests/cases/pass-skip.rs [should pass] ... ok
[INFO] [stderr] test tests/cases/pass-string.rs [should pass] ... ok
[INFO] [stderr] test tests/cases/pass-unsigned-int.rs [should pass] ... ok
[INFO] [stderr] test tests/cases/fail-enum.rs [should fail to compile] ... ok
[INFO] [stderr] test tests/cases/fail-generics.rs [should fail to compile] ... ok
[INFO] [stderr] test tests/cases/fail-named-field.rs [should fail to compile] ... ok
[INFO] [stderr] test tests/cases/fail-two-fields.rs [should fail to compile] ... ok
[INFO] [stderr] test tests/cases/fail-zero-fields.rs [should fail to compile] ... ok
[INFO] [stderr] 
[INFO] [stderr] 
[INFO] [stdout] test tests ... FAILED
[INFO] [stdout] 
[INFO] [stdout] failures:
[INFO] [stdout] 
[INFO] [stdout] ---- tests stdout ----
[INFO] [stdout] thread 'tests' panicked at /opt/rustwide/cargo-home/registry/src/index.crates.io-6f17d22bba15001f/trybuild-1.0.87/src/run.rs:101:13:
[INFO] [stdout] 1 of 13 tests failed
[INFO] [stdout] stack backtrace:
[INFO] [stdout]    0:     0x56284989054c - std::backtrace_rs::backtrace::libunwind::trace::ha637c64ce894333a
[INFO] [stdout]                                at /rustc/82e1608dfa6e0b5569232559e3d385fea5a93112/library/std/src/../../backtrace/src/backtrace/libunwind.rs:104:5
[INFO] [stdout]    1:     0x56284989054c - std::backtrace_rs::backtrace::trace_unsynchronized::h47f62dea28e0c88d
[INFO] [stdout]                                at /rustc/82e1608dfa6e0b5569232559e3d385fea5a93112/library/std/src/../../backtrace/src/backtrace/mod.rs:66:5
[INFO] [stdout]    2:     0x56284989054c - std::sys_common::backtrace::_print_fmt::h9eef0abe20ede486
[INFO] [stdout]                                at /rustc/82e1608dfa6e0b5569232559e3d385fea5a93112/library/std/src/sys_common/backtrace.rs:67:5
[INFO] [stdout]    3:     0x56284989054c - <std::sys_common::backtrace::_print::DisplayBacktrace as core::fmt::Display>::fmt::hed7f999df88cc644
[INFO] [stdout]                                at /rustc/82e1608dfa6e0b5569232559e3d385fea5a93112/library/std/src/sys_common/backtrace.rs:44:22
[INFO] [stdout]    4:     0x5628498bc930 - core::fmt::rt::Argument::fmt::h1539a9308b8d058d
[INFO] [stdout]                                at /rustc/82e1608dfa6e0b5569232559e3d385fea5a93112/library/core/src/fmt/rt.rs:142:9
[INFO] [stdout]    5:     0x5628498bc930 - core::fmt::write::h3a39390d8560d9c9
[INFO] [stdout]                                at /rustc/82e1608dfa6e0b5569232559e3d385fea5a93112/library/core/src/fmt/mod.rs:1120:17
[INFO] [stdout]    6:     0x56284988d3ff - std::io::Write::write_fmt::h040b369f3a0f9cbc
[INFO] [stdout]                                at /rustc/82e1608dfa6e0b5569232559e3d385fea5a93112/library/std/src/io/mod.rs:1762:15
[INFO] [stdout]    7:     0x562849890334 - std::sys_common::backtrace::_print::h894006fb5c6f3d45
[INFO] [stdout]                                at /rustc/82e1608dfa6e0b5569232559e3d385fea5a93112/library/std/src/sys_common/backtrace.rs:47:5
[INFO] [stdout]    8:     0x562849890334 - std::sys_common::backtrace::print::h23a2d212c6fff936
[INFO] [stdout]                                at /rustc/82e1608dfa6e0b5569232559e3d385fea5a93112/library/std/src/sys_common/backtrace.rs:34:9
[INFO] [stdout]    9:     0x562849891ff7 - std::panicking::default_hook::{{closure}}::h8a1d2ee00185001a
[INFO] [stdout]   10:     0x562849891ce3 - std::panicking::default_hook::h6038f2eba384e475
[INFO] [stdout]                                at /rustc/82e1608dfa6e0b5569232559e3d385fea5a93112/library/std/src/panicking.rs:289:9
[INFO] [stdout]   11:     0x5628498607e7 - <alloc::boxed::Box<F,A> as core::ops::function::Fn<Args>>::call::h0ad024c9bdc6d768
[INFO] [stdout]                                at /rustc/82e1608dfa6e0b5569232559e3d385fea5a93112/library/alloc/src/boxed.rs:2021:9
[INFO] [stdout]   12:     0x5628498607e7 - test::test_main::{{closure}}::h7500b54257359db6
[INFO] [stdout]                                at /rustc/82e1608dfa6e0b5569232559e3d385fea5a93112/library/test/src/lib.rs:138:21
[INFO] [stdout]   13:     0x562849892608 - <alloc::boxed::Box<F,A> as core::ops::function::Fn<Args>>::call::h1f8f335eaa9cfaee
[INFO] [stdout]                                at /rustc/82e1608dfa6e0b5569232559e3d385fea5a93112/library/alloc/src/boxed.rs:2021:9
[INFO] [stdout]   14:     0x562849892608 - std::panicking::rust_panic_with_hook::h2b5517d590cab22e
[INFO] [stdout]                                at /rustc/82e1608dfa6e0b5569232559e3d385fea5a93112/library/std/src/panicking.rs:783:13
[INFO] [stdout]   15:     0x56284989235e - std::panicking::begin_panic_handler::{{closure}}::h233112c06e0ef43e
[INFO] [stdout]                                at /rustc/82e1608dfa6e0b5569232559e3d385fea5a93112/library/std/src/panicking.rs:657:13
[INFO] [stdout]   16:     0x562849890a16 - std::sys_common::backtrace::__rust_end_short_backtrace::h6e893f24d7ebbff8
[INFO] [stdout]                                at /rustc/82e1608dfa6e0b5569232559e3d385fea5a93112/library/std/src/sys_common/backtrace.rs:170:18
[INFO] [stdout]   17:     0x5628498920c2 - rust_begin_unwind
[INFO] [stdout]                                at /rustc/82e1608dfa6e0b5569232559e3d385fea5a93112/library/std/src/panicking.rs:645:5
[INFO] [stdout]   18:     0x562849641fc5 - core::panicking::panic_fmt::hbf0e066aabfa482c
[INFO] [stdout]                                at /rustc/82e1608dfa6e0b5569232559e3d385fea5a93112/library/core/src/panicking.rs:72:14
[INFO] [stdout]   19:     0x5628496510d3 - trybuild::run::<impl trybuild::Runner>::run::he75c7f9e1f5a15a6
[INFO] [stdout]                                at /opt/rustwide/cargo-home/registry/src/index.crates.io-6f17d22bba15001f/trybuild-1.0.87/src/run.rs:101:13
[INFO] [stdout]   20:     0x562849656888 - <trybuild::TestCases as core::ops::drop::Drop>::drop::h93d037873f5e4379
[INFO] [stdout]                                at /opt/rustwide/cargo-home/registry/src/index.crates.io-6f17d22bba15001f/trybuild-1.0.87/src/lib.rs:317:13
[INFO] [stdout]   21:     0x562849642bc7 - core::ptr::drop_in_place<trybuild::TestCases>::hc025b91516e9ff63
[INFO] [stdout]                                at /rustc/82e1608dfa6e0b5569232559e3d385fea5a93112/library/core/src/ptr/mod.rs:498:1
[INFO] [stdout]   22:     0x562849643cab - tests::tests::hb2d6ea2aa21059a3
[INFO] [stdout]                                at /opt/rustwide/workdir/tests/progress.rs:7:1
[INFO] [stdout]   23:     0x562849643c27 - tests::tests::{{closure}}::h5b3f249faee6160d
[INFO] [stdout]                                at /opt/rustwide/workdir/tests/progress.rs:2:11
[INFO] [stdout]   24:     0x562849642b36 - core::ops::function::FnOnce::call_once::h1372c1053aeeca3c
[INFO] [stdout]                                at /rustc/82e1608dfa6e0b5569232559e3d385fea5a93112/library/core/src/ops/function.rs:250:5
[INFO] [stdout]   25:     0x562849865e3f - core::ops::function::FnOnce::call_once::h2b5d431d5046312d
[INFO] [stdout]                                at /rustc/82e1608dfa6e0b5569232559e3d385fea5a93112/library/core/src/ops/function.rs:250:5
[INFO] [stdout]   26:     0x562849865e3f - test::__rust_begin_short_backtrace::h7714669af176e207
[INFO] [stdout]                                at /rustc/82e1608dfa6e0b5569232559e3d385fea5a93112/library/test/src/lib.rs:628:18
[INFO] [stdout]   27:     0x562849864e55 - test::run_test_in_process::{{closure}}::h85218797dcbcec12
[INFO] [stdout]                                at /rustc/82e1608dfa6e0b5569232559e3d385fea5a93112/library/test/src/lib.rs:651:60
[INFO] [stdout]   28:     0x562849864e55 - <core::panic::unwind_safe::AssertUnwindSafe<F> as core::ops::function::FnOnce<()>>::call_once::h76c106ea31c14d7b
[INFO] [stdout]                                at /rustc/82e1608dfa6e0b5569232559e3d385fea5a93112/library/core/src/panic/unwind_safe.rs:272:9
[INFO] [stdout]   29:     0x562849864e55 - std::panicking::try::do_call::h3bd5d0f6620ee946
[INFO] [stdout]                                at /rustc/82e1608dfa6e0b5569232559e3d385fea5a93112/library/std/src/panicking.rs:552:40
[INFO] [stdout]   30:     0x562849864e55 - std::panicking::try::h232e535e4744fe31
[INFO] [stdout]                                at /rustc/82e1608dfa6e0b5569232559e3d385fea5a93112/library/std/src/panicking.rs:516:19
[INFO] [stdout]   31:     0x562849864e55 - std::panic::catch_unwind::h3ce3bd6ca8dbac68
[INFO] [stdout]                                at /rustc/82e1608dfa6e0b5569232559e3d385fea5a93112/library/std/src/panic.rs:142:14
[INFO] [stdout]   32:     0x562849864e55 - test::run_test_in_process::hc97b257c9621286a
[INFO] [stdout]                                at /rustc/82e1608dfa6e0b5569232559e3d385fea5a93112/library/test/src/lib.rs:651:27
[INFO] [stdout]   33:     0x562849864e55 - test::run_test::{{closure}}::h2aa798823a438d38
[INFO] [stdout]                                at /rustc/82e1608dfa6e0b5569232559e3d385fea5a93112/library/test/src/lib.rs:574:43
[INFO] [stdout]   34:     0x56284982d116 - test::run_test::{{closure}}::h87d231c78fb59832
[INFO] [stdout]                                at /rustc/82e1608dfa6e0b5569232559e3d385fea5a93112/library/test/src/lib.rs:602:41
[INFO] [stdout]   35:     0x56284982d116 - std::sys_common::backtrace::__rust_begin_short_backtrace::he6df152596625789
[INFO] [stdout]                                at /rustc/82e1608dfa6e0b5569232559e3d385fea5a93112/library/std/src/sys_common/backtrace.rs:154:18
[INFO] [stdout]   36:     0x5628498321c7 - std::thread::Builder::spawn_unchecked_::{{closure}}::{{closure}}::ha94be15d1e0acf36
[INFO] [stdout]                                at /rustc/82e1608dfa6e0b5569232559e3d385fea5a93112/library/std/src/thread/mod.rs:529:17
[INFO] [stdout]   37:     0x5628498321c7 - <core::panic::unwind_safe::AssertUnwindSafe<F> as core::ops::function::FnOnce<()>>::call_once::h9dc6bd6372f16606
[INFO] [stdout]                                at /rustc/82e1608dfa6e0b5569232559e3d385fea5a93112/library/core/src/panic/unwind_safe.rs:272:9
[INFO] [stdout]   38:     0x5628498321c7 - std::panicking::try::do_call::h9057517f80303cd4
[INFO] [stdout]                                at /rustc/82e1608dfa6e0b5569232559e3d385fea5a93112/library/std/src/panicking.rs:552:40
[INFO] [stdout]   39:     0x5628498321c7 - std::panicking::try::he3a30b11ee45340c
[INFO] [stdout]                                at /rustc/82e1608dfa6e0b5569232559e3d385fea5a93112/library/std/src/panicking.rs:516:19
[INFO] [stdout]   40:     0x5628498321c7 - std::panic::catch_unwind::h410458cfd3528b8b
[INFO] [stdout]                                at /rustc/82e1608dfa6e0b5569232559e3d385fea5a93112/library/std/src/panic.rs:142:14
[INFO] [stdout]   41:     0x5628498321c7 - std::thread::Builder::spawn_unchecked_::{{closure}}::h72ac3bdb567b737b
[INFO] [stdout]                                at /rustc/82e1608dfa6e0b5569232559e3d385fea5a93112/library/std/src/thread/mod.rs:528:30
[INFO] [stdout]   42:     0x5628498321c7 - core::ops::function::FnOnce::call_once{{vtable.shim}}::h38f34da3654a8344
[INFO] [stdout]                                at /rustc/82e1608dfa6e0b5569232559e3d385fea5a93112/library/core/src/ops/function.rs:250:5
[INFO] [stdout]   43:     0x5628498981e5 - <alloc::boxed::Box<F,A> as core::ops::function::FnOnce<Args>>::call_once::hc7eafaff61e32df9
[INFO] [stdout]                                at /rustc/82e1608dfa6e0b5569232559e3d385fea5a93112/library/alloc/src/boxed.rs:2007:9
[INFO] [stdout]   44:     0x5628498981e5 - <alloc::boxed::Box<F,A> as core::ops::function::FnOnce<Args>>::call_once::h6ba4a5de48dd2304
[INFO] [stdout]                                at /rustc/82e1608dfa6e0b5569232559e3d385fea5a93112/library/alloc/src/boxed.rs:2007:9
[INFO] [stdout]   45:     0x5628498981e5 - std::sys::unix::thread::Thread::new::thread_start::he469335aef763e45
[INFO] [stdout]                                at /rustc/82e1608dfa6e0b5569232559e3d385fea5a93112/library/std/src/sys/unix/thread.rs:108:17
[INFO] [stdout]   46:     0x7ff84d67cac3 - <unknown>
[INFO] [stdout]   47:     0x7ff84d70dbf4 - __clone
[INFO] [stdout]   48:                0x0 - <unknown>
[INFO] [stdout] 
[INFO] [stdout] 
[INFO] [stdout] failures:
[INFO] [stdout]     tests
[INFO] [stdout] 
[INFO] [stdout] test result: FAILED. 0 passed; 1 failed; 0 ignored; 0 measured; 0 filtered out; finished in 17.88s
[INFO] [stdout] 
[INFO] [stderr] error: test failed, to rerun pass `--test tests`
[INFO] running `Command { std: "docker" "inspect" "9de56a505e3cc72eaf65c5b8bd20363ec7d98cbbca84546050df41555e2dd0e0", kill_on_drop: false }`
[INFO] running `Command { std: "docker" "rm" "-f" "9de56a505e3cc72eaf65c5b8bd20363ec7d98cbbca84546050df41555e2dd0e0", kill_on_drop: false }`
[INFO] [stdout] 9de56a505e3cc72eaf65c5b8bd20363ec7d98cbbca84546050df41555e2dd0e0
[INFO] testing synonym-0.1.1 against beta-2023-12-22 for beta-1.76-1
[INFO] extracting crate synonym 0.1.1 into /workspace/builds/worker-2-tc2/source
[INFO] validating manifest of crates.io crate synonym 0.1.1 on toolchain beta-2023-12-22
[INFO] running `Command { std: CARGO_HOME="/workspace/cargo-home" RUSTUP_HOME="/workspace/rustup-home" "/workspace/cargo-home/bin/cargo" "+beta-2023-12-22" "metadata" "--manifest-path" "Cargo.toml" "--no-deps", kill_on_drop: false }`
[INFO] removed /workspace/builds/worker-2-tc2/source/rust-toolchain
[INFO] started tweaking crates.io crate synonym 0.1.1
[INFO] removed 0 missing tests
[INFO] finished tweaking crates.io crate synonym 0.1.1
[INFO] tweaked toml for crates.io crate synonym 0.1.1 written to /workspace/builds/worker-2-tc2/source/Cargo.toml
[INFO] running `Command { std: CARGO_HOME="/workspace/cargo-home" RUSTUP_HOME="/workspace/rustup-home" "/workspace/cargo-home/bin/cargo" "+beta-2023-12-22" "generate-lockfile" "--manifest-path" "Cargo.toml", kill_on_drop: false }`
[INFO] [stderr]     Updating crates.io index
[INFO] running `Command { std: CARGO_HOME="/workspace/cargo-home" RUSTUP_HOME="/workspace/rustup-home" "/workspace/cargo-home/bin/cargo" "+beta-2023-12-22" "fetch" "--manifest-path" "Cargo.toml", kill_on_drop: false }`
[INFO] running `Command { std: "docker" "create" "-v" "/var/lib/crater-agent-workspace/builds/worker-2-tc2/target:/opt/rustwide/target:rw,Z" "-v" "/var/lib/crater-agent-workspace/builds/worker-2-tc2/source:/opt/rustwide/workdir:ro,Z" "-v" "/var/lib/crater-agent-workspace/cargo-home:/opt/rustwide/cargo-home:ro,Z" "-v" "/var/lib/crater-agent-workspace/rustup-home:/opt/rustwide/rustup-home:ro,Z" "-e" "SOURCE_DIR=/opt/rustwide/workdir" "-e" "CARGO_TARGET_DIR=/opt/rustwide/target" "-e" "CARGO_HOME=/opt/rustwide/cargo-home" "-e" "RUSTUP_HOME=/opt/rustwide/rustup-home" "-w" "/opt/rustwide/workdir" "-m" "1610612736" "--user" "0:0" "--network" "none" "ghcr.io/rust-lang/crates-build-env/linux@sha256:2788e3201cd34a07e3172128adcd8b3090168a8e3bcc40d7c032b9dda1df7d1c" "/opt/rustwide/cargo-home/bin/cargo" "+beta-2023-12-22" "metadata" "--no-deps" "--format-version=1", kill_on_drop: false }`
[INFO] [stdout] e854a075d73a29edd8ec01eb1969e5b1da70aec3924f0e01eb33a0c87875d850
[INFO] running `Command { std: "docker" "start" "-a" "e854a075d73a29edd8ec01eb1969e5b1da70aec3924f0e01eb33a0c87875d850", kill_on_drop: false }`
[INFO] running `Command { std: "docker" "inspect" "e854a075d73a29edd8ec01eb1969e5b1da70aec3924f0e01eb33a0c87875d850", kill_on_drop: false }`
[INFO] running `Command { std: "docker" "rm" "-f" "e854a075d73a29edd8ec01eb1969e5b1da70aec3924f0e01eb33a0c87875d850", kill_on_drop: false }`
[INFO] [stdout] e854a075d73a29edd8ec01eb1969e5b1da70aec3924f0e01eb33a0c87875d850
[INFO] running `Command { std: "docker" "create" "-v" "/var/lib/crater-agent-workspace/builds/worker-2-tc2/target:/opt/rustwide/target:rw,Z" "-v" "/var/lib/crater-agent-workspace/builds/worker-2-tc2/source:/opt/rustwide/workdir:ro,Z" "-v" "/var/lib/crater-agent-workspace/cargo-home:/opt/rustwide/cargo-home:ro,Z" "-v" "/var/lib/crater-agent-workspace/rustup-home:/opt/rustwide/rustup-home:ro,Z" "-e" "SOURCE_DIR=/opt/rustwide/workdir" "-e" "CARGO_TARGET_DIR=/opt/rustwide/target" "-e" "CARGO_INCREMENTAL=0" "-e" "RUST_BACKTRACE=full" "-e" "RUSTFLAGS=--cap-lints=warn" "-e" "RUSTDOCFLAGS=--cap-lints=warn" "-e" "CARGO_HOME=/opt/rustwide/cargo-home" "-e" "RUSTUP_HOME=/opt/rustwide/rustup-home" "-w" "/opt/rustwide/workdir" "-m" "1610612736" "--user" "0:0" "--network" "none" "ghcr.io/rust-lang/crates-build-env/linux@sha256:2788e3201cd34a07e3172128adcd8b3090168a8e3bcc40d7c032b9dda1df7d1c" "/opt/rustwide/cargo-home/bin/cargo" "+beta-2023-12-22" "build" "--frozen" "--message-format=json", kill_on_drop: false }`
[INFO] [stdout] 842d5dcd8fd10f7025976efed00df6894ffee6100e64f40df6757560a144a917
[INFO] running `Command { std: "docker" "start" "-a" "842d5dcd8fd10f7025976efed00df6894ffee6100e64f40df6757560a144a917", kill_on_drop: false }`
[INFO] [stderr]    Compiling strsim v0.10.0
[INFO] [stderr]    Compiling syn v2.0.48
[INFO] [stderr]    Compiling darling_core v0.20.3
[INFO] [stderr]    Compiling darling_macro v0.20.3
[INFO] [stderr]    Compiling darling v0.20.3
[INFO] [stderr]    Compiling synonym v0.1.1 (/opt/rustwide/workdir)
[INFO] [stderr]     Finished dev [unoptimized + debuginfo] target(s) in 7.67s
[INFO] running `Command { std: "docker" "inspect" "842d5dcd8fd10f7025976efed00df6894ffee6100e64f40df6757560a144a917", kill_on_drop: false }`
[INFO] running `Command { std: "docker" "rm" "-f" "842d5dcd8fd10f7025976efed00df6894ffee6100e64f40df6757560a144a917", kill_on_drop: false }`
[INFO] [stdout] 842d5dcd8fd10f7025976efed00df6894ffee6100e64f40df6757560a144a917
[INFO] running `Command { std: "docker" "create" "-v" "/var/lib/crater-agent-workspace/builds/worker-2-tc2/target:/opt/rustwide/target:rw,Z" "-v" "/var/lib/crater-agent-workspace/builds/worker-2-tc2/source:/opt/rustwide/workdir:ro,Z" "-v" "/var/lib/crater-agent-workspace/cargo-home:/opt/rustwide/cargo-home:ro,Z" "-v" "/var/lib/crater-agent-workspace/rustup-home:/opt/rustwide/rustup-home:ro,Z" "-e" "SOURCE_DIR=/opt/rustwide/workdir" "-e" "CARGO_TARGET_DIR=/opt/rustwide/target" "-e" "CARGO_INCREMENTAL=0" "-e" "RUST_BACKTRACE=full" "-e" "RUSTFLAGS=--cap-lints=warn" "-e" "RUSTDOCFLAGS=--cap-lints=warn" "-e" "CARGO_HOME=/opt/rustwide/cargo-home" "-e" "RUSTUP_HOME=/opt/rustwide/rustup-home" "-w" "/opt/rustwide/workdir" "-m" "1610612736" "--user" "0:0" "--network" "none" "ghcr.io/rust-lang/crates-build-env/linux@sha256:2788e3201cd34a07e3172128adcd8b3090168a8e3bcc40d7c032b9dda1df7d1c" "/opt/rustwide/cargo-home/bin/cargo" "+beta-2023-12-22" "test" "--frozen" "--no-run" "--message-format=json", kill_on_drop: false }`
[INFO] [stdout] ceb30e8d785ae910eedd2477624de9090a4c0939e5353435b300acf8ac2b206b
[INFO] running `Command { std: "docker" "start" "-a" "ceb30e8d785ae910eedd2477624de9090a4c0939e5353435b300acf8ac2b206b", kill_on_drop: false }`
[INFO] [stderr]    Compiling proc-macro2 v1.0.75
[INFO] [stderr]    Compiling unicode-ident v1.0.12
[INFO] [stderr]    Compiling fnv v1.0.7
[INFO] [stderr]    Compiling ident_case v1.0.1
[INFO] [stderr]    Compiling strsim v0.10.0
[INFO] [stderr]    Compiling quote v1.0.35
[INFO] [stderr]    Compiling syn v2.0.48
[INFO] [stderr]    Compiling darling_core v0.20.3
[INFO] [stderr]    Compiling serde_derive v1.0.194
[INFO] [stderr]    Compiling darling_macro v0.20.3
[INFO] [stderr]    Compiling darling v0.20.3
[INFO] [stderr]    Compiling synonym v0.1.1 (/opt/rustwide/workdir)
[INFO] [stderr]    Compiling serde v1.0.194
[INFO] [stderr]    Compiling serde_json v1.0.111
[INFO] [stderr]    Compiling basic-toml v0.1.8
[INFO] [stderr]    Compiling trybuild v1.0.87
[INFO] [stderr]     Finished test [unoptimized + debuginfo] target(s) in 14.48s
[INFO] running `Command { std: "docker" "inspect" "ceb30e8d785ae910eedd2477624de9090a4c0939e5353435b300acf8ac2b206b", kill_on_drop: false }`
[INFO] running `Command { std: "docker" "rm" "-f" "ceb30e8d785ae910eedd2477624de9090a4c0939e5353435b300acf8ac2b206b", kill_on_drop: false }`
[INFO] [stdout] ceb30e8d785ae910eedd2477624de9090a4c0939e5353435b300acf8ac2b206b
[INFO] running `Command { std: "docker" "create" "-v" "/var/lib/crater-agent-workspace/builds/worker-2-tc2/target:/opt/rustwide/target:rw,Z" "-v" "/var/lib/crater-agent-workspace/builds/worker-2-tc2/source:/opt/rustwide/workdir:ro,Z" "-v" "/var/lib/crater-agent-workspace/cargo-home:/opt/rustwide/cargo-home:ro,Z" "-v" "/var/lib/crater-agent-workspace/rustup-home:/opt/rustwide/rustup-home:ro,Z" "-e" "SOURCE_DIR=/opt/rustwide/workdir" "-e" "CARGO_TARGET_DIR=/opt/rustwide/target" "-e" "CARGO_INCREMENTAL=0" "-e" "RUST_BACKTRACE=full" "-e" "RUSTFLAGS=--cap-lints=warn" "-e" "RUSTDOCFLAGS=--cap-lints=warn" "-e" "CARGO_HOME=/opt/rustwide/cargo-home" "-e" "RUSTUP_HOME=/opt/rustwide/rustup-home" "-w" "/opt/rustwide/workdir" "-m" "1610612736" "--user" "0:0" "--network" "none" "ghcr.io/rust-lang/crates-build-env/linux@sha256:2788e3201cd34a07e3172128adcd8b3090168a8e3bcc40d7c032b9dda1df7d1c" "/opt/rustwide/cargo-home/bin/cargo" "+beta-2023-12-22" "test" "--frozen", kill_on_drop: false }`
[INFO] [stdout] 3ed7d86a2ab20f8f7c8c5589cfc333ecfb89e6358cbbc56615c854a706dbd963
[INFO] running `Command { std: "docker" "start" "-a" "3ed7d86a2ab20f8f7c8c5589cfc333ecfb89e6358cbbc56615c854a706dbd963", kill_on_drop: false }`
[INFO] [stderr]     Finished test [unoptimized + debuginfo] target(s) in 0.02s
[INFO] [stderr]      Running unittests src/lib.rs (/opt/rustwide/target/debug/deps/synonym-d0684c85a45a61f0)
[INFO] [stdout] 
[INFO] [stdout] running 0 tests
[INFO] [stdout] 
[INFO] [stdout] test result: ok. 0 passed; 0 failed; 0 ignored; 0 measured; 0 filtered out; finished in 0.00s
[INFO] [stdout] 
[INFO] [stderr]      Running tests/synonym.rs (/opt/rustwide/target/debug/deps/synonym-89fc96c694661a00)
[INFO] [stdout] 
[INFO] [stdout] running 1 test
[INFO] [stdout] test clone_derived_ ... ok
[INFO] [stdout] 
[INFO] [stdout] test result: ok. 1 passed; 0 failed; 0 ignored; 0 measured; 0 filtered out; finished in 0.00s
[INFO] [stdout] 
[INFO] [stderr]      Running tests/progress.rs (/opt/rustwide/target/debug/deps/tests-d11530da1283b972)
[INFO] [stdout] 
[INFO] [stdout] running 1 test
[INFO] [stderr]    Compiling proc-macro2 v1.0.75
[INFO] [stderr]    Compiling unicode-ident v1.0.12
[INFO] [stderr]    Compiling fnv v1.0.7
[INFO] [stderr]    Compiling strsim v0.10.0
[INFO] [stderr]    Compiling ident_case v1.0.1
[INFO] [stderr]    Compiling serde v1.0.194
[INFO] [stderr]    Compiling serde_json v1.0.111
[INFO] [stderr]    Compiling itoa v1.0.10
[INFO] [stderr]    Compiling ryu v1.0.16
[INFO] [stderr]    Compiling quote v1.0.35
[INFO] [stderr]    Compiling syn v2.0.48
[INFO] [stderr]    Compiling darling_core v0.20.3
[INFO] [stderr]    Compiling serde_derive v1.0.194
[INFO] [stderr]    Compiling darling_macro v0.20.3
[INFO] [stderr]    Compiling darling v0.20.3
[INFO] [stderr]    Compiling synonym v0.1.1 (/opt/rustwide/workdir)
[INFO] [stderr]    Compiling synonym-tests v0.0.0 (/opt/rustwide/target/tests/trybuild/synonym)
[INFO] [stderr]     Finished dev [unoptimized + debuginfo] target(s) in 15.25s
[INFO] [stderr] 
[INFO] [stderr] 
[INFO] [stderr] test tests/cases/pass-char.rs [should pass] ... ok
[INFO] [stderr] test tests/cases/pass-display.rs [should pass] ... ok
[INFO] [stderr] test tests/cases/pass-floats.rs [should pass] ... ok
[INFO] [stderr] test tests/cases/pass-serde.rs [should pass] ... error
[INFO] [stderr] ┈┈┈┈┈┈┈┈┈┈┈┈┈┈┈┈┈┈┈┈┈┈┈┈┈┈┈┈┈┈┈┈┈┈┈┈┈┈┈┈┈┈┈┈┈┈┈┈┈┈┈┈┈┈┈┈┈┈┈┈
[INFO] [stderr] error[E0277]: the trait bound `main::Foo: Serialize` is not satisfied
[INFO] [stderr]   --> tests/cases/pass-serde.rs:11:46
[INFO] [stderr]    |
[INFO] [stderr] 11 |             let json = serde_json::to_string(&foo).unwrap();
[INFO] [stderr]    |                        --------------------- ^^^^ the trait `Serialize` is not implemented for `main::Foo`
[INFO] [stderr]    |                        |
[INFO] [stderr]    |                        required by a bound introduced by this call
[INFO] [stderr] ...
[INFO] [stderr] 22 |     check!(u8, 1u8, "1");
[INFO] [stderr]    |     -------------------- in this macro invocation
[INFO] [stderr]    |
[INFO] [stderr]    = help: the following other types implement trait `Serialize`:
[INFO] [stderr]              bool
[INFO] [stderr]              char
[INFO] [stderr]              isize
[INFO] [stderr]              i8
[INFO] [stderr]              i16
[INFO] [stderr]              i32
[INFO] [stderr]              i64
[INFO] [stderr]              i128
[INFO] [stderr]            and $N others
[INFO] [stderr] note: required by a bound in `serde_json::to_string`
[INFO] [stderr]   --> $CARGO/serde_json-1.0.111/src/ser.rs
[INFO] [stderr]    |
[INFO] [stderr]    | pub fn to_string<T>(value: &T) -> Result<String>
[INFO] [stderr]    |        --------- required by a bound in this function
[INFO] [stderr]    | where
[INFO] [stderr]    |     T: ?Sized + Serialize,
[INFO] [stderr]    |                 ^^^^^^^^^ required by this bound in `to_string`
[INFO] [stderr]    = note: this error originates in the macro `check` (in Nightly builds, run with -Z macro-backtrace for more info)
[INFO] [stderr] 
[INFO] [stderr] error[E0277]: the trait bound `main::Foo: Deserialize<'_>` is not satisfied
[INFO] [stderr]   --> tests/cases/pass-serde.rs:12:32
[INFO] [stderr]    |
[INFO] [stderr] 12 |             let deserialized = serde_json::from_str(&json).unwrap();
[INFO] [stderr]    |                                ^^^^^^^^^^^^^^^^^^^^ the trait `Deserialize<'_>` is not implemented for `main::Foo`
[INFO] [stderr] ...
[INFO] [stderr] 22 |     check!(u8, 1u8, "1");
[INFO] [stderr]    |     -------------------- in this macro invocation
[INFO] [stderr]    |
[INFO] [stderr]    = help: the following other types implement trait `Deserialize<'de>`:
[INFO] [stderr]              bool
[INFO] [stderr]              char
[INFO] [stderr]              isize
[INFO] [stderr]              i8
[INFO] [stderr]              i16
[INFO] [stderr]              i32
[INFO] [stderr]              i64
[INFO] [stderr]              i128
[INFO] [stderr]            and $N others
[INFO] [stderr] note: required by a bound in `serde_json::from_str`
[INFO] [stderr]   --> $CARGO/serde_json-1.0.111/src/de.rs
[INFO] [stderr]    |
[INFO] [stderr]    | pub fn from_str<'a, T>(s: &'a str) -> Result<T>
[INFO] [stderr]    |        -------- required by a bound in this function
[INFO] [stderr]    | where
[INFO] [stderr]    |     T: de::Deserialize<'a>,
[INFO] [stderr]    |        ^^^^^^^^^^^^^^^^^^^ required by this bound in `from_str`
[INFO] [stderr]    = note: this error originates in the macro `check` (in Nightly builds, run with -Z macro-backtrace for more info)
[INFO] [stderr] 
[INFO] [stderr] error[E0277]: the trait bound `main::Foo: Serialize` is not satisfied
[INFO] [stderr]   --> tests/cases/pass-serde.rs:11:46
[INFO] [stderr]    |
[INFO] [stderr] 11 |             let json = serde_json::to_string(&foo).unwrap();
[INFO] [stderr]    |                        --------------------- ^^^^ the trait `Serialize` is not implemented for `main::Foo`
[INFO] [stderr]    |                        |
[INFO] [stderr]    |                        required by a bound introduced by this call
[INFO] [stderr] ...
[INFO] [stderr] 23 |     check!(u16, 2u16, "2");
[INFO] [stderr]    |     ---------------------- in this macro invocation
[INFO] [stderr]    |
[INFO] [stderr]    = help: the following other types implement trait `Serialize`:
[INFO] [stderr]              bool
[INFO] [stderr]              char
[INFO] [stderr]              isize
[INFO] [stderr]              i8
[INFO] [stderr]              i16
[INFO] [stderr]              i32
[INFO] [stderr]              i64
[INFO] [stderr]              i128
[INFO] [stderr]            and $N others
[INFO] [stderr] note: required by a bound in `serde_json::to_string`
[INFO] [stderr]   --> $CARGO/serde_json-1.0.111/src/ser.rs
[INFO] [stderr]    |
[INFO] [stderr]    | pub fn to_string<T>(value: &T) -> Result<String>
[INFO] [stderr]    |        --------- required by a bound in this function
[INFO] [stderr]    | where
[INFO] [stderr]    |     T: ?Sized + Serialize,
[INFO] [stderr]    |                 ^^^^^^^^^ required by this bound in `to_string`
[INFO] [stderr]    = note: this error originates in the macro `check` (in Nightly builds, run with -Z macro-backtrace for more info)
[INFO] [stderr] 
[INFO] [stderr] error[E0277]: the trait bound `main::Foo: Deserialize<'_>` is not satisfied
[INFO] [stderr]   --> tests/cases/pass-serde.rs:12:32
[INFO] [stderr]    |
[INFO] [stderr] 12 |             let deserialized = serde_json::from_str(&json).unwrap();
[INFO] [stderr]    |                                ^^^^^^^^^^^^^^^^^^^^ the trait `Deserialize<'_>` is not implemented for `main::Foo`
[INFO] [stderr] ...
[INFO] [stderr] 23 |     check!(u16, 2u16, "2");
[INFO] [stderr]    |     ---------------------- in this macro invocation
[INFO] [stderr]    |
[INFO] [stderr]    = help: the following other types implement trait `Deserialize<'de>`:
[INFO] [stderr]              bool
[INFO] [stderr]              char
[INFO] [stderr]              isize
[INFO] [stderr]              i8
[INFO] [stderr]              i16
[INFO] [stderr]              i32
[INFO] [stderr]              i64
[INFO] [stderr]              i128
[INFO] [stderr]            and $N others
[INFO] [stderr] note: required by a bound in `serde_json::from_str`
[INFO] [stderr]   --> $CARGO/serde_json-1.0.111/src/de.rs
[INFO] [stderr]    |
[INFO] [stderr]    | pub fn from_str<'a, T>(s: &'a str) -> Result<T>
[INFO] [stderr]    |        -------- required by a bound in this function
[INFO] [stderr]    | where
[INFO] [stderr]    |     T: de::Deserialize<'a>,
[INFO] [stderr]    |        ^^^^^^^^^^^^^^^^^^^ required by this bound in `from_str`
[INFO] [stderr]    = note: this error originates in the macro `check` (in Nightly builds, run with -Z macro-backtrace for more info)
[INFO] [stderr] 
[INFO] [stderr] error[E0277]: the trait bound `main::Foo: Serialize` is not satisfied
[INFO] [stderr]   --> tests/cases/pass-serde.rs:11:46
[INFO] [stderr]    |
[INFO] [stderr] 11 |             let json = serde_json::to_string(&foo).unwrap();
[INFO] [stderr]    |                        --------------------- ^^^^ the trait `Serialize` is not implemented for `main::Foo`
[INFO] [stderr]    |                        |
[INFO] [stderr]    |                        required by a bound introduced by this call
[INFO] [stderr] ...
[INFO] [stderr] 24 |     check!(u32, 3u32, "3");
[INFO] [stderr]    |     ---------------------- in this macro invocation
[INFO] [stderr]    |
[INFO] [stderr]    = help: the following other types implement trait `Serialize`:
[INFO] [stderr]              bool
[INFO] [stderr]              char
[INFO] [stderr]              isize
[INFO] [stderr]              i8
[INFO] [stderr]              i16
[INFO] [stderr]              i32
[INFO] [stderr]              i64
[INFO] [stderr]              i128
[INFO] [stderr]            and $N others
[INFO] [stderr] note: required by a bound in `serde_json::to_string`
[INFO] [stderr]   --> $CARGO/serde_json-1.0.111/src/ser.rs
[INFO] [stderr]    |
[INFO] [stderr]    | pub fn to_string<T>(value: &T) -> Result<String>
[INFO] [stderr]    |        --------- required by a bound in this function
[INFO] [stderr]    | where
[INFO] [stderr]    |     T: ?Sized + Serialize,
[INFO] [stderr]    |                 ^^^^^^^^^ required by this bound in `to_string`
[INFO] [stderr]    = note: this error originates in the macro `check` (in Nightly builds, run with -Z macro-backtrace for more info)
[INFO] [stderr] 
[INFO] [stderr] error[E0277]: the trait bound `main::Foo: Deserialize<'_>` is not satisfied
[INFO] [stderr]   --> tests/cases/pass-serde.rs:12:32
[INFO] [stderr]    |
[INFO] [stderr] 12 |             let deserialized = serde_json::from_str(&json).unwrap();
[INFO] [stderr]    |                                ^^^^^^^^^^^^^^^^^^^^ the trait `Deserialize<'_>` is not implemented for `main::Foo`
[INFO] [stderr] ...
[INFO] [stderr] 24 |     check!(u32, 3u32, "3");
[INFO] [stderr]    |     ---------------------- in this macro invocation
[INFO] [stderr]    |
[INFO] [stderr]    = help: the following other types implement trait `Deserialize<'de>`:
[INFO] [stderr]              bool
[INFO] [stderr]              char
[INFO] [stderr]              isize
[INFO] [stderr]              i8
[INFO] [stderr]              i16
[INFO] [stderr]              i32
[INFO] [stderr]              i64
[INFO] [stderr]              i128
[INFO] [stderr]            and $N others
[INFO] [stderr] note: required by a bound in `serde_json::from_str`
[INFO] [stderr]   --> $CARGO/serde_json-1.0.111/src/de.rs
[INFO] [stderr]    |
[INFO] [stderr]    | pub fn from_str<'a, T>(s: &'a str) -> Result<T>
[INFO] [stderr]    |        -------- required by a bound in this function
[INFO] [stderr]    | where
[INFO] [stderr]    |     T: de::Deserialize<'a>,
[INFO] [stderr]    |        ^^^^^^^^^^^^^^^^^^^ required by this bound in `from_str`
[INFO] [stderr]    = note: this error originates in the macro `check` (in Nightly builds, run with -Z macro-backtrace for more info)
[INFO] [stderr] 
[INFO] [stderr] error[E0277]: the trait bound `main::Foo: Serialize` is not satisfied
[INFO] [stderr]   --> tests/cases/pass-serde.rs:11:46
[INFO] [stderr]    |
[INFO] [stderr] 11 |             let json = serde_json::to_string(&foo).unwrap();
[INFO] [stderr]    |                        --------------------- ^^^^ the trait `Serialize` is not implemented for `main::Foo`
[INFO] [stderr]    |                        |
[INFO] [stderr]    |                        required by a bound introduced by this call
[INFO] [stderr] ...
[INFO] [stderr] 25 |     check!(u64, 4u64, "4");
[INFO] [stderr]    |     ---------------------- in this macro invocation
[INFO] [stderr]    |
[INFO] [stderr]    = help: the following other types implement trait `Serialize`:
[INFO] [stderr]              bool
[INFO] [stderr]              char
[INFO] [stderr]              isize
[INFO] [stderr]              i8
[INFO] [stderr]              i16
[INFO] [stderr]              i32
[INFO] [stderr]              i64
[INFO] [stderr]              i128
[INFO] [stderr]            and $N others
[INFO] [stderr] note: required by a bound in `serde_json::to_string`
[INFO] [stderr]   --> $CARGO/serde_json-1.0.111/src/ser.rs
[INFO] [stderr]    |
[INFO] [stderr]    | pub fn to_string<T>(value: &T) -> Result<String>
[INFO] [stderr]    |        --------- required by a bound in this function
[INFO] [stderr]    | where
[INFO] [stderr]    |     T: ?Sized + Serialize,
[INFO] [stderr]    |                 ^^^^^^^^^ required by this bound in `to_string`
[INFO] [stderr]    = note: this error originates in the macro `check` (in Nightly builds, run with -Z macro-backtrace for more info)
[INFO] [stderr] 
[INFO] [stderr] error[E0277]: the trait bound `main::Foo: Deserialize<'_>` is not satisfied
[INFO] [stderr]   --> tests/cases/pass-serde.rs:12:32
[INFO] [stderr]    |
[INFO] [stderr] 12 |             let deserialized = serde_json::from_str(&json).unwrap();
[INFO] [stderr]    |                                ^^^^^^^^^^^^^^^^^^^^ the trait `Deserialize<'_>` is not implemented for `main::Foo`
[INFO] [stderr] ...
[INFO] [stderr] 25 |     check!(u64, 4u64, "4");
[INFO] [stderr]    |     ---------------------- in this macro invocation
[INFO] [stderr]    |
[INFO] [stderr]    = help: the following other types implement trait `Deserialize<'de>`:
[INFO] [stderr]              bool
[INFO] [stderr]              char
[INFO] [stderr]              isize
[INFO] [stderr]              i8
[INFO] [stderr]              i16
[INFO] [stderr]              i32
[INFO] [stderr]              i64
[INFO] [stderr]              i128
[INFO] [stderr]            and $N others
[INFO] [stderr] note: required by a bound in `serde_json::from_str`
[INFO] [stderr]   --> $CARGO/serde_json-1.0.111/src/de.rs
[INFO] [stderr]    |
[INFO] [stderr]    | pub fn from_str<'a, T>(s: &'a str) -> Result<T>
[INFO] [stderr]    |        -------- required by a bound in this function
[INFO] [stderr]    | where
[INFO] [stderr]    |     T: de::Deserialize<'a>,
[INFO] [stderr]    |        ^^^^^^^^^^^^^^^^^^^ required by this bound in `from_str`
[INFO] [stderr]    = note: this error originates in the macro `check` (in Nightly builds, run with -Z macro-backtrace for more info)
[INFO] [stderr] 
[INFO] [stderr] error[E0277]: the trait bound `main::Foo: Serialize` is not satisfied
[INFO] [stderr]   --> tests/cases/pass-serde.rs:11:46
[INFO] [stderr]    |
[INFO] [stderr] 11 |             let json = serde_json::to_string(&foo).unwrap();
[INFO] [stderr]    |                        --------------------- ^^^^ the trait `Serialize` is not implemented for `main::Foo`
[INFO] [stderr]    |                        |
[INFO] [stderr]    |                        required by a bound introduced by this call
[INFO] [stderr] ...
[INFO] [stderr] 26 |     check!(u128, 5u128, "5");
[INFO] [stderr]    |     ------------------------ in this macro invocation
[INFO] [stderr]    |
[INFO] [stderr]    = help: the following other types implement trait `Serialize`:
[INFO] [stderr]              bool
[INFO] [stderr]              char
[INFO] [stderr]              isize
[INFO] [stderr]              i8
[INFO] [stderr]              i16
[INFO] [stderr]              i32
[INFO] [stderr]              i64
[INFO] [stderr]              i128
[INFO] [stderr]            and $N others
[INFO] [stderr] note: required by a bound in `serde_json::to_string`
[INFO] [stderr]   --> $CARGO/serde_json-1.0.111/src/ser.rs
[INFO] [stderr]    |
[INFO] [stderr]    | pub fn to_string<T>(value: &T) -> Result<String>
[INFO] [stderr]    |        --------- required by a bound in this function
[INFO] [stderr]    | where
[INFO] [stderr]    |     T: ?Sized + Serialize,
[INFO] [stderr]    |                 ^^^^^^^^^ required by this bound in `to_string`
[INFO] [stderr]    = note: this error originates in the macro `check` (in Nightly builds, run with -Z macro-backtrace for more info)
[INFO] [stderr] 
[INFO] [stderr] error[E0277]: the trait bound `main::Foo: Deserialize<'_>` is not satisfied
[INFO] [stderr]   --> tests/cases/pass-serde.rs:12:32
[INFO] [stderr]    |
[INFO] [stderr] 12 |             let deserialized = serde_json::from_str(&json).unwrap();
[INFO] [stderr]    |                                ^^^^^^^^^^^^^^^^^^^^ the trait `Deserialize<'_>` is not implemented for `main::Foo`
[INFO] [stderr] ...
[INFO] [stderr] 26 |     check!(u128, 5u128, "5");
[INFO] [stderr]    |     ------------------------ in this macro invocation
[INFO] [stderr]    |
[INFO] [stderr]    = help: the following other types implement trait `Deserialize<'de>`:
[INFO] [stderr]              bool
[INFO] [stderr]              char
[INFO] [stderr]              isize
[INFO] [stderr]              i8
[INFO] [stderr]              i16
[INFO] [stderr]              i32
[INFO] [stderr]              i64
[INFO] [stderr]              i128
[INFO] [stderr]            and $N others
[INFO] [stderr] note: required by a bound in `serde_json::from_str`
[INFO] [stderr]   --> $CARGO/serde_json-1.0.111/src/de.rs
[INFO] [stderr]    |
[INFO] [stderr]    | pub fn from_str<'a, T>(s: &'a str) -> Result<T>
[INFO] [stderr]    |        -------- required by a bound in this function
[INFO] [stderr]    | where
[INFO] [stderr]    |     T: de::Deserialize<'a>,
[INFO] [stderr]    |        ^^^^^^^^^^^^^^^^^^^ required by this bound in `from_str`
[INFO] [stderr]    = note: this error originates in the macro `check` (in Nightly builds, run with -Z macro-backtrace for more info)
[INFO] [stderr] 
[INFO] [stderr] error[E0277]: the trait bound `main::Foo: Serialize` is not satisfied
[INFO] [stderr]   --> tests/cases/pass-serde.rs:11:46
[INFO] [stderr]    |
[INFO] [stderr] 11 |             let json = serde_json::to_string(&foo).unwrap();
[INFO] [stderr]    |                        --------------------- ^^^^ the trait `Serialize` is not implemented for `main::Foo`
[INFO] [stderr]    |                        |
[INFO] [stderr]    |                        required by a bound introduced by this call
[INFO] [stderr] ...
[INFO] [stderr] 27 |     check!(usize, 6usize, "6");
[INFO] [stderr]    |     -------------------------- in this macro invocation
[INFO] [stderr]    |
[INFO] [stderr]    = help: the following other types implement trait `Serialize`:
[INFO] [stderr]              bool
[INFO] [stderr]              char
[INFO] [stderr]              isize
[INFO] [stderr]              i8
[INFO] [stderr]              i16
[INFO] [stderr]              i32
[INFO] [stderr]              i64
[INFO] [stderr]              i128
[INFO] [stderr]            and $N others
[INFO] [stderr] note: required by a bound in `serde_json::to_string`
[INFO] [stderr]   --> $CARGO/serde_json-1.0.111/src/ser.rs
[INFO] [stderr]    |
[INFO] [stderr]    | pub fn to_string<T>(value: &T) -> Result<String>
[INFO] [stderr]    |        --------- required by a bound in this function
[INFO] [stderr]    | where
[INFO] [stderr]    |     T: ?Sized + Serialize,
[INFO] [stderr]    |                 ^^^^^^^^^ required by this bound in `to_string`
[INFO] [stderr]    = note: this error originates in the macro `check` (in Nightly builds, run with -Z macro-backtrace for more info)
[INFO] [stderr] 
[INFO] [stderr] error[E0277]: the trait bound `main::Foo: Deserialize<'_>` is not satisfied
[INFO] [stderr]   --> tests/cases/pass-serde.rs:12:32
[INFO] [stderr]    |
[INFO] [stderr] 12 |             let deserialized = serde_json::from_str(&json).unwrap();
[INFO] [stderr]    |                                ^^^^^^^^^^^^^^^^^^^^ the trait `Deserialize<'_>` is not implemented for `main::Foo`
[INFO] [stderr] ...
[INFO] [stderr] 27 |     check!(usize, 6usize, "6");
[INFO] [stderr]    |     -------------------------- in this macro invocation
[INFO] [stderr]    |
[INFO] [stderr]    = help: the following other types implement trait `Deserialize<'de>`:
[INFO] [stderr]              bool
[INFO] [stderr]              char
[INFO] [stderr]              isize
[INFO] [stderr]              i8
[INFO] [stderr]              i16
[INFO] [stderr]              i32
[INFO] [stderr]              i64
[INFO] [stderr]              i128
[INFO] [stderr]            and $N others
[INFO] [stderr] note: required by a bound in `serde_json::from_str`
[INFO] [stderr]   --> $CARGO/serde_json-1.0.111/src/de.rs
[INFO] [stderr]    |
[INFO] [stderr]    | pub fn from_str<'a, T>(s: &'a str) -> Result<T>
[INFO] [stderr]    |        -------- required by a bound in this function
[INFO] [stderr]    | where
[INFO] [stderr]    |     T: de::Deserialize<'a>,
[INFO] [stderr]    |        ^^^^^^^^^^^^^^^^^^^ required by this bound in `from_str`
[INFO] [stderr]    = note: this error originates in the macro `check` (in Nightly builds, run with -Z macro-backtrace for more info)
[INFO] [stderr] 
[INFO] [stderr] error[E0277]: the trait bound `main::Foo: Serialize` is not satisfied
[INFO] [stderr]   --> tests/cases/pass-serde.rs:11:46
[INFO] [stderr]    |
[INFO] [stderr] 11 |             let json = serde_json::to_string(&foo).unwrap();
[INFO] [stderr]    |                        --------------------- ^^^^ the trait `Serialize` is not implemented for `main::Foo`
[INFO] [stderr]    |                        |
[INFO] [stderr]    |                        required by a bound introduced by this call
[INFO] [stderr] ...
[INFO] [stderr] 28 |     check!(usize, 7usize, "7");
[INFO] [stderr]    |     -------------------------- in this macro invocation
[INFO] [stderr]    |
[INFO] [stderr]    = help: the following other types implement trait `Serialize`:
[INFO] [stderr]              bool
[INFO] [stderr]              char
[INFO] [stderr]              isize
[INFO] [stderr]              i8
[INFO] [stderr]              i16
[INFO] [stderr]              i32
[INFO] [stderr]              i64
[INFO] [stderr]              i128
[INFO] [stderr]            and $N others
[INFO] [stderr] note: required by a bound in `serde_json::to_string`
[INFO] [stderr]   --> $CARGO/serde_json-1.0.111/src/ser.rs
[INFO] [stderr]    |
[INFO] [stderr]    | pub fn to_string<T>(value: &T) -> Result<String>
[INFO] [stderr]    |        --------- required by a bound in this function
[INFO] [stderr]    | where
[INFO] [stderr]    |     T: ?Sized + Serialize,
[INFO] [stderr]    |                 ^^^^^^^^^ required by this bound in `to_string`
[INFO] [stderr]    = note: this error originates in the macro `check` (in Nightly builds, run with -Z macro-backtrace for more info)
[INFO] [stderr] 
[INFO] [stderr] error[E0277]: the trait bound `main::Foo: Deserialize<'_>` is not satisfied
[INFO] [stderr]   --> tests/cases/pass-serde.rs:12:32
[INFO] [stderr]    |
[INFO] [stderr] 12 |             let deserialized = serde_json::from_str(&json).unwrap();
[INFO] [stderr]    |                                ^^^^^^^^^^^^^^^^^^^^ the trait `Deserialize<'_>` is not implemented for `main::Foo`
[INFO] [stderr] ...
[INFO] [stderr] 28 |     check!(usize, 7usize, "7");
[INFO] [stderr]    |     -------------------------- in this macro invocation
[INFO] [stderr]    |
[INFO] [stderr]    = help: the following other types implement trait `Deserialize<'de>`:
[INFO] [stderr]              bool
[INFO] [stderr]              char
[INFO] [stderr]              isize
[INFO] [stderr]              i8
[INFO] [stderr]              i16
[INFO] [stderr]              i32
[INFO] [stderr]              i64
[INFO] [stderr]              i128
[INFO] [stderr]            and $N others
[INFO] [stderr] note: required by a bound in `serde_json::from_str`
[INFO] [stderr]   --> $CARGO/serde_json-1.0.111/src/de.rs
[INFO] [stderr]    |
[INFO] [stderr]    | pub fn from_str<'a, T>(s: &'a str) -> Result<T>
[INFO] [stderr]    |        -------- required by a bound in this function
[INFO] [stderr]    | where
[INFO] [stderr]    |     T: de::Deserialize<'a>,
[INFO] [stderr]    |        ^^^^^^^^^^^^^^^^^^^ required by this bound in `from_str`
[INFO] [stderr]    = note: this error originates in the macro `check` (in Nightly builds, run with -Z macro-backtrace for more info)
[INFO] [stderr] 
[INFO] [stderr] error[E0277]: the trait bound `main::Foo: Serialize` is not satisfied
[INFO] [stderr]   --> tests/cases/pass-serde.rs:11:46
[INFO] [stderr]    |
[INFO] [stderr] 11 |             let json = serde_json::to_string(&foo).unwrap();
[INFO] [stderr]    |                        --------------------- ^^^^ the trait `Serialize` is not implemented for `main::Foo`
[INFO] [stderr]    |                        |
[INFO] [stderr]    |                        required by a bound introduced by this call
[INFO] [stderr] ...
[INFO] [stderr] 29 |     check!(String, "Foo".to_string(), r#""Foo""#);
[INFO] [stderr]    |     --------------------------------------------- in this macro invocation
[INFO] [stderr]    |
[INFO] [stderr]    = help: the following other types implement trait `Serialize`:
[INFO] [stderr]              bool
[INFO] [stderr]              char
[INFO] [stderr]              isize
[INFO] [stderr]              i8
[INFO] [stderr]              i16
[INFO] [stderr]              i32
[INFO] [stderr]              i64
[INFO] [stderr]              i128
[INFO] [stderr]            and $N others
[INFO] [stderr] note: required by a bound in `serde_json::to_string`
[INFO] [stderr]   --> $CARGO/serde_json-1.0.111/src/ser.rs
[INFO] [stderr]    |
[INFO] [stderr]    | pub fn to_string<T>(value: &T) -> Result<String>
[INFO] [stderr]    |        --------- required by a bound in this function
[INFO] [stderr]    | where
[INFO] [stderr]    |     T: ?Sized + Serialize,
[INFO] [stderr]    |                 ^^^^^^^^^ required by this bound in `to_string`
[INFO] [stderr]    = note: this error originates in the macro `check` (in Nightly builds, run with -Z macro-backtrace for more info)
[INFO] [stderr] 
[INFO] [stderr] error[E0277]: the trait bound `main::Foo: Deserialize<'_>` is not satisfied
[INFO] [stderr]   --> tests/cases/pass-serde.rs:12:32
[INFO] [stderr]    |
[INFO] [stderr] 12 |             let deserialized = serde_json::from_str(&json).unwrap();
[INFO] [stderr]    |                                ^^^^^^^^^^^^^^^^^^^^ the trait `Deserialize<'_>` is not implemented for `main::Foo`
[INFO] [stderr] ...
[INFO] [stderr] 29 |     check!(String, "Foo".to_string(), r#""Foo""#);
[INFO] [stderr]    |     --------------------------------------------- in this macro invocation
[INFO] [stderr]    |
[INFO] [stderr]    = help: the following other types implement trait `Deserialize<'de>`:
[INFO] [stderr]              bool
[INFO] [stderr]              char
[INFO] [stderr]              isize
[INFO] [stderr]              i8
[INFO] [stderr]              i16
[INFO] [stderr]              i32
[INFO] [stderr]              i64
[INFO] [stderr]              i128
[INFO] [stderr]            and $N others
[INFO] [stderr] note: required by a bound in `serde_json::from_str`
[INFO] [stderr]   --> $CARGO/serde_json-1.0.111/src/de.rs
[INFO] [stderr]    |
[INFO] [stderr]    | pub fn from_str<'a, T>(s: &'a str) -> Result<T>
[INFO] [stderr]    |        -------- required by a bound in this function
[INFO] [stderr]    | where
[INFO] [stderr]    |     T: de::Deserialize<'a>,
[INFO] [stderr]    |        ^^^^^^^^^^^^^^^^^^^ required by this bound in `from_str`
[INFO] [stderr]    = note: this error originates in the macro `check` (in Nightly builds, run with -Z macro-backtrace for more info)
[INFO] [stderr] 
[INFO] [stderr] error[E0277]: the trait bound `main::Foo: Serialize` is not satisfied
[INFO] [stderr]   --> tests/cases/pass-serde.rs:11:46
[INFO] [stderr]    |
[INFO] [stderr] 11 |             let json = serde_json::to_string(&foo).unwrap();
[INFO] [stderr]    |                        --------------------- ^^^^ the trait `Serialize` is not implemented for `main::Foo`
[INFO] [stderr]    |                        |
[INFO] [stderr]    |                        required by a bound introduced by this call
[INFO] [stderr] ...
[INFO] [stderr] 30 |     check!(char, 'X', r#""X""#);
[INFO] [stderr]    |     --------------------------- in this macro invocation
[INFO] [stderr]    |
[INFO] [stderr]    = help: the following other types implement trait `Serialize`:
[INFO] [stderr]              bool
[INFO] [stderr]              char
[INFO] [stderr]              isize
[INFO] [stderr]              i8
[INFO] [stderr]              i16
[INFO] [stderr]              i32
[INFO] [stderr]              i64
[INFO] [stderr]              i128
[INFO] [stderr]            and $N others
[INFO] [stderr] note: required by a bound in `serde_json::to_string`
[INFO] [stderr]   --> $CARGO/serde_json-1.0.111/src/ser.rs
[INFO] [stderr]    |
[INFO] [stderr]    | pub fn to_string<T>(value: &T) -> Result<String>
[INFO] [stderr]    |        --------- required by a bound in this function
[INFO] [stderr]    | where
[INFO] [stderr]    |     T: ?Sized + Serialize,
[INFO] [stderr]    |                 ^^^^^^^^^ required by this bound in `to_string`
[INFO] [stderr]    = note: this error originates in the macro `check` (in Nightly builds, run with -Z macro-backtrace for more info)
[INFO] [stderr] 
[INFO] [stderr] error[E0277]: the trait bound `main::Foo: Deserialize<'_>` is not satisfied
[INFO] [stderr]   --> tests/cases/pass-serde.rs:12:32
[INFO] [stderr]    |
[INFO] [stderr] 12 |             let deserialized = serde_json::from_str(&json).unwrap();
[INFO] [stderr]    |                                ^^^^^^^^^^^^^^^^^^^^ the trait `Deserialize<'_>` is not implemented for `main::Foo`
[INFO] [stderr] ...
[INFO] [stderr] 30 |     check!(char, 'X', r#""X""#);
[INFO] [stderr]    |     --------------------------- in this macro invocation
[INFO] [stderr]    |
[INFO] [stderr]    = help: the following other types implement trait `Deserialize<'de>`:
[INFO] [stderr]              bool
[INFO] [stderr]              char
[INFO] [stderr]              isize
[INFO] [stderr]              i8
[INFO] [stderr]              i16
[INFO] [stderr]              i32
[INFO] [stderr]              i64
[INFO] [stderr]              i128
[INFO] [stderr]            and $N others
[INFO] [stderr] note: required by a bound in `serde_json::from_str`
[INFO] [stderr]   --> $CARGO/serde_json-1.0.111/src/de.rs
[INFO] [stderr]    |
[INFO] [stderr]    | pub fn from_str<'a, T>(s: &'a str) -> Result<T>
[INFO] [stderr]    |        -------- required by a bound in this function
[INFO] [stderr]    | where
[INFO] [stderr]    |     T: de::Deserialize<'a>,
[INFO] [stderr]    |        ^^^^^^^^^^^^^^^^^^^ required by this bound in `from_str`
[INFO] [stderr]    = note: this error originates in the macro `check` (in Nightly builds, run with -Z macro-backtrace for more info)
[INFO] [stderr] 
[INFO] [stderr] error[E0277]: the trait bound `Baz: Serialize` is not satisfied
[INFO] [stderr]   --> tests/cases/pass-serde.rs:35:14
[INFO] [stderr]    |
[INFO] [stderr] 35 |     #[derive(Serialize, Deserialize, Eq, PartialEq, Debug)]
[INFO] [stderr]    |              ^^^^^^^^^ the trait `Serialize` is not implemented for `Baz`
[INFO] [stderr] 36 |     struct Foo {
[INFO] [stderr] 37 |         bar: Baz
[INFO] [stderr]    |         --- required by a bound introduced by this call
[INFO] [stderr]    |
[INFO] [stderr]    = help: the following other types implement trait `Serialize`:
[INFO] [stderr]              bool
[INFO] [stderr]              char
[INFO] [stderr]              isize
[INFO] [stderr]              i8
[INFO] [stderr]              i16
[INFO] [stderr]              i32
[INFO] [stderr]              i64
[INFO] [stderr]              i128
[INFO] [stderr]            and $N others
[INFO] [stderr] note: required by a bound in `main::_::_serde::ser::SerializeStruct::serialize_field`
[INFO] [stderr]   --> $CARGO/serde-1.0.194/src/ser/mod.rs
[INFO] [stderr]    |
[INFO] [stderr]    |     fn serialize_field<T: ?Sized>(
[INFO] [stderr]    |        --------------- required by a bound in this associated function
[INFO] [stderr] ...
[INFO] [stderr]    |         T: Serialize;
[INFO] [stderr]    |            ^^^^^^^^^ required by this bound in `SerializeStruct::serialize_field`
[INFO] [stderr] 
[INFO] [stderr] error[E0277]: the trait bound `Baz: Deserialize<'_>` is not satisfied
[INFO] [stderr]   --> tests/cases/pass-serde.rs:37:14
[INFO] [stderr]    |
[INFO] [stderr] 37 |         bar: Baz
[INFO] [stderr]    |              ^^^ the trait `Deserialize<'_>` is not implemented for `Baz`
[INFO] [stderr]    |
[INFO] [stderr]    = help: the following other types implement trait `Deserialize<'de>`:
[INFO] [stderr]              bool
[INFO] [stderr]              char
[INFO] [stderr]              isize
[INFO] [stderr]              i8
[INFO] [stderr]              i16
[INFO] [stderr]              i32
[INFO] [stderr]              i64
[INFO] [stderr]              i128
[INFO] [stderr]            and $N others
[INFO] [stderr] note: required by a bound in `next_element`
[INFO] [stderr]   --> $CARGO/serde-1.0.194/src/de/mod.rs
[INFO] [stderr]    |
[INFO] [stderr]    |     fn next_element<T>(&mut self) -> Result<Option<T>, Self::Error>
[INFO] [stderr]    |        ------------ required by a bound in this associated function
[INFO] [stderr]    |     where
[INFO] [stderr]    |         T: Deserialize<'de>,
[INFO] [stderr]    |            ^^^^^^^^^^^^^^^^ required by this bound in `SeqAccess::next_element`
[INFO] [stderr] 
[INFO] [stderr] error[E0277]: the trait bound `Baz: Deserialize<'_>` is not satisfied
[INFO] [stderr]   --> tests/cases/pass-serde.rs:37:14
[INFO] [stderr]    |
[INFO] [stderr] 37 |         bar: Baz
[INFO] [stderr]    |              ^^^ the trait `Deserialize<'_>` is not implemented for `Baz`
[INFO] [stderr]    |
[INFO] [stderr]    = help: the following other types implement trait `Deserialize<'de>`:
[INFO] [stderr]              bool
[INFO] [stderr]              char
[INFO] [stderr]              isize
[INFO] [stderr]              i8
[INFO] [stderr]              i16
[INFO] [stderr]              i32
[INFO] [stderr]              i64
[INFO] [stderr]              i128
[INFO] [stderr]            and $N others
[INFO] [stderr] note: required by a bound in `next_value`
[INFO] [stderr]   --> $CARGO/serde-1.0.194/src/de/mod.rs
[INFO] [stderr]    |
[INFO] [stderr]    |     fn next_value<V>(&mut self) -> Result<V, Self::Error>
[INFO] [stderr]    |        ---------- required by a bound in this associated function
[INFO] [stderr]    |     where
[INFO] [stderr]    |         V: Deserialize<'de>,
[INFO] [stderr]    |            ^^^^^^^^^^^^^^^^ required by this bound in `MapAccess::next_value`
[INFO] [stderr] 
[INFO] [stderr] error[E0277]: the trait bound `Baz: Deserialize<'_>` is not satisfied
[INFO] [stderr]   --> tests/cases/pass-serde.rs:37:9
[INFO] [stderr]    |
[INFO] [stderr] 37 |         bar: Baz
[INFO] [stderr]    |         ^^^ the trait `Deserialize<'_>` is not implemented for `Baz`
[INFO] [stderr]    |
[INFO] [stderr]    = help: the following other types implement trait `Deserialize<'de>`:
[INFO] [stderr]              bool
[INFO] [stderr]              char
[INFO] [stderr]              isize
[INFO] [stderr]              i8
[INFO] [stderr]              i16
[INFO] [stderr]              i32
[INFO] [stderr]              i64
[INFO] [stderr]              i128
[INFO] [stderr]            and $N others
[INFO] [stderr] note: required by a bound in `main::_::_serde::__private::de::missing_field`
[INFO] [stderr]   --> $CARGO/serde-1.0.194/src/private/de.rs
[INFO] [stderr]    |
[INFO] [stderr]    | pub fn missing_field<'de, V, E>(field: &'static str) -> Result<V, E>
[INFO] [stderr]    |        ------------- required by a bound in this function
[INFO] [stderr]    | where
[INFO] [stderr]    |     V: Deserialize<'de>,
[INFO] [stderr]    |        ^^^^^^^^^^^^^^^^ required by this bound in `missing_field`
[INFO] [stderr] ┈┈┈┈┈┈┈┈┈┈┈┈┈┈┈┈┈┈┈┈┈┈┈┈┈┈┈┈┈┈┈┈┈┈┈┈┈┈┈┈┈┈┈┈┈┈┈┈┈┈┈┈┈┈┈┈┈┈┈┈
[INFO] [stderr] 
[INFO] [stderr] test tests/cases/pass-signed-int.rs [should pass] ... ok
[INFO] [stderr] test tests/cases/pass-skip.rs [should pass] ... ok
[INFO] [stderr] test tests/cases/pass-string.rs [should pass] ... ok
[INFO] [stderr] test tests/cases/pass-unsigned-int.rs [should pass] ... ok
[INFO] [stderr] test tests/cases/fail-enum.rs [should fail to compile] ... ok
[INFO] [stderr] test tests/cases/fail-generics.rs [should fail to compile] ... ok
[INFO] [stderr] test tests/cases/fail-named-field.rs [should fail to compile] ... ok
[INFO] [stderr] test tests/cases/fail-two-fields.rs [should fail to compile] ... ok
[INFO] [stderr] test tests/cases/fail-zero-fields.rs [should fail to compile] ... ok
[INFO] [stderr] 
[INFO] [stderr] 
[INFO] [stdout] test tests ... FAILED
[INFO] [stdout] 
[INFO] [stdout] failures:
[INFO] [stdout] 
[INFO] [stdout] ---- tests stdout ----
[INFO] [stdout] thread 'tests' panicked at /opt/rustwide/cargo-home/registry/src/index.crates.io-6f17d22bba15001f/trybuild-1.0.87/src/run.rs:101:13:
[INFO] [stdout] 1 of 13 tests failed
[INFO] [stdout] stack backtrace:
[INFO] [stdout]    0:     0x56035e255f56 - std::backtrace_rs::backtrace::libunwind::trace::h261606ad26a499c1
[INFO] [stdout]                                at /rustc/0e09125c6c3c2fd70d7de961bcf0e51575235fad/library/std/src/../../backtrace/src/backtrace/libunwind.rs:104:5
[INFO] [stdout]    1:     0x56035e255f56 - std::backtrace_rs::backtrace::trace_unsynchronized::hd183f0625477fb28
[INFO] [stdout]                                at /rustc/0e09125c6c3c2fd70d7de961bcf0e51575235fad/library/std/src/../../backtrace/src/backtrace/mod.rs:66:5
[INFO] [stdout]    2:     0x56035e255f56 - std::sys_common::backtrace::_print_fmt::hd7f8fef21b4eda67
[INFO] [stdout]                                at /rustc/0e09125c6c3c2fd70d7de961bcf0e51575235fad/library/std/src/sys_common/backtrace.rs:68:5
[INFO] [stdout]    3:     0x56035e255f56 - <std::sys_common::backtrace::_print::DisplayBacktrace as core::fmt::Display>::fmt::h623d9b51f2f453f1
[INFO] [stdout]                                at /rustc/0e09125c6c3c2fd70d7de961bcf0e51575235fad/library/std/src/sys_common/backtrace.rs:44:22
[INFO] [stdout]    4:     0x56035e281650 - core::fmt::rt::Argument::fmt::h9f417ac76a86f368
[INFO] [stdout]                                at /rustc/0e09125c6c3c2fd70d7de961bcf0e51575235fad/library/core/src/fmt/rt.rs:142:9
[INFO] [stdout]    5:     0x56035e281650 - core::fmt::write::hc9b6faf4ac2aeff7
[INFO] [stdout]                                at /rustc/0e09125c6c3c2fd70d7de961bcf0e51575235fad/library/core/src/fmt/mod.rs:1120:17
[INFO] [stdout]    6:     0x56035e252f4f - std::io::Write::write_fmt::he04625a3a989fec3
[INFO] [stdout]                                at /rustc/0e09125c6c3c2fd70d7de961bcf0e51575235fad/library/std/src/io/mod.rs:1810:15
[INFO] [stdout]    7:     0x56035e255d34 - std::sys_common::backtrace::_print::hd5d66399c7df88a2
[INFO] [stdout]                                at /rustc/0e09125c6c3c2fd70d7de961bcf0e51575235fad/library/std/src/sys_common/backtrace.rs:47:5
[INFO] [stdout]    8:     0x56035e255d34 - std::sys_common::backtrace::print::he81ed2da642d37e5
[INFO] [stdout]                                at /rustc/0e09125c6c3c2fd70d7de961bcf0e51575235fad/library/std/src/sys_common/backtrace.rs:34:9
[INFO] [stdout]    9:     0x56035e257aa7 - std::panicking::default_hook::{{closure}}::h85773f4fa117163d
[INFO] [stdout]   10:     0x56035e25778d - std::panicking::default_hook::h6a1694a91d09b278
[INFO] [stdout]                                at /rustc/0e09125c6c3c2fd70d7de961bcf0e51575235fad/library/std/src/panicking.rs:289:9
[INFO] [stdout]   11:     0x56035e225997 - <alloc::boxed::Box<F,A> as core::ops::function::Fn<Args>>::call::h616ac37fa3cd6c8f
[INFO] [stdout]                                at /rustc/0e09125c6c3c2fd70d7de961bcf0e51575235fad/library/alloc/src/boxed.rs:2029:9
[INFO] [stdout]   12:     0x56035e225997 - test::test_main::{{closure}}::h00d84697cefdcbb6
[INFO] [stdout]                                at /rustc/0e09125c6c3c2fd70d7de961bcf0e51575235fad/library/test/src/lib.rs:138:21
[INFO] [stdout]   13:     0x56035e2580c6 - <alloc::boxed::Box<F,A> as core::ops::function::Fn<Args>>::call::hcb3fe3b9bb537ba8
[INFO] [stdout]                                at /rustc/0e09125c6c3c2fd70d7de961bcf0e51575235fad/library/alloc/src/boxed.rs:2029:9
[INFO] [stdout]   14:     0x56035e2580c6 - std::panicking::rust_panic_with_hook::h0a7ad96e90f7145b
[INFO] [stdout]                                at /rustc/0e09125c6c3c2fd70d7de961bcf0e51575235fad/library/std/src/panicking.rs:783:13
[INFO] [stdout]   15:     0x56035e257e12 - std::panicking::begin_panic_handler::{{closure}}::h7919090525c6485e
[INFO] [stdout]                                at /rustc/0e09125c6c3c2fd70d7de961bcf0e51575235fad/library/std/src/panicking.rs:657:13
[INFO] [stdout]   16:     0x56035e256456 - std::sys_common::backtrace::__rust_end_short_backtrace::hf3289479464f7dfe
[INFO] [stdout]                                at /rustc/0e09125c6c3c2fd70d7de961bcf0e51575235fad/library/std/src/sys_common/backtrace.rs:171:18
[INFO] [stdout]   17:     0x56035e257b70 - rust_begin_unwind
[INFO] [stdout]                                at /rustc/0e09125c6c3c2fd70d7de961bcf0e51575235fad/library/std/src/panicking.rs:645:5
[INFO] [stdout]   18:     0x56035e003fc5 - core::panicking::panic_fmt::hcc9f77c5c132af55
[INFO] [stdout]                                at /rustc/0e09125c6c3c2fd70d7de961bcf0e51575235fad/library/core/src/panicking.rs:72:14
[INFO] [stdout]   19:     0x56035e0684b1 - trybuild::run::<impl trybuild::Runner>::run::hae35d69a1bfc2d75
[INFO] [stdout]                                at /opt/rustwide/cargo-home/registry/src/index.crates.io-6f17d22bba15001f/trybuild-1.0.87/src/run.rs:101:13
[INFO] [stdout]   20:     0x56035e06dc68 - <trybuild::TestCases as core::ops::drop::Drop>::drop::hebdffa1fa6bec481
[INFO] [stdout]                                at /opt/rustwide/cargo-home/registry/src/index.crates.io-6f17d22bba15001f/trybuild-1.0.87/src/lib.rs:317:13
[INFO] [stdout]   21:     0x56035e004bd7 - core::ptr::drop_in_place<trybuild::TestCases>::h1e9c2b0581b29a33
[INFO] [stdout]                                at /rustc/0e09125c6c3c2fd70d7de961bcf0e51575235fad/library/core/src/ptr/mod.rs:507:1
[INFO] [stdout]   22:     0x56035e005ccb - tests::tests::h569786252a0db00b
[INFO] [stdout]                                at /opt/rustwide/workdir/tests/progress.rs:7:1
[INFO] [stdout]   23:     0x56035e005c47 - tests::tests::{{closure}}::h0c7f456f2734e029
[INFO] [stdout]                                at /opt/rustwide/workdir/tests/progress.rs:2:11
[INFO] [stdout]   24:     0x56035e004b76 - core::ops::function::FnOnce::call_once::h2df1cd37dd016407
[INFO] [stdout]                                at /rustc/0e09125c6c3c2fd70d7de961bcf0e51575235fad/library/core/src/ops/function.rs:250:5
[INFO] [stdout]   25:     0x56035e22b26f - core::ops::function::FnOnce::call_once::hd64d26f405258157
[INFO] [stdout]                                at /rustc/0e09125c6c3c2fd70d7de961bcf0e51575235fad/library/core/src/ops/function.rs:250:5
[INFO] [stdout]   26:     0x56035e22b26f - test::__rust_begin_short_backtrace::he21b0b7a6d731bf9
[INFO] [stdout]                                at /rustc/0e09125c6c3c2fd70d7de961bcf0e51575235fad/library/test/src/lib.rs:627:18
[INFO] [stdout]   27:     0x56035e229ff1 - test::run_test_in_process::{{closure}}::hf5c73986d7bdfde2
[INFO] [stdout]                                at /rustc/0e09125c6c3c2fd70d7de961bcf0e51575235fad/library/test/src/lib.rs:650:60
[INFO] [stdout]   28:     0x56035e229ff1 - <core::panic::unwind_safe::AssertUnwindSafe<F> as core::ops::function::FnOnce<()>>::call_once::h330011ad032aadc0
[INFO] [stdout]                                at /rustc/0e09125c6c3c2fd70d7de961bcf0e51575235fad/library/core/src/panic/unwind_safe.rs:272:9
[INFO] [stdout]   29:     0x56035e229ff1 - std::panicking::try::do_call::he61b0a958b795a41
[INFO] [stdout]                                at /rustc/0e09125c6c3c2fd70d7de961bcf0e51575235fad/library/std/src/panicking.rs:552:40
[INFO] [stdout]   30:     0x56035e229ff1 - std::panicking::try::h7309da130f906eb7
[INFO] [stdout]                                at /rustc/0e09125c6c3c2fd70d7de961bcf0e51575235fad/library/std/src/panicking.rs:516:19
[INFO] [stdout]   31:     0x56035e229ff1 - std::panic::catch_unwind::hc5c3a06fdaf0a92a
[INFO] [stdout]                                at /rustc/0e09125c6c3c2fd70d7de961bcf0e51575235fad/library/std/src/panic.rs:142:14
[INFO] [stdout]   32:     0x56035e229ff1 - test::run_test_in_process::h7e7b7c71c3324e0f
[INFO] [stdout]                                at /rustc/0e09125c6c3c2fd70d7de961bcf0e51575235fad/library/test/src/lib.rs:650:27
[INFO] [stdout]   33:     0x56035e229ff1 - test::run_test::{{closure}}::h1f509f28f5cf20b1
[INFO] [stdout]                                at /rustc/0e09125c6c3c2fd70d7de961bcf0e51575235fad/library/test/src/lib.rs:573:43
[INFO] [stdout]   34:     0x56035e1f1326 - test::run_test::{{closure}}::h1754218abf443f6d
[INFO] [stdout]                                at /rustc/0e09125c6c3c2fd70d7de961bcf0e51575235fad/library/test/src/lib.rs:601:41
[INFO] [stdout]   35:     0x56035e1f1326 - std::sys_common::backtrace::__rust_begin_short_backtrace::h2ee174b9d5954948
[INFO] [stdout]                                at /rustc/0e09125c6c3c2fd70d7de961bcf0e51575235fad/library/std/src/sys_common/backtrace.rs:155:18
[INFO] [stdout]   36:     0x56035e1f6387 - std::thread::Builder::spawn_unchecked_::{{closure}}::{{closure}}::hf60bee9c1a17ef09
[INFO] [stdout]                                at /rustc/0e09125c6c3c2fd70d7de961bcf0e51575235fad/library/std/src/thread/mod.rs:529:17
[INFO] [stdout]   37:     0x56035e1f6387 - <core::panic::unwind_safe::AssertUnwindSafe<F> as core::ops::function::FnOnce<()>>::call_once::h33d0dddec5216160
[INFO] [stdout]                                at /rustc/0e09125c6c3c2fd70d7de961bcf0e51575235fad/library/core/src/panic/unwind_safe.rs:272:9
[INFO] [stdout]   38:     0x56035e1f6387 - std::panicking::try::do_call::h144b3048b546f835
[INFO] [stdout]                                at /rustc/0e09125c6c3c2fd70d7de961bcf0e51575235fad/library/std/src/panicking.rs:552:40
[INFO] [stdout]   39:     0x56035e1f6387 - std::panicking::try::h978244d04646189f
[INFO] [stdout]                                at /rustc/0e09125c6c3c2fd70d7de961bcf0e51575235fad/library/std/src/panicking.rs:516:19
[INFO] [stdout]   40:     0x56035e1f6387 - std::panic::catch_unwind::hdf436369d188fe86
[INFO] [stdout]                                at /rustc/0e09125c6c3c2fd70d7de961bcf0e51575235fad/library/std/src/panic.rs:142:14
[INFO] [stdout]   41:     0x56035e1f6387 - std::thread::Builder::spawn_unchecked_::{{closure}}::h87329cbdd33c79ec
[INFO] [stdout]                                at /rustc/0e09125c6c3c2fd70d7de961bcf0e51575235fad/library/std/src/thread/mod.rs:528:30
[INFO] [stdout]   42:     0x56035e1f6387 - core::ops::function::FnOnce::call_once{{vtable.shim}}::h401abbe67897d450
[INFO] [stdout]                                at /rustc/0e09125c6c3c2fd70d7de961bcf0e51575235fad/library/core/src/ops/function.rs:250:5
[INFO] [stdout]   43:     0x56035e25dcf5 - <alloc::boxed::Box<F,A> as core::ops::function::FnOnce<Args>>::call_once::h5d7c8f150ab9c84c
[INFO] [stdout]                                at /rustc/0e09125c6c3c2fd70d7de961bcf0e51575235fad/library/alloc/src/boxed.rs:2015:9
[INFO] [stdout]   44:     0x56035e25dcf5 - <alloc::boxed::Box<F,A> as core::ops::function::FnOnce<Args>>::call_once::h570d5b005c242c15
[INFO] [stdout]                                at /rustc/0e09125c6c3c2fd70d7de961bcf0e51575235fad/library/alloc/src/boxed.rs:2015:9
[INFO] [stdout]   45:     0x56035e25dcf5 - std::sys::unix::thread::Thread::new::thread_start::h36b0a20c0b2361ad
[INFO] [stdout]                                at /rustc/0e09125c6c3c2fd70d7de961bcf0e51575235fad/library/std/src/sys/unix/thread.rs:108:17
[INFO] [stdout]   46:     0x7f508d56dac3 - <unknown>
[INFO] [stdout]   47:     0x7f508d5febf4 - __clone
[INFO] [stdout]   48:                0x0 - <unknown>
[INFO] [stdout] 
[INFO] [stdout] 
[INFO] [stdout] failures:
[INFO] [stdout]     tests
[INFO] [stdout] 
[INFO] [stdout] test result: FAILED. 0 passed; 1 failed; 0 ignored; 0 measured; 0 filtered out; finished in 19.13s
[INFO] [stdout] 
[INFO] [stderr] error: test failed, to rerun pass `--test tests`
[INFO] running `Command { std: "docker" "inspect" "3ed7d86a2ab20f8f7c8c5589cfc333ecfb89e6358cbbc56615c854a706dbd963", kill_on_drop: false }`
[INFO] running `Command { std: "docker" "rm" "-f" "3ed7d86a2ab20f8f7c8c5589cfc333ecfb89e6358cbbc56615c854a706dbd963", kill_on_drop: false }`
[INFO] [stdout] 3ed7d86a2ab20f8f7c8c5589cfc333ecfb89e6358cbbc56615c854a706dbd963
