[INFO] fetching crate switchboard-solana 0.27.73...
[INFO] testing switchboard-solana-0.27.73 against 1.75.0 for beta-1.76-1
[INFO] extracting crate switchboard-solana 0.27.73 into /workspace/builds/worker-2-tc1/source
[INFO] validating manifest of crates.io crate switchboard-solana 0.27.73 on toolchain 1.75.0
[INFO] running `Command { std: CARGO_HOME="/workspace/cargo-home" RUSTUP_HOME="/workspace/rustup-home" "/workspace/cargo-home/bin/cargo" "+1.75.0" "metadata" "--manifest-path" "Cargo.toml" "--no-deps", kill_on_drop: false }`
[INFO] started tweaking crates.io crate switchboard-solana 0.27.73
[INFO] finished tweaking crates.io crate switchboard-solana 0.27.73
[INFO] tweaked toml for crates.io crate switchboard-solana 0.27.73 written to /workspace/builds/worker-2-tc1/source/Cargo.toml
[INFO] running `Command { std: CARGO_HOME="/workspace/cargo-home" RUSTUP_HOME="/workspace/rustup-home" "/workspace/cargo-home/bin/cargo" "+1.75.0" "generate-lockfile" "--manifest-path" "Cargo.toml", kill_on_drop: false }`
[INFO] [stderr]     Updating crates.io index
[INFO] running `Command { std: CARGO_HOME="/workspace/cargo-home" RUSTUP_HOME="/workspace/rustup-home" "/workspace/cargo-home/bin/cargo" "+1.75.0" "fetch" "--manifest-path" "Cargo.toml", kill_on_drop: false }`
[INFO] [stderr]  Downloading crates ...
[INFO] [stderr]   Downloaded ipfs-api v0.17.0
[INFO] [stderr]   Downloaded common-multipart-rfc7578 v0.6.0
[INFO] [stderr]   Downloaded value-bag-serde1 v1.4.3
[INFO] [stderr]   Downloaded sval_buffer v2.11.0
[INFO] [stderr]   Downloaded anchor-attribute-error v0.27.0
[INFO] [stderr]   Downloaded ipfs-api-prelude v0.6.0
[INFO] [stderr]   Downloaded pkcs1 v0.2.4
[INFO] [stderr]   Downloaded const-oid v0.6.2
[INFO] [stderr]   Downloaded crypto-bigint v0.2.11
[INFO] [stderr]   Downloaded der v0.4.5
[INFO] [stderr]   Downloaded spki v0.4.1
[INFO] [stderr]   Downloaded pkcs8 v0.7.6
[INFO] [stderr]   Downloaded rsa v0.5.0
[INFO] [stderr]   Downloaded solana-remote-wallet v1.14.16
[INFO] [stderr]   Downloaded solana-clap-utils v1.14.16
[INFO] [stderr]   Downloaded solana-cli-config v1.14.16
[INFO] [stderr]   Downloaded solana-faucet v1.14.16
[INFO] [stderr]   Downloaded base64ct v1.1.1
[INFO] [stderr]   Downloaded solana-perf v1.14.16
[INFO] [stderr]   Downloaded solana-version v1.14.16
[INFO] [stderr]   Downloaded ipfs-api-backend-hyper v0.6.0
[INFO] [stderr]   Downloaded sval_dynamic v2.11.0
[INFO] [stderr]   Downloaded sval v2.11.0
[INFO] [stderr]   Downloaded sval_nested v2.11.0
[INFO] [stderr]   Downloaded hyper-multipart-rfc7578 v0.8.0
[INFO] [stderr]   Downloaded value-bag-sval2 v1.4.3
[INFO] [stderr]   Downloaded sval_ref v2.11.0
[INFO] [stderr]   Downloaded sval_serde v2.11.0
[INFO] [stderr]   Downloaded sgx-quote v0.1.0
[INFO] [stderr]   Downloaded sval_fmt v2.11.0
[INFO] [stderr]   Downloaded anchor-attribute-program v0.27.0
[INFO] [stderr]   Downloaded anchor-derive-accounts v0.27.0
[INFO] [stderr]   Downloaded anchor-derive-space v0.27.0
[INFO] [stderr]   Downloaded anchor-lang v0.27.0
[INFO] [stderr]   Downloaded anchor-spl v0.27.0
[INFO] [stderr]   Downloaded json_env_logger v0.1.1
[INFO] [stderr]   Downloaded num-bigint-dig v0.7.1
[INFO] [stderr]   Downloaded pem-rfc7468 v0.2.4
[INFO] [stderr]   Downloaded anchor-client v0.27.0
[INFO] [stderr]   Downloaded anchor-attribute-access-control v0.27.0
[INFO] [stderr]   Downloaded anchor-attribute-account v0.27.0
[INFO] [stderr]   Downloaded anchor-attribute-constant v0.27.0
[INFO] [stderr]   Downloaded anchor-attribute-event v0.27.0
[INFO] [stderr]   Downloaded solana-net-utils v1.14.16
[INFO] [stderr]   Downloaded solana-streamer v1.14.16
[INFO] [stderr]   Downloaded solana-client v1.14.16
[INFO] [stderr]   Downloaded sval_json v2.11.0
[INFO] [stderr]   Downloaded switchboard-solana-macros v0.2.2
[INFO] [stderr]   Downloaded solana-rayon-threadlimit v1.14.16
[INFO] [stderr]   Downloaded switchboard-common v0.11.2
[INFO] running `Command { std: "docker" "create" "-v" "/var/lib/crater-agent-workspace/builds/worker-2-tc1/target:/opt/rustwide/target:rw,Z" "-v" "/var/lib/crater-agent-workspace/builds/worker-2-tc1/source:/opt/rustwide/workdir:ro,Z" "-v" "/var/lib/crater-agent-workspace/cargo-home:/opt/rustwide/cargo-home:ro,Z" "-v" "/var/lib/crater-agent-workspace/rustup-home:/opt/rustwide/rustup-home:ro,Z" "-e" "SOURCE_DIR=/opt/rustwide/workdir" "-e" "CARGO_TARGET_DIR=/opt/rustwide/target" "-e" "CARGO_HOME=/opt/rustwide/cargo-home" "-e" "RUSTUP_HOME=/opt/rustwide/rustup-home" "-w" "/opt/rustwide/workdir" "-m" "1610612736" "--user" "0:0" "--network" "none" "ghcr.io/rust-lang/crates-build-env/linux@sha256:2788e3201cd34a07e3172128adcd8b3090168a8e3bcc40d7c032b9dda1df7d1c" "/opt/rustwide/cargo-home/bin/cargo" "+1.75.0" "metadata" "--no-deps" "--format-version=1", kill_on_drop: false }`
[INFO] [stdout] abf7e5998a84c08dca6379b928ef7f6f21580f437c4c6dc339c914aa9e3a84e6
[INFO] running `Command { std: "docker" "start" "-a" "abf7e5998a84c08dca6379b928ef7f6f21580f437c4c6dc339c914aa9e3a84e6", kill_on_drop: false }`
[INFO] running `Command { std: "docker" "inspect" "abf7e5998a84c08dca6379b928ef7f6f21580f437c4c6dc339c914aa9e3a84e6", kill_on_drop: false }`
[INFO] running `Command { std: "docker" "rm" "-f" "abf7e5998a84c08dca6379b928ef7f6f21580f437c4c6dc339c914aa9e3a84e6", kill_on_drop: false }`
[INFO] [stdout] abf7e5998a84c08dca6379b928ef7f6f21580f437c4c6dc339c914aa9e3a84e6
[INFO] running `Command { std: "docker" "create" "-v" "/var/lib/crater-agent-workspace/builds/worker-2-tc1/target:/opt/rustwide/target:rw,Z" "-v" "/var/lib/crater-agent-workspace/builds/worker-2-tc1/source:/opt/rustwide/workdir:ro,Z" "-v" "/var/lib/crater-agent-workspace/cargo-home:/opt/rustwide/cargo-home:ro,Z" "-v" "/var/lib/crater-agent-workspace/rustup-home:/opt/rustwide/rustup-home:ro,Z" "-e" "SOURCE_DIR=/opt/rustwide/workdir" "-e" "CARGO_TARGET_DIR=/opt/rustwide/target" "-e" "CARGO_INCREMENTAL=0" "-e" "RUST_BACKTRACE=full" "-e" "RUSTFLAGS=--cap-lints=warn" "-e" "RUSTDOCFLAGS=--cap-lints=warn" "-e" "CARGO_HOME=/opt/rustwide/cargo-home" "-e" "RUSTUP_HOME=/opt/rustwide/rustup-home" "-w" "/opt/rustwide/workdir" "-m" "1610612736" "--user" "0:0" "--network" "none" "ghcr.io/rust-lang/crates-build-env/linux@sha256:2788e3201cd34a07e3172128adcd8b3090168a8e3bcc40d7c032b9dda1df7d1c" "/opt/rustwide/cargo-home/bin/cargo" "+1.75.0" "build" "--frozen" "--message-format=json", kill_on_drop: false }`
[INFO] [stdout] ff89a0fee1c397016fb071ba5fa900f20a0edcabbaf02df44b06e15f47571fd5
[INFO] running `Command { std: "docker" "start" "-a" "ff89a0fee1c397016fb071ba5fa900f20a0edcabbaf02df44b06e15f47571fd5", kill_on_drop: false }`
[INFO] [stderr]    Compiling proc-macro2 v1.0.75
[INFO] [stderr]    Compiling libc v0.2.151
[INFO] [stderr]    Compiling version_check v0.9.4
[INFO] [stderr]    Compiling typenum v1.17.0
[INFO] [stderr]    Compiling serde v1.0.194
[INFO] [stderr]    Compiling once_cell v1.19.0
[INFO] [stderr]    Compiling itoa v1.0.10
[INFO] [stderr]    Compiling syn v1.0.109
[INFO] [stderr]    Compiling thiserror v1.0.56
[INFO] [stderr]    Compiling generic-array v0.14.7
[INFO] [stderr]    Compiling memchr v2.7.1
[INFO] [stderr]    Compiling jobserver v0.1.27
[INFO] [stderr]    Compiling subtle v2.4.1
[INFO] [stderr]    Compiling cpufeatures v0.2.12
[INFO] [stderr]    Compiling semver v1.0.21
[INFO] [stderr]    Compiling ryu v1.0.16
[INFO] [stderr]    Compiling quote v1.0.35
[INFO] [stderr]    Compiling cc v1.0.83
[INFO] [stderr]    Compiling syn v2.0.48
[INFO] [stderr]    Compiling rustc_version v0.4.0
[INFO] [stderr]    Compiling opaque-debug v0.3.0
[INFO] [stderr]    Compiling value-bag v1.4.3
[INFO] [stderr]    Compiling num-traits v0.2.17
[INFO] [stderr]    Compiling serde_json v1.0.111
[INFO] [stderr]    Compiling log v0.4.20
[INFO] [stderr]    Compiling digest v0.9.0
[INFO] [stderr]    Compiling ppv-lite86 v0.2.17
[INFO] [stderr]    Compiling getrandom v0.2.11
[INFO] [stderr]    Compiling rand_core v0.6.4
[INFO] [stderr]    Compiling anyhow v1.0.79
[INFO] [stderr]    Compiling byteorder v1.5.0
[INFO] [stderr]    Compiling getrandom v0.1.16
[INFO] [stderr]    Compiling tinyvec_macros v0.1.1
[INFO] [stderr]    Compiling tinyvec v1.6.0
[INFO] [stderr]    Compiling ahash v0.7.7
[INFO] [stderr]    Compiling pin-project-lite v0.2.13
[INFO] [stderr]    Compiling crunchy v0.2.2
[INFO] [stderr]    Compiling crossbeam-utils v0.8.18
[INFO] [stderr]    Compiling base64 v0.13.1
[INFO] [stderr]    Compiling block-padding v0.2.1
[INFO] [stderr]    Compiling rand_core v0.5.1
[INFO] [stderr]    Compiling parking_lot_core v0.9.9
[INFO] [stderr]    Compiling regex-syntax v0.8.2
[INFO] [stderr]    Compiling unicode-normalization v0.1.22
[INFO] [stderr]    Compiling wasm-bindgen-shared v0.2.89
[INFO] [stderr]    Compiling ring v0.17.7
[INFO] [stderr]    Compiling libsecp256k1-core v0.2.2
[INFO] [stderr]    Compiling crossbeam-epoch v0.9.17
[INFO] [stderr]    Compiling rand_chacha v0.2.2
[INFO] [stderr]    Compiling bytes v1.5.0
[INFO] [stderr]    Compiling rayon-core v1.12.0
[INFO] [stderr]    Compiling rand v0.7.3
[INFO] [stderr]    Compiling crossbeam-deque v0.8.4
[INFO] [stderr]    Compiling hashbrown v0.12.3
[INFO] [stderr]    Compiling bumpalo v3.14.0
[INFO] [stderr]    Compiling keccak v0.1.4
[INFO] [stderr]    Compiling feature-probe v0.1.1
[INFO] [stderr]    Compiling rustversion v1.0.14
[INFO] [stderr]    Compiling either v1.9.0
[INFO] [stderr]    Compiling wasm-bindgen-backend v0.2.89
[INFO] [stderr]    Compiling bv v0.11.1
[INFO] [stderr]    Compiling libsecp256k1-gen-genmult v0.2.1
[INFO] [stderr]    Compiling libsecp256k1-gen-ecmult v0.2.1
[INFO] [stderr]    Compiling blake3 v1.5.0
[INFO] [stderr]    Compiling solana-frozen-abi-macro v1.14.16
[INFO] [stderr]    Compiling bitmaps v2.1.0
[INFO] [stderr]    Compiling im v15.1.0
[INFO] [stderr]    Compiling memoffset v0.6.5
[INFO] [stderr]    Compiling percent-encoding v2.3.1
[INFO] [stderr]    Compiling arrayvec v0.7.4
[INFO] [stderr]    Compiling bs58 v0.4.0
[INFO] [stderr]    Compiling arrayref v0.3.7
[INFO] [stderr]    Compiling untrusted v0.9.0
[INFO] [stderr]    Compiling spin v0.9.8
[INFO] [stderr]    Compiling futures-core v0.3.30
[INFO] [stderr]    Compiling wasm-bindgen-macro-support v0.2.89
[INFO] [stderr]    Compiling sized-chunks v0.6.5
[INFO] [stderr]    Compiling rayon v1.8.0
[INFO] [stderr]    Compiling libsecp256k1 v0.6.0
[INFO] [stderr]    Compiling borsh-schema-derive-internal v0.9.3
[INFO] [stderr]    Compiling borsh-derive-internal v0.9.3
[INFO] [stderr]    Compiling parking_lot v0.12.1
[INFO] [stderr]    Compiling rand_xoshiro v0.6.0
[INFO] [stderr]    Compiling num_cpus v1.16.0
[INFO] [stderr]    Compiling solana-frozen-abi v1.14.16
[INFO] [stderr]    Compiling aho-corasick v1.1.2
[INFO] [stderr]    Compiling slab v0.4.9
[INFO] [stderr]    Compiling serde_derive v1.0.194
[INFO] [stderr]    Compiling thiserror-impl v1.0.56
[INFO] [stderr]    Compiling zeroize_derive v1.4.2
[INFO] [stderr]    Compiling wasm-bindgen v0.2.89
[INFO] [stderr]    Compiling constant_time_eq v0.3.0
[INFO] [stderr]    Compiling regex-automata v0.4.3
[INFO] [stderr]    Compiling wasm-bindgen-macro v0.2.89
[INFO] [stderr]    Compiling bytemuck_derive v1.5.0
[INFO] [stderr]    Compiling zeroize v1.3.0
[INFO] [stderr]    Compiling tokio-macros v2.2.0
[INFO] [stderr]    Compiling solana-program v1.14.16
[INFO] [stderr]    Compiling hashbrown v0.11.2
[INFO] [stderr]    Compiling mio v0.8.10
[INFO] [stderr]    Compiling signal-hook-registry v1.4.1
[INFO] [stderr]    Compiling memmap2 v0.5.10
[INFO] [stderr]    Compiling socket2 v0.5.5
[INFO] [stderr]    Compiling rustc-hash v1.1.0
[INFO] [stderr]    Compiling base64 v0.12.3
[INFO] [stderr]    Compiling futures-sink v0.3.30
[INFO] [stderr]    Compiling regex v1.10.2
[INFO] [stderr]    Compiling tokio v1.35.1
[INFO] [stderr]    Compiling bytemuck v1.14.0
[INFO] [stderr]    Compiling num-derive v0.3.3
[INFO] [stderr]    Compiling solana-sdk-macro v1.14.16
[INFO] [stderr]    Compiling itertools v0.10.5
[INFO] [stderr]    Compiling atty v0.2.14
[INFO] [stderr]    Compiling futures-channel v0.3.30
[INFO] [stderr]    Compiling futures-macro v0.3.30
[INFO] [stderr]    Compiling signature v1.6.4
[INFO] [stderr]    Compiling futures-task v0.3.30
[INFO] [stderr]    Compiling futures-io v0.3.30
[INFO] [stderr]    Compiling termcolor v1.4.0
[INFO] [stderr]    Compiling ed25519 v1.5.3
[INFO] [stderr]    Compiling humantime v2.1.0
[INFO] [stderr]    Compiling iana-time-zone v0.1.59
[INFO] [stderr]    Compiling env_logger v0.9.3
[INFO] [stderr]    Compiling futures-util v0.3.30
[INFO] [stderr]    Compiling solana-sdk v1.14.16
[INFO] [stderr]    Compiling derivation-path v0.2.0
[INFO] [stderr]    Compiling solana-logger v1.14.16
[INFO] [stderr]    Compiling tracing-attributes v0.1.27
[INFO] [stderr]    Compiling qstring v0.7.2
[INFO] [stderr]    Compiling uriparse v0.6.4
[INFO] [stderr]    Compiling tracing-core v0.1.32
[INFO] [stderr]    Compiling assert_matches v1.5.0
[INFO] [stderr]    Compiling http v0.2.11
[INFO] [stderr]    Compiling toml v0.5.11
[INFO] [stderr]    Compiling crypto-common v0.1.6
[INFO] [stderr]    Compiling block-buffer v0.10.4
[INFO] [stderr]    Compiling block-buffer v0.9.0
[INFO] [stderr]    Compiling digest v0.10.7
[INFO] [stderr]    Compiling crypto-mac v0.8.0
[INFO] [stderr]    Compiling sha2 v0.9.9
[INFO] [stderr]    Compiling sha2 v0.10.8
[INFO] [stderr]    Compiling hmac v0.8.1
[INFO] [stderr]    Compiling curve25519-dalek v3.2.1
[INFO] [stderr]    Compiling hmac-drbg v0.3.0
[INFO] [stderr]    Compiling proc-macro-crate v0.1.5
[INFO] [stderr]    Compiling sha3 v0.10.8
[INFO] [stderr]    Compiling pbkdf2 v0.4.0
[INFO] [stderr]    Compiling serde_bytes v0.11.14
[INFO] [stderr]    Compiling tiny-bip39 v0.8.2
[INFO] [stderr]    Compiling borsh-derive v0.9.3
[INFO] [stderr]    Compiling bincode v1.3.3
[INFO] [stderr]    Compiling ed25519-dalek v1.0.1
[INFO] [stderr]    Compiling hmac v0.12.1
[INFO] [stderr]    Compiling chrono v0.4.31
[INFO] [stderr]    Compiling ed25519-dalek-bip32 v0.2.0
[INFO] [stderr]    Compiling borsh v0.9.3
[INFO] [stderr]    Compiling pbkdf2 v0.11.0
[INFO] [stderr]    Compiling tracing v0.1.40
[INFO] [stderr]    Compiling base64 v0.21.5
[INFO] [stderr]    Compiling httparse v1.8.0
[INFO] [stderr]    Compiling form_urlencoded v1.2.1
[INFO] [stderr]    Compiling unicode-bidi v0.3.14
[INFO] [stderr]    Compiling hashbrown v0.14.3
[INFO] [stderr]    Compiling rustls-pemfile v1.0.4
[INFO] [stderr]    Compiling alloc-no-stdlib v2.0.4
[INFO] [stderr]    Compiling idna v0.5.0
[INFO] [stderr]    Compiling rustls v0.21.10
[INFO] [stderr]    Compiling equivalent v1.0.1
[INFO] [stderr]    Compiling crc32fast v1.3.2
[INFO] [stderr]    Compiling indexmap v2.1.0
[INFO] [stderr]    Compiling alloc-stdlib v0.2.2
[INFO] [stderr]    Compiling tokio-util v0.7.10
[INFO] [stderr]    Compiling try-lock v0.2.5
[INFO] [stderr]    Compiling url v2.5.0
[INFO] [stderr]    Compiling adler v1.0.2
[INFO] [stderr]    Compiling miniz_oxide v0.7.1
[INFO] [stderr]    Compiling want v0.3.1
[INFO] [stderr]    Compiling brotli-decompressor v2.5.1
[INFO] [stderr]    Compiling h2 v0.3.22
[INFO] [stderr]    Compiling http-body v0.4.6
[INFO] [stderr]    Compiling tower-service v0.3.2
[INFO] [stderr]    Compiling httpdate v1.0.3
[INFO] [stderr]    Compiling flate2 v1.0.28
[INFO] [stderr]    Compiling serde_urlencoded v0.7.1
[INFO] [stderr]    Compiling crossbeam-channel v0.5.10
[INFO] [stderr]    Compiling encoding_rs v0.8.33
[INFO] [stderr]    Compiling webpki-roots v0.25.3
[INFO] [stderr]    Compiling ipnet v2.9.0
[INFO] [stderr]    Compiling mime v0.3.17
[INFO] [stderr]    Compiling enum-iterator-derive v0.8.1
[INFO] [stderr]    Compiling brotli v3.4.0
[INFO] [stderr]    Compiling ring v0.16.20
[INFO] [stderr]    Compiling gethostname v0.2.3
[INFO] [stderr]    Compiling solana-program-runtime v1.14.16
[INFO] [stderr]    Compiling num-integer v0.1.45
[INFO] [stderr]    Compiling libloading v0.7.4
[INFO] [stderr]    Compiling proc-macro2 v0.4.30
[INFO] [stderr]    Compiling eager v0.1.0
[INFO] [stderr]    Compiling enum-iterator v0.8.1
[INFO] [stderr]    Compiling unicode-segmentation v1.10.1
[INFO] [stderr]    Compiling untrusted v0.7.1
[INFO] [stderr]    Compiling unicode-xid v0.1.0
[INFO] [stderr]    Compiling spin v0.5.2
[INFO] [stderr]    Compiling heck v0.3.3
[INFO] [stderr]    Compiling cipher v0.3.0
[INFO] [stderr]    Compiling hyper v0.14.28
[INFO] [stderr]    Compiling solana-vote-program v1.14.16
[INFO] [stderr]    Compiling syn v0.15.44
[INFO] [stderr]    Compiling time-core v0.1.2
[INFO] [stderr]    Compiling rustls v0.20.9
[INFO] [stderr]    Compiling powerfmt v0.2.0
[INFO] [stderr]    Compiling bs58 v0.3.1
[INFO] [stderr]    Compiling anchor-syn v0.27.0
[INFO] [stderr]    Compiling deranged v0.3.11
[INFO] [stderr]    Compiling time-macros v0.2.16
[INFO] [stderr]    Compiling quote v0.6.13
[INFO] [stderr]    Compiling async-compression v0.4.5
[INFO] [stderr]    Compiling proc-macro-crate v1.1.3
[INFO] [stderr]    Compiling universal-hash v0.4.1
[INFO] [stderr]    Compiling indexmap v1.9.3
[INFO] [stderr]    Compiling rustix v0.38.28
[INFO] [stderr]    Compiling minimal-lexical v0.2.1
[INFO] [stderr]    Compiling zstd-sys v2.0.9+zstd.1.5.5
[INFO] [stderr]    Compiling num_enum_derive v0.5.11
[INFO] [stderr]    Compiling nom v7.1.3
[INFO] [stderr]    Compiling polyval v0.5.3
[INFO] [stderr]    Compiling ctr v0.8.0
[INFO] [stderr]    Compiling aes v0.7.5
[INFO] [stderr]    Compiling time v0.3.31
[INFO] [stderr]    Compiling aead v0.4.3
[INFO] [stderr]    Compiling inout v0.1.3
[INFO] [stderr]    Compiling rand_chacha v0.3.1
[INFO] [stderr]    Compiling bitflags v2.4.1
[INFO] [stderr]    Compiling unicode-xid v0.2.4
[INFO] [stderr]    Compiling linux-raw-sys v0.4.12
[INFO] [stderr]    Compiling synstructure v0.12.6
[INFO] [stderr]    Compiling num_enum v0.5.11
[INFO] [stderr]    Compiling rand v0.8.5
[INFO] [stderr]    Compiling cipher v0.4.4
[INFO] [stderr]    Compiling aes-gcm-siv v0.10.3
[INFO] [stderr]    Compiling console v0.15.7
[INFO] [stderr]    Compiling sha3 v0.9.1
[INFO] [stderr]    Compiling nix v0.24.3
[INFO] [stderr]    Compiling dlopen_derive v0.1.4
[INFO] [stderr]    Compiling merlin v3.0.0
[INFO] [stderr]    Compiling num-bigint v0.2.6
[INFO] [stderr]    Compiling fastrand v2.0.1
[INFO] [stderr]    Compiling solana-perf v1.14.16
[INFO] [stderr]    Compiling asn1-rs-derive v0.4.0
[INFO] [stderr]    Compiling rusticata-macros v4.1.0
[INFO] [stderr]    Compiling caps v0.5.5
[INFO] [stderr]    Compiling asn1-rs-impl v0.1.0
[INFO] [stderr]    Compiling tempfile v3.9.0
[INFO] [stderr]    Compiling dlopen v0.1.8
[INFO] [stderr]    Compiling displaydoc v0.2.4
[INFO] [stderr]    Compiling solana-rayon-threadlimit v1.14.16
[INFO] [stderr]    Compiling num-complex v0.2.4
[INFO] [stderr]    Compiling num-rational v0.2.4
[INFO] [stderr]    Compiling num-bigint v0.4.4
[INFO] [stderr]    Compiling num-iter v0.1.43
[INFO] [stderr]    Compiling openssl-probe v0.1.5
[INFO] [stderr]    Compiling zstd-safe v5.0.2+zstd.1.5.2
[INFO] [stderr]    Compiling shell-words v1.1.0
[INFO] [stderr]    Compiling dialoguer v0.10.4
[INFO] [stderr]    Compiling rustls-native-certs v0.6.3
[INFO] [stderr]    Compiling textwrap v0.11.0
[INFO] [stderr]    Compiling rustls-pemfile v0.2.1
[INFO] [stderr]    Compiling asn1-rs v0.5.2
[INFO] [stderr]    Compiling fxhash v0.2.1
[INFO] [stderr]    Compiling socket2 v0.4.10
[INFO] [stderr]    Compiling solana-version v1.14.16
[INFO] [stderr]    Compiling solana-address-lookup-table-program v1.14.16
[INFO] [stderr]    Compiling vec_map v0.8.2
[INFO] [stderr]    Compiling const-oid v0.7.1
[INFO] [stderr]    Compiling oid-registry v0.6.1
[INFO] [stderr]    Compiling linked-hash-map v0.5.6
[INFO] [stderr]    Compiling ansi_term v0.12.1
[INFO] [stderr]    Compiling der v0.5.1
[INFO] [stderr]    Compiling yaml-rust v0.4.5
[INFO] [stderr]    Compiling clap v2.34.0
[INFO] [stderr]    Compiling futures-executor v0.3.30
[INFO] [stderr]    Compiling rpassword v6.0.1
[INFO] [stderr]    Compiling dirs-sys-next v0.1.2
[INFO] [stderr]    Compiling base64ct v1.1.1
[INFO] [stderr]    Compiling async-trait v0.1.77
[INFO] [stderr]    Compiling os_str_bytes v6.6.1
[INFO] [stderr]    Compiling lexical-core v0.7.6
[INFO] [stderr]    Compiling clap_lex v0.2.4
[INFO] [stderr]    Compiling spki v0.5.4
[INFO] [stderr]    Compiling dirs-next v2.0.0
[INFO] [stderr]    Compiling num v0.2.1
[INFO] [stderr]    Compiling futures v0.3.30
[INFO] [stderr]    Compiling serde_yaml v0.8.26
[INFO] [stderr]    Compiling yasna v0.5.2
[INFO] [stderr]    Compiling der-parser v8.2.0
[INFO] [stderr]    Compiling sha-1 v0.10.1
[INFO] [stderr]    Compiling Inflector v0.11.4
[INFO] [stderr]    Compiling pem v1.1.1
[INFO] [stderr]    Compiling nom v5.1.3
[INFO] [stderr]    Compiling utf-8 v0.7.6
[INFO] [stderr]    Compiling textwrap v0.16.0
[INFO] [stderr]    Compiling static_assertions v1.1.0
[INFO] [stderr]    Compiling data-encoding v2.5.0
[INFO] [stderr]    Compiling arrayvec v0.5.2
[INFO] [stderr]    Compiling strsim v0.10.0
[INFO] [stderr]    Compiling clap v3.2.25
[INFO] [stderr]    Compiling x509-parser v0.14.0
[INFO] [stderr]    Compiling rcgen v0.9.3
[INFO] [stderr]    Compiling percentage v0.1.0
[INFO] [stderr]    Compiling pkcs8 v0.8.0
[INFO] [stderr]    Compiling anchor-attribute-program v0.27.0
[INFO] [stderr]    Compiling anchor-derive-accounts v0.27.0
[INFO] [stderr]    Compiling anchor-attribute-constant v0.27.0
[INFO] [stderr]    Compiling anchor-attribute-event v0.27.0
[INFO] [stderr]    Compiling anchor-attribute-account v0.27.0
[INFO] [stderr]    Compiling anchor-attribute-error v0.27.0
[INFO] [stderr]    Compiling anchor-derive-space v0.27.0
[INFO] [stderr]    Compiling event-listener v2.5.3
[INFO] [stderr]    Compiling anchor-attribute-access-control v0.27.0
[INFO] [stderr]    Compiling histogram v0.6.9
[INFO] [stderr]    Compiling number_prefix v0.4.0
[INFO] [stderr]    Compiling async-mutex v1.4.0
[INFO] [stderr]    Compiling indicatif v0.16.2
[INFO] [stderr]    Compiling jsonrpc-core v18.0.0
[INFO] [stderr]    Compiling tokio-stream v0.1.14
[INFO] [stderr]    Compiling enum_dispatch v0.3.12
[INFO] [stderr]    Compiling rust_decimal v1.33.1
[INFO] [stderr]    Compiling hex v0.4.3
[INFO] [stderr]    Compiling envy v0.4.2
[INFO] [stderr]    Compiling cron v0.12.0
[INFO] [stderr]    Compiling dashmap v5.5.3
[INFO] [stderr]    Compiling kv-log-macro v1.0.7
[INFO] [stderr]    Compiling superslice v1.0.0
[INFO] [stderr]    Compiling sgx-quote v0.1.0
[INFO] [stderr]    Compiling switchboard-common v0.11.2
[INFO] [stderr]    Compiling sct v0.7.1
[INFO] [stderr]    Compiling rustls-webpki v0.101.7
[INFO] [stderr]    Compiling webpki v0.22.4
[INFO] [stderr]    Compiling webpki-roots v0.22.6
[INFO] [stderr]    Compiling zstd v0.11.2+zstd.1.5.2
[INFO] [stderr]    Compiling tokio-rustls v0.24.1
[INFO] [stderr]    Compiling hyper-rustls v0.24.2
[INFO] [stderr]    Compiling quinn-proto v0.8.4
[INFO] [stderr]    Compiling tungstenite v0.17.3
[INFO] [stderr]    Compiling reqwest v0.11.23
[INFO] [stderr]    Compiling tokio-rustls v0.23.4
[INFO] [stderr]    Compiling spl-memo v3.0.1
[INFO] [stderr]    Compiling spl-token v3.5.0
[INFO] [stderr]    Compiling tokio-tungstenite v0.17.2
[INFO] [stderr]    Compiling anchor-lang v0.27.0
[INFO] [stderr]    Compiling quinn-udp v0.1.4
[INFO] [stderr]    Compiling quinn v0.8.5
[INFO] [stderr]    Compiling solana-measure v1.14.16
[INFO] [stderr]    Compiling solana-metrics v1.14.16
[INFO] [stderr]    Compiling solana-zk-token-sdk v1.14.16
[INFO] [stderr]    Compiling solana-remote-wallet v1.14.16
[INFO] [stderr]    Compiling solana-net-utils v1.14.16
[INFO] [stderr]    Compiling solana-config-program v1.14.16
[INFO] [stderr]    Compiling solana-clap-utils v1.14.16
[INFO] [stderr]    Compiling solana-streamer v1.14.16
[INFO] [stderr]    Compiling solana-cli-config v1.14.16
[INFO] [stderr]    Compiling solana-faucet v1.14.16
[INFO] [stderr]    Compiling spl-token-2022 v0.5.0
[INFO] [stderr]    Compiling spl-associated-token-account v1.1.2
[INFO] [stderr]    Compiling solana-account-decoder v1.14.16
[INFO] [stderr]    Compiling anchor-spl v0.27.0
[INFO] [stderr]    Compiling solana-transaction-status v1.14.16
[INFO] [stderr]    Compiling solana-client v1.14.16
[INFO] [stderr]    Compiling anchor-client v0.27.0
[INFO] [stderr]    Compiling switchboard-solana v0.27.73 (/opt/rustwide/workdir)
[INFO] [stdout] warning: unused import: `events::*`
[INFO] [stdout]    --> src/lib.rs:120:9
[INFO] [stdout]     |
[INFO] [stdout] 120 | pub use events::*;
[INFO] [stdout]     |         ^^^^^^^^^
[INFO] [stdout]     |
[INFO] [stdout]     = note: `#[warn(unused_imports)]` on by default
[INFO] [stdout] 
[INFO] [stdout] 
[INFO] [stdout] warning: unused import: `client::*`
[INFO] [stdout]    --> src/lib.rs:133:13
[INFO] [stdout]     |
[INFO] [stdout] 133 |     pub use client::*;
[INFO] [stdout]     |             ^^^^^^^^^
[INFO] [stdout] 
[INFO] [stdout] 
[INFO] [stdout] warning: unused variable: `e`
[INFO] [stdout]    --> src/client/utils.rs:216:19
[INFO] [stdout]     |
[INFO] [stdout] 216 |         .map_err(|e| SbError::AccountNotFound)?;
[INFO] [stdout]     |                   ^ help: if this is intentional, prefix it with an underscore: `_e`
[INFO] [stdout]     |
[INFO] [stdout]     = note: `#[warn(unused_variables)]` on by default
[INFO] [stdout] 
[INFO] [stdout] 
[INFO] [stdout] warning: use of deprecated field `attestation_program::accounts::function::FunctionAccountData::default_container_params`: please use a `FunctionRoutineAccountData` for all scheduled executions
[INFO] [stdout]    --> src/client/function_runner.rs:266:30
[INFO] [stdout]     |
[INFO] [stdout] 266 |                 let params = function_data.default_container_params.to_vec();
[INFO] [stdout]     |                              ^^^^^^^^^^^^^^^^^^^^^^^^^^^^^^^^^^^^^^
[INFO] [stdout]     |
[INFO] [stdout]     = note: `#[warn(deprecated)]` on by default
[INFO] [stdout] 
[INFO] [stdout] 
[INFO] [stdout] warning: use of deprecated field `attestation_program::accounts::function::FunctionAccountData::default_container_params`: please use a `FunctionRoutineAccountData` for all scheduled executions
[INFO] [stdout]    --> src/client/function_runner.rs:452:41
[INFO] [stdout]     |
[INFO] [stdout] 452 |             solana_program::hash::hash(&function_data.as_ref().default_container_params)
[INFO] [stdout]     |                                         ^^^^^^^^^^^^^^^^^^^^^^^^^^^^^^^^^^^^^^^^^^^^^^^
[INFO] [stdout] 
[INFO] [stdout] 
[INFO] [stdout] warning: use of deprecated field `attestation_program::accounts::function::FunctionAccountData::enclave`: please use a `FunctionRoutineAccountData` for all scheduled executions
[INFO] [stdout]    --> src/attestation_program/accounts/function.rs:357:12
[INFO] [stdout]     |
[INFO] [stdout] 357 |         if self.enclave.mr_enclave == [0u8; 32] {
[INFO] [stdout]     |            ^^^^^^^^^^^^
[INFO] [stdout] 
[INFO] [stdout] 
[INFO] [stdout] warning: use of deprecated field `attestation_program::accounts::function::FunctionAccountData::enclave`: please use a `FunctionRoutineAccountData` for all scheduled executions
[INFO] [stdout]    --> src/attestation_program/accounts/function.rs:362:12
[INFO] [stdout]     |
[INFO] [stdout] 362 |         if self.enclave.enclave_signer != signer.key() {
[INFO] [stdout]     |            ^^^^^^^^^^^^
[INFO] [stdout] 
[INFO] [stdout] 
[INFO] [stdout] warning: use of deprecated field `attestation_program::accounts::function::FunctionAccountData::enclave`: please use a `FunctionRoutineAccountData` for all scheduled executions
[INFO] [stdout]    --> src/attestation_program/accounts/function.rs:367:12
[INFO] [stdout]     |
[INFO] [stdout] 367 |         Ok(self.enclave.is_verified(&Clock::get()?))
[INFO] [stdout]     |            ^^^^^^^^^^^^
[INFO] [stdout] 
[INFO] [stdout] 
[INFO] [stdout] warning: use of deprecated field `attestation_program::accounts::function::FunctionAccountData::enclave`: please use a `FunctionRoutineAccountData` for all scheduled executions
[INFO] [stdout]    --> src/attestation_program/accounts/function.rs:385:12
[INFO] [stdout]     |
[INFO] [stdout] 385 |         if self.enclave.mr_enclave == [0u8; 32] {
[INFO] [stdout]     |            ^^^^^^^^^^^^
[INFO] [stdout] 
[INFO] [stdout] 
[INFO] [stdout] warning: use of deprecated field `attestation_program::accounts::function::FunctionAccountData::enclave`: please use a `FunctionRoutineAccountData` for all scheduled executions
[INFO] [stdout]    --> src/attestation_program/accounts/function.rs:390:12
[INFO] [stdout]     |
[INFO] [stdout] 390 |         if self.enclave.enclave_signer != signer.key() {
[INFO] [stdout]     |            ^^^^^^^^^^^^
[INFO] [stdout] 
[INFO] [stdout] 
[INFO] [stdout] warning: use of deprecated field `attestation_program::accounts::function::FunctionAccountData::enclave`: please use a `FunctionRoutineAccountData` for all scheduled executions
[INFO] [stdout]    --> src/attestation_program/accounts/function.rs:395:12
[INFO] [stdout]     |
[INFO] [stdout] 395 |         Ok(self.enclave.is_verified(&Clock::get()?))
[INFO] [stdout]     |            ^^^^^^^^^^^^
[INFO] [stdout] 
[INFO] [stdout] 
[INFO] [stdout] warning: use of deprecated field `attestation_program::accounts::function::FunctionAccountData::schedule`: please use a `FunctionRoutineAccountData` for all scheduled executions
[INFO] [stdout]    --> src/attestation_program/accounts/function.rs:567:9
[INFO] [stdout]     |
[INFO] [stdout] 567 |         self.schedule
[INFO] [stdout]     |         ^^^^^^^^^^^^^
[INFO] [stdout] 
[INFO] [stdout] 
[INFO] [stdout] warning: use of deprecated associated function `attestation_program::client::function::<impl attestation_program::accounts::function::FunctionAccountData>::get_is_triggered_filter`: please use a `FunctionRequestAccountData` for all on-demand executions
[INFO] [stdout]    --> src/attestation_program/client/function.rs:336:34
[INFO] [stdout]     |
[INFO] [stdout] 336 |             FunctionAccountData::get_is_triggered_filter(),
[INFO] [stdout]     |                                  ^^^^^^^^^^^^^^^^^^^^^^^
[INFO] [stdout] 
[INFO] [stdout] 
[INFO] [stdout] warning: use of deprecated associated function `attestation_program::client::function::<impl attestation_program::accounts::function::FunctionAccountData>::get_is_scheduled_filter`: please use a `FunctionRoutineAccountData` for all scheduled executions
[INFO] [stdout]    --> src/attestation_program/client/function.rs:337:34
[INFO] [stdout]     |
[INFO] [stdout] 337 |             FunctionAccountData::get_is_scheduled_filter(),
[INFO] [stdout]     |                                  ^^^^^^^^^^^^^^^^^^^^^^^
[INFO] [stdout] 
[INFO] [stdout] 
[INFO] [stdout] warning: use of deprecated field `attestation_program::accounts::function::FunctionAccountData::schedule`: please use a `FunctionRoutineAccountData` for all scheduled executions
[INFO] [stdout]    --> src/attestation_program/client/function.rs:344:12
[INFO] [stdout]     |
[INFO] [stdout] 344 |         if self.schedule[0] == 0 {
[INFO] [stdout]     |            ^^^^^^^^^^^^^
[INFO] [stdout] 
[INFO] [stdout] 
[INFO] [stdout] warning: use of deprecated field `attestation_program::accounts::function::FunctionAccountData::schedule`: please use a `FunctionRoutineAccountData` for all scheduled executions
[INFO] [stdout]    --> src/attestation_program/client/function.rs:348:45
[INFO] [stdout]     |
[INFO] [stdout] 348 |         let schedule = std::str::from_utf8(&self.schedule)
[INFO] [stdout]     |                                             ^^^^^^^^^^^^^
[INFO] [stdout] 
[INFO] [stdout] 
[INFO] [stdout] warning: use of deprecated field `attestation_program::accounts::function::FunctionAccountData::last_execution_timestamp`: please use a `FunctionRoutineAccountData` for all scheduled executions
[INFO] [stdout]    --> src/attestation_program/client/function.rs:356:51
[INFO] [stdout]     |
[INFO] [stdout] 356 |         chrono::NaiveDateTime::from_timestamp_opt(self.last_execution_timestamp, 0)
[INFO] [stdout]     |                                                   ^^^^^^^^^^^^^^^^^^^^^^^^^^^^^
[INFO] [stdout] 
[INFO] [stdout] 
[INFO] [stdout] warning: use of deprecated field `attestation_program::accounts::function::FunctionAccountData::last_execution_timestamp`: please use a `FunctionRoutineAccountData` for all scheduled executions
[INFO] [stdout]    --> src/attestation_program/client/function.rs:365:43
[INFO] [stdout]     |
[INFO] [stdout] 365 |         let last_execution_timestamp = if self.last_execution_timestamp > 0 {
[INFO] [stdout]     |                                           ^^^^^^^^^^^^^^^^^^^^^^^^^^^^^
[INFO] [stdout] 
[INFO] [stdout] 
[INFO] [stdout] warning: use of deprecated field `attestation_program::accounts::function::FunctionAccountData::last_execution_timestamp`: please use a `FunctionRoutineAccountData` for all scheduled executions
[INFO] [stdout]    --> src/attestation_program/client/function.rs:366:13
[INFO] [stdout]     |
[INFO] [stdout] 366 |             self.last_execution_timestamp
[INFO] [stdout]     |             ^^^^^^^^^^^^^^^^^^^^^^^^^^^^^
[INFO] [stdout] 
[INFO] [stdout] 
[INFO] [stdout] warning: use of deprecated field `attestation_program::accounts::function::FunctionAccountData::is_triggered`: please use a `FunctionRoutineAccountData` for all scheduled executions
[INFO] [stdout]    --> src/attestation_program/client/function.rs:379:12
[INFO] [stdout]     |
[INFO] [stdout] 379 |         if self.is_triggered > 0 {
[INFO] [stdout]     |            ^^^^^^^^^^^^^^^^^
[INFO] [stdout] 
[INFO] [stdout] 
[INFO] [stdout] warning: use of deprecated field `attestation_program::accounts::function::FunctionAccountData::last_execution_timestamp`: please use a `FunctionRoutineAccountData` for all scheduled executions
[INFO] [stdout]    --> src/attestation_program/client/function.rs:386:12
[INFO] [stdout]     |
[INFO] [stdout] 386 |         if self.last_execution_timestamp == 0 {
[INFO] [stdout]     |            ^^^^^^^^^^^^^^^^^^^^^^^^^^^^^
[INFO] [stdout] 
[INFO] [stdout] 
[INFO] [stdout] warning: use of deprecated field `attestation_program::accounts::function::FunctionAccountData::schedule`: please use a `FunctionRoutineAccountData` for all scheduled executions
[INFO] [stdout]    --> src/attestation_program/client/function.rs:406:9
[INFO] [stdout]     |
[INFO] [stdout] 406 |         self.schedule[0] == 0
[INFO] [stdout]     |         ^^^^^^^^^^^^^
[INFO] [stdout] 
[INFO] [stdout] 
[INFO] [stdout] warning: value assigned to `attestation_queue` is never read
[INFO] [stdout]    --> src/client/function_runner.rs:100:17
[INFO] [stdout]     |
[INFO] [stdout] 100 |         let mut attestation_queue: Option<Pubkey> = None;
[INFO] [stdout]     |                 ^^^^^^^^^^^^^^^^^
[INFO] [stdout]     |
[INFO] [stdout]     = help: maybe it is overwritten before being read?
[INFO] [stdout]     = note: `#[warn(unused_assignments)]` on by default
[INFO] [stdout] 
[INFO] [stdout] 
[INFO] [stdout] warning: function `parse_mrenclave_hex` is never used
[INFO] [stdout]     --> src/client/validator.rs:1467:4
[INFO] [stdout]      |
[INFO] [stdout] 1467 | fn parse_mrenclave_hex(hex_str: &str) -> Result<[u8; 32], SbError> {
[INFO] [stdout]      |    ^^^^^^^^^^^^^^^^^^^
[INFO] [stdout]      |
[INFO] [stdout]      = note: `#[warn(dead_code)]` on by default
[INFO] [stdout] 
[INFO] [stdout] 
[INFO] [stdout] warning: function `print_function_verify_accounts` is never used
[INFO] [stdout]     --> src/client/validator.rs:1479:10
[INFO] [stdout]      |
[INFO] [stdout] 1479 | async fn print_function_verify_accounts(function_verify_ix: Instruction, rpc: Arc<RpcClient>) {
[INFO] [stdout]      |          ^^^^^^^^^^^^^^^^^^^^^^^^^^^^^^
[INFO] [stdout] 
[INFO] [stdout] 
[INFO] [stdout] warning: 25 warnings emitted
[INFO] [stdout] 
[INFO] [stdout] 
[INFO] [stderr]     Finished dev [unoptimized + debuginfo] target(s) in 3m 23s
[INFO] running `Command { std: "docker" "inspect" "ff89a0fee1c397016fb071ba5fa900f20a0edcabbaf02df44b06e15f47571fd5", kill_on_drop: false }`
[INFO] running `Command { std: "docker" "rm" "-f" "ff89a0fee1c397016fb071ba5fa900f20a0edcabbaf02df44b06e15f47571fd5", kill_on_drop: false }`
[INFO] [stdout] ff89a0fee1c397016fb071ba5fa900f20a0edcabbaf02df44b06e15f47571fd5
[INFO] running `Command { std: "docker" "create" "-v" "/var/lib/crater-agent-workspace/builds/worker-2-tc1/target:/opt/rustwide/target:rw,Z" "-v" "/var/lib/crater-agent-workspace/builds/worker-2-tc1/source:/opt/rustwide/workdir:ro,Z" "-v" "/var/lib/crater-agent-workspace/cargo-home:/opt/rustwide/cargo-home:ro,Z" "-v" "/var/lib/crater-agent-workspace/rustup-home:/opt/rustwide/rustup-home:ro,Z" "-e" "SOURCE_DIR=/opt/rustwide/workdir" "-e" "CARGO_TARGET_DIR=/opt/rustwide/target" "-e" "CARGO_INCREMENTAL=0" "-e" "RUST_BACKTRACE=full" "-e" "RUSTFLAGS=--cap-lints=warn" "-e" "RUSTDOCFLAGS=--cap-lints=warn" "-e" "CARGO_HOME=/opt/rustwide/cargo-home" "-e" "RUSTUP_HOME=/opt/rustwide/rustup-home" "-w" "/opt/rustwide/workdir" "-m" "1610612736" "--user" "0:0" "--network" "none" "ghcr.io/rust-lang/crates-build-env/linux@sha256:2788e3201cd34a07e3172128adcd8b3090168a8e3bcc40d7c032b9dda1df7d1c" "/opt/rustwide/cargo-home/bin/cargo" "+1.75.0" "test" "--frozen" "--no-run" "--message-format=json", kill_on_drop: false }`
[INFO] [stdout] 19f002c6b3f282ce5d4535dd7e388f8f8f7abf559663eb3e36dcfff03ec47709
[INFO] running `Command { std: "docker" "start" "-a" "19f002c6b3f282ce5d4535dd7e388f8f8f7abf559663eb3e36dcfff03ec47709", kill_on_drop: false }`
[INFO] [stderr]    Compiling option-ext v0.2.0
[INFO] [stderr]    Compiling env_logger v0.7.1
[INFO] [stderr]    Compiling diff v0.1.13
[INFO] [stderr]    Compiling yansi v0.5.1
[INFO] [stderr]    Compiling dirs-sys v0.4.1
[INFO] [stderr]    Compiling pretty_assertions v1.4.0
[INFO] [stderr]    Compiling dirs v5.0.1
[INFO] [stderr]    Compiling json_env_logger v0.1.1
[INFO] [stderr]    Compiling switchboard-solana v0.27.73 (/opt/rustwide/workdir)
[INFO] [stdout] warning: unused import: `events::*`
[INFO] [stdout]    --> src/lib.rs:120:9
[INFO] [stdout]     |
[INFO] [stdout] 120 | pub use events::*;
[INFO] [stdout]     |         ^^^^^^^^^
[INFO] [stdout]     |
[INFO] [stdout]     = note: `#[warn(unused_imports)]` on by default
[INFO] [stdout] 
[INFO] [stdout] 
[INFO] [stdout] warning: unused import: `client::*`
[INFO] [stdout]    --> src/lib.rs:133:13
[INFO] [stdout]     |
[INFO] [stdout] 133 |     pub use client::*;
[INFO] [stdout]     |             ^^^^^^^^^
[INFO] [stdout] 
[INFO] [stdout] 
[INFO] [stdout] warning: unused variable: `e`
[INFO] [stdout]    --> src/client/utils.rs:216:19
[INFO] [stdout]     |
[INFO] [stdout] 216 |         .map_err(|e| SbError::AccountNotFound)?;
[INFO] [stdout]     |                   ^ help: if this is intentional, prefix it with an underscore: `_e`
[INFO] [stdout]     |
[INFO] [stdout]     = note: `#[warn(unused_variables)]` on by default
[INFO] [stdout] 
[INFO] [stdout] 
[INFO] [stdout] warning: use of deprecated field `attestation_program::accounts::function::FunctionAccountData::default_container_params`: please use a `FunctionRoutineAccountData` for all scheduled executions
[INFO] [stdout]    --> src/client/function_runner.rs:266:30
[INFO] [stdout]     |
[INFO] [stdout] 266 |                 let params = function_data.default_container_params.to_vec();
[INFO] [stdout]     |                              ^^^^^^^^^^^^^^^^^^^^^^^^^^^^^^^^^^^^^^
[INFO] [stdout]     |
[INFO] [stdout]     = note: `#[warn(deprecated)]` on by default
[INFO] [stdout] 
[INFO] [stdout] 
[INFO] [stdout] warning: use of deprecated field `attestation_program::accounts::function::FunctionAccountData::default_container_params`: please use a `FunctionRoutineAccountData` for all scheduled executions
[INFO] [stdout]    --> src/client/function_runner.rs:452:41
[INFO] [stdout]     |
[INFO] [stdout] 452 |             solana_program::hash::hash(&function_data.as_ref().default_container_params)
[INFO] [stdout]     |                                         ^^^^^^^^^^^^^^^^^^^^^^^^^^^^^^^^^^^^^^^^^^^^^^^
[INFO] [stdout] 
[INFO] [stdout] 
[INFO] [stdout] warning: use of deprecated field `attestation_program::accounts::function::FunctionAccountData::enclave`: please use a `FunctionRoutineAccountData` for all scheduled executions
[INFO] [stdout]    --> src/attestation_program/accounts/function.rs:357:12
[INFO] [stdout]     |
[INFO] [stdout] 357 |         if self.enclave.mr_enclave == [0u8; 32] {
[INFO] [stdout]     |            ^^^^^^^^^^^^
[INFO] [stdout] 
[INFO] [stdout] 
[INFO] [stdout] warning: use of deprecated field `attestation_program::accounts::function::FunctionAccountData::enclave`: please use a `FunctionRoutineAccountData` for all scheduled executions
[INFO] [stdout]    --> src/attestation_program/accounts/function.rs:362:12
[INFO] [stdout]     |
[INFO] [stdout] 362 |         if self.enclave.enclave_signer != signer.key() {
[INFO] [stdout]     |            ^^^^^^^^^^^^
[INFO] [stdout] 
[INFO] [stdout] 
[INFO] [stdout] warning: use of deprecated field `attestation_program::accounts::function::FunctionAccountData::enclave`: please use a `FunctionRoutineAccountData` for all scheduled executions
[INFO] [stdout]    --> src/attestation_program/accounts/function.rs:367:12
[INFO] [stdout]     |
[INFO] [stdout] 367 |         Ok(self.enclave.is_verified(&Clock::get()?))
[INFO] [stdout]     |            ^^^^^^^^^^^^
[INFO] [stdout] 
[INFO] [stdout] 
[INFO] [stdout] warning: use of deprecated field `attestation_program::accounts::function::FunctionAccountData::enclave`: please use a `FunctionRoutineAccountData` for all scheduled executions
[INFO] [stdout]    --> src/attestation_program/accounts/function.rs:385:12
[INFO] [stdout]     |
[INFO] [stdout] 385 |         if self.enclave.mr_enclave == [0u8; 32] {
[INFO] [stdout]     |            ^^^^^^^^^^^^
[INFO] [stdout] 
[INFO] [stdout] 
[INFO] [stdout] warning: use of deprecated field `attestation_program::accounts::function::FunctionAccountData::enclave`: please use a `FunctionRoutineAccountData` for all scheduled executions
[INFO] [stdout]    --> src/attestation_program/accounts/function.rs:390:12
[INFO] [stdout]     |
[INFO] [stdout] 390 |         if self.enclave.enclave_signer != signer.key() {
[INFO] [stdout]     |            ^^^^^^^^^^^^
[INFO] [stdout] 
[INFO] [stdout] 
[INFO] [stdout] warning: use of deprecated field `attestation_program::accounts::function::FunctionAccountData::enclave`: please use a `FunctionRoutineAccountData` for all scheduled executions
[INFO] [stdout]    --> src/attestation_program/accounts/function.rs:395:12
[INFO] [stdout]     |
[INFO] [stdout] 395 |         Ok(self.enclave.is_verified(&Clock::get()?))
[INFO] [stdout]     |            ^^^^^^^^^^^^
[INFO] [stdout] 
[INFO] [stdout] 
[INFO] [stdout] warning: use of deprecated field `attestation_program::accounts::function::FunctionAccountData::schedule`: please use a `FunctionRoutineAccountData` for all scheduled executions
[INFO] [stdout]    --> src/attestation_program/accounts/function.rs:567:9
[INFO] [stdout]     |
[INFO] [stdout] 567 |         self.schedule
[INFO] [stdout]     |         ^^^^^^^^^^^^^
[INFO] [stdout] 
[INFO] [stdout] 
[INFO] [stdout] warning: use of deprecated associated function `attestation_program::client::function::<impl attestation_program::accounts::function::FunctionAccountData>::get_is_triggered_filter`: please use a `FunctionRequestAccountData` for all on-demand executions
[INFO] [stdout]    --> src/attestation_program/client/function.rs:336:34
[INFO] [stdout]     |
[INFO] [stdout] 336 |             FunctionAccountData::get_is_triggered_filter(),
[INFO] [stdout]     |                                  ^^^^^^^^^^^^^^^^^^^^^^^
[INFO] [stdout] 
[INFO] [stdout] 
[INFO] [stdout] warning: use of deprecated associated function `attestation_program::client::function::<impl attestation_program::accounts::function::FunctionAccountData>::get_is_scheduled_filter`: please use a `FunctionRoutineAccountData` for all scheduled executions
[INFO] [stdout]    --> src/attestation_program/client/function.rs:337:34
[INFO] [stdout]     |
[INFO] [stdout] 337 |             FunctionAccountData::get_is_scheduled_filter(),
[INFO] [stdout]     |                                  ^^^^^^^^^^^^^^^^^^^^^^^
[INFO] [stdout] 
[INFO] [stdout] 
[INFO] [stdout] warning: use of deprecated field `attestation_program::accounts::function::FunctionAccountData::schedule`: please use a `FunctionRoutineAccountData` for all scheduled executions
[INFO] [stdout]    --> src/attestation_program/client/function.rs:344:12
[INFO] [stdout]     |
[INFO] [stdout] 344 |         if self.schedule[0] == 0 {
[INFO] [stdout]     |            ^^^^^^^^^^^^^
[INFO] [stdout] 
[INFO] [stdout] 
[INFO] [stdout] warning: use of deprecated field `attestation_program::accounts::function::FunctionAccountData::schedule`: please use a `FunctionRoutineAccountData` for all scheduled executions
[INFO] [stdout]    --> src/attestation_program/client/function.rs:348:45
[INFO] [stdout]     |
[INFO] [stdout] 348 |         let schedule = std::str::from_utf8(&self.schedule)
[INFO] [stdout]     |                                             ^^^^^^^^^^^^^
[INFO] [stdout] 
[INFO] [stdout] 
[INFO] [stdout] warning: use of deprecated field `attestation_program::accounts::function::FunctionAccountData::last_execution_timestamp`: please use a `FunctionRoutineAccountData` for all scheduled executions
[INFO] [stdout]    --> src/attestation_program/client/function.rs:356:51
[INFO] [stdout]     |
[INFO] [stdout] 356 |         chrono::NaiveDateTime::from_timestamp_opt(self.last_execution_timestamp, 0)
[INFO] [stdout]     |                                                   ^^^^^^^^^^^^^^^^^^^^^^^^^^^^^
[INFO] [stdout] 
[INFO] [stdout] 
[INFO] [stdout] warning: use of deprecated field `attestation_program::accounts::function::FunctionAccountData::last_execution_timestamp`: please use a `FunctionRoutineAccountData` for all scheduled executions
[INFO] [stdout]    --> src/attestation_program/client/function.rs:365:43
[INFO] [stdout]     |
[INFO] [stdout] 365 |         let last_execution_timestamp = if self.last_execution_timestamp > 0 {
[INFO] [stdout]     |                                           ^^^^^^^^^^^^^^^^^^^^^^^^^^^^^
[INFO] [stdout] 
[INFO] [stdout] 
[INFO] [stdout] warning: use of deprecated field `attestation_program::accounts::function::FunctionAccountData::last_execution_timestamp`: please use a `FunctionRoutineAccountData` for all scheduled executions
[INFO] [stdout]    --> src/attestation_program/client/function.rs:366:13
[INFO] [stdout]     |
[INFO] [stdout] 366 |             self.last_execution_timestamp
[INFO] [stdout]     |             ^^^^^^^^^^^^^^^^^^^^^^^^^^^^^
[INFO] [stdout] 
[INFO] [stdout] 
[INFO] [stdout] warning: use of deprecated field `attestation_program::accounts::function::FunctionAccountData::is_triggered`: please use a `FunctionRoutineAccountData` for all scheduled executions
[INFO] [stdout]    --> src/attestation_program/client/function.rs:379:12
[INFO] [stdout]     |
[INFO] [stdout] 379 |         if self.is_triggered > 0 {
[INFO] [stdout]     |            ^^^^^^^^^^^^^^^^^
[INFO] [stdout] 
[INFO] [stdout] 
[INFO] [stdout] warning: use of deprecated field `attestation_program::accounts::function::FunctionAccountData::last_execution_timestamp`: please use a `FunctionRoutineAccountData` for all scheduled executions
[INFO] [stdout]    --> src/attestation_program/client/function.rs:386:12
[INFO] [stdout]     |
[INFO] [stdout] 386 |         if self.last_execution_timestamp == 0 {
[INFO] [stdout]     |            ^^^^^^^^^^^^^^^^^^^^^^^^^^^^^
[INFO] [stdout] 
[INFO] [stdout] 
[INFO] [stdout] warning: use of deprecated field `attestation_program::accounts::function::FunctionAccountData::schedule`: please use a `FunctionRoutineAccountData` for all scheduled executions
[INFO] [stdout]    --> src/attestation_program/client/function.rs:406:9
[INFO] [stdout]     |
[INFO] [stdout] 406 |         self.schedule[0] == 0
[INFO] [stdout]     |         ^^^^^^^^^^^^^
[INFO] [stdout] 
[INFO] [stdout] 
[INFO] [stdout] warning: value assigned to `attestation_queue` is never read
[INFO] [stdout]    --> src/client/function_runner.rs:100:17
[INFO] [stdout]     |
[INFO] [stdout] 100 |         let mut attestation_queue: Option<Pubkey> = None;
[INFO] [stdout]     |                 ^^^^^^^^^^^^^^^^^
[INFO] [stdout]     |
[INFO] [stdout]     = help: maybe it is overwritten before being read?
[INFO] [stdout]     = note: `#[warn(unused_assignments)]` on by default
[INFO] [stdout] 
[INFO] [stdout] 
[INFO] [stdout] warning: function `parse_mrenclave_hex` is never used
[INFO] [stdout]     --> src/client/validator.rs:1467:4
[INFO] [stdout]      |
[INFO] [stdout] 1467 | fn parse_mrenclave_hex(hex_str: &str) -> Result<[u8; 32], SbError> {
[INFO] [stdout]      |    ^^^^^^^^^^^^^^^^^^^
[INFO] [stdout]      |
[INFO] [stdout]      = note: `#[warn(dead_code)]` on by default
[INFO] [stdout] 
[INFO] [stdout] 
[INFO] [stdout] warning: function `print_function_verify_accounts` is never used
[INFO] [stdout]     --> src/client/validator.rs:1479:10
[INFO] [stdout]      |
[INFO] [stdout] 1479 | async fn print_function_verify_accounts(function_verify_ix: Instruction, rpc: Arc<RpcClient>) {
[INFO] [stdout]      |          ^^^^^^^^^^^^^^^^^^^^^^^^^^^^^^
[INFO] [stdout] 
[INFO] [stdout] 
[INFO] [stdout] warning: the type `history_buffer::AggregatorHistoryBuffer<'_>` does not permit zero-initialization
[INFO] [stdout]    --> src/oracle_program/accounts/history_buffer.rs:106:22
[INFO] [stdout]     |
[INFO] [stdout] 106 |             unsafe { std::mem::zeroed() }
[INFO] [stdout]     |                      ^^^^^^^^^^^^^^^^^^
[INFO] [stdout]     |                      |
[INFO] [stdout]     |                      this code causes undefined behavior when executed
[INFO] [stdout]     |                      help: use `MaybeUninit<T>` instead, and only call `assume_init` after initialization is done
[INFO] [stdout]     |
[INFO] [stdout] note: `std::ptr::NonNull<[oracle_program::accounts::history_buffer::AggregatorHistoryRow]>` must be non-null (in this struct field)
[INFO] [stdout]    --> src/oracle_program/accounts/history_buffer.rs:23:5
[INFO] [stdout]     |
[INFO] [stdout] 23  |     pub rows: Ref<'a, [AggregatorHistoryRow]>,
[INFO] [stdout]     |     ^^^^^^^^^^^^^^^^^^^^^^^^^^^^^^^^^^^^^^^^^
[INFO] [stdout]     = note: `#[warn(invalid_value)]` on by default
[INFO] [stdout] 
[INFO] [stdout] 
[INFO] [stdout] warning: 26 warnings emitted
[INFO] [stdout] 
[INFO] [stdout] 
[INFO] [stderr]     Finished test [unoptimized + debuginfo] target(s) in 33.12s
[INFO] running `Command { std: "docker" "inspect" "19f002c6b3f282ce5d4535dd7e388f8f8f7abf559663eb3e36dcfff03ec47709", kill_on_drop: false }`
[INFO] running `Command { std: "docker" "rm" "-f" "19f002c6b3f282ce5d4535dd7e388f8f8f7abf559663eb3e36dcfff03ec47709", kill_on_drop: false }`
[INFO] [stdout] 19f002c6b3f282ce5d4535dd7e388f8f8f7abf559663eb3e36dcfff03ec47709
[INFO] running `Command { std: "docker" "create" "-v" "/var/lib/crater-agent-workspace/builds/worker-2-tc1/target:/opt/rustwide/target:rw,Z" "-v" "/var/lib/crater-agent-workspace/builds/worker-2-tc1/source:/opt/rustwide/workdir:ro,Z" "-v" "/var/lib/crater-agent-workspace/cargo-home:/opt/rustwide/cargo-home:ro,Z" "-v" "/var/lib/crater-agent-workspace/rustup-home:/opt/rustwide/rustup-home:ro,Z" "-e" "SOURCE_DIR=/opt/rustwide/workdir" "-e" "CARGO_TARGET_DIR=/opt/rustwide/target" "-e" "CARGO_INCREMENTAL=0" "-e" "RUST_BACKTRACE=full" "-e" "RUSTFLAGS=--cap-lints=warn" "-e" "RUSTDOCFLAGS=--cap-lints=warn" "-e" "CARGO_HOME=/opt/rustwide/cargo-home" "-e" "RUSTUP_HOME=/opt/rustwide/rustup-home" "-w" "/opt/rustwide/workdir" "-m" "1610612736" "--user" "0:0" "--network" "none" "ghcr.io/rust-lang/crates-build-env/linux@sha256:2788e3201cd34a07e3172128adcd8b3090168a8e3bcc40d7c032b9dda1df7d1c" "/opt/rustwide/cargo-home/bin/cargo" "+1.75.0" "test" "--frozen", kill_on_drop: false }`
[INFO] [stdout] d42218da4bb96a0888b168b3ec524a17cbb64fa7a8642796d1bb494372a40a87
[INFO] running `Command { std: "docker" "start" "-a" "d42218da4bb96a0888b168b3ec524a17cbb64fa7a8642796d1bb494372a40a87", kill_on_drop: false }`
[INFO] [stderr] warning: unused import: `events::*`
[INFO] [stderr]    --> src/lib.rs:120:9
[INFO] [stderr]     |
[INFO] [stderr] 120 | pub use events::*;
[INFO] [stderr]     |         ^^^^^^^^^
[INFO] [stderr]     |
[INFO] [stderr]     = note: `#[warn(unused_imports)]` on by default
[INFO] [stderr] 
[INFO] [stderr] warning: unused import: `client::*`
[INFO] [stderr]    --> src/lib.rs:133:13
[INFO] [stderr]     |
[INFO] [stderr] 133 |     pub use client::*;
[INFO] [stderr]     |             ^^^^^^^^^
[INFO] [stderr] 
[INFO] [stderr] warning: unused variable: `e`
[INFO] [stderr]    --> src/client/utils.rs:216:19
[INFO] [stderr]     |
[INFO] [stderr] 216 |         .map_err(|e| SbError::AccountNotFound)?;
[INFO] [stderr]     |                   ^ help: if this is intentional, prefix it with an underscore: `_e`
[INFO] [stderr]     |
[INFO] [stderr]     = note: `#[warn(unused_variables)]` on by default
[INFO] [stderr] 
[INFO] [stderr] warning: use of deprecated field `attestation_program::accounts::function::FunctionAccountData::default_container_params`: please use a `FunctionRoutineAccountData` for all scheduled executions
[INFO] [stderr]    --> src/client/function_runner.rs:266:30
[INFO] [stderr]     |
[INFO] [stderr] 266 |                 let params = function_data.default_container_params.to_vec();
[INFO] [stderr]     |                              ^^^^^^^^^^^^^^^^^^^^^^^^^^^^^^^^^^^^^^
[INFO] [stderr]     |
[INFO] [stderr]     = note: `#[warn(deprecated)]` on by default
[INFO] [stderr] 
[INFO] [stderr] warning: use of deprecated field `attestation_program::accounts::function::FunctionAccountData::default_container_params`: please use a `FunctionRoutineAccountData` for all scheduled executions
[INFO] [stderr]    --> src/client/function_runner.rs:452:41
[INFO] [stderr]     |
[INFO] [stderr] 452 |             solana_program::hash::hash(&function_data.as_ref().default_container_params)
[INFO] [stderr]     |                                         ^^^^^^^^^^^^^^^^^^^^^^^^^^^^^^^^^^^^^^^^^^^^^^^
[INFO] [stderr] 
[INFO] [stderr] warning: use of deprecated field `attestation_program::accounts::function::FunctionAccountData::enclave`: please use a `FunctionRoutineAccountData` for all scheduled executions
[INFO] [stderr]    --> src/attestation_program/accounts/function.rs:357:12
[INFO] [stderr]     |
[INFO] [stderr] 357 |         if self.enclave.mr_enclave == [0u8; 32] {
[INFO] [stderr]     |            ^^^^^^^^^^^^
[INFO] [stderr] 
[INFO] [stderr] warning: use of deprecated field `attestation_program::accounts::function::FunctionAccountData::enclave`: please use a `FunctionRoutineAccountData` for all scheduled executions
[INFO] [stderr]    --> src/attestation_program/accounts/function.rs:362:12
[INFO] [stderr]     |
[INFO] [stderr] 362 |         if self.enclave.enclave_signer != signer.key() {
[INFO] [stderr]     |            ^^^^^^^^^^^^
[INFO] [stderr] 
[INFO] [stderr] warning: use of deprecated field `attestation_program::accounts::function::FunctionAccountData::enclave`: please use a `FunctionRoutineAccountData` for all scheduled executions
[INFO] [stderr]    --> src/attestation_program/accounts/function.rs:367:12
[INFO] [stderr]     |
[INFO] [stderr] 367 |         Ok(self.enclave.is_verified(&Clock::get()?))
[INFO] [stderr]     |            ^^^^^^^^^^^^
[INFO] [stderr] 
[INFO] [stderr] warning: use of deprecated field `attestation_program::accounts::function::FunctionAccountData::enclave`: please use a `FunctionRoutineAccountData` for all scheduled executions
[INFO] [stderr]    --> src/attestation_program/accounts/function.rs:385:12
[INFO] [stderr]     |
[INFO] [stderr] 385 |         if self.enclave.mr_enclave == [0u8; 32] {
[INFO] [stderr]     |            ^^^^^^^^^^^^
[INFO] [stderr] 
[INFO] [stderr] warning: use of deprecated field `attestation_program::accounts::function::FunctionAccountData::enclave`: please use a `FunctionRoutineAccountData` for all scheduled executions
[INFO] [stderr]    --> src/attestation_program/accounts/function.rs:390:12
[INFO] [stderr]     |
[INFO] [stderr] 390 |         if self.enclave.enclave_signer != signer.key() {
[INFO] [stderr]     |            ^^^^^^^^^^^^
[INFO] [stderr] 
[INFO] [stderr] warning: use of deprecated field `attestation_program::accounts::function::FunctionAccountData::enclave`: please use a `FunctionRoutineAccountData` for all scheduled executions
[INFO] [stderr]    --> src/attestation_program/accounts/function.rs:395:12
[INFO] [stderr]     |
[INFO] [stderr] 395 |         Ok(self.enclave.is_verified(&Clock::get()?))
[INFO] [stderr]     |            ^^^^^^^^^^^^
[INFO] [stderr] 
[INFO] [stderr] warning: use of deprecated field `attestation_program::accounts::function::FunctionAccountData::schedule`: please use a `FunctionRoutineAccountData` for all scheduled executions
[INFO] [stderr]    --> src/attestation_program/accounts/function.rs:567:9
[INFO] [stderr]     |
[INFO] [stderr] 567 |         self.schedule
[INFO] [stderr]     |         ^^^^^^^^^^^^^
[INFO] [stderr] 
[INFO] [stderr] warning: use of deprecated associated function `attestation_program::client::function::<impl attestation_program::accounts::function::FunctionAccountData>::get_is_triggered_filter`: please use a `FunctionRequestAccountData` for all on-demand executions
[INFO] [stderr]    --> src/attestation_program/client/function.rs:336:34
[INFO] [stderr]     |
[INFO] [stderr] 336 |             FunctionAccountData::get_is_triggered_filter(),
[INFO] [stderr]     |                                  ^^^^^^^^^^^^^^^^^^^^^^^
[INFO] [stderr] 
[INFO] [stderr] warning: use of deprecated associated function `attestation_program::client::function::<impl attestation_program::accounts::function::FunctionAccountData>::get_is_scheduled_filter`: please use a `FunctionRoutineAccountData` for all scheduled executions
[INFO] [stderr]    --> src/attestation_program/client/function.rs:337:34
[INFO] [stderr]     |
[INFO] [stderr] 337 |             FunctionAccountData::get_is_scheduled_filter(),
[INFO] [stderr]     |                                  ^^^^^^^^^^^^^^^^^^^^^^^
[INFO] [stderr] 
[INFO] [stderr] warning: use of deprecated field `attestation_program::accounts::function::FunctionAccountData::schedule`: please use a `FunctionRoutineAccountData` for all scheduled executions
[INFO] [stderr]    --> src/attestation_program/client/function.rs:344:12
[INFO] [stderr]     |
[INFO] [stderr] 344 |         if self.schedule[0] == 0 {
[INFO] [stderr]     |            ^^^^^^^^^^^^^
[INFO] [stderr] 
[INFO] [stderr] warning: use of deprecated field `attestation_program::accounts::function::FunctionAccountData::schedule`: please use a `FunctionRoutineAccountData` for all scheduled executions
[INFO] [stderr]    --> src/attestation_program/client/function.rs:348:45
[INFO] [stderr]     |
[INFO] [stderr] 348 |         let schedule = std::str::from_utf8(&self.schedule)
[INFO] [stderr]     |                                             ^^^^^^^^^^^^^
[INFO] [stderr] 
[INFO] [stderr] warning: use of deprecated field `attestation_program::accounts::function::FunctionAccountData::last_execution_timestamp`: please use a `FunctionRoutineAccountData` for all scheduled executions
[INFO] [stderr]    --> src/attestation_program/client/function.rs:356:51
[INFO] [stderr]     |
[INFO] [stderr] 356 |         chrono::NaiveDateTime::from_timestamp_opt(self.last_execution_timestamp, 0)
[INFO] [stderr]     |                                                   ^^^^^^^^^^^^^^^^^^^^^^^^^^^^^
[INFO] [stderr] 
[INFO] [stderr] warning: use of deprecated field `attestation_program::accounts::function::FunctionAccountData::last_execution_timestamp`: please use a `FunctionRoutineAccountData` for all scheduled executions
[INFO] [stderr]    --> src/attestation_program/client/function.rs:365:43
[INFO] [stderr]     |
[INFO] [stderr] 365 |         let last_execution_timestamp = if self.last_execution_timestamp > 0 {
[INFO] [stderr]     |                                           ^^^^^^^^^^^^^^^^^^^^^^^^^^^^^
[INFO] [stderr] 
[INFO] [stderr] warning: use of deprecated field `attestation_program::accounts::function::FunctionAccountData::last_execution_timestamp`: please use a `FunctionRoutineAccountData` for all scheduled executions
[INFO] [stderr]    --> src/attestation_program/client/function.rs:366:13
[INFO] [stderr]     |
[INFO] [stderr] 366 |             self.last_execution_timestamp
[INFO] [stderr]     |             ^^^^^^^^^^^^^^^^^^^^^^^^^^^^^
[INFO] [stderr] 
[INFO] [stderr] warning: use of deprecated field `attestation_program::accounts::function::FunctionAccountData::is_triggered`: please use a `FunctionRoutineAccountData` for all scheduled executions
[INFO] [stderr]    --> src/attestation_program/client/function.rs:379:12
[INFO] [stderr]     |
[INFO] [stderr] 379 |         if self.is_triggered > 0 {
[INFO] [stderr]     |            ^^^^^^^^^^^^^^^^^
[INFO] [stderr] 
[INFO] [stderr] warning: use of deprecated field `attestation_program::accounts::function::FunctionAccountData::last_execution_timestamp`: please use a `FunctionRoutineAccountData` for all scheduled executions
[INFO] [stderr]    --> src/attestation_program/client/function.rs:386:12
[INFO] [stderr]     |
[INFO] [stderr] 386 |         if self.last_execution_timestamp == 0 {
[INFO] [stderr]     |            ^^^^^^^^^^^^^^^^^^^^^^^^^^^^^
[INFO] [stderr] 
[INFO] [stderr] warning: use of deprecated field `attestation_program::accounts::function::FunctionAccountData::schedule`: please use a `FunctionRoutineAccountData` for all scheduled executions
[INFO] [stderr]    --> src/attestation_program/client/function.rs:406:9
[INFO] [stderr]     |
[INFO] [stderr] 406 |         self.schedule[0] == 0
[INFO] [stderr]     |         ^^^^^^^^^^^^^
[INFO] [stderr] 
[INFO] [stderr] warning: value assigned to `attestation_queue` is never read
[INFO] [stderr]    --> src/client/function_runner.rs:100:17
[INFO] [stderr]     |
[INFO] [stderr] 100 |         let mut attestation_queue: Option<Pubkey> = None;
[INFO] [stderr]     |                 ^^^^^^^^^^^^^^^^^
[INFO] [stderr]     |
[INFO] [stderr]     = help: maybe it is overwritten before being read?
[INFO] [stderr]     = note: `#[warn(unused_assignments)]` on by default
[INFO] [stderr] 
[INFO] [stderr] warning: function `parse_mrenclave_hex` is never used
[INFO] [stderr]     --> src/client/validator.rs:1467:4
[INFO] [stderr]      |
[INFO] [stderr] 1467 | fn parse_mrenclave_hex(hex_str: &str) -> Result<[u8; 32], SbError> {
[INFO] [stderr]      |    ^^^^^^^^^^^^^^^^^^^
[INFO] [stderr]      |
[INFO] [stderr]      = note: `#[warn(dead_code)]` on by default
[INFO] [stderr] 
[INFO] [stderr] warning: function `print_function_verify_accounts` is never used
[INFO] [stderr]     --> src/client/validator.rs:1479:10
[INFO] [stderr]      |
[INFO] [stderr] 1479 | async fn print_function_verify_accounts(function_verify_ix: Instruction, rpc: Arc<RpcClient>) {
[INFO] [stderr]      |          ^^^^^^^^^^^^^^^^^^^^^^^^^^^^^^
[INFO] [stderr] 
[INFO] [stderr] warning: the type `history_buffer::AggregatorHistoryBuffer<'_>` does not permit zero-initialization
[INFO] [stderr]    --> src/oracle_program/accounts/history_buffer.rs:106:22
[INFO] [stderr]     |
[INFO] [stderr] 106 |             unsafe { std::mem::zeroed() }
[INFO] [stderr]     |                      ^^^^^^^^^^^^^^^^^^
[INFO] [stderr]     |                      |
[INFO] [stderr]     |                      this code causes undefined behavior when executed
[INFO] [stderr]     |                      help: use `MaybeUninit<T>` instead, and only call `assume_init` after initialization is done
[INFO] [stderr]     |
[INFO] [stderr] note: `std::ptr::NonNull<[oracle_program::accounts::history_buffer::AggregatorHistoryRow]>` must be non-null (in this struct field)
[INFO] [stderr]    --> src/oracle_program/accounts/history_buffer.rs:23:5
[INFO] [stderr]     |
[INFO] [stderr] 23  |     pub rows: Ref<'a, [AggregatorHistoryRow]>,
[INFO] [stderr]     |     ^^^^^^^^^^^^^^^^^^^^^^^^^^^^^^^^^^^^^^^^^
[INFO] [stderr]     = note: `#[warn(invalid_value)]` on by default
[INFO] [stderr] 
[INFO] [stderr] warning: `switchboard-solana` (lib test) generated 26 warnings (run `cargo fix --lib -p switchboard-solana --tests` to apply 3 suggestions)
[INFO] [stderr]     Finished test [unoptimized + debuginfo] target(s) in 0.81s
[INFO] [stderr]      Running unittests src/lib.rs (/opt/rustwide/target/debug/deps/switchboard_solana-c9c6c622dfe79032)
[INFO] [stdout] 
[INFO] [stdout] running 16 tests
[INFO] [stdout] test attestation_program::accounts::request::tests::test_hex_decode ... ok
[INFO] [stdout] test attestation_program::accounts::function::tests::test_function_deserialization ... ok
[INFO] [stdout] test attestation_program::accounts::request::tests::test_hex_encode ... ok
[INFO] [stdout] test attestation_program::accounts::function::tests::test_hex_decode ... ok
[INFO] [stdout] test decimal::tests::switchboard_decimal_to_f64 ... ok
[INFO] [stdout] test decimal::tests::switchboard_decimal_into_rust_decimal ... ok
[INFO] [stdout] test oracle_program::accounts::aggregator::tests::test_accept_current_on_sucess_count ... ok
[INFO] [stdout] test attestation_program::accounts::request::tests::test_request_deserialization ... ok
[INFO] [stdout] test decimal::tests::switchboard_decimal_to_u64 ... ok
[INFO] [stdout] test decimal::tests::empty_switchboard_decimal_is_false ... ok
[INFO] [stdout] test oracle_program::accounts::aggregator::tests::test_no_valid_aggregator_result ... ok
[INFO] [stdout] test oracle_program::accounts::history_buffer::tests::test_history_buffer ... ok
[INFO] [stdout] test test_id ... ok
[INFO] [stdout] test oracle_program::accounts::aggregator::tests::test_reject_current_on_sucess_count ... ok
[INFO] [stdout] test client::validator::tests::test_request_validation ... FAILED
[INFO] [stdout] test client::validator::tests::test_function_validation ... FAILED
[INFO] [stdout] 
[INFO] [stdout] failures:
[INFO] [stdout] 
[INFO] [stdout] ---- client::validator::tests::test_request_validation stdout ----
[INFO] [stdout] Logger initialized
[INFO] [stdout] thread 'client::validator::tests::test_request_validation' panicked at src/client/validator.rs:1157:73:
[INFO] [stdout] called `Result::unwrap()` on an `Err` value: Message("Failed to read keypair file")
[INFO] [stdout] stack backtrace:
[INFO] [stdout]    0:     0x557fea12de5c - std::backtrace_rs::backtrace::libunwind::trace::ha637c64ce894333a
[INFO] [stdout]                                at /rustc/82e1608dfa6e0b5569232559e3d385fea5a93112/library/std/src/../../backtrace/src/backtrace/libunwind.rs:104:5
[INFO] [stdout]    1:     0x557fea12de5c - std::backtrace_rs::backtrace::trace_unsynchronized::h47f62dea28e0c88d
[INFO] [stdout]                                at /rustc/82e1608dfa6e0b5569232559e3d385fea5a93112/library/std/src/../../backtrace/src/backtrace/mod.rs:66:5
[INFO] [stdout]    2:     0x557fea12de5c - std::sys_common::backtrace::_print_fmt::h9eef0abe20ede486
[INFO] [stdout]                                at /rustc/82e1608dfa6e0b5569232559e3d385fea5a93112/library/std/src/sys_common/backtrace.rs:67:5
[INFO] [stdout]    3:     0x557fea12de5c - <std::sys_common::backtrace::_print::DisplayBacktrace as core::fmt::Display>::fmt::hed7f999df88cc644
[INFO] [stdout]                                at /rustc/82e1608dfa6e0b5569232559e3d385fea5a93112/library/std/src/sys_common/backtrace.rs:44:22
[INFO] [stdout]    4:     0x557fea15bb70 - core::fmt::rt::Argument::fmt::h1539a9308b8d058d
[INFO] [stdout]                                at /rustc/82e1608dfa6e0b5569232559e3d385fea5a93112/library/core/src/fmt/rt.rs:142:9
[INFO] [stdout]    5:     0x557fea15bb70 - core::fmt::write::h3a39390d8560d9c9
[INFO] [stdout]                                at /rustc/82e1608dfa6e0b5569232559e3d385fea5a93112/library/core/src/fmt/mod.rs:1120:17
[INFO] [stdout]    6:     0x557fea12acaf - std::io::Write::write_fmt::h040b369f3a0f9cbc
[INFO] [stdout]                                at /rustc/82e1608dfa6e0b5569232559e3d385fea5a93112/library/std/src/io/mod.rs:1762:15
[INFO] [stdout]    7:     0x557fea12dc44 - std::sys_common::backtrace::_print::h894006fb5c6f3d45
[INFO] [stdout]                                at /rustc/82e1608dfa6e0b5569232559e3d385fea5a93112/library/std/src/sys_common/backtrace.rs:47:5
[INFO] [stdout]    8:     0x557fea12dc44 - std::sys_common::backtrace::print::h23a2d212c6fff936
[INFO] [stdout]                                at /rustc/82e1608dfa6e0b5569232559e3d385fea5a93112/library/std/src/sys_common/backtrace.rs:34:9
[INFO] [stdout]    9:     0x557fea12f907 - std::panicking::default_hook::{{closure}}::h8a1d2ee00185001a
[INFO] [stdout]   10:     0x557fea12f5f3 - std::panicking::default_hook::h6038f2eba384e475
[INFO] [stdout]                                at /rustc/82e1608dfa6e0b5569232559e3d385fea5a93112/library/std/src/panicking.rs:289:9
[INFO] [stdout]   11:     0x557fe9fe8db7 - <alloc::boxed::Box<F,A> as core::ops::function::Fn<Args>>::call::h0ad024c9bdc6d768
[INFO] [stdout]                                at /rustc/82e1608dfa6e0b5569232559e3d385fea5a93112/library/alloc/src/boxed.rs:2021:9
[INFO] [stdout]   12:     0x557fe9fe8db7 - test::test_main::{{closure}}::h7500b54257359db6
[INFO] [stdout]                                at /rustc/82e1608dfa6e0b5569232559e3d385fea5a93112/library/test/src/lib.rs:138:21
[INFO] [stdout]   13:     0x557fea12ff18 - <alloc::boxed::Box<F,A> as core::ops::function::Fn<Args>>::call::h1f8f335eaa9cfaee
[INFO] [stdout]                                at /rustc/82e1608dfa6e0b5569232559e3d385fea5a93112/library/alloc/src/boxed.rs:2021:9
[INFO] [stdout]   14:     0x557fea12ff18 - std::panicking::rust_panic_with_hook::h2b5517d590cab22e
[INFO] [stdout]                                at /rustc/82e1608dfa6e0b5569232559e3d385fea5a93112/library/std/src/panicking.rs:783:13
[INFO] [stdout]   15:     0x557fea12fc6e - std::panicking::begin_panic_handler::{{closure}}::h233112c06e0ef43e
[INFO] [stdout]                                at /rustc/82e1608dfa6e0b5569232559e3d385fea5a93112/library/std/src/panicking.rs:657:13
[INFO] [stdout]   16:     0x557fea12e326 - std::sys_common::backtrace::__rust_end_short_backtrace::h6e893f24d7ebbff8
[INFO] [stdout]                                at /rustc/82e1608dfa6e0b5569232559e3d385fea5a93112/library/std/src/sys_common/backtrace.rs:170:18
[INFO] [stdout]   17:     0x557fea12f9d2 - rust_begin_unwind
[INFO] [stdout]                                at /rustc/82e1608dfa6e0b5569232559e3d385fea5a93112/library/std/src/panicking.rs:645:5
[INFO] [stdout]   18:     0x557fe97d6ae5 - core::panicking::panic_fmt::hbf0e066aabfa482c
[INFO] [stdout]                                at /rustc/82e1608dfa6e0b5569232559e3d385fea5a93112/library/core/src/panicking.rs:72:14
[INFO] [stdout]   19:     0x557fe97d7113 - core::result::unwrap_failed::hddb4fea594200c52
[INFO] [stdout]                                at /rustc/82e1608dfa6e0b5569232559e3d385fea5a93112/library/core/src/result.rs:1653:5
[INFO] [stdout]   20:     0x557fe982f577 - core::result::Result<T,E>::unwrap::he622e2ff191ba20b
[INFO] [stdout]                                at /rustc/82e1608dfa6e0b5569232559e3d385fea5a93112/library/core/src/result.rs:1077:23
[INFO] [stdout]   21:     0x557fe9826dd7 - switchboard_solana::client::validator::tests::get_devnet_function_result_validator::{{closure}}::{{closure}}::{{closure}}::hca251b11b00aabe1
[INFO] [stdout]                                at /opt/rustwide/workdir/src/client/validator.rs:1157:25
[INFO] [stdout]   22:     0x557fe981a06b - tokio::sync::once_cell::OnceCell<T>::get_or_init::{{closure}}::ha2d9f1d44351e35d
[INFO] [stdout]                                at /opt/rustwide/cargo-home/registry/src/index.crates.io-6f17d22bba15001f/tokio-1.35.1/src/sync/once_cell.rs:368:37
[INFO] [stdout]   23:     0x557fe9826a02 - switchboard_solana::client::validator::tests::get_devnet_function_result_validator::{{closure}}::h182f451bcada1c5e
[INFO] [stdout]                                at /opt/rustwide/workdir/src/client/validator.rs:1244:12
[INFO] [stdout]   24:     0x557fe98287c3 - switchboard_solana::client::validator::tests::setup_test_validator::{{closure}}::h76372ba47aa6b8e2
[INFO] [stdout]                                at /opt/rustwide/workdir/src/client/validator.rs:1271:64
[INFO] [stdout]   25:     0x557fe982b04f - switchboard_solana::client::validator::tests::test_request_validation::{{closure}}::h7dbc7b3b21c81d64
[INFO] [stdout]                                at /opt/rustwide/workdir/src/client/validator.rs:1387:48
[INFO] [stdout]   26:     0x557fe981b148 - <core::pin::Pin<P> as core::future::future::Future>::poll::h9b909c050b097d9b
[INFO] [stdout]                                at /rustc/82e1608dfa6e0b5569232559e3d385fea5a93112/library/core/src/future/future.rs:125:9
[INFO] [stdout]   27:     0x557fe981b19b - <core::pin::Pin<P> as core::future::future::Future>::poll::hce0cee41e0a9e7d2
[INFO] [stdout]                                at /rustc/82e1608dfa6e0b5569232559e3d385fea5a93112/library/core/src/future/future.rs:125:9
[INFO] [stdout]   28:     0x557fe98214e4 - tokio::runtime::scheduler::current_thread::CoreGuard::block_on::{{closure}}::{{closure}}::{{closure}}::h62b2ad22a3f7bfaf
[INFO] [stdout]                                at /opt/rustwide/cargo-home/registry/src/index.crates.io-6f17d22bba15001f/tokio-1.35.1/src/runtime/scheduler/current_thread/mod.rs:665:57
[INFO] [stdout]   29:     0x557fe982140a - tokio::runtime::coop::with_budget::h3d35add965d90854
[INFO] [stdout]                                at /opt/rustwide/cargo-home/registry/src/index.crates.io-6f17d22bba15001f/tokio-1.35.1/src/runtime/coop.rs:107:5
[INFO] [stdout]   30:     0x557fe982140a - tokio::runtime::coop::budget::hb8877dd8827654c2
[INFO] [stdout]                                at /opt/rustwide/cargo-home/registry/src/index.crates.io-6f17d22bba15001f/tokio-1.35.1/src/runtime/coop.rs:73:5
[INFO] [stdout]   31:     0x557fe982140a - tokio::runtime::scheduler::current_thread::CoreGuard::block_on::{{closure}}::{{closure}}::ha579a3ee43955711
[INFO] [stdout]                                at /opt/rustwide/cargo-home/registry/src/index.crates.io-6f17d22bba15001f/tokio-1.35.1/src/runtime/scheduler/current_thread/mod.rs:665:25
[INFO] [stdout]   32:     0x557fe981fd9c - tokio::runtime::scheduler::current_thread::Context::enter::h5ec4e94fdb562d3e
[INFO] [stdout]                                at /opt/rustwide/cargo-home/registry/src/index.crates.io-6f17d22bba15001f/tokio-1.35.1/src/runtime/scheduler/current_thread/mod.rs:410:19
[INFO] [stdout]   33:     0x557fe9820c0e - tokio::runtime::scheduler::current_thread::CoreGuard::block_on::{{closure}}::h128a4c9e72cfe4d9
[INFO] [stdout]                                at /opt/rustwide/cargo-home/registry/src/index.crates.io-6f17d22bba15001f/tokio-1.35.1/src/runtime/scheduler/current_thread/mod.rs:664:36
[INFO] [stdout]   34:     0x557fe982091b - tokio::runtime::scheduler::current_thread::CoreGuard::enter::{{closure}}::h77a8909a89a6fbc0
[INFO] [stdout]                                at /opt/rustwide/cargo-home/registry/src/index.crates.io-6f17d22bba15001f/tokio-1.35.1/src/runtime/scheduler/current_thread/mod.rs:743:68
[INFO] [stdout]   35:     0x557fe980b7ab - tokio::runtime::context::scoped::Scoped<T>::set::h102834ad89e9f59a
[INFO] [stdout]                                at /opt/rustwide/cargo-home/registry/src/index.crates.io-6f17d22bba15001f/tokio-1.35.1/src/runtime/context/scoped.rs:40:9
[INFO] [stdout]   36:     0x557fe9835bd9 - tokio::runtime::context::set_scheduler::{{closure}}::hdb8f67253dfb3b15
[INFO] [stdout]                                at /opt/rustwide/cargo-home/registry/src/index.crates.io-6f17d22bba15001f/tokio-1.35.1/src/runtime/context.rs:176:26
[INFO] [stdout]   37:     0x557fe97fa526 - std::thread::local::LocalKey<T>::try_with::h6c2ec0d3a6605c72
[INFO] [stdout]                                at /rustc/82e1608dfa6e0b5569232559e3d385fea5a93112/library/std/src/thread/local.rs:270:16
[INFO] [stdout]   38:     0x557fe97fa0ca - std::thread::local::LocalKey<T>::with::haaaf85bf4c0bfc80
[INFO] [stdout]                                at /rustc/82e1608dfa6e0b5569232559e3d385fea5a93112/library/std/src/thread/local.rs:246:9
[INFO] [stdout]   39:     0x557fe9835b8d - tokio::runtime::context::set_scheduler::hd1057dcd7d2086f3
[INFO] [stdout]                                at /opt/rustwide/cargo-home/registry/src/index.crates.io-6f17d22bba15001f/tokio-1.35.1/src/runtime/context.rs:176:9
[INFO] [stdout]   40:     0x557fe98206b0 - tokio::runtime::scheduler::current_thread::CoreGuard::enter::h29521876620b626a
[INFO] [stdout]                                at /opt/rustwide/cargo-home/registry/src/index.crates.io-6f17d22bba15001f/tokio-1.35.1/src/runtime/scheduler/current_thread/mod.rs:743:27
[INFO] [stdout]   41:     0x557fe982094d - tokio::runtime::scheduler::current_thread::CoreGuard::block_on::hfa547936ec57fbdc
[INFO] [stdout]                                at /opt/rustwide/cargo-home/registry/src/index.crates.io-6f17d22bba15001f/tokio-1.35.1/src/runtime/scheduler/current_thread/mod.rs:652:19
[INFO] [stdout]   42:     0x557fe981f87d - tokio::runtime::scheduler::current_thread::CurrentThread::block_on::{{closure}}::hc329f5a632ddc2d7
[INFO] [stdout]                                at /opt/rustwide/cargo-home/registry/src/index.crates.io-6f17d22bba15001f/tokio-1.35.1/src/runtime/scheduler/current_thread/mod.rs:175:28
[INFO] [stdout]   43:     0x557fe98039da - tokio::runtime::context::runtime::enter_runtime::h38c5c312055cc247
[INFO] [stdout]                                at /opt/rustwide/cargo-home/registry/src/index.crates.io-6f17d22bba15001f/tokio-1.35.1/src/runtime/context/runtime.rs:65:16
[INFO] [stdout]   44:     0x557fe981f790 - tokio::runtime::scheduler::current_thread::CurrentThread::block_on::h4d28bbf8e068d48f
[INFO] [stdout]                                at /opt/rustwide/cargo-home/registry/src/index.crates.io-6f17d22bba15001f/tokio-1.35.1/src/runtime/scheduler/current_thread/mod.rs:167:9
[INFO] [stdout]   45:     0x557fe97ebe8d - tokio::runtime::runtime::Runtime::block_on::h17cdcbf36c424dde
[INFO] [stdout]                                at /opt/rustwide/cargo-home/registry/src/index.crates.io-6f17d22bba15001f/tokio-1.35.1/src/runtime/runtime.rs:348:47
[INFO] [stdout]   46:     0x557fe982aaba - switchboard_solana::client::validator::tests::test_request_validation::h4022f3345ee86e38
[INFO] [stdout]                                at /opt/rustwide/workdir/src/client/validator.rs:1463:9
[INFO] [stdout]   47:     0x557fe982a927 - switchboard_solana::client::validator::tests::test_request_validation::{{closure}}::h25fb0a30fd1c5923
[INFO] [stdout]                                at /opt/rustwide/workdir/src/client/validator.rs:1372:39
[INFO] [stdout]   48:     0x557fe97d77d6 - core::ops::function::FnOnce::call_once::h404b7723a895deec
[INFO] [stdout]                                at /rustc/82e1608dfa6e0b5569232559e3d385fea5a93112/library/core/src/ops/function.rs:250:5
[INFO] [stdout]   49:     0x557fe9fee40f - core::ops::function::FnOnce::call_once::h2b5d431d5046312d
[INFO] [stdout]                                at /rustc/82e1608dfa6e0b5569232559e3d385fea5a93112/library/core/src/ops/function.rs:250:5
[INFO] [stdout]   50:     0x557fe9fee40f - test::__rust_begin_short_backtrace::h7714669af176e207
[INFO] [stdout]                                at /rustc/82e1608dfa6e0b5569232559e3d385fea5a93112/library/test/src/lib.rs:628:18
[INFO] [stdout]   51:     0x557fe9fed425 - test::run_test_in_process::{{closure}}::h85218797dcbcec12
[INFO] [stdout]                                at /rustc/82e1608dfa6e0b5569232559e3d385fea5a93112/library/test/src/lib.rs:651:60
[INFO] [stdout]   52:     0x557fe9fed425 - <core::panic::unwind_safe::AssertUnwindSafe<F> as core::ops::function::FnOnce<()>>::call_once::h76c106ea31c14d7b
[INFO] [stdout]                                at /rustc/82e1608dfa6e0b5569232559e3d385fea5a93112/library/core/src/panic/unwind_safe.rs:272:9
[INFO] [stdout]   53:     0x557fe9fed425 - std::panicking::try::do_call::h3bd5d0f6620ee946
[INFO] [stdout]                                at /rustc/82e1608dfa6e0b5569232559e3d385fea5a93112/library/std/src/panicking.rs:552:40
[INFO] [stdout]   54:     0x557fe9fed425 - std::panicking::try::h232e535e4744fe31
[INFO] [stdout]                                at /rustc/82e1608dfa6e0b5569232559e3d385fea5a93112/library/std/src/panicking.rs:516:19
[INFO] [stdout]   55:     0x557fe9fed425 - std::panic::catch_unwind::h3ce3bd6ca8dbac68
[INFO] [stdout]                                at /rustc/82e1608dfa6e0b5569232559e3d385fea5a93112/library/std/src/panic.rs:142:14
[INFO] [stdout]   56:     0x557fe9fed425 - test::run_test_in_process::hc97b257c9621286a
[INFO] [stdout]                                at /rustc/82e1608dfa6e0b5569232559e3d385fea5a93112/library/test/src/lib.rs:651:27
[INFO] [stdout]   57:     0x557fe9fed425 - test::run_test::{{closure}}::h2aa798823a438d38
[INFO] [stdout]                                at /rustc/82e1608dfa6e0b5569232559e3d385fea5a93112/library/test/src/lib.rs:574:43
[INFO] [stdout]   58:     0x557fe9fb56e6 - test::run_test::{{closure}}::h87d231c78fb59832
[INFO] [stdout]                                at /rustc/82e1608dfa6e0b5569232559e3d385fea5a93112/library/test/src/lib.rs:602:41
[INFO] [stdout]   59:     0x557fe9fb56e6 - std::sys_common::backtrace::__rust_begin_short_backtrace::he6df152596625789
[INFO] [stdout]                                at /rustc/82e1608dfa6e0b5569232559e3d385fea5a93112/library/std/src/sys_common/backtrace.rs:154:18
[INFO] [stdout]   60:     0x557fe9fba797 - std::thread::Builder::spawn_unchecked_::{{closure}}::{{closure}}::ha94be15d1e0acf36
[INFO] [stdout]                                at /rustc/82e1608dfa6e0b5569232559e3d385fea5a93112/library/std/src/thread/mod.rs:529:17
[INFO] [stdout]   61:     0x557fe9fba797 - <core::panic::unwind_safe::AssertUnwindSafe<F> as core::ops::function::FnOnce<()>>::call_once::h9dc6bd6372f16606
[INFO] [stdout]                                at /rustc/82e1608dfa6e0b5569232559e3d385fea5a93112/library/core/src/panic/unwind_safe.rs:272:9
[INFO] [stdout]   62:     0x557fe9fba797 - std::panicking::try::do_call::h9057517f80303cd4
[INFO] [stdout]                                at /rustc/82e1608dfa6e0b5569232559e3d385fea5a93112/library/std/src/panicking.rs:552:40
[INFO] [stdout]   63:     0x557fe9fba797 - std::panicking::try::he3a30b11ee45340c
[INFO] [stdout]                                at /rustc/82e1608dfa6e0b5569232559e3d385fea5a93112/library/std/src/panicking.rs:516:19
[INFO] [stdout]   64:     0x557fe9fba797 - std::panic::catch_unwind::h410458cfd3528b8b
[INFO] [stdout]                                at /rustc/82e1608dfa6e0b5569232559e3d385fea5a93112/library/std/src/panic.rs:142:14
[INFO] [stdout]   65:     0x557fe9fba797 - std::thread::Builder::spawn_unchecked_::{{closure}}::h72ac3bdb567b737b
[INFO] [stdout]                                at /rustc/82e1608dfa6e0b5569232559e3d385fea5a93112/library/std/src/thread/mod.rs:528:30
[INFO] [stdout]   66:     0x557fe9fba797 - core::ops::function::FnOnce::call_once{{vtable.shim}}::h38f34da3654a8344
[INFO] [stdout]                                at /rustc/82e1608dfa6e0b5569232559e3d385fea5a93112/library/core/src/ops/function.rs:250:5
[INFO] [stdout]   67:     0x557fea134c35 - <alloc::boxed::Box<F,A> as core::ops::function::FnOnce<Args>>::call_once::hc7eafaff61e32df9
[INFO] [stdout]                                at /rustc/82e1608dfa6e0b5569232559e3d385fea5a93112/library/alloc/src/boxed.rs:2007:9
[INFO] [stdout]   68:     0x557fea134c35 - <alloc::boxed::Box<F,A> as core::ops::function::FnOnce<Args>>::call_once::h6ba4a5de48dd2304
[INFO] [stdout]                                at /rustc/82e1608dfa6e0b5569232559e3d385fea5a93112/library/alloc/src/boxed.rs:2007:9
[INFO] [stdout]   69:     0x557fea134c35 - std::sys::unix::thread::Thread::new::thread_start::he469335aef763e45
[INFO] [stdout]                                at /rustc/82e1608dfa6e0b5569232559e3d385fea5a93112/library/std/src/sys/unix/thread.rs:108:17
[INFO] [stdout]   70:     0x7fd99ae4bac3 - <unknown>
[INFO] [stdout]   71:     0x7fd99aedcbf4 - __clone
[INFO] [stdout]   72:                0x0 - <unknown>
[INFO] [stdout] 
[INFO] [stdout] ---- client::validator::tests::test_function_validation stdout ----
[INFO] [stdout] Failed to initialize logger: SetLoggerError(())
[INFO] [stdout] thread 'client::validator::tests::test_function_validation' panicked at src/client/validator.rs:1157:73:
[INFO] [stdout] called `Result::unwrap()` on an `Err` value: Message("Failed to read keypair file")
[INFO] [stdout] stack backtrace:
[INFO] [stdout]    0:     0x557fea12de5c - std::backtrace_rs::backtrace::libunwind::trace::ha637c64ce894333a
[INFO] [stdout]                                at /rustc/82e1608dfa6e0b5569232559e3d385fea5a93112/library/std/src/../../backtrace/src/backtrace/libunwind.rs:104:5
[INFO] [stdout]    1:     0x557fea12de5c - std::backtrace_rs::backtrace::trace_unsynchronized::h47f62dea28e0c88d
[INFO] [stdout]                                at /rustc/82e1608dfa6e0b5569232559e3d385fea5a93112/library/std/src/../../backtrace/src/backtrace/mod.rs:66:5
[INFO] [stdout]    2:     0x557fea12de5c - std::sys_common::backtrace::_print_fmt::h9eef0abe20ede486
[INFO] [stdout]                                at /rustc/82e1608dfa6e0b5569232559e3d385fea5a93112/library/std/src/sys_common/backtrace.rs:67:5
[INFO] [stdout]    3:     0x557fea12de5c - <std::sys_common::backtrace::_print::DisplayBacktrace as core::fmt::Display>::fmt::hed7f999df88cc644
[INFO] [stdout]                                at /rustc/82e1608dfa6e0b5569232559e3d385fea5a93112/library/std/src/sys_common/backtrace.rs:44:22
[INFO] [stdout]    4:     0x557fea15bb70 - core::fmt::rt::Argument::fmt::h1539a9308b8d058d
[INFO] [stdout]                                at /rustc/82e1608dfa6e0b5569232559e3d385fea5a93112/library/core/src/fmt/rt.rs:142:9
[INFO] [stdout]    5:     0x557fea15bb70 - core::fmt::write::h3a39390d8560d9c9
[INFO] [stdout]                                at /rustc/82e1608dfa6e0b5569232559e3d385fea5a93112/library/core/src/fmt/mod.rs:1120:17
[INFO] [stdout]    6:     0x557fea12acaf - std::io::Write::write_fmt::h040b369f3a0f9cbc
[INFO] [stdout]                                at /rustc/82e1608dfa6e0b5569232559e3d385fea5a93112/library/std/src/io/mod.rs:1762:15
[INFO] [stdout]    7:     0x557fea12dc44 - std::sys_common::backtrace::_print::h894006fb5c6f3d45
[INFO] [stdout]                                at /rustc/82e1608dfa6e0b5569232559e3d385fea5a93112/library/std/src/sys_common/backtrace.rs:47:5
[INFO] [stdout]    8:     0x557fea12dc44 - std::sys_common::backtrace::print::h23a2d212c6fff936
[INFO] [stdout]                                at /rustc/82e1608dfa6e0b5569232559e3d385fea5a93112/library/std/src/sys_common/backtrace.rs:34:9
[INFO] [stdout]    9:     0x557fea12f907 - std::panicking::default_hook::{{closure}}::h8a1d2ee00185001a
[INFO] [stdout]   10:     0x557fea12f5f3 - std::panicking::default_hook::h6038f2eba384e475
[INFO] [stdout]                                at /rustc/82e1608dfa6e0b5569232559e3d385fea5a93112/library/std/src/panicking.rs:289:9
[INFO] [stdout]   11:     0x557fe9fe8db7 - <alloc::boxed::Box<F,A> as core::ops::function::Fn<Args>>::call::h0ad024c9bdc6d768
[INFO] [stdout]                                at /rustc/82e1608dfa6e0b5569232559e3d385fea5a93112/library/alloc/src/boxed.rs:2021:9
[INFO] [stdout]   12:     0x557fe9fe8db7 - test::test_main::{{closure}}::h7500b54257359db6
[INFO] [stdout]                                at /rustc/82e1608dfa6e0b5569232559e3d385fea5a93112/library/test/src/lib.rs:138:21
[INFO] [stdout]   13:     0x557fea12ff18 - <alloc::boxed::Box<F,A> as core::ops::function::Fn<Args>>::call::h1f8f335eaa9cfaee
[INFO] [stdout]                                at /rustc/82e1608dfa6e0b5569232559e3d385fea5a93112/library/alloc/src/boxed.rs:2021:9
[INFO] [stdout]   14:     0x557fea12ff18 - std::panicking::rust_panic_with_hook::h2b5517d590cab22e
[INFO] [stdout]                                at /rustc/82e1608dfa6e0b5569232559e3d385fea5a93112/library/std/src/panicking.rs:783:13
[INFO] [stdout]   15:     0x557fea12fc6e - std::panicking::begin_panic_handler::{{closure}}::h233112c06e0ef43e
[INFO] [stdout]                                at /rustc/82e1608dfa6e0b5569232559e3d385fea5a93112/library/std/src/panicking.rs:657:13
[INFO] [stdout]   16:     0x557fea12e326 - std::sys_common::backtrace::__rust_end_short_backtrace::h6e893f24d7ebbff8
[INFO] [stdout]                                at /rustc/82e1608dfa6e0b5569232559e3d385fea5a93112/library/std/src/sys_common/backtrace.rs:170:18
[INFO] [stdout]   17:     0x557fea12f9d2 - rust_begin_unwind
[INFO] [stdout]                                at /rustc/82e1608dfa6e0b5569232559e3d385fea5a93112/library/std/src/panicking.rs:645:5
[INFO] [stdout]   18:     0x557fe97d6ae5 - core::panicking::panic_fmt::hbf0e066aabfa482c
[INFO] [stdout]                                at /rustc/82e1608dfa6e0b5569232559e3d385fea5a93112/library/core/src/panicking.rs:72:14
[INFO] [stdout]   19:     0x557fe97d7113 - core::result::unwrap_failed::hddb4fea594200c52
[INFO] [stdout]                                at /rustc/82e1608dfa6e0b5569232559e3d385fea5a93112/library/core/src/result.rs:1653:5
[INFO] [stdout]   20:     0x557fe982f577 - core::result::Result<T,E>::unwrap::he622e2ff191ba20b
[INFO] [stdout]                                at /rustc/82e1608dfa6e0b5569232559e3d385fea5a93112/library/core/src/result.rs:1077:23
[INFO] [stdout]   21:     0x557fe9826dd7 - switchboard_solana::client::validator::tests::get_devnet_function_result_validator::{{closure}}::{{closure}}::{{closure}}::hca251b11b00aabe1
[INFO] [stdout]                                at /opt/rustwide/workdir/src/client/validator.rs:1157:25
[INFO] [stdout]   22:     0x557fe981a06b - tokio::sync::once_cell::OnceCell<T>::get_or_init::{{closure}}::ha2d9f1d44351e35d
[INFO] [stdout]                                at /opt/rustwide/cargo-home/registry/src/index.crates.io-6f17d22bba15001f/tokio-1.35.1/src/sync/once_cell.rs:368:37
[INFO] [stdout]   23:     0x557fe9826a02 - switchboard_solana::client::validator::tests::get_devnet_function_result_validator::{{closure}}::h182f451bcada1c5e
[INFO] [stdout]                                at /opt/rustwide/workdir/src/client/validator.rs:1244:12
[INFO] [stdout]   24:     0x557fe98287c3 - switchboard_solana::client::validator::tests::setup_test_validator::{{closure}}::h76372ba47aa6b8e2
[INFO] [stdout]                                at /opt/rustwide/workdir/src/client/validator.rs:1271:64
[INFO] [stdout]   25:     0x557fe98293c5 - switchboard_solana::client::validator::tests::test_function_validation::{{closure}}::h8f407861fcc78ed3
[INFO] [stdout]                                at /opt/rustwide/workdir/src/client/validator.rs:1307:48
[INFO] [stdout]   26:     0x557fe981b148 - <core::pin::Pin<P> as core::future::future::Future>::poll::h9b909c050b097d9b
[INFO] [stdout]                                at /rustc/82e1608dfa6e0b5569232559e3d385fea5a93112/library/core/src/future/future.rs:125:9
[INFO] [stdout]   27:     0x557fe981b19b - <core::pin::Pin<P> as core::future::future::Future>::poll::hce0cee41e0a9e7d2
[INFO] [stdout]                                at /rustc/82e1608dfa6e0b5569232559e3d385fea5a93112/library/core/src/future/future.rs:125:9
[INFO] [stdout]   28:     0x557fe98214e4 - tokio::runtime::scheduler::current_thread::CoreGuard::block_on::{{closure}}::{{closure}}::{{closure}}::h62b2ad22a3f7bfaf
[INFO] [stdout]                                at /opt/rustwide/cargo-home/registry/src/index.crates.io-6f17d22bba15001f/tokio-1.35.1/src/runtime/scheduler/current_thread/mod.rs:665:57
[INFO] [stdout]   29:     0x557fe982140a - tokio::runtime::coop::with_budget::h3d35add965d90854
[INFO] [stdout]                                at /opt/rustwide/cargo-home/registry/src/index.crates.io-6f17d22bba15001f/tokio-1.35.1/src/runtime/coop.rs:107:5
[INFO] [stdout]   30:     0x557fe982140a - tokio::runtime::coop::budget::hb8877dd8827654c2
[INFO] [stdout]                                at /opt/rustwide/cargo-home/registry/src/index.crates.io-6f17d22bba15001f/tokio-1.35.1/src/runtime/coop.rs:73:5
[INFO] [stdout]   31:     0x557fe982140a - tokio::runtime::scheduler::current_thread::CoreGuard::block_on::{{closure}}::{{closure}}::ha579a3ee43955711
[INFO] [stdout]                                at /opt/rustwide/cargo-home/registry/src/index.crates.io-6f17d22bba15001f/tokio-1.35.1/src/runtime/scheduler/current_thread/mod.rs:665:25
[INFO] [stdout]   32:     0x557fe981fd9c - tokio::runtime::scheduler::current_thread::Context::enter::h5ec4e94fdb562d3e
[INFO] [stdout]                                at /opt/rustwide/cargo-home/registry/src/index.crates.io-6f17d22bba15001f/tokio-1.35.1/src/runtime/scheduler/current_thread/mod.rs:410:19
[INFO] [stdout]   33:     0x557fe9820c0e - tokio::runtime::scheduler::current_thread::CoreGuard::block_on::{{closure}}::h128a4c9e72cfe4d9
[INFO] [stdout]                                at /opt/rustwide/cargo-home/registry/src/index.crates.io-6f17d22bba15001f/tokio-1.35.1/src/runtime/scheduler/current_thread/mod.rs:664:36
[INFO] [stdout]   34:     0x557fe982091b - tokio::runtime::scheduler::current_thread::CoreGuard::enter::{{closure}}::h77a8909a89a6fbc0
[INFO] [stdout]                                at /opt/rustwide/cargo-home/registry/src/index.crates.io-6f17d22bba15001f/tokio-1.35.1/src/runtime/scheduler/current_thread/mod.rs:743:68
[INFO] [stdout]   35:     0x557fe980b7ab - tokio::runtime::context::scoped::Scoped<T>::set::h102834ad89e9f59a
[INFO] [stdout]                                at /opt/rustwide/cargo-home/registry/src/index.crates.io-6f17d22bba15001f/tokio-1.35.1/src/runtime/context/scoped.rs:40:9
[INFO] [stdout]   36:     0x557fe9835bd9 - tokio::runtime::context::set_scheduler::{{closure}}::hdb8f67253dfb3b15
[INFO] [stdout]                                at /opt/rustwide/cargo-home/registry/src/index.crates.io-6f17d22bba15001f/tokio-1.35.1/src/runtime/context.rs:176:26
[INFO] [stdout]   37:     0x557fe97fa526 - std::thread::local::LocalKey<T>::try_with::h6c2ec0d3a6605c72
[INFO] [stdout]                                at /rustc/82e1608dfa6e0b5569232559e3d385fea5a93112/library/std/src/thread/local.rs:270:16
[INFO] [stdout]   38:     0x557fe97fa0ca - std::thread::local::LocalKey<T>::with::haaaf85bf4c0bfc80
[INFO] [stdout]                                at /rustc/82e1608dfa6e0b5569232559e3d385fea5a93112/library/std/src/thread/local.rs:246:9
[INFO] [stdout]   39:     0x557fe9835b8d - tokio::runtime::context::set_scheduler::hd1057dcd7d2086f3
[INFO] [stdout]                                at /opt/rustwide/cargo-home/registry/src/index.crates.io-6f17d22bba15001f/tokio-1.35.1/src/runtime/context.rs:176:9
[INFO] [stdout]   40:     0x557fe98206b0 - tokio::runtime::scheduler::current_thread::CoreGuard::enter::h29521876620b626a
[INFO] [stdout]                                at /opt/rustwide/cargo-home/registry/src/index.crates.io-6f17d22bba15001f/tokio-1.35.1/src/runtime/scheduler/current_thread/mod.rs:743:27
[INFO] [stdout]   41:     0x557fe982094d - tokio::runtime::scheduler::current_thread::CoreGuard::block_on::hfa547936ec57fbdc
[INFO] [stdout]                                at /opt/rustwide/cargo-home/registry/src/index.crates.io-6f17d22bba15001f/tokio-1.35.1/src/runtime/scheduler/current_thread/mod.rs:652:19
[INFO] [stdout]   42:     0x557fe981f87d - tokio::runtime::scheduler::current_thread::CurrentThread::block_on::{{closure}}::hc329f5a632ddc2d7
[INFO] [stdout]                                at /opt/rustwide/cargo-home/registry/src/index.crates.io-6f17d22bba15001f/tokio-1.35.1/src/runtime/scheduler/current_thread/mod.rs:175:28
[INFO] [stdout]   43:     0x557fe98039da - tokio::runtime::context::runtime::enter_runtime::h38c5c312055cc247
[INFO] [stdout]                                at /opt/rustwide/cargo-home/registry/src/index.crates.io-6f17d22bba15001f/tokio-1.35.1/src/runtime/context/runtime.rs:65:16
[INFO] [stdout]   44:     0x557fe981f790 - tokio::runtime::scheduler::current_thread::CurrentThread::block_on::h4d28bbf8e068d48f
[INFO] [stdout]                                at /opt/rustwide/cargo-home/registry/src/index.crates.io-6f17d22bba15001f/tokio-1.35.1/src/runtime/scheduler/current_thread/mod.rs:167:9
[INFO] [stdout]   45:     0x557fe97ebe8d - tokio::runtime::runtime::Runtime::block_on::h17cdcbf36c424dde
[INFO] [stdout]                                at /opt/rustwide/cargo-home/registry/src/index.crates.io-6f17d22bba15001f/tokio-1.35.1/src/runtime/runtime.rs:348:47
[INFO] [stdout]   46:     0x557fe9828e55 - switchboard_solana::client::validator::tests::test_function_validation::hbe7f94c41640406e
[INFO] [stdout]                                at /opt/rustwide/workdir/src/client/validator.rs:1368:9
[INFO] [stdout]   47:     0x557fe9828c77 - switchboard_solana::client::validator::tests::test_function_validation::{{closure}}::h7113a0699cc3ca32
[INFO] [stdout]                                at /opt/rustwide/workdir/src/client/validator.rs:1292:40
[INFO] [stdout]   48:     0x557fe97d7b36 - core::ops::function::FnOnce::call_once::hd67c5308bb25f038
[INFO] [stdout]                                at /rustc/82e1608dfa6e0b5569232559e3d385fea5a93112/library/core/src/ops/function.rs:250:5
[INFO] [stdout]   49:     0x557fe9fee40f - core::ops::function::FnOnce::call_once::h2b5d431d5046312d
[INFO] [stdout]                                at /rustc/82e1608dfa6e0b5569232559e3d385fea5a93112/library/core/src/ops/function.rs:250:5
[INFO] [stdout]   50:     0x557fe9fee40f - test::__rust_begin_short_backtrace::h7714669af176e207
[INFO] [stdout]                                at /rustc/82e1608dfa6e0b5569232559e3d385fea5a93112/library/test/src/lib.rs:628:18
[INFO] [stdout]   51:     0x557fe9fed425 - test::run_test_in_process::{{closure}}::h85218797dcbcec12
[INFO] [stdout]                                at /rustc/82e1608dfa6e0b5569232559e3d385fea5a93112/library/test/src/lib.rs:651:60
[INFO] [stdout]   52:     0x557fe9fed425 - <core::panic::unwind_safe::AssertUnwindSafe<F> as core::ops::function::FnOnce<()>>::call_once::h76c106ea31c14d7b
[INFO] [stdout]                                at /rustc/82e1608dfa6e0b5569232559e3d385fea5a93112/library/core/src/panic/unwind_safe.rs:272:9
[INFO] [stdout]   53:     0x557fe9fed425 - std::panicking::try::do_call::h3bd5d0f6620ee946
[INFO] [stdout]                                at /rustc/82e1608dfa6e0b5569232559e3d385fea5a93112/library/std/src/panicking.rs:552:40
[INFO] [stdout]   54:     0x557fe9fed425 - std::panicking::try::h232e535e4744fe31
[INFO] [stdout]                                at /rustc/82e1608dfa6e0b5569232559e3d385fea5a93112/library/std/src/panicking.rs:516:19
[INFO] [stdout]   55:     0x557fe9fed425 - std::panic::catch_unwind::h3ce3bd6ca8dbac68
[INFO] [stdout]                                at /rustc/82e1608dfa6e0b5569232559e3d385fea5a93112/library/std/src/panic.rs:142:14
[INFO] [stdout]   56:     0x557fe9fed425 - test::run_test_in_process::hc97b257c9621286a
[INFO] [stdout]                                at /rustc/82e1608dfa6e0b5569232559e3d385fea5a93112/library/test/src/lib.rs:651:27
[INFO] [stdout]   57:     0x557fe9fed425 - test::run_test::{{closure}}::h2aa798823a438d38
[INFO] [stdout]                                at /rustc/82e1608dfa6e0b5569232559e3d385fea5a93112/library/test/src/lib.rs:574:43
[INFO] [stdout]   58:     0x557fe9fb56e6 - test::run_test::{{closure}}::h87d231c78fb59832
[INFO] [stdout]                                at /rustc/82e1608dfa6e0b5569232559e3d385fea5a93112/library/test/src/lib.rs:602:41
[INFO] [stdout]   59:     0x557fe9fb56e6 - std::sys_common::backtrace::__rust_begin_short_backtrace::he6df152596625789
[INFO] [stdout]                                at /rustc/82e1608dfa6e0b5569232559e3d385fea5a93112/library/std/src/sys_common/backtrace.rs:154:18
[INFO] [stdout]   60:     0x557fe9fba797 - std::thread::Builder::spawn_unchecked_::{{closure}}::{{closure}}::ha94be15d1e0acf36
[INFO] [stdout]                                at /rustc/82e1608dfa6e0b5569232559e3d385fea5a93112/library/std/src/thread/mod.rs:529:17
[INFO] [stdout]   61:     0x557fe9fba797 - <core::panic::unwind_safe::AssertUnwindSafe<F> as core::ops::function::FnOnce<()>>::call_once::h9dc6bd6372f16606
[INFO] [stdout]                                at /rustc/82e1608dfa6e0b5569232559e3d385fea5a93112/library/core/src/panic/unwind_safe.rs:272:9
[INFO] [stdout]   62:     0x557fe9fba797 - std::panicking::try::do_call::h9057517f80303cd4
[INFO] [stdout]                                at /rustc/82e1608dfa6e0b5569232559e3d385fea5a93112/library/std/src/panicking.rs:552:40
[INFO] [stdout]   63:     0x557fe9fba797 - std::panicking::try::he3a30b11ee45340c
[INFO] [stdout]                                at /rustc/82e1608dfa6e0b5569232559e3d385fea5a93112/library/std/src/panicking.rs:516:19
[INFO] [stdout]   64:     0x557fe9fba797 - std::panic::catch_unwind::h410458cfd3528b8b
[INFO] [stdout]                                at /rustc/82e1608dfa6e0b5569232559e3d385fea5a93112/library/std/src/panic.rs:142:14
[INFO] [stdout]   65:     0x557fe9fba797 - std::thread::Builder::spawn_unchecked_::{{closure}}::h72ac3bdb567b737b
[INFO] [stdout]                                at /rustc/82e1608dfa6e0b5569232559e3d385fea5a93112/library/std/src/thread/mod.rs:528:30
[INFO] [stdout]   66:     0x557fe9fba797 - core::ops::function::FnOnce::call_once{{vtable.shim}}::h38f34da3654a8344
[INFO] [stdout]                                at /rustc/82e1608dfa6e0b5569232559e3d385fea5a93112/library/core/src/ops/function.rs:250:5
[INFO] [stdout]   67:     0x557fea134c35 - <alloc::boxed::Box<F,A> as core::ops::function::FnOnce<Args>>::call_once::hc7eafaff61e32df9
[INFO] [stdout]                                at /rustc/82e1608dfa6e0b5569232559e3d385fea5a93112/library/alloc/src/boxed.rs:2007:9
[INFO] [stdout]   68:     0x557fea134c35 - <alloc::boxed::Box<F,A> as core::ops::function::FnOnce<Args>>::call_once::h6ba4a5de48dd2304
[INFO] [stdout]                                at /rustc/82e1608dfa6e0b5569232559e3d385fea5a93112/library/alloc/src/boxed.rs:2007:9
[INFO] [stdout]   69:     0x557fea134c35 - std::sys::unix::thread::Thread::new::thread_start::he469335aef763e45
[INFO] [stdout]                                at /rustc/82e1608dfa6e0b5569232559e3d385fea5a93112/library/std/src/sys/unix/thread.rs:108:17
[INFO] [stdout]   70:     0x7fd99ae4bac3 - <unknown>
[INFO] [stdout]   71:     0x7fd99aedcbf4 - __clone
[INFO] [stdout]   72:                0x0 - <unknown>
[INFO] [stdout] 
[INFO] [stdout] 
[INFO] [stdout] failures:
[INFO] [stdout]     client::validator::tests::test_function_validation
[INFO] [stdout]     client::validator::tests::test_request_validation
[INFO] [stdout] 
[INFO] [stdout] test result: FAILED. 14 passed; 2 failed; 0 ignored; 0 measured; 0 filtered out; finished in 0.77s
[INFO] [stdout] 
[INFO] [stderr] error: test failed, to rerun pass `--lib`
[INFO] running `Command { std: "docker" "inspect" "d42218da4bb96a0888b168b3ec524a17cbb64fa7a8642796d1bb494372a40a87", kill_on_drop: false }`
[INFO] running `Command { std: "docker" "rm" "-f" "d42218da4bb96a0888b168b3ec524a17cbb64fa7a8642796d1bb494372a40a87", kill_on_drop: false }`
[INFO] [stdout] d42218da4bb96a0888b168b3ec524a17cbb64fa7a8642796d1bb494372a40a87
[INFO] testing switchboard-solana-0.27.73 against beta-2023-12-22 for beta-1.76-1
[INFO] extracting crate switchboard-solana 0.27.73 into /workspace/builds/worker-2-tc2/source
[INFO] validating manifest of crates.io crate switchboard-solana 0.27.73 on toolchain beta-2023-12-22
[INFO] running `Command { std: CARGO_HOME="/workspace/cargo-home" RUSTUP_HOME="/workspace/rustup-home" "/workspace/cargo-home/bin/cargo" "+beta-2023-12-22" "metadata" "--manifest-path" "Cargo.toml" "--no-deps", kill_on_drop: false }`
[INFO] started tweaking crates.io crate switchboard-solana 0.27.73
[INFO] finished tweaking crates.io crate switchboard-solana 0.27.73
[INFO] tweaked toml for crates.io crate switchboard-solana 0.27.73 written to /workspace/builds/worker-2-tc2/source/Cargo.toml
[INFO] running `Command { std: CARGO_HOME="/workspace/cargo-home" RUSTUP_HOME="/workspace/rustup-home" "/workspace/cargo-home/bin/cargo" "+beta-2023-12-22" "generate-lockfile" "--manifest-path" "Cargo.toml", kill_on_drop: false }`
[INFO] [stderr]     Updating crates.io index
[INFO] running `Command { std: CARGO_HOME="/workspace/cargo-home" RUSTUP_HOME="/workspace/rustup-home" "/workspace/cargo-home/bin/cargo" "+beta-2023-12-22" "fetch" "--manifest-path" "Cargo.toml", kill_on_drop: false }`
[INFO] running `Command { std: "docker" "create" "-v" "/var/lib/crater-agent-workspace/builds/worker-2-tc2/target:/opt/rustwide/target:rw,Z" "-v" "/var/lib/crater-agent-workspace/builds/worker-2-tc2/source:/opt/rustwide/workdir:ro,Z" "-v" "/var/lib/crater-agent-workspace/cargo-home:/opt/rustwide/cargo-home:ro,Z" "-v" "/var/lib/crater-agent-workspace/rustup-home:/opt/rustwide/rustup-home:ro,Z" "-e" "SOURCE_DIR=/opt/rustwide/workdir" "-e" "CARGO_TARGET_DIR=/opt/rustwide/target" "-e" "CARGO_HOME=/opt/rustwide/cargo-home" "-e" "RUSTUP_HOME=/opt/rustwide/rustup-home" "-w" "/opt/rustwide/workdir" "-m" "1610612736" "--user" "0:0" "--network" "none" "ghcr.io/rust-lang/crates-build-env/linux@sha256:2788e3201cd34a07e3172128adcd8b3090168a8e3bcc40d7c032b9dda1df7d1c" "/opt/rustwide/cargo-home/bin/cargo" "+beta-2023-12-22" "metadata" "--no-deps" "--format-version=1", kill_on_drop: false }`
[INFO] [stdout] f76bcc383e6c76b816c9c3a5555e944d6f6022aebf25f4ec28ff2d36626a7f19
[INFO] running `Command { std: "docker" "start" "-a" "f76bcc383e6c76b816c9c3a5555e944d6f6022aebf25f4ec28ff2d36626a7f19", kill_on_drop: false }`
[INFO] running `Command { std: "docker" "inspect" "f76bcc383e6c76b816c9c3a5555e944d6f6022aebf25f4ec28ff2d36626a7f19", kill_on_drop: false }`
[INFO] running `Command { std: "docker" "rm" "-f" "f76bcc383e6c76b816c9c3a5555e944d6f6022aebf25f4ec28ff2d36626a7f19", kill_on_drop: false }`
[INFO] [stdout] f76bcc383e6c76b816c9c3a5555e944d6f6022aebf25f4ec28ff2d36626a7f19
[INFO] running `Command { std: "docker" "create" "-v" "/var/lib/crater-agent-workspace/builds/worker-2-tc2/target:/opt/rustwide/target:rw,Z" "-v" "/var/lib/crater-agent-workspace/builds/worker-2-tc2/source:/opt/rustwide/workdir:ro,Z" "-v" "/var/lib/crater-agent-workspace/cargo-home:/opt/rustwide/cargo-home:ro,Z" "-v" "/var/lib/crater-agent-workspace/rustup-home:/opt/rustwide/rustup-home:ro,Z" "-e" "SOURCE_DIR=/opt/rustwide/workdir" "-e" "CARGO_TARGET_DIR=/opt/rustwide/target" "-e" "CARGO_INCREMENTAL=0" "-e" "RUST_BACKTRACE=full" "-e" "RUSTFLAGS=--cap-lints=warn" "-e" "RUSTDOCFLAGS=--cap-lints=warn" "-e" "CARGO_HOME=/opt/rustwide/cargo-home" "-e" "RUSTUP_HOME=/opt/rustwide/rustup-home" "-w" "/opt/rustwide/workdir" "-m" "1610612736" "--user" "0:0" "--network" "none" "ghcr.io/rust-lang/crates-build-env/linux@sha256:2788e3201cd34a07e3172128adcd8b3090168a8e3bcc40d7c032b9dda1df7d1c" "/opt/rustwide/cargo-home/bin/cargo" "+beta-2023-12-22" "build" "--frozen" "--message-format=json", kill_on_drop: false }`
[INFO] [stdout] 286d11424a9fe4fee0f3db7885e4ed1b75d044234bbb4247174ba4c2a05ffe56
[INFO] running `Command { std: "docker" "start" "-a" "286d11424a9fe4fee0f3db7885e4ed1b75d044234bbb4247174ba4c2a05ffe56", kill_on_drop: false }`
[INFO] [stderr]    Compiling proc-macro2 v1.0.75
[INFO] [stderr]    Compiling libc v0.2.151
[INFO] [stderr]    Compiling version_check v0.9.4
[INFO] [stderr]    Compiling typenum v1.17.0
[INFO] [stderr]    Compiling serde v1.0.194
[INFO] [stderr]    Compiling once_cell v1.19.0
[INFO] [stderr]    Compiling syn v1.0.109
[INFO] [stderr]    Compiling itoa v1.0.10
[INFO] [stderr]    Compiling memchr v2.7.1
[INFO] [stderr]    Compiling thiserror v1.0.56
[INFO] [stderr]    Compiling generic-array v0.14.7
[INFO] [stderr]    Compiling subtle v2.4.1
[INFO] [stderr]    Compiling cpufeatures v0.2.12
[INFO] [stderr]    Compiling semver v1.0.21
[INFO] [stderr]    Compiling ryu v1.0.16
[INFO] [stderr]    Compiling quote v1.0.35
[INFO] [stderr]    Compiling jobserver v0.1.27
[INFO] [stderr]    Compiling value-bag v1.4.3
[INFO] [stderr]    Compiling syn v2.0.48
[INFO] [stderr]    Compiling cc v1.0.83
[INFO] [stderr]    Compiling rustc_version v0.4.0
[INFO] [stderr]    Compiling opaque-debug v0.3.0
[INFO] [stderr]    Compiling log v0.4.20
[INFO] [stderr]    Compiling num-traits v0.2.17
[INFO] [stderr]    Compiling getrandom v0.2.11
[INFO] [stderr]    Compiling serde_json v1.0.111
[INFO] [stderr]    Compiling ppv-lite86 v0.2.17
[INFO] [stderr]    Compiling digest v0.9.0
[INFO] [stderr]    Compiling rand_core v0.6.4
[INFO] [stderr]    Compiling byteorder v1.5.0
[INFO] [stderr]    Compiling tinyvec_macros v0.1.1
[INFO] [stderr]    Compiling getrandom v0.1.16
[INFO] [stderr]    Compiling anyhow v1.0.79
[INFO] [stderr]    Compiling tinyvec v1.6.0
[INFO] [stderr]    Compiling ahash v0.7.7
[INFO] [stderr]    Compiling pin-project-lite v0.2.13
[INFO] [stderr]    Compiling crossbeam-utils v0.8.18
[INFO] [stderr]    Compiling crunchy v0.2.2
[INFO] [stderr]    Compiling base64 v0.13.1
[INFO] [stderr]    Compiling block-padding v0.2.1
[INFO] [stderr]    Compiling rand_core v0.5.1
[INFO] [stderr]    Compiling wasm-bindgen-shared v0.2.89
[INFO] [stderr]    Compiling unicode-normalization v0.1.22
[INFO] [stderr]    Compiling parking_lot_core v0.9.9
[INFO] [stderr]    Compiling regex-syntax v0.8.2
[INFO] [stderr]    Compiling libsecp256k1-core v0.2.2
[INFO] [stderr]    Compiling crossbeam-epoch v0.9.17
[INFO] [stderr]    Compiling ring v0.17.7
[INFO] [stderr]    Compiling rand_chacha v0.2.2
[INFO] [stderr]    Compiling bytes v1.5.0
[INFO] [stderr]    Compiling rayon-core v1.12.0
[INFO] [stderr]    Compiling rand v0.7.3
[INFO] [stderr]    Compiling crossbeam-deque v0.8.4
[INFO] [stderr]    Compiling hashbrown v0.12.3
[INFO] [stderr]    Compiling bumpalo v3.14.0
[INFO] [stderr]    Compiling feature-probe v0.1.1
[INFO] [stderr]    Compiling either v1.9.0
[INFO] [stderr]    Compiling keccak v0.1.4
[INFO] [stderr]    Compiling rustversion v1.0.14
[INFO] [stderr]    Compiling bv v0.11.1
[INFO] [stderr]    Compiling libsecp256k1-gen-genmult v0.2.1
[INFO] [stderr]    Compiling libsecp256k1-gen-ecmult v0.2.1
[INFO] [stderr]    Compiling blake3 v1.5.0
[INFO] [stderr]    Compiling solana-frozen-abi-macro v1.14.16
[INFO] [stderr]    Compiling bitmaps v2.1.0
[INFO] [stderr]    Compiling im v15.1.0
[INFO] [stderr]    Compiling memoffset v0.6.5
[INFO] [stderr]    Compiling arrayvec v0.7.4
[INFO] [stderr]    Compiling wasm-bindgen-backend v0.2.89
[INFO] [stderr]    Compiling spin v0.9.8
[INFO] [stderr]    Compiling bs58 v0.4.0
[INFO] [stderr]    Compiling futures-core v0.3.30
[INFO] [stderr]    Compiling percent-encoding v2.3.1
[INFO] [stderr]    Compiling arrayref v0.3.7
[INFO] [stderr]    Compiling untrusted v0.9.0
[INFO] [stderr]    Compiling rayon v1.8.0
[INFO] [stderr]    Compiling sized-chunks v0.6.5
[INFO] [stderr]    Compiling borsh-schema-derive-internal v0.9.3
[INFO] [stderr]    Compiling borsh-derive-internal v0.9.3
[INFO] [stderr]    Compiling libsecp256k1 v0.6.0
[INFO] [stderr]    Compiling parking_lot v0.12.1
[INFO] [stderr]    Compiling wasm-bindgen-macro-support v0.2.89
[INFO] [stderr]    Compiling rand_xoshiro v0.6.0
[INFO] [stderr]    Compiling solana-frozen-abi v1.14.16
[INFO] [stderr]    Compiling num_cpus v1.16.0
[INFO] [stderr]    Compiling aho-corasick v1.1.2
[INFO] [stderr]    Compiling slab v0.4.9
[INFO] [stderr]    Compiling constant_time_eq v0.3.0
[INFO] [stderr]    Compiling wasm-bindgen v0.2.89
[INFO] [stderr]    Compiling solana-program v1.14.16
[INFO] [stderr]    Compiling hashbrown v0.11.2
[INFO] [stderr]    Compiling mio v0.8.10
[INFO] [stderr]    Compiling serde_derive v1.0.194
[INFO] [stderr]    Compiling thiserror-impl v1.0.56
[INFO] [stderr]    Compiling zeroize_derive v1.4.2
[INFO] [stderr]    Compiling regex-automata v0.4.3
[INFO] [stderr]    Compiling wasm-bindgen-macro v0.2.89
[INFO] [stderr]    Compiling zeroize v1.3.0
[INFO] [stderr]    Compiling bytemuck_derive v1.5.0
[INFO] [stderr]    Compiling tokio-macros v2.2.0
[INFO] [stderr]    Compiling memmap2 v0.5.10
[INFO] [stderr]    Compiling socket2 v0.5.5
[INFO] [stderr]    Compiling signal-hook-registry v1.4.1
[INFO] [stderr]    Compiling futures-sink v0.3.30
[INFO] [stderr]    Compiling base64 v0.12.3
[INFO] [stderr]    Compiling rustc-hash v1.1.0
[INFO] [stderr]    Compiling solana-sdk-macro v1.14.16
[INFO] [stderr]    Compiling num-derive v0.3.3
[INFO] [stderr]    Compiling tokio v1.35.1
[INFO] [stderr]    Compiling regex v1.10.2
[INFO] [stderr]    Compiling bytemuck v1.14.0
[INFO] [stderr]    Compiling itertools v0.10.5
[INFO] [stderr]    Compiling atty v0.2.14
[INFO] [stderr]    Compiling futures-channel v0.3.30
[INFO] [stderr]    Compiling futures-macro v0.3.30
[INFO] [stderr]    Compiling futures-task v0.3.30
[INFO] [stderr]    Compiling signature v1.6.4
[INFO] [stderr]    Compiling futures-io v0.3.30
[INFO] [stderr]    Compiling termcolor v1.4.0
[INFO] [stderr]    Compiling ed25519 v1.5.3
[INFO] [stderr]    Compiling humantime v2.1.0
[INFO] [stderr]    Compiling iana-time-zone v0.1.59
[INFO] [stderr]    Compiling env_logger v0.9.3
[INFO] [stderr]    Compiling solana-sdk v1.14.16
[INFO] [stderr]    Compiling derivation-path v0.2.0
[INFO] [stderr]    Compiling solana-logger v1.14.16
[INFO] [stderr]    Compiling futures-util v0.3.30
[INFO] [stderr]    Compiling tracing-attributes v0.1.27
[INFO] [stderr]    Compiling qstring v0.7.2
[INFO] [stderr]    Compiling uriparse v0.6.4
[INFO] [stderr]    Compiling tracing-core v0.1.32
[INFO] [stderr]    Compiling assert_matches v1.5.0
[INFO] [stderr]    Compiling http v0.2.11
[INFO] [stderr]    Compiling httparse v1.8.0
[INFO] [stderr]    Compiling base64 v0.21.5
[INFO] [stderr]    Compiling form_urlencoded v1.2.1
[INFO] [stderr]    Compiling unicode-bidi v0.3.14
[INFO] [stderr]    Compiling tracing v0.1.40
[INFO] [stderr]    Compiling hashbrown v0.14.3
[INFO] [stderr]    Compiling idna v0.5.0
[INFO] [stderr]    Compiling rustls-pemfile v1.0.4
[INFO] [stderr]    Compiling equivalent v1.0.1
[INFO] [stderr]    Compiling crc32fast v1.3.2
[INFO] [stderr]    Compiling rustls v0.21.10
[INFO] [stderr]    Compiling alloc-no-stdlib v2.0.4
[INFO] [stderr]    Compiling indexmap v2.1.0
[INFO] [stderr]    Compiling url v2.5.0
[INFO] [stderr]    Compiling alloc-stdlib v0.2.2
[INFO] [stderr]    Compiling tokio-util v0.7.10
[INFO] [stderr]    Compiling adler v1.0.2
[INFO] [stderr]    Compiling try-lock v0.2.5
[INFO] [stderr]    Compiling want v0.3.1
[INFO] [stderr]    Compiling miniz_oxide v0.7.1
[INFO] [stderr]    Compiling toml v0.5.11
[INFO] [stderr]    Compiling crypto-common v0.1.6
[INFO] [stderr]    Compiling block-buffer v0.10.4
[INFO] [stderr]    Compiling block-buffer v0.9.0
[INFO] [stderr]    Compiling digest v0.10.7
[INFO] [stderr]    Compiling crypto-mac v0.8.0
[INFO] [stderr]    Compiling sha2 v0.9.9
[INFO] [stderr]    Compiling hmac v0.8.1
[INFO] [stderr]    Compiling sha2 v0.10.8
[INFO] [stderr]    Compiling curve25519-dalek v3.2.1
[INFO] [stderr]    Compiling proc-macro-crate v0.1.5
[INFO] [stderr]    Compiling sha3 v0.10.8
[INFO] [stderr]    Compiling hmac-drbg v0.3.0
[INFO] [stderr]    Compiling pbkdf2 v0.4.0
[INFO] [stderr]    Compiling serde_bytes v0.11.14
[INFO] [stderr]    Compiling tiny-bip39 v0.8.2
[INFO] [stderr]    Compiling bincode v1.3.3
[INFO] [stderr]    Compiling ed25519-dalek v1.0.1
[INFO] [stderr]    Compiling hmac v0.12.1
[INFO] [stderr]    Compiling chrono v0.4.31
[INFO] [stderr]    Compiling borsh-derive v0.9.3
[INFO] [stderr]    Compiling ed25519-dalek-bip32 v0.2.0
[INFO] [stderr]    Compiling pbkdf2 v0.11.0
[INFO] [stderr]    Compiling h2 v0.3.22
[INFO] [stderr]    Compiling brotli-decompressor v2.5.1
[INFO] [stderr]    Compiling http-body v0.4.6
[INFO] [stderr]    Compiling httpdate v1.0.3
[INFO] [stderr]    Compiling tower-service v0.3.2
[INFO] [stderr]    Compiling borsh v0.9.3
[INFO] [stderr]    Compiling flate2 v1.0.28
[INFO] [stderr]    Compiling serde_urlencoded v0.7.1
[INFO] [stderr]    Compiling crossbeam-channel v0.5.10
[INFO] [stderr]    Compiling encoding_rs v0.8.33
[INFO] [stderr]    Compiling brotli v3.4.0
[INFO] [stderr]    Compiling mime v0.3.17
[INFO] [stderr]    Compiling ipnet v2.9.0
[INFO] [stderr]    Compiling webpki-roots v0.25.3
[INFO] [stderr]    Compiling enum-iterator-derive v0.8.1
[INFO] [stderr]    Compiling ring v0.16.20
[INFO] [stderr]    Compiling solana-program-runtime v1.14.16
[INFO] [stderr]    Compiling gethostname v0.2.3
[INFO] [stderr]    Compiling num-integer v0.1.45
[INFO] [stderr]    Compiling libloading v0.7.4
[INFO] [stderr]    Compiling eager v0.1.0
[INFO] [stderr]    Compiling proc-macro2 v0.4.30
[INFO] [stderr]    Compiling unicode-xid v0.1.0
[INFO] [stderr]    Compiling untrusted v0.7.1
[INFO] [stderr]    Compiling unicode-segmentation v1.10.1
[INFO] [stderr]    Compiling spin v0.5.2
[INFO] [stderr]    Compiling hyper v0.14.28
[INFO] [stderr]    Compiling enum-iterator v0.8.1
[INFO] [stderr]    Compiling heck v0.3.3
[INFO] [stderr]    Compiling cipher v0.3.0
[INFO] [stderr]    Compiling solana-vote-program v1.14.16
[INFO] [stderr]    Compiling bs58 v0.3.1
[INFO] [stderr]    Compiling rustls v0.20.9
[INFO] [stderr]    Compiling powerfmt v0.2.0
[INFO] [stderr]    Compiling async-compression v0.4.5
[INFO] [stderr]    Compiling time-core v0.1.2
[INFO] [stderr]    Compiling syn v0.15.44
[INFO] [stderr]    Compiling time-macros v0.2.16
[INFO] [stderr]    Compiling deranged v0.3.11
[INFO] [stderr]    Compiling quote v0.6.13
[INFO] [stderr]    Compiling proc-macro-crate v1.1.3
[INFO] [stderr]    Compiling anchor-syn v0.27.0
[INFO] [stderr]    Compiling universal-hash v0.4.1
[INFO] [stderr]    Compiling indexmap v1.9.3
[INFO] [stderr]    Compiling minimal-lexical v0.2.1
[INFO] [stderr]    Compiling rustix v0.38.28
[INFO] [stderr]    Compiling zstd-sys v2.0.9+zstd.1.5.5
[INFO] [stderr]    Compiling nom v7.1.3
[INFO] [stderr]    Compiling num_enum_derive v0.5.11
[INFO] [stderr]    Compiling polyval v0.5.3
[INFO] [stderr]    Compiling ctr v0.8.0
[INFO] [stderr]    Compiling aes v0.7.5
[INFO] [stderr]    Compiling inout v0.1.3
[INFO] [stderr]    Compiling aead v0.4.3
[INFO] [stderr]    Compiling time v0.3.31
[INFO] [stderr]    Compiling rand_chacha v0.3.1
[INFO] [stderr]    Compiling bitflags v2.4.1
[INFO] [stderr]    Compiling linux-raw-sys v0.4.12
[INFO] [stderr]    Compiling unicode-xid v0.2.4
[INFO] [stderr]    Compiling synstructure v0.12.6
[INFO] [stderr]    Compiling rand v0.8.5
[INFO] [stderr]    Compiling num_enum v0.5.11
[INFO] [stderr]    Compiling aes-gcm-siv v0.10.3
[INFO] [stderr]    Compiling cipher v0.4.4
[INFO] [stderr]    Compiling console v0.15.7
[INFO] [stderr]    Compiling sha3 v0.9.1
[INFO] [stderr]    Compiling merlin v3.0.0
[INFO] [stderr]    Compiling nix v0.24.3
[INFO] [stderr]    Compiling num-bigint v0.2.6
[INFO] [stderr]    Compiling solana-perf v1.14.16
[INFO] [stderr]    Compiling fastrand v2.0.1
[INFO] [stderr]    Compiling asn1-rs-derive v0.4.0
[INFO] [stderr]    Compiling tempfile v3.9.0
[INFO] [stderr]    Compiling rusticata-macros v4.1.0
[INFO] [stderr]    Compiling caps v0.5.5
[INFO] [stderr]    Compiling dlopen_derive v0.1.4
[INFO] [stderr]    Compiling asn1-rs-impl v0.1.0
[INFO] [stderr]    Compiling displaydoc v0.2.4
[INFO] [stderr]    Compiling solana-rayon-threadlimit v1.14.16
[INFO] [stderr]    Compiling num-iter v0.1.43
[INFO] [stderr]    Compiling num-rational v0.2.4
[INFO] [stderr]    Compiling num-bigint v0.4.4
[INFO] [stderr]    Compiling dlopen v0.1.8
[INFO] [stderr]    Compiling num-complex v0.2.4
[INFO] [stderr]    Compiling shell-words v1.1.0
[INFO] [stderr]    Compiling zstd-safe v5.0.2+zstd.1.5.2
[INFO] [stderr]    Compiling openssl-probe v0.1.5
[INFO] [stderr]    Compiling rustls-native-certs v0.6.3
[INFO] [stderr]    Compiling dialoguer v0.10.4
[INFO] [stderr]    Compiling textwrap v0.11.0
[INFO] [stderr]    Compiling rustls-pemfile v0.2.1
[INFO] [stderr]    Compiling fxhash v0.2.1
[INFO] [stderr]    Compiling solana-address-lookup-table-program v1.14.16
[INFO] [stderr]    Compiling solana-version v1.14.16
[INFO] [stderr]    Compiling socket2 v0.4.10
[INFO] [stderr]    Compiling asn1-rs v0.5.2
[INFO] [stderr]    Compiling oid-registry v0.6.1
[INFO] [stderr]    Compiling const-oid v0.7.1
[INFO] [stderr]    Compiling ansi_term v0.12.1
[INFO] [stderr]    Compiling vec_map v0.8.2
[INFO] [stderr]    Compiling linked-hash-map v0.5.6
[INFO] [stderr]    Compiling clap v2.34.0
[INFO] [stderr]    Compiling yaml-rust v0.4.5
[INFO] [stderr]    Compiling der v0.5.1
[INFO] [stderr]    Compiling rpassword v6.0.1
[INFO] [stderr]    Compiling futures-executor v0.3.30
[INFO] [stderr]    Compiling dirs-sys-next v0.1.2
[INFO] [stderr]    Compiling lexical-core v0.7.6
[INFO] [stderr]    Compiling async-trait v0.1.77
[INFO] [stderr]    Compiling os_str_bytes v6.6.1
[INFO] [stderr]    Compiling base64ct v1.1.1
[INFO] [stderr]    Compiling futures v0.3.30
[INFO] [stderr]    Compiling spki v0.5.4
[INFO] [stderr]    Compiling dirs-next v2.0.0
[INFO] [stderr]    Compiling num v0.2.1
[INFO] [stderr]    Compiling serde_yaml v0.8.26
[INFO] [stderr]    Compiling clap_lex v0.2.4
[INFO] [stderr]    Compiling yasna v0.5.2
[INFO] [stderr]    Compiling sha-1 v0.10.1
[INFO] [stderr]    Compiling Inflector v0.11.4
[INFO] [stderr]    Compiling der-parser v8.2.0
[INFO] [stderr]    Compiling pem v1.1.1
[INFO] [stderr]    Compiling nom v5.1.3
[INFO] [stderr]    Compiling strsim v0.10.0
[INFO] [stderr]    Compiling static_assertions v1.1.0
[INFO] [stderr]    Compiling textwrap v0.16.0
[INFO] [stderr]    Compiling arrayvec v0.5.2
[INFO] [stderr]    Compiling data-encoding v2.5.0
[INFO] [stderr]    Compiling utf-8 v0.7.6
[INFO] [stderr]    Compiling clap v3.2.25
[INFO] [stderr]    Compiling x509-parser v0.14.0
[INFO] [stderr]    Compiling rcgen v0.9.3
[INFO] [stderr]    Compiling pkcs8 v0.8.0
[INFO] [stderr]    Compiling percentage v0.1.0
[INFO] [stderr]    Compiling anchor-derive-accounts v0.27.0
[INFO] [stderr]    Compiling anchor-attribute-event v0.27.0
[INFO] [stderr]    Compiling anchor-attribute-account v0.27.0
[INFO] [stderr]    Compiling anchor-attribute-error v0.27.0
[INFO] [stderr]    Compiling anchor-attribute-program v0.27.0
[INFO] [stderr]    Compiling anchor-attribute-constant v0.27.0
[INFO] [stderr]    Compiling anchor-derive-space v0.27.0
[INFO] [stderr]    Compiling anchor-attribute-access-control v0.27.0
[INFO] [stderr]    Compiling number_prefix v0.4.0
[INFO] [stderr]    Compiling event-listener v2.5.3
[INFO] [stderr]    Compiling histogram v0.6.9
[INFO] [stderr]    Compiling indicatif v0.16.2
[INFO] [stderr]    Compiling async-mutex v1.4.0
[INFO] [stderr]    Compiling jsonrpc-core v18.0.0
[INFO] [stderr]    Compiling tokio-stream v0.1.14
[INFO] [stderr]    Compiling enum_dispatch v0.3.12
[INFO] [stderr]    Compiling rust_decimal v1.33.1
[INFO] [stderr]    Compiling hex v0.4.3
[INFO] [stderr]    Compiling envy v0.4.2
[INFO] [stderr]    Compiling cron v0.12.0
[INFO] [stderr]    Compiling dashmap v5.5.3
[INFO] [stderr]    Compiling kv-log-macro v1.0.7
[INFO] [stderr]    Compiling superslice v1.0.0
[INFO] [stderr]    Compiling sgx-quote v0.1.0
[INFO] [stderr]    Compiling switchboard-common v0.11.2
[INFO] [stderr]    Compiling sct v0.7.1
[INFO] [stderr]    Compiling rustls-webpki v0.101.7
[INFO] [stderr]    Compiling webpki v0.22.4
[INFO] [stderr]    Compiling webpki-roots v0.22.6
[INFO] [stderr]    Compiling zstd v0.11.2+zstd.1.5.2
[INFO] [stderr]    Compiling spl-memo v3.0.1
[INFO] [stderr]    Compiling spl-token v3.5.0
[INFO] [stderr]    Compiling anchor-lang v0.27.0
[INFO] [stderr]    Compiling tokio-rustls v0.24.1
[INFO] [stderr]    Compiling hyper-rustls v0.24.2
[INFO] [stderr]    Compiling reqwest v0.11.23
[INFO] [stderr]    Compiling quinn-proto v0.8.4
[INFO] [stderr]    Compiling tungstenite v0.17.3
[INFO] [stderr]    Compiling tokio-rustls v0.23.4
[INFO] [stderr]    Compiling tokio-tungstenite v0.17.2
[INFO] [stderr]    Compiling quinn-udp v0.1.4
[INFO] [stderr]    Compiling quinn v0.8.5
[INFO] [stderr]    Compiling solana-metrics v1.14.16
[INFO] [stderr]    Compiling solana-measure v1.14.16
[INFO] [stderr]    Compiling solana-zk-token-sdk v1.14.16
[INFO] [stderr]    Compiling solana-remote-wallet v1.14.16
[INFO] [stderr]    Compiling solana-net-utils v1.14.16
[INFO] [stderr]    Compiling solana-config-program v1.14.16
[INFO] [stderr]    Compiling solana-clap-utils v1.14.16
[INFO] [stderr]    Compiling solana-streamer v1.14.16
[INFO] [stderr]    Compiling solana-cli-config v1.14.16
[INFO] [stderr]    Compiling solana-faucet v1.14.16
[INFO] [stderr]    Compiling spl-token-2022 v0.5.0
[INFO] [stderr]    Compiling spl-associated-token-account v1.1.2
[INFO] [stderr]    Compiling solana-account-decoder v1.14.16
[INFO] [stderr]    Compiling anchor-spl v0.27.0
[INFO] [stderr]    Compiling solana-transaction-status v1.14.16
[INFO] [stderr]    Compiling solana-client v1.14.16
[INFO] [stderr]    Compiling anchor-client v0.27.0
[INFO] [stderr]    Compiling switchboard-solana v0.27.73 (/opt/rustwide/workdir)
[INFO] [stdout] warning: unused import: `events::*`
[INFO] [stdout]    --> src/lib.rs:120:9
[INFO] [stdout]     |
[INFO] [stdout] 120 | pub use events::*;
[INFO] [stdout]     |         ^^^^^^^^^
[INFO] [stdout]     |
[INFO] [stdout]     = note: `#[warn(unused_imports)]` on by default
[INFO] [stdout] 
[INFO] [stdout] 
[INFO] [stdout] warning: unused import: `client::*`
[INFO] [stdout]    --> src/lib.rs:133:13
[INFO] [stdout]     |
[INFO] [stdout] 133 |     pub use client::*;
[INFO] [stdout]     |             ^^^^^^^^^
[INFO] [stdout] 
[INFO] [stdout] 
[INFO] [stdout] warning: unused variable: `e`
[INFO] [stdout]    --> src/client/utils.rs:216:19
[INFO] [stdout]     |
[INFO] [stdout] 216 |         .map_err(|e| SbError::AccountNotFound)?;
[INFO] [stdout]     |                   ^ help: if this is intentional, prefix it with an underscore: `_e`
[INFO] [stdout]     |
[INFO] [stdout]     = note: `#[warn(unused_variables)]` on by default
[INFO] [stdout] 
[INFO] [stdout] 
[INFO] [stdout] warning: use of deprecated field `attestation_program::accounts::function::FunctionAccountData::default_container_params`: please use a `FunctionRoutineAccountData` for all scheduled executions
[INFO] [stdout]    --> src/client/function_runner.rs:266:30
[INFO] [stdout]     |
[INFO] [stdout] 266 |                 let params = function_data.default_container_params.to_vec();
[INFO] [stdout]     |                              ^^^^^^^^^^^^^^^^^^^^^^^^^^^^^^^^^^^^^^
[INFO] [stdout]     |
[INFO] [stdout]     = note: `#[warn(deprecated)]` on by default
[INFO] [stdout] 
[INFO] [stdout] 
[INFO] [stdout] warning: use of deprecated field `attestation_program::accounts::function::FunctionAccountData::default_container_params`: please use a `FunctionRoutineAccountData` for all scheduled executions
[INFO] [stdout]    --> src/client/function_runner.rs:452:41
[INFO] [stdout]     |
[INFO] [stdout] 452 |             solana_program::hash::hash(&function_data.as_ref().default_container_params)
[INFO] [stdout]     |                                         ^^^^^^^^^^^^^^^^^^^^^^^^^^^^^^^^^^^^^^^^^^^^^^^
[INFO] [stdout] 
[INFO] [stdout] 
[INFO] [stdout] warning: use of deprecated field `attestation_program::accounts::function::FunctionAccountData::enclave`: please use a `FunctionRoutineAccountData` for all scheduled executions
[INFO] [stdout]    --> src/attestation_program/accounts/function.rs:357:12
[INFO] [stdout]     |
[INFO] [stdout] 357 |         if self.enclave.mr_enclave == [0u8; 32] {
[INFO] [stdout]     |            ^^^^^^^^^^^^
[INFO] [stdout] 
[INFO] [stdout] 
[INFO] [stdout] warning: use of deprecated field `attestation_program::accounts::function::FunctionAccountData::enclave`: please use a `FunctionRoutineAccountData` for all scheduled executions
[INFO] [stdout]    --> src/attestation_program/accounts/function.rs:362:12
[INFO] [stdout]     |
[INFO] [stdout] 362 |         if self.enclave.enclave_signer != signer.key() {
[INFO] [stdout]     |            ^^^^^^^^^^^^
[INFO] [stdout] 
[INFO] [stdout] 
[INFO] [stdout] warning: use of deprecated field `attestation_program::accounts::function::FunctionAccountData::enclave`: please use a `FunctionRoutineAccountData` for all scheduled executions
[INFO] [stdout]    --> src/attestation_program/accounts/function.rs:367:12
[INFO] [stdout]     |
[INFO] [stdout] 367 |         Ok(self.enclave.is_verified(&Clock::get()?))
[INFO] [stdout]     |            ^^^^^^^^^^^^
[INFO] [stdout] 
[INFO] [stdout] 
[INFO] [stdout] warning: use of deprecated field `attestation_program::accounts::function::FunctionAccountData::enclave`: please use a `FunctionRoutineAccountData` for all scheduled executions
[INFO] [stdout]    --> src/attestation_program/accounts/function.rs:385:12
[INFO] [stdout]     |
[INFO] [stdout] 385 |         if self.enclave.mr_enclave == [0u8; 32] {
[INFO] [stdout]     |            ^^^^^^^^^^^^
[INFO] [stdout] 
[INFO] [stdout] 
[INFO] [stdout] warning: use of deprecated field `attestation_program::accounts::function::FunctionAccountData::enclave`: please use a `FunctionRoutineAccountData` for all scheduled executions
[INFO] [stdout]    --> src/attestation_program/accounts/function.rs:390:12
[INFO] [stdout]     |
[INFO] [stdout] 390 |         if self.enclave.enclave_signer != signer.key() {
[INFO] [stdout]     |            ^^^^^^^^^^^^
[INFO] [stdout] 
[INFO] [stdout] 
[INFO] [stdout] warning: use of deprecated field `attestation_program::accounts::function::FunctionAccountData::enclave`: please use a `FunctionRoutineAccountData` for all scheduled executions
[INFO] [stdout]    --> src/attestation_program/accounts/function.rs:395:12
[INFO] [stdout]     |
[INFO] [stdout] 395 |         Ok(self.enclave.is_verified(&Clock::get()?))
[INFO] [stdout]     |            ^^^^^^^^^^^^
[INFO] [stdout] 
[INFO] [stdout] 
[INFO] [stdout] warning: use of deprecated field `attestation_program::accounts::function::FunctionAccountData::schedule`: please use a `FunctionRoutineAccountData` for all scheduled executions
[INFO] [stdout]    --> src/attestation_program/accounts/function.rs:567:9
[INFO] [stdout]     |
[INFO] [stdout] 567 |         self.schedule
[INFO] [stdout]     |         ^^^^^^^^^^^^^
[INFO] [stdout] 
[INFO] [stdout] 
[INFO] [stdout] warning: use of deprecated associated function `attestation_program::client::function::<impl attestation_program::accounts::function::FunctionAccountData>::get_is_triggered_filter`: please use a `FunctionRequestAccountData` for all on-demand executions
[INFO] [stdout]    --> src/attestation_program/client/function.rs:336:34
[INFO] [stdout]     |
[INFO] [stdout] 336 |             FunctionAccountData::get_is_triggered_filter(),
[INFO] [stdout]     |                                  ^^^^^^^^^^^^^^^^^^^^^^^
[INFO] [stdout] 
[INFO] [stdout] 
[INFO] [stdout] warning: use of deprecated associated function `attestation_program::client::function::<impl attestation_program::accounts::function::FunctionAccountData>::get_is_scheduled_filter`: please use a `FunctionRoutineAccountData` for all scheduled executions
[INFO] [stdout]    --> src/attestation_program/client/function.rs:337:34
[INFO] [stdout]     |
[INFO] [stdout] 337 |             FunctionAccountData::get_is_scheduled_filter(),
[INFO] [stdout]     |                                  ^^^^^^^^^^^^^^^^^^^^^^^
[INFO] [stdout] 
[INFO] [stdout] 
[INFO] [stdout] warning: use of deprecated field `attestation_program::accounts::function::FunctionAccountData::schedule`: please use a `FunctionRoutineAccountData` for all scheduled executions
[INFO] [stdout]    --> src/attestation_program/client/function.rs:344:12
[INFO] [stdout]     |
[INFO] [stdout] 344 |         if self.schedule[0] == 0 {
[INFO] [stdout]     |            ^^^^^^^^^^^^^
[INFO] [stdout] 
[INFO] [stdout] 
[INFO] [stdout] warning: use of deprecated field `attestation_program::accounts::function::FunctionAccountData::schedule`: please use a `FunctionRoutineAccountData` for all scheduled executions
[INFO] [stdout]    --> src/attestation_program/client/function.rs:348:45
[INFO] [stdout]     |
[INFO] [stdout] 348 |         let schedule = std::str::from_utf8(&self.schedule)
[INFO] [stdout]     |                                             ^^^^^^^^^^^^^
[INFO] [stdout] 
[INFO] [stdout] 
[INFO] [stdout] warning: use of deprecated field `attestation_program::accounts::function::FunctionAccountData::last_execution_timestamp`: please use a `FunctionRoutineAccountData` for all scheduled executions
[INFO] [stdout]    --> src/attestation_program/client/function.rs:356:51
[INFO] [stdout]     |
[INFO] [stdout] 356 |         chrono::NaiveDateTime::from_timestamp_opt(self.last_execution_timestamp, 0)
[INFO] [stdout]     |                                                   ^^^^^^^^^^^^^^^^^^^^^^^^^^^^^
[INFO] [stdout] 
[INFO] [stdout] 
[INFO] [stdout] warning: use of deprecated field `attestation_program::accounts::function::FunctionAccountData::last_execution_timestamp`: please use a `FunctionRoutineAccountData` for all scheduled executions
[INFO] [stdout]    --> src/attestation_program/client/function.rs:365:43
[INFO] [stdout]     |
[INFO] [stdout] 365 |         let last_execution_timestamp = if self.last_execution_timestamp > 0 {
[INFO] [stdout]     |                                           ^^^^^^^^^^^^^^^^^^^^^^^^^^^^^
[INFO] [stdout] 
[INFO] [stdout] 
[INFO] [stdout] warning: use of deprecated field `attestation_program::accounts::function::FunctionAccountData::last_execution_timestamp`: please use a `FunctionRoutineAccountData` for all scheduled executions
[INFO] [stdout]    --> src/attestation_program/client/function.rs:366:13
[INFO] [stdout]     |
[INFO] [stdout] 366 |             self.last_execution_timestamp
[INFO] [stdout]     |             ^^^^^^^^^^^^^^^^^^^^^^^^^^^^^
[INFO] [stdout] 
[INFO] [stdout] 
[INFO] [stdout] warning: use of deprecated field `attestation_program::accounts::function::FunctionAccountData::is_triggered`: please use a `FunctionRoutineAccountData` for all scheduled executions
[INFO] [stdout]    --> src/attestation_program/client/function.rs:379:12
[INFO] [stdout]     |
[INFO] [stdout] 379 |         if self.is_triggered > 0 {
[INFO] [stdout]     |            ^^^^^^^^^^^^^^^^^
[INFO] [stdout] 
[INFO] [stdout] 
[INFO] [stdout] warning: use of deprecated field `attestation_program::accounts::function::FunctionAccountData::last_execution_timestamp`: please use a `FunctionRoutineAccountData` for all scheduled executions
[INFO] [stdout]    --> src/attestation_program/client/function.rs:386:12
[INFO] [stdout]     |
[INFO] [stdout] 386 |         if self.last_execution_timestamp == 0 {
[INFO] [stdout]     |            ^^^^^^^^^^^^^^^^^^^^^^^^^^^^^
[INFO] [stdout] 
[INFO] [stdout] 
[INFO] [stdout] warning: use of deprecated field `attestation_program::accounts::function::FunctionAccountData::schedule`: please use a `FunctionRoutineAccountData` for all scheduled executions
[INFO] [stdout]    --> src/attestation_program/client/function.rs:406:9
[INFO] [stdout]     |
[INFO] [stdout] 406 |         self.schedule[0] == 0
[INFO] [stdout]     |         ^^^^^^^^^^^^^
[INFO] [stdout] 
[INFO] [stdout] 
[INFO] [stdout] warning: value assigned to `attestation_queue` is never read
[INFO] [stdout]    --> src/client/function_runner.rs:100:17
[INFO] [stdout]     |
[INFO] [stdout] 100 |         let mut attestation_queue: Option<Pubkey> = None;
[INFO] [stdout]     |                 ^^^^^^^^^^^^^^^^^
[INFO] [stdout]     |
[INFO] [stdout]     = help: maybe it is overwritten before being read?
[INFO] [stdout]     = note: `#[warn(unused_assignments)]` on by default
[INFO] [stdout] 
[INFO] [stdout] 
[INFO] [stdout] warning: function `parse_mrenclave_hex` is never used
[INFO] [stdout]     --> src/client/validator.rs:1467:4
[INFO] [stdout]      |
[INFO] [stdout] 1467 | fn parse_mrenclave_hex(hex_str: &str) -> Result<[u8; 32], SbError> {
[INFO] [stdout]      |    ^^^^^^^^^^^^^^^^^^^
[INFO] [stdout]      |
[INFO] [stdout]      = note: `#[warn(dead_code)]` on by default
[INFO] [stdout] 
[INFO] [stdout] 
[INFO] [stdout] warning: function `print_function_verify_accounts` is never used
[INFO] [stdout]     --> src/client/validator.rs:1479:10
[INFO] [stdout]      |
[INFO] [stdout] 1479 | async fn print_function_verify_accounts(function_verify_ix: Instruction, rpc: Arc<RpcClient>) {
[INFO] [stdout]      |          ^^^^^^^^^^^^^^^^^^^^^^^^^^^^^^
[INFO] [stdout] 
[INFO] [stdout] 
[INFO] [stdout] warning: 25 warnings emitted
[INFO] [stdout] 
[INFO] [stdout] 
[INFO] [stderr]     Finished dev [unoptimized + debuginfo] target(s) in 3m 54s
[INFO] running `Command { std: "docker" "inspect" "286d11424a9fe4fee0f3db7885e4ed1b75d044234bbb4247174ba4c2a05ffe56", kill_on_drop: false }`
[INFO] running `Command { std: "docker" "rm" "-f" "286d11424a9fe4fee0f3db7885e4ed1b75d044234bbb4247174ba4c2a05ffe56", kill_on_drop: false }`
[INFO] [stdout] 286d11424a9fe4fee0f3db7885e4ed1b75d044234bbb4247174ba4c2a05ffe56
[INFO] running `Command { std: "docker" "create" "-v" "/var/lib/crater-agent-workspace/builds/worker-2-tc2/target:/opt/rustwide/target:rw,Z" "-v" "/var/lib/crater-agent-workspace/builds/worker-2-tc2/source:/opt/rustwide/workdir:ro,Z" "-v" "/var/lib/crater-agent-workspace/cargo-home:/opt/rustwide/cargo-home:ro,Z" "-v" "/var/lib/crater-agent-workspace/rustup-home:/opt/rustwide/rustup-home:ro,Z" "-e" "SOURCE_DIR=/opt/rustwide/workdir" "-e" "CARGO_TARGET_DIR=/opt/rustwide/target" "-e" "CARGO_INCREMENTAL=0" "-e" "RUST_BACKTRACE=full" "-e" "RUSTFLAGS=--cap-lints=warn" "-e" "RUSTDOCFLAGS=--cap-lints=warn" "-e" "CARGO_HOME=/opt/rustwide/cargo-home" "-e" "RUSTUP_HOME=/opt/rustwide/rustup-home" "-w" "/opt/rustwide/workdir" "-m" "1610612736" "--user" "0:0" "--network" "none" "ghcr.io/rust-lang/crates-build-env/linux@sha256:2788e3201cd34a07e3172128adcd8b3090168a8e3bcc40d7c032b9dda1df7d1c" "/opt/rustwide/cargo-home/bin/cargo" "+beta-2023-12-22" "test" "--frozen" "--no-run" "--message-format=json", kill_on_drop: false }`
[INFO] [stdout] 3ebfd2909e1dcd6bebeaa2931ac4c5bcfc34ac251a68afbc5c6bf7bb53f04e18
[INFO] running `Command { std: "docker" "start" "-a" "3ebfd2909e1dcd6bebeaa2931ac4c5bcfc34ac251a68afbc5c6bf7bb53f04e18", kill_on_drop: false }`
[INFO] [stderr]    Compiling option-ext v0.2.0
[INFO] [stderr]    Compiling env_logger v0.7.1
[INFO] [stderr]    Compiling yansi v0.5.1
[INFO] [stderr]    Compiling diff v0.1.13
[INFO] [stderr]    Compiling dirs-sys v0.4.1
[INFO] [stderr]    Compiling pretty_assertions v1.4.0
[INFO] [stderr]    Compiling dirs v5.0.1
[INFO] [stderr]    Compiling json_env_logger v0.1.1
[INFO] [stderr]    Compiling switchboard-solana v0.27.73 (/opt/rustwide/workdir)
[INFO] [stdout] warning: unused import: `events::*`
[INFO] [stdout]    --> src/lib.rs:120:9
[INFO] [stdout]     |
[INFO] [stdout] 120 | pub use events::*;
[INFO] [stdout]     |         ^^^^^^^^^
[INFO] [stdout]     |
[INFO] [stdout]     = note: `#[warn(unused_imports)]` on by default
[INFO] [stdout] 
[INFO] [stdout] 
[INFO] [stdout] warning: unused import: `client::*`
[INFO] [stdout]    --> src/lib.rs:133:13
[INFO] [stdout]     |
[INFO] [stdout] 133 |     pub use client::*;
[INFO] [stdout]     |             ^^^^^^^^^
[INFO] [stdout] 
[INFO] [stdout] 
[INFO] [stdout] warning: unused variable: `e`
[INFO] [stdout]    --> src/client/utils.rs:216:19
[INFO] [stdout]     |
[INFO] [stdout] 216 |         .map_err(|e| SbError::AccountNotFound)?;
[INFO] [stdout]     |                   ^ help: if this is intentional, prefix it with an underscore: `_e`
[INFO] [stdout]     |
[INFO] [stdout]     = note: `#[warn(unused_variables)]` on by default
[INFO] [stdout] 
[INFO] [stdout] 
[INFO] [stdout] warning: use of deprecated field `attestation_program::accounts::function::FunctionAccountData::default_container_params`: please use a `FunctionRoutineAccountData` for all scheduled executions
[INFO] [stdout]    --> src/client/function_runner.rs:266:30
[INFO] [stdout]     |
[INFO] [stdout] 266 |                 let params = function_data.default_container_params.to_vec();
[INFO] [stdout]     |                              ^^^^^^^^^^^^^^^^^^^^^^^^^^^^^^^^^^^^^^
[INFO] [stdout]     |
[INFO] [stdout]     = note: `#[warn(deprecated)]` on by default
[INFO] [stdout] 
[INFO] [stdout] 
[INFO] [stdout] warning: use of deprecated field `attestation_program::accounts::function::FunctionAccountData::default_container_params`: please use a `FunctionRoutineAccountData` for all scheduled executions
[INFO] [stdout]    --> src/client/function_runner.rs:452:41
[INFO] [stdout]     |
[INFO] [stdout] 452 |             solana_program::hash::hash(&function_data.as_ref().default_container_params)
[INFO] [stdout]     |                                         ^^^^^^^^^^^^^^^^^^^^^^^^^^^^^^^^^^^^^^^^^^^^^^^
[INFO] [stdout] 
[INFO] [stdout] 
[INFO] [stdout] warning: use of deprecated field `attestation_program::accounts::function::FunctionAccountData::enclave`: please use a `FunctionRoutineAccountData` for all scheduled executions
[INFO] [stdout]    --> src/attestation_program/accounts/function.rs:357:12
[INFO] [stdout]     |
[INFO] [stdout] 357 |         if self.enclave.mr_enclave == [0u8; 32] {
[INFO] [stdout]     |            ^^^^^^^^^^^^
[INFO] [stdout] 
[INFO] [stdout] 
[INFO] [stdout] warning: use of deprecated field `attestation_program::accounts::function::FunctionAccountData::enclave`: please use a `FunctionRoutineAccountData` for all scheduled executions
[INFO] [stdout]    --> src/attestation_program/accounts/function.rs:362:12
[INFO] [stdout]     |
[INFO] [stdout] 362 |         if self.enclave.enclave_signer != signer.key() {
[INFO] [stdout]     |            ^^^^^^^^^^^^
[INFO] [stdout] 
[INFO] [stdout] 
[INFO] [stdout] warning: use of deprecated field `attestation_program::accounts::function::FunctionAccountData::enclave`: please use a `FunctionRoutineAccountData` for all scheduled executions
[INFO] [stdout]    --> src/attestation_program/accounts/function.rs:367:12
[INFO] [stdout]     |
[INFO] [stdout] 367 |         Ok(self.enclave.is_verified(&Clock::get()?))
[INFO] [stdout]     |            ^^^^^^^^^^^^
[INFO] [stdout] 
[INFO] [stdout] 
[INFO] [stdout] warning: use of deprecated field `attestation_program::accounts::function::FunctionAccountData::enclave`: please use a `FunctionRoutineAccountData` for all scheduled executions
[INFO] [stdout]    --> src/attestation_program/accounts/function.rs:385:12
[INFO] [stdout]     |
[INFO] [stdout] 385 |         if self.enclave.mr_enclave == [0u8; 32] {
[INFO] [stdout]     |            ^^^^^^^^^^^^
[INFO] [stdout] 
[INFO] [stdout] 
[INFO] [stdout] warning: use of deprecated field `attestation_program::accounts::function::FunctionAccountData::enclave`: please use a `FunctionRoutineAccountData` for all scheduled executions
[INFO] [stdout]    --> src/attestation_program/accounts/function.rs:390:12
[INFO] [stdout]     |
[INFO] [stdout] 390 |         if self.enclave.enclave_signer != signer.key() {
[INFO] [stdout]     |            ^^^^^^^^^^^^
[INFO] [stdout] 
[INFO] [stdout] 
[INFO] [stdout] warning: use of deprecated field `attestation_program::accounts::function::FunctionAccountData::enclave`: please use a `FunctionRoutineAccountData` for all scheduled executions
[INFO] [stdout]    --> src/attestation_program/accounts/function.rs:395:12
[INFO] [stdout]     |
[INFO] [stdout] 395 |         Ok(self.enclave.is_verified(&Clock::get()?))
[INFO] [stdout]     |            ^^^^^^^^^^^^
[INFO] [stdout] 
[INFO] [stdout] 
[INFO] [stdout] warning: use of deprecated field `attestation_program::accounts::function::FunctionAccountData::schedule`: please use a `FunctionRoutineAccountData` for all scheduled executions
[INFO] [stdout]    --> src/attestation_program/accounts/function.rs:567:9
[INFO] [stdout]     |
[INFO] [stdout] 567 |         self.schedule
[INFO] [stdout]     |         ^^^^^^^^^^^^^
[INFO] [stdout] 
[INFO] [stdout] 
[INFO] [stdout] warning: use of deprecated associated function `attestation_program::client::function::<impl attestation_program::accounts::function::FunctionAccountData>::get_is_triggered_filter`: please use a `FunctionRequestAccountData` for all on-demand executions
[INFO] [stdout]    --> src/attestation_program/client/function.rs:336:34
[INFO] [stdout]     |
[INFO] [stdout] 336 |             FunctionAccountData::get_is_triggered_filter(),
[INFO] [stdout]     |                                  ^^^^^^^^^^^^^^^^^^^^^^^
[INFO] [stdout] 
[INFO] [stdout] 
[INFO] [stdout] warning: use of deprecated associated function `attestation_program::client::function::<impl attestation_program::accounts::function::FunctionAccountData>::get_is_scheduled_filter`: please use a `FunctionRoutineAccountData` for all scheduled executions
[INFO] [stdout]    --> src/attestation_program/client/function.rs:337:34
[INFO] [stdout]     |
[INFO] [stdout] 337 |             FunctionAccountData::get_is_scheduled_filter(),
[INFO] [stdout]     |                                  ^^^^^^^^^^^^^^^^^^^^^^^
[INFO] [stdout] 
[INFO] [stdout] 
[INFO] [stdout] warning: use of deprecated field `attestation_program::accounts::function::FunctionAccountData::schedule`: please use a `FunctionRoutineAccountData` for all scheduled executions
[INFO] [stdout]    --> src/attestation_program/client/function.rs:344:12
[INFO] [stdout]     |
[INFO] [stdout] 344 |         if self.schedule[0] == 0 {
[INFO] [stdout]     |            ^^^^^^^^^^^^^
[INFO] [stdout] 
[INFO] [stdout] 
[INFO] [stdout] warning: use of deprecated field `attestation_program::accounts::function::FunctionAccountData::schedule`: please use a `FunctionRoutineAccountData` for all scheduled executions
[INFO] [stdout]    --> src/attestation_program/client/function.rs:348:45
[INFO] [stdout]     |
[INFO] [stdout] 348 |         let schedule = std::str::from_utf8(&self.schedule)
[INFO] [stdout]     |                                             ^^^^^^^^^^^^^
[INFO] [stdout] 
[INFO] [stdout] 
[INFO] [stdout] warning: use of deprecated field `attestation_program::accounts::function::FunctionAccountData::last_execution_timestamp`: please use a `FunctionRoutineAccountData` for all scheduled executions
[INFO] [stdout]    --> src/attestation_program/client/function.rs:356:51
[INFO] [stdout]     |
[INFO] [stdout] 356 |         chrono::NaiveDateTime::from_timestamp_opt(self.last_execution_timestamp, 0)
[INFO] [stdout]     |                                                   ^^^^^^^^^^^^^^^^^^^^^^^^^^^^^
[INFO] [stdout] 
[INFO] [stdout] 
[INFO] [stdout] warning: use of deprecated field `attestation_program::accounts::function::FunctionAccountData::last_execution_timestamp`: please use a `FunctionRoutineAccountData` for all scheduled executions
[INFO] [stdout]    --> src/attestation_program/client/function.rs:365:43
[INFO] [stdout]     |
[INFO] [stdout] 365 |         let last_execution_timestamp = if self.last_execution_timestamp > 0 {
[INFO] [stdout]     |                                           ^^^^^^^^^^^^^^^^^^^^^^^^^^^^^
[INFO] [stdout] 
[INFO] [stdout] 
[INFO] [stdout] warning: use of deprecated field `attestation_program::accounts::function::FunctionAccountData::last_execution_timestamp`: please use a `FunctionRoutineAccountData` for all scheduled executions
[INFO] [stdout]    --> src/attestation_program/client/function.rs:366:13
[INFO] [stdout]     |
[INFO] [stdout] 366 |             self.last_execution_timestamp
[INFO] [stdout]     |             ^^^^^^^^^^^^^^^^^^^^^^^^^^^^^
[INFO] [stdout] 
[INFO] [stdout] 
[INFO] [stdout] warning: use of deprecated field `attestation_program::accounts::function::FunctionAccountData::is_triggered`: please use a `FunctionRoutineAccountData` for all scheduled executions
[INFO] [stdout]    --> src/attestation_program/client/function.rs:379:12
[INFO] [stdout]     |
[INFO] [stdout] 379 |         if self.is_triggered > 0 {
[INFO] [stdout]     |            ^^^^^^^^^^^^^^^^^
[INFO] [stdout] 
[INFO] [stdout] 
[INFO] [stdout] warning: use of deprecated field `attestation_program::accounts::function::FunctionAccountData::last_execution_timestamp`: please use a `FunctionRoutineAccountData` for all scheduled executions
[INFO] [stdout]    --> src/attestation_program/client/function.rs:386:12
[INFO] [stdout]     |
[INFO] [stdout] 386 |         if self.last_execution_timestamp == 0 {
[INFO] [stdout]     |            ^^^^^^^^^^^^^^^^^^^^^^^^^^^^^
[INFO] [stdout] 
[INFO] [stdout] 
[INFO] [stdout] warning: use of deprecated field `attestation_program::accounts::function::FunctionAccountData::schedule`: please use a `FunctionRoutineAccountData` for all scheduled executions
[INFO] [stdout]    --> src/attestation_program/client/function.rs:406:9
[INFO] [stdout]     |
[INFO] [stdout] 406 |         self.schedule[0] == 0
[INFO] [stdout]     |         ^^^^^^^^^^^^^
[INFO] [stdout] 
[INFO] [stdout] 
[INFO] [stdout] warning: value assigned to `attestation_queue` is never read
[INFO] [stdout]    --> src/client/function_runner.rs:100:17
[INFO] [stdout]     |
[INFO] [stdout] 100 |         let mut attestation_queue: Option<Pubkey> = None;
[INFO] [stdout]     |                 ^^^^^^^^^^^^^^^^^
[INFO] [stdout]     |
[INFO] [stdout]     = help: maybe it is overwritten before being read?
[INFO] [stdout]     = note: `#[warn(unused_assignments)]` on by default
[INFO] [stdout] 
[INFO] [stdout] 
[INFO] [stdout] warning: function `parse_mrenclave_hex` is never used
[INFO] [stdout]     --> src/client/validator.rs:1467:4
[INFO] [stdout]      |
[INFO] [stdout] 1467 | fn parse_mrenclave_hex(hex_str: &str) -> Result<[u8; 32], SbError> {
[INFO] [stdout]      |    ^^^^^^^^^^^^^^^^^^^
[INFO] [stdout]      |
[INFO] [stdout]      = note: `#[warn(dead_code)]` on by default
[INFO] [stdout] 
[INFO] [stdout] 
[INFO] [stdout] warning: function `print_function_verify_accounts` is never used
[INFO] [stdout]     --> src/client/validator.rs:1479:10
[INFO] [stdout]      |
[INFO] [stdout] 1479 | async fn print_function_verify_accounts(function_verify_ix: Instruction, rpc: Arc<RpcClient>) {
[INFO] [stdout]      |          ^^^^^^^^^^^^^^^^^^^^^^^^^^^^^^
[INFO] [stdout] 
[INFO] [stdout] 
[INFO] [stdout] warning: the type `history_buffer::AggregatorHistoryBuffer<'_>` does not permit zero-initialization
[INFO] [stdout]    --> src/oracle_program/accounts/history_buffer.rs:106:22
[INFO] [stdout]     |
[INFO] [stdout] 106 |             unsafe { std::mem::zeroed() }
[INFO] [stdout]     |                      ^^^^^^^^^^^^^^^^^^
[INFO] [stdout]     |                      |
[INFO] [stdout]     |                      this code causes undefined behavior when executed
[INFO] [stdout]     |                      help: use `MaybeUninit<T>` instead, and only call `assume_init` after initialization is done
[INFO] [stdout]     |
[INFO] [stdout] note: `std::ptr::NonNull<[oracle_program::accounts::history_buffer::AggregatorHistoryRow]>` must be non-null (in this struct field)
[INFO] [stdout]    --> src/oracle_program/accounts/history_buffer.rs:23:5
[INFO] [stdout]     |
[INFO] [stdout] 23  |     pub rows: Ref<'a, [AggregatorHistoryRow]>,
[INFO] [stdout]     |     ^^^^^^^^^^^^^^^^^^^^^^^^^^^^^^^^^^^^^^^^^
[INFO] [stdout]     = note: `#[warn(invalid_value)]` on by default
[INFO] [stdout] 
[INFO] [stdout] 
[INFO] [stdout] warning: 26 warnings emitted
[INFO] [stdout] 
[INFO] [stdout] 
[INFO] [stderr]     Finished test [unoptimized + debuginfo] target(s) in 29.19s
[INFO] running `Command { std: "docker" "inspect" "3ebfd2909e1dcd6bebeaa2931ac4c5bcfc34ac251a68afbc5c6bf7bb53f04e18", kill_on_drop: false }`
[INFO] running `Command { std: "docker" "rm" "-f" "3ebfd2909e1dcd6bebeaa2931ac4c5bcfc34ac251a68afbc5c6bf7bb53f04e18", kill_on_drop: false }`
[INFO] [stdout] 3ebfd2909e1dcd6bebeaa2931ac4c5bcfc34ac251a68afbc5c6bf7bb53f04e18
[INFO] running `Command { std: "docker" "create" "-v" "/var/lib/crater-agent-workspace/builds/worker-2-tc2/target:/opt/rustwide/target:rw,Z" "-v" "/var/lib/crater-agent-workspace/builds/worker-2-tc2/source:/opt/rustwide/workdir:ro,Z" "-v" "/var/lib/crater-agent-workspace/cargo-home:/opt/rustwide/cargo-home:ro,Z" "-v" "/var/lib/crater-agent-workspace/rustup-home:/opt/rustwide/rustup-home:ro,Z" "-e" "SOURCE_DIR=/opt/rustwide/workdir" "-e" "CARGO_TARGET_DIR=/opt/rustwide/target" "-e" "CARGO_INCREMENTAL=0" "-e" "RUST_BACKTRACE=full" "-e" "RUSTFLAGS=--cap-lints=warn" "-e" "RUSTDOCFLAGS=--cap-lints=warn" "-e" "CARGO_HOME=/opt/rustwide/cargo-home" "-e" "RUSTUP_HOME=/opt/rustwide/rustup-home" "-w" "/opt/rustwide/workdir" "-m" "1610612736" "--user" "0:0" "--network" "none" "ghcr.io/rust-lang/crates-build-env/linux@sha256:2788e3201cd34a07e3172128adcd8b3090168a8e3bcc40d7c032b9dda1df7d1c" "/opt/rustwide/cargo-home/bin/cargo" "+beta-2023-12-22" "test" "--frozen", kill_on_drop: false }`
[INFO] [stdout] a82206ccec2256a6142506331c66fa4898f0a1ed69e16755dd373d75cebd005c
[INFO] running `Command { std: "docker" "start" "-a" "a82206ccec2256a6142506331c66fa4898f0a1ed69e16755dd373d75cebd005c", kill_on_drop: false }`
[INFO] [stderr] warning: unused import: `events::*`
[INFO] [stderr]    --> src/lib.rs:120:9
[INFO] [stderr]     |
[INFO] [stderr] 120 | pub use events::*;
[INFO] [stderr]     |         ^^^^^^^^^
[INFO] [stderr]     |
[INFO] [stderr]     = note: `#[warn(unused_imports)]` on by default
[INFO] [stderr] 
[INFO] [stderr] warning: unused import: `client::*`
[INFO] [stderr]    --> src/lib.rs:133:13
[INFO] [stderr]     |
[INFO] [stderr] 133 |     pub use client::*;
[INFO] [stderr]     |             ^^^^^^^^^
[INFO] [stderr] 
[INFO] [stderr] warning: unused variable: `e`
[INFO] [stderr]    --> src/client/utils.rs:216:19
[INFO] [stderr]     |
[INFO] [stderr] 216 |         .map_err(|e| SbError::AccountNotFound)?;
[INFO] [stderr]     |                   ^ help: if this is intentional, prefix it with an underscore: `_e`
[INFO] [stderr]     |
[INFO] [stderr]     = note: `#[warn(unused_variables)]` on by default
[INFO] [stderr] 
[INFO] [stderr] warning: use of deprecated field `attestation_program::accounts::function::FunctionAccountData::default_container_params`: please use a `FunctionRoutineAccountData` for all scheduled executions
[INFO] [stderr]    --> src/client/function_runner.rs:266:30
[INFO] [stderr]     |
[INFO] [stderr] 266 |                 let params = function_data.default_container_params.to_vec();
[INFO] [stderr]     |                              ^^^^^^^^^^^^^^^^^^^^^^^^^^^^^^^^^^^^^^
[INFO] [stderr]     |
[INFO] [stderr]     = note: `#[warn(deprecated)]` on by default
[INFO] [stderr] 
[INFO] [stderr] warning: use of deprecated field `attestation_program::accounts::function::FunctionAccountData::default_container_params`: please use a `FunctionRoutineAccountData` for all scheduled executions
[INFO] [stderr]    --> src/client/function_runner.rs:452:41
[INFO] [stderr]     |
[INFO] [stderr] 452 |             solana_program::hash::hash(&function_data.as_ref().default_container_params)
[INFO] [stderr]     |                                         ^^^^^^^^^^^^^^^^^^^^^^^^^^^^^^^^^^^^^^^^^^^^^^^
[INFO] [stderr] 
[INFO] [stderr] warning: use of deprecated field `attestation_program::accounts::function::FunctionAccountData::enclave`: please use a `FunctionRoutineAccountData` for all scheduled executions
[INFO] [stderr]    --> src/attestation_program/accounts/function.rs:357:12
[INFO] [stderr]     |
[INFO] [stderr] 357 |         if self.enclave.mr_enclave == [0u8; 32] {
[INFO] [stderr]     |            ^^^^^^^^^^^^
[INFO] [stderr] 
[INFO] [stderr] warning: use of deprecated field `attestation_program::accounts::function::FunctionAccountData::enclave`: please use a `FunctionRoutineAccountData` for all scheduled executions
[INFO] [stderr]    --> src/attestation_program/accounts/function.rs:362:12
[INFO] [stderr]     |
[INFO] [stderr] 362 |         if self.enclave.enclave_signer != signer.key() {
[INFO] [stderr]     |            ^^^^^^^^^^^^
[INFO] [stderr] 
[INFO] [stderr] warning: use of deprecated field `attestation_program::accounts::function::FunctionAccountData::enclave`: please use a `FunctionRoutineAccountData` for all scheduled executions
[INFO] [stderr]    --> src/attestation_program/accounts/function.rs:367:12
[INFO] [stderr]     |
[INFO] [stderr] 367 |         Ok(self.enclave.is_verified(&Clock::get()?))
[INFO] [stderr]     |            ^^^^^^^^^^^^
[INFO] [stderr] 
[INFO] [stderr] warning: use of deprecated field `attestation_program::accounts::function::FunctionAccountData::enclave`: please use a `FunctionRoutineAccountData` for all scheduled executions
[INFO] [stderr]    --> src/attestation_program/accounts/function.rs:385:12
[INFO] [stderr]     |
[INFO] [stderr] 385 |         if self.enclave.mr_enclave == [0u8; 32] {
[INFO] [stderr]     |            ^^^^^^^^^^^^
[INFO] [stderr] 
[INFO] [stderr] warning: use of deprecated field `attestation_program::accounts::function::FunctionAccountData::enclave`: please use a `FunctionRoutineAccountData` for all scheduled executions
[INFO] [stderr]    --> src/attestation_program/accounts/function.rs:390:12
[INFO] [stderr]     |
[INFO] [stderr] 390 |         if self.enclave.enclave_signer != signer.key() {
[INFO] [stderr]     |            ^^^^^^^^^^^^
[INFO] [stderr] 
[INFO] [stderr] warning: use of deprecated field `attestation_program::accounts::function::FunctionAccountData::enclave`: please use a `FunctionRoutineAccountData` for all scheduled executions
[INFO] [stderr]    --> src/attestation_program/accounts/function.rs:395:12
[INFO] [stderr]     |
[INFO] [stderr] 395 |         Ok(self.enclave.is_verified(&Clock::get()?))
[INFO] [stderr]     |            ^^^^^^^^^^^^
[INFO] [stderr] 
[INFO] [stderr] warning: use of deprecated field `attestation_program::accounts::function::FunctionAccountData::schedule`: please use a `FunctionRoutineAccountData` for all scheduled executions
[INFO] [stderr]    --> src/attestation_program/accounts/function.rs:567:9
[INFO] [stderr]     |
[INFO] [stderr] 567 |         self.schedule
[INFO] [stderr]     |         ^^^^^^^^^^^^^
[INFO] [stderr] 
[INFO] [stderr] warning: use of deprecated associated function `attestation_program::client::function::<impl attestation_program::accounts::function::FunctionAccountData>::get_is_triggered_filter`: please use a `FunctionRequestAccountData` for all on-demand executions
[INFO] [stderr]    --> src/attestation_program/client/function.rs:336:34
[INFO] [stderr]     |
[INFO] [stderr] 336 |             FunctionAccountData::get_is_triggered_filter(),
[INFO] [stderr]     |                                  ^^^^^^^^^^^^^^^^^^^^^^^
[INFO] [stderr] 
[INFO] [stderr] warning: use of deprecated associated function `attestation_program::client::function::<impl attestation_program::accounts::function::FunctionAccountData>::get_is_scheduled_filter`: please use a `FunctionRoutineAccountData` for all scheduled executions
[INFO] [stderr]    --> src/attestation_program/client/function.rs:337:34
[INFO] [stderr]     |
[INFO] [stderr] 337 |             FunctionAccountData::get_is_scheduled_filter(),
[INFO] [stderr]     |                                  ^^^^^^^^^^^^^^^^^^^^^^^
[INFO] [stderr] 
[INFO] [stderr] warning: use of deprecated field `attestation_program::accounts::function::FunctionAccountData::schedule`: please use a `FunctionRoutineAccountData` for all scheduled executions
[INFO] [stderr]    --> src/attestation_program/client/function.rs:344:12
[INFO] [stderr]     |
[INFO] [stderr] 344 |         if self.schedule[0] == 0 {
[INFO] [stderr]     |            ^^^^^^^^^^^^^
[INFO] [stderr] 
[INFO] [stderr] warning: use of deprecated field `attestation_program::accounts::function::FunctionAccountData::schedule`: please use a `FunctionRoutineAccountData` for all scheduled executions
[INFO] [stderr]    --> src/attestation_program/client/function.rs:348:45
[INFO] [stderr]     |
[INFO] [stderr] 348 |         let schedule = std::str::from_utf8(&self.schedule)
[INFO] [stderr]     |                                             ^^^^^^^^^^^^^
[INFO] [stderr] 
[INFO] [stderr] warning: use of deprecated field `attestation_program::accounts::function::FunctionAccountData::last_execution_timestamp`: please use a `FunctionRoutineAccountData` for all scheduled executions
[INFO] [stderr]    --> src/attestation_program/client/function.rs:356:51
[INFO] [stderr]     |
[INFO] [stderr] 356 |         chrono::NaiveDateTime::from_timestamp_opt(self.last_execution_timestamp, 0)
[INFO] [stderr]     |                                                   ^^^^^^^^^^^^^^^^^^^^^^^^^^^^^
[INFO] [stderr] 
[INFO] [stderr] warning: use of deprecated field `attestation_program::accounts::function::FunctionAccountData::last_execution_timestamp`: please use a `FunctionRoutineAccountData` for all scheduled executions
[INFO] [stderr]    --> src/attestation_program/client/function.rs:365:43
[INFO] [stderr]     |
[INFO] [stderr] 365 |         let last_execution_timestamp = if self.last_execution_timestamp > 0 {
[INFO] [stderr]     |                                           ^^^^^^^^^^^^^^^^^^^^^^^^^^^^^
[INFO] [stderr] 
[INFO] [stderr] warning: use of deprecated field `attestation_program::accounts::function::FunctionAccountData::last_execution_timestamp`: please use a `FunctionRoutineAccountData` for all scheduled executions
[INFO] [stderr]    --> src/attestation_program/client/function.rs:366:13
[INFO] [stderr]     |
[INFO] [stderr] 366 |             self.last_execution_timestamp
[INFO] [stderr]     |             ^^^^^^^^^^^^^^^^^^^^^^^^^^^^^
[INFO] [stderr] 
[INFO] [stderr] warning: use of deprecated field `attestation_program::accounts::function::FunctionAccountData::is_triggered`: please use a `FunctionRoutineAccountData` for all scheduled executions
[INFO] [stderr]    --> src/attestation_program/client/function.rs:379:12
[INFO] [stderr]     |
[INFO] [stderr] 379 |         if self.is_triggered > 0 {
[INFO] [stderr]     |            ^^^^^^^^^^^^^^^^^
[INFO] [stderr] 
[INFO] [stderr] warning: use of deprecated field `attestation_program::accounts::function::FunctionAccountData::last_execution_timestamp`: please use a `FunctionRoutineAccountData` for all scheduled executions
[INFO] [stderr]    --> src/attestation_program/client/function.rs:386:12
[INFO] [stderr]     |
[INFO] [stderr] 386 |         if self.last_execution_timestamp == 0 {
[INFO] [stderr]     |            ^^^^^^^^^^^^^^^^^^^^^^^^^^^^^
[INFO] [stderr] 
[INFO] [stderr] warning: use of deprecated field `attestation_program::accounts::function::FunctionAccountData::schedule`: please use a `FunctionRoutineAccountData` for all scheduled executions
[INFO] [stderr]    --> src/attestation_program/client/function.rs:406:9
[INFO] [stderr]     |
[INFO] [stderr] 406 |         self.schedule[0] == 0
[INFO] [stderr]     |         ^^^^^^^^^^^^^
[INFO] [stderr] 
[INFO] [stderr] warning: value assigned to `attestation_queue` is never read
[INFO] [stderr]    --> src/client/function_runner.rs:100:17
[INFO] [stderr]     |
[INFO] [stderr] 100 |         let mut attestation_queue: Option<Pubkey> = None;
[INFO] [stderr]     |                 ^^^^^^^^^^^^^^^^^
[INFO] [stderr]     |
[INFO] [stderr]     = help: maybe it is overwritten before being read?
[INFO] [stderr]     = note: `#[warn(unused_assignments)]` on by default
[INFO] [stderr] 
[INFO] [stderr] warning: function `parse_mrenclave_hex` is never used
[INFO] [stderr]     --> src/client/validator.rs:1467:4
[INFO] [stderr]      |
[INFO] [stderr] 1467 | fn parse_mrenclave_hex(hex_str: &str) -> Result<[u8; 32], SbError> {
[INFO] [stderr]      |    ^^^^^^^^^^^^^^^^^^^
[INFO] [stderr]      |
[INFO] [stderr]      = note: `#[warn(dead_code)]` on by default
[INFO] [stderr] 
[INFO] [stderr] warning: function `print_function_verify_accounts` is never used
[INFO] [stderr]     --> src/client/validator.rs:1479:10
[INFO] [stderr]      |
[INFO] [stderr] 1479 | async fn print_function_verify_accounts(function_verify_ix: Instruction, rpc: Arc<RpcClient>) {
[INFO] [stderr]      |          ^^^^^^^^^^^^^^^^^^^^^^^^^^^^^^
[INFO] [stderr] 
[INFO] [stderr] warning: the type `history_buffer::AggregatorHistoryBuffer<'_>` does not permit zero-initialization
[INFO] [stderr]    --> src/oracle_program/accounts/history_buffer.rs:106:22
[INFO] [stderr]     |
[INFO] [stderr] 106 |             unsafe { std::mem::zeroed() }
[INFO] [stderr]     |                      ^^^^^^^^^^^^^^^^^^
[INFO] [stderr]     |                      |
[INFO] [stderr]     |                      this code causes undefined behavior when executed
[INFO] [stderr]     |                      help: use `MaybeUninit<T>` instead, and only call `assume_init` after initialization is done
[INFO] [stderr]     |
[INFO] [stderr] note: `std::ptr::NonNull<[oracle_program::accounts::history_buffer::AggregatorHistoryRow]>` must be non-null (in this struct field)
[INFO] [stderr]    --> src/oracle_program/accounts/history_buffer.rs:23:5
[INFO] [stderr]     |
[INFO] [stderr] 23  |     pub rows: Ref<'a, [AggregatorHistoryRow]>,
[INFO] [stderr]     |     ^^^^^^^^^^^^^^^^^^^^^^^^^^^^^^^^^^^^^^^^^
[INFO] [stderr]     = note: `#[warn(invalid_value)]` on by default
[INFO] [stderr] 
[INFO] [stderr] warning: `switchboard-solana` (lib test) generated 26 warnings (run `cargo fix --lib -p switchboard-solana --tests` to apply 3 suggestions)
[INFO] [stderr]     Finished test [unoptimized + debuginfo] target(s) in 0.89s
[INFO] [stderr]      Running unittests src/lib.rs (/opt/rustwide/target/debug/deps/switchboard_solana-a26f145841bb5f51)
[INFO] [stdout] 
[INFO] [stdout] running 16 tests
[INFO] [stdout] test attestation_program::accounts::request::tests::test_hex_encode ... ok
[INFO] [stdout] test attestation_program::accounts::function::tests::test_hex_decode ... ok
[INFO] [stdout] test attestation_program::accounts::function::tests::test_function_deserialization ... ok
[INFO] [stdout] test attestation_program::accounts::request::tests::test_hex_decode ... ok
[INFO] [stdout] test decimal::tests::empty_switchboard_decimal_is_false ... ok
[INFO] [stdout] test decimal::tests::switchboard_decimal_to_f64 ... ok
[INFO] [stdout] test decimal::tests::switchboard_decimal_to_u64 ... ok
[INFO] [stdout] test oracle_program::accounts::aggregator::tests::test_accept_current_on_sucess_count ... ok
[INFO] [stdout] test decimal::tests::switchboard_decimal_into_rust_decimal ... ok
[INFO] [stdout] test attestation_program::accounts::request::tests::test_request_deserialization ... ok
[INFO] [stdout] test oracle_program::accounts::aggregator::tests::test_no_valid_aggregator_result ... ok
[INFO] [stdout] test oracle_program::accounts::history_buffer::tests::test_history_buffer ... ok
[INFO] [stdout] test test_id ... ok
[INFO] [stdout] test oracle_program::accounts::aggregator::tests::test_reject_current_on_sucess_count ... ok
[INFO] [stdout] test client::validator::tests::test_function_validation ... FAILED
[INFO] [stdout] test client::validator::tests::test_request_validation ... FAILED
[INFO] [stdout] 
[INFO] [stdout] failures:
[INFO] [stdout] 
[INFO] [stdout] ---- client::validator::tests::test_function_validation stdout ----
[INFO] [stdout] Failed to initialize logger: SetLoggerError(())
[INFO] [stdout] thread 'client::validator::tests::test_function_validation' panicked at src/client/validator.rs:1157:73:
[INFO] [stdout] called `Result::unwrap()` on an `Err` value: Message("Failed to read keypair file")
[INFO] [stdout] stack backtrace:
[INFO] [stdout]    0:     0x562a191e9476 - std::backtrace_rs::backtrace::libunwind::trace::h261606ad26a499c1
[INFO] [stdout]                                at /rustc/0e09125c6c3c2fd70d7de961bcf0e51575235fad/library/std/src/../../backtrace/src/backtrace/libunwind.rs:104:5
[INFO] [stdout]    1:     0x562a191e9476 - std::backtrace_rs::backtrace::trace_unsynchronized::hd183f0625477fb28
[INFO] [stdout]                                at /rustc/0e09125c6c3c2fd70d7de961bcf0e51575235fad/library/std/src/../../backtrace/src/backtrace/mod.rs:66:5
[INFO] [stdout]    2:     0x562a191e9476 - std::sys_common::backtrace::_print_fmt::hd7f8fef21b4eda67
[INFO] [stdout]                                at /rustc/0e09125c6c3c2fd70d7de961bcf0e51575235fad/library/std/src/sys_common/backtrace.rs:68:5
[INFO] [stdout]    3:     0x562a191e9476 - <std::sys_common::backtrace::_print::DisplayBacktrace as core::fmt::Display>::fmt::h623d9b51f2f453f1
[INFO] [stdout]                                at /rustc/0e09125c6c3c2fd70d7de961bcf0e51575235fad/library/std/src/sys_common/backtrace.rs:44:22
[INFO] [stdout]    4:     0x562a19216420 - core::fmt::rt::Argument::fmt::h9f417ac76a86f368
[INFO] [stdout]                                at /rustc/0e09125c6c3c2fd70d7de961bcf0e51575235fad/library/core/src/fmt/rt.rs:142:9
[INFO] [stdout]    5:     0x562a19216420 - core::fmt::write::hc9b6faf4ac2aeff7
[INFO] [stdout]                                at /rustc/0e09125c6c3c2fd70d7de961bcf0e51575235fad/library/core/src/fmt/mod.rs:1120:17
[INFO] [stdout]    6:     0x562a191e627f - std::io::Write::write_fmt::he04625a3a989fec3
[INFO] [stdout]                                at /rustc/0e09125c6c3c2fd70d7de961bcf0e51575235fad/library/std/src/io/mod.rs:1810:15
[INFO] [stdout]    7:     0x562a191e9254 - std::sys_common::backtrace::_print::hd5d66399c7df88a2
[INFO] [stdout]                                at /rustc/0e09125c6c3c2fd70d7de961bcf0e51575235fad/library/std/src/sys_common/backtrace.rs:47:5
[INFO] [stdout]    8:     0x562a191e9254 - std::sys_common::backtrace::print::he81ed2da642d37e5
[INFO] [stdout]                                at /rustc/0e09125c6c3c2fd70d7de961bcf0e51575235fad/library/std/src/sys_common/backtrace.rs:34:9
[INFO] [stdout]    9:     0x562a191eafc7 - std::panicking::default_hook::{{closure}}::h85773f4fa117163d
[INFO] [stdout]   10:     0x562a191eacad - std::panicking::default_hook::h6a1694a91d09b278
[INFO] [stdout]                                at /rustc/0e09125c6c3c2fd70d7de961bcf0e51575235fad/library/std/src/panicking.rs:289:9
[INFO] [stdout]   11:     0x562a190a45f7 - <alloc::boxed::Box<F,A> as core::ops::function::Fn<Args>>::call::h616ac37fa3cd6c8f
[INFO] [stdout]                                at /rustc/0e09125c6c3c2fd70d7de961bcf0e51575235fad/library/alloc/src/boxed.rs:2029:9
[INFO] [stdout]   12:     0x562a190a45f7 - test::test_main::{{closure}}::h00d84697cefdcbb6
[INFO] [stdout]                                at /rustc/0e09125c6c3c2fd70d7de961bcf0e51575235fad/library/test/src/lib.rs:138:21
[INFO] [stdout]   13:     0x562a191eb5e6 - <alloc::boxed::Box<F,A> as core::ops::function::Fn<Args>>::call::hcb3fe3b9bb537ba8
[INFO] [stdout]                                at /rustc/0e09125c6c3c2fd70d7de961bcf0e51575235fad/library/alloc/src/boxed.rs:2029:9
[INFO] [stdout]   14:     0x562a191eb5e6 - std::panicking::rust_panic_with_hook::h0a7ad96e90f7145b
[INFO] [stdout]                                at /rustc/0e09125c6c3c2fd70d7de961bcf0e51575235fad/library/std/src/panicking.rs:783:13
[INFO] [stdout]   15:     0x562a191eb332 - std::panicking::begin_panic_handler::{{closure}}::h7919090525c6485e
[INFO] [stdout]                                at /rustc/0e09125c6c3c2fd70d7de961bcf0e51575235fad/library/std/src/panicking.rs:657:13
[INFO] [stdout]   16:     0x562a191e9976 - std::sys_common::backtrace::__rust_end_short_backtrace::hf3289479464f7dfe
[INFO] [stdout]                                at /rustc/0e09125c6c3c2fd70d7de961bcf0e51575235fad/library/std/src/sys_common/backtrace.rs:171:18
[INFO] [stdout]   17:     0x562a191eb090 - rust_begin_unwind
[INFO] [stdout]                                at /rustc/0e09125c6c3c2fd70d7de961bcf0e51575235fad/library/std/src/panicking.rs:645:5
[INFO] [stdout]   18:     0x562a18889ad5 - core::panicking::panic_fmt::hcc9f77c5c132af55
[INFO] [stdout]                                at /rustc/0e09125c6c3c2fd70d7de961bcf0e51575235fad/library/core/src/panicking.rs:72:14
[INFO] [stdout]   19:     0x562a1888a113 - core::result::unwrap_failed::hbe14f498be1452f9
[INFO] [stdout]                                at /rustc/0e09125c6c3c2fd70d7de961bcf0e51575235fad/library/core/src/result.rs:1649:5
[INFO] [stdout]   20:     0x562a188f2ac7 - core::result::Result<T,E>::unwrap::hcd59ecd958c874f9
[INFO] [stdout]                                at /rustc/0e09125c6c3c2fd70d7de961bcf0e51575235fad/library/core/src/result.rs:1073:23
[INFO] [stdout]   21:     0x562a188c8e45 - switchboard_solana::client::validator::tests::get_devnet_function_result_validator::{{closure}}::{{closure}}::{{closure}}::hd52c1486d6129105
[INFO] [stdout]                                at /opt/rustwide/workdir/src/client/validator.rs:1157:25
[INFO] [stdout]   22:     0x562a188dfe85 - tokio::sync::once_cell::OnceCell<T>::get_or_init::{{closure}}::h210faab3c0732adb
[INFO] [stdout]                                at /opt/rustwide/cargo-home/registry/src/index.crates.io-6f17d22bba15001f/tokio-1.35.1/src/sync/once_cell.rs:368:37
[INFO] [stdout]   23:     0x562a188c8a7c - switchboard_solana::client::validator::tests::get_devnet_function_result_validator::{{closure}}::h83b17f508de9c4e8
[INFO] [stdout]                                at /opt/rustwide/workdir/src/client/validator.rs:1244:12
[INFO] [stdout]   24:     0x562a188ca7fd - switchboard_solana::client::validator::tests::setup_test_validator::{{closure}}::hd7322afb30d504a1
[INFO] [stdout]                                at /opt/rustwide/workdir/src/client/validator.rs:1271:64
[INFO] [stdout]   25:     0x562a188cb3fd - switchboard_solana::client::validator::tests::test_function_validation::{{closure}}::h23d57455770a8aa4
[INFO] [stdout]                                at /opt/rustwide/workdir/src/client/validator.rs:1307:48
[INFO] [stdout]   26:     0x562a188c64f8 - <core::pin::Pin<P> as core::future::future::Future>::poll::h28f159b01e40f625
[INFO] [stdout]                                at /rustc/0e09125c6c3c2fd70d7de961bcf0e51575235fad/library/core/src/future/future.rs:124:9
[INFO] [stdout]   27:     0x562a188c654b - <core::pin::Pin<P> as core::future::future::Future>::poll::hdde245a7fd76dd66
[INFO] [stdout]                                at /rustc/0e09125c6c3c2fd70d7de961bcf0e51575235fad/library/core/src/future/future.rs:124:9
[INFO] [stdout]   28:     0x562a188ac664 - tokio::runtime::scheduler::current_thread::CoreGuard::block_on::{{closure}}::{{closure}}::{{closure}}::h153f0a8406d2a9f5
[INFO] [stdout]                                at /opt/rustwide/cargo-home/registry/src/index.crates.io-6f17d22bba15001f/tokio-1.35.1/src/runtime/scheduler/current_thread/mod.rs:665:57
[INFO] [stdout]   29:     0x562a188ac59a - tokio::runtime::coop::with_budget::hae2add7431c08be5
[INFO] [stdout]                                at /opt/rustwide/cargo-home/registry/src/index.crates.io-6f17d22bba15001f/tokio-1.35.1/src/runtime/coop.rs:107:5
[INFO] [stdout]   30:     0x562a188ac59a - tokio::runtime::coop::budget::h0b9466759eb654de
[INFO] [stdout]                                at /opt/rustwide/cargo-home/registry/src/index.crates.io-6f17d22bba15001f/tokio-1.35.1/src/runtime/coop.rs:73:5
[INFO] [stdout]   31:     0x562a188ac59a - tokio::runtime::scheduler::current_thread::CoreGuard::block_on::{{closure}}::{{closure}}::he844e6e6301e31f5
[INFO] [stdout]                                at /opt/rustwide/cargo-home/registry/src/index.crates.io-6f17d22bba15001f/tokio-1.35.1/src/runtime/scheduler/current_thread/mod.rs:665:25
[INFO] [stdout]   32:     0x562a188ab21c - tokio::runtime::scheduler::current_thread::Context::enter::hb0d98f52914be434
[INFO] [stdout]                                at /opt/rustwide/cargo-home/registry/src/index.crates.io-6f17d22bba15001f/tokio-1.35.1/src/runtime/scheduler/current_thread/mod.rs:410:19
[INFO] [stdout]   33:     0x562a188abd8e - tokio::runtime::scheduler::current_thread::CoreGuard::block_on::{{closure}}::h2e2e11fcc1b298a7
[INFO] [stdout]                                at /opt/rustwide/cargo-home/registry/src/index.crates.io-6f17d22bba15001f/tokio-1.35.1/src/runtime/scheduler/current_thread/mod.rs:664:36
[INFO] [stdout]   34:     0x562a188aba9b - tokio::runtime::scheduler::current_thread::CoreGuard::enter::{{closure}}::h88b4cb0526310f57
[INFO] [stdout]                                at /opt/rustwide/cargo-home/registry/src/index.crates.io-6f17d22bba15001f/tokio-1.35.1/src/runtime/scheduler/current_thread/mod.rs:743:68
[INFO] [stdout]   35:     0x562a188b0e7b - tokio::runtime::context::scoped::Scoped<T>::set::h57d5fef196955ee0
[INFO] [stdout]                                at /opt/rustwide/cargo-home/registry/src/index.crates.io-6f17d22bba15001f/tokio-1.35.1/src/runtime/context/scoped.rs:40:9
[INFO] [stdout]   36:     0x562a188eb449 - tokio::runtime::context::set_scheduler::{{closure}}::h378028b0f21cb85a
[INFO] [stdout]                                at /opt/rustwide/cargo-home/registry/src/index.crates.io-6f17d22bba15001f/tokio-1.35.1/src/runtime/context.rs:176:26
[INFO] [stdout]   37:     0x562a188bc326 - std::thread::local::LocalKey<T>::try_with::h32691be829162ae7
[INFO] [stdout]                                at /rustc/0e09125c6c3c2fd70d7de961bcf0e51575235fad/library/std/src/thread/local.rs:270:16
[INFO] [stdout]   38:     0x562a188bbf1a - std::thread::local::LocalKey<T>::with::hd0d07c29b6eb248b
[INFO] [stdout]                                at /rustc/0e09125c6c3c2fd70d7de961bcf0e51575235fad/library/std/src/thread/local.rs:246:9
[INFO] [stdout]   39:     0x562a188eb3fd - tokio::runtime::context::set_scheduler::h15a76a0b54f9ad1f
[INFO] [stdout]                                at /opt/rustwide/cargo-home/registry/src/index.crates.io-6f17d22bba15001f/tokio-1.35.1/src/runtime/context.rs:176:9
[INFO] [stdout]   40:     0x562a188ab830 - tokio::runtime::scheduler::current_thread::CoreGuard::enter::he4f531c9211825d3
[INFO] [stdout]                                at /opt/rustwide/cargo-home/registry/src/index.crates.io-6f17d22bba15001f/tokio-1.35.1/src/runtime/scheduler/current_thread/mod.rs:743:27
[INFO] [stdout]   41:     0x562a188abacd - tokio::runtime::scheduler::current_thread::CoreGuard::block_on::hfb97053308103452
[INFO] [stdout]                                at /opt/rustwide/cargo-home/registry/src/index.crates.io-6f17d22bba15001f/tokio-1.35.1/src/runtime/scheduler/current_thread/mod.rs:652:19
[INFO] [stdout]   42:     0x562a188aa9fd - tokio::runtime::scheduler::current_thread::CurrentThread::block_on::{{closure}}::ha70153d797d300e4
[INFO] [stdout]                                at /opt/rustwide/cargo-home/registry/src/index.crates.io-6f17d22bba15001f/tokio-1.35.1/src/runtime/scheduler/current_thread/mod.rs:175:28
[INFO] [stdout]   43:     0x562a188d4c1a - tokio::runtime::context::runtime::enter_runtime::h67764351fec43f14
[INFO] [stdout]                                at /opt/rustwide/cargo-home/registry/src/index.crates.io-6f17d22bba15001f/tokio-1.35.1/src/runtime/context/runtime.rs:65:16
[INFO] [stdout]   44:     0x562a188aa90e - tokio::runtime::scheduler::current_thread::CurrentThread::block_on::h2d819ea5a6cef1f3
[INFO] [stdout]                                at /opt/rustwide/cargo-home/registry/src/index.crates.io-6f17d22bba15001f/tokio-1.35.1/src/runtime/scheduler/current_thread/mod.rs:167:9
[INFO] [stdout]   45:     0x562a188aa7dd - tokio::runtime::runtime::Runtime::block_on::hcfc5347c4f775b5a
[INFO] [stdout]                                at /opt/rustwide/cargo-home/registry/src/index.crates.io-6f17d22bba15001f/tokio-1.35.1/src/runtime/runtime.rs:348:47
[INFO] [stdout]   46:     0x562a188cae95 - switchboard_solana::client::validator::tests::test_function_validation::h8d63ea2155c7ac0b
[INFO] [stdout]                                at /opt/rustwide/workdir/src/client/validator.rs:1368:9
[INFO] [stdout]   47:     0x562a188cacb7 - switchboard_solana::client::validator::tests::test_function_validation::{{closure}}::hdf5ae1862afaae88
[INFO] [stdout]                                at /opt/rustwide/workdir/src/client/validator.rs:1292:40
[INFO] [stdout]   48:     0x562a1888a8c6 - core::ops::function::FnOnce::call_once::ha6cdfbdcd05196b5
[INFO] [stdout]                                at /rustc/0e09125c6c3c2fd70d7de961bcf0e51575235fad/library/core/src/ops/function.rs:250:5
[INFO] [stdout]   49:     0x562a190a9ecf - core::ops::function::FnOnce::call_once::hd64d26f405258157
[INFO] [stdout]                                at /rustc/0e09125c6c3c2fd70d7de961bcf0e51575235fad/library/core/src/ops/function.rs:250:5
[INFO] [stdout]   50:     0x562a190a9ecf - test::__rust_begin_short_backtrace::he21b0b7a6d731bf9
[INFO] [stdout]                                at /rustc/0e09125c6c3c2fd70d7de961bcf0e51575235fad/library/test/src/lib.rs:627:18
[INFO] [stdout]   51:     0x562a190a8c51 - test::run_test_in_process::{{closure}}::hf5c73986d7bdfde2
[INFO] [stdout]                                at /rustc/0e09125c6c3c2fd70d7de961bcf0e51575235fad/library/test/src/lib.rs:650:60
[INFO] [stdout]   52:     0x562a190a8c51 - <core::panic::unwind_safe::AssertUnwindSafe<F> as core::ops::function::FnOnce<()>>::call_once::h330011ad032aadc0
[INFO] [stdout]                                at /rustc/0e09125c6c3c2fd70d7de961bcf0e51575235fad/library/core/src/panic/unwind_safe.rs:272:9
[INFO] [stdout]   53:     0x562a190a8c51 - std::panicking::try::do_call::he61b0a958b795a41
[INFO] [stdout]                                at /rustc/0e09125c6c3c2fd70d7de961bcf0e51575235fad/library/std/src/panicking.rs:552:40
[INFO] [stdout]   54:     0x562a190a8c51 - std::panicking::try::h7309da130f906eb7
[INFO] [stdout]                                at /rustc/0e09125c6c3c2fd70d7de961bcf0e51575235fad/library/std/src/panicking.rs:516:19
[INFO] [stdout]   55:     0x562a190a8c51 - std::panic::catch_unwind::hc5c3a06fdaf0a92a
[INFO] [stdout]                                at /rustc/0e09125c6c3c2fd70d7de961bcf0e51575235fad/library/std/src/panic.rs:142:14
[INFO] [stdout]   56:     0x562a190a8c51 - test::run_test_in_process::h7e7b7c71c3324e0f
[INFO] [stdout]                                at /rustc/0e09125c6c3c2fd70d7de961bcf0e51575235fad/library/test/src/lib.rs:650:27
[INFO] [stdout]   57:     0x562a190a8c51 - test::run_test::{{closure}}::h1f509f28f5cf20b1
[INFO] [stdout]                                at /rustc/0e09125c6c3c2fd70d7de961bcf0e51575235fad/library/test/src/lib.rs:573:43
[INFO] [stdout]   58:     0x562a1906ff86 - test::run_test::{{closure}}::h1754218abf443f6d
[INFO] [stdout]                                at /rustc/0e09125c6c3c2fd70d7de961bcf0e51575235fad/library/test/src/lib.rs:601:41
[INFO] [stdout]   59:     0x562a1906ff86 - std::sys_common::backtrace::__rust_begin_short_backtrace::h2ee174b9d5954948
[INFO] [stdout]                                at /rustc/0e09125c6c3c2fd70d7de961bcf0e51575235fad/library/std/src/sys_common/backtrace.rs:155:18
[INFO] [stdout]   60:     0x562a19074fe7 - std::thread::Builder::spawn_unchecked_::{{closure}}::{{closure}}::hf60bee9c1a17ef09
[INFO] [stdout]                                at /rustc/0e09125c6c3c2fd70d7de961bcf0e51575235fad/library/std/src/thread/mod.rs:529:17
[INFO] [stdout]   61:     0x562a19074fe7 - <core::panic::unwind_safe::AssertUnwindSafe<F> as core::ops::function::FnOnce<()>>::call_once::h33d0dddec5216160
[INFO] [stdout]                                at /rustc/0e09125c6c3c2fd70d7de961bcf0e51575235fad/library/core/src/panic/unwind_safe.rs:272:9
[INFO] [stdout]   62:     0x562a19074fe7 - std::panicking::try::do_call::h144b3048b546f835
[INFO] [stdout]                                at /rustc/0e09125c6c3c2fd70d7de961bcf0e51575235fad/library/std/src/panicking.rs:552:40
[INFO] [stdout]   63:     0x562a19074fe7 - std::panicking::try::h978244d04646189f
[INFO] [stdout]                                at /rustc/0e09125c6c3c2fd70d7de961bcf0e51575235fad/library/std/src/panicking.rs:516:19
[INFO] [stdout]   64:     0x562a19074fe7 - std::panic::catch_unwind::hdf436369d188fe86
[INFO] [stdout]                                at /rustc/0e09125c6c3c2fd70d7de961bcf0e51575235fad/library/std/src/panic.rs:142:14
[INFO] [stdout]   65:     0x562a19074fe7 - std::thread::Builder::spawn_unchecked_::{{closure}}::h87329cbdd33c79ec
[INFO] [stdout]                                at /rustc/0e09125c6c3c2fd70d7de961bcf0e51575235fad/library/std/src/thread/mod.rs:528:30
[INFO] [stdout]   66:     0x562a19074fe7 - core::ops::function::FnOnce::call_once{{vtable.shim}}::h401abbe67897d450
[INFO] [stdout]                                at /rustc/0e09125c6c3c2fd70d7de961bcf0e51575235fad/library/core/src/ops/function.rs:250:5
[INFO] [stdout]   67:     0x562a191f0325 - <alloc::boxed::Box<F,A> as core::ops::function::FnOnce<Args>>::call_once::h5d7c8f150ab9c84c
[INFO] [stdout]                                at /rustc/0e09125c6c3c2fd70d7de961bcf0e51575235fad/library/alloc/src/boxed.rs:2015:9
[INFO] [stdout]   68:     0x562a191f0325 - <alloc::boxed::Box<F,A> as core::ops::function::FnOnce<Args>>::call_once::h570d5b005c242c15
[INFO] [stdout]                                at /rustc/0e09125c6c3c2fd70d7de961bcf0e51575235fad/library/alloc/src/boxed.rs:2015:9
[INFO] [stdout]   69:     0x562a191f0325 - std::sys::unix::thread::Thread::new::thread_start::h36b0a20c0b2361ad
[INFO] [stdout]                                at /rustc/0e09125c6c3c2fd70d7de961bcf0e51575235fad/library/std/src/sys/unix/thread.rs:108:17
[INFO] [stdout]   70:     0x7f57237ecac3 - <unknown>
[INFO] [stdout]   71:     0x7f572387dbf4 - __clone
[INFO] [stdout]   72:                0x0 - <unknown>
[INFO] [stdout] 
[INFO] [stdout] ---- client::validator::tests::test_request_validation stdout ----
[INFO] [stdout] Logger initialized
[INFO] [stdout] thread 'client::validator::tests::test_request_validation' panicked at src/client/validator.rs:1157:73:
[INFO] [stdout] called `Result::unwrap()` on an `Err` value: Message("Failed to read keypair file")
[INFO] [stdout] stack backtrace:
[INFO] [stdout]    0:     0x562a191e9476 - std::backtrace_rs::backtrace::libunwind::trace::h261606ad26a499c1
[INFO] [stdout]                                at /rustc/0e09125c6c3c2fd70d7de961bcf0e51575235fad/library/std/src/../../backtrace/src/backtrace/libunwind.rs:104:5
[INFO] [stdout]    1:     0x562a191e9476 - std::backtrace_rs::backtrace::trace_unsynchronized::hd183f0625477fb28
[INFO] [stdout]                                at /rustc/0e09125c6c3c2fd70d7de961bcf0e51575235fad/library/std/src/../../backtrace/src/backtrace/mod.rs:66:5
[INFO] [stdout]    2:     0x562a191e9476 - std::sys_common::backtrace::_print_fmt::hd7f8fef21b4eda67
[INFO] [stdout]                                at /rustc/0e09125c6c3c2fd70d7de961bcf0e51575235fad/library/std/src/sys_common/backtrace.rs:68:5
[INFO] [stdout]    3:     0x562a191e9476 - <std::sys_common::backtrace::_print::DisplayBacktrace as core::fmt::Display>::fmt::h623d9b51f2f453f1
[INFO] [stdout]                                at /rustc/0e09125c6c3c2fd70d7de961bcf0e51575235fad/library/std/src/sys_common/backtrace.rs:44:22
[INFO] [stdout]    4:     0x562a19216420 - core::fmt::rt::Argument::fmt::h9f417ac76a86f368
[INFO] [stdout]                                at /rustc/0e09125c6c3c2fd70d7de961bcf0e51575235fad/library/core/src/fmt/rt.rs:142:9
[INFO] [stdout]    5:     0x562a19216420 - core::fmt::write::hc9b6faf4ac2aeff7
[INFO] [stdout]                                at /rustc/0e09125c6c3c2fd70d7de961bcf0e51575235fad/library/core/src/fmt/mod.rs:1120:17
[INFO] [stdout]    6:     0x562a191e627f - std::io::Write::write_fmt::he04625a3a989fec3
[INFO] [stdout]                                at /rustc/0e09125c6c3c2fd70d7de961bcf0e51575235fad/library/std/src/io/mod.rs:1810:15
[INFO] [stdout]    7:     0x562a191e9254 - std::sys_common::backtrace::_print::hd5d66399c7df88a2
[INFO] [stdout]                                at /rustc/0e09125c6c3c2fd70d7de961bcf0e51575235fad/library/std/src/sys_common/backtrace.rs:47:5
[INFO] [stdout]    8:     0x562a191e9254 - std::sys_common::backtrace::print::he81ed2da642d37e5
[INFO] [stdout]                                at /rustc/0e09125c6c3c2fd70d7de961bcf0e51575235fad/library/std/src/sys_common/backtrace.rs:34:9
[INFO] [stdout]    9:     0x562a191eafc7 - std::panicking::default_hook::{{closure}}::h85773f4fa117163d
[INFO] [stdout]   10:     0x562a191eacad - std::panicking::default_hook::h6a1694a91d09b278
[INFO] [stdout]                                at /rustc/0e09125c6c3c2fd70d7de961bcf0e51575235fad/library/std/src/panicking.rs:289:9
[INFO] [stdout]   11:     0x562a190a45f7 - <alloc::boxed::Box<F,A> as core::ops::function::Fn<Args>>::call::h616ac37fa3cd6c8f
[INFO] [stdout]                                at /rustc/0e09125c6c3c2fd70d7de961bcf0e51575235fad/library/alloc/src/boxed.rs:2029:9
[INFO] [stdout]   12:     0x562a190a45f7 - test::test_main::{{closure}}::h00d84697cefdcbb6
[INFO] [stdout]                                at /rustc/0e09125c6c3c2fd70d7de961bcf0e51575235fad/library/test/src/lib.rs:138:21
[INFO] [stdout]   13:     0x562a191eb5e6 - <alloc::boxed::Box<F,A> as core::ops::function::Fn<Args>>::call::hcb3fe3b9bb537ba8
[INFO] [stdout]                                at /rustc/0e09125c6c3c2fd70d7de961bcf0e51575235fad/library/alloc/src/boxed.rs:2029:9
[INFO] [stdout]   14:     0x562a191eb5e6 - std::panicking::rust_panic_with_hook::h0a7ad96e90f7145b
[INFO] [stdout]                                at /rustc/0e09125c6c3c2fd70d7de961bcf0e51575235fad/library/std/src/panicking.rs:783:13
[INFO] [stdout]   15:     0x562a191eb332 - std::panicking::begin_panic_handler::{{closure}}::h7919090525c6485e
[INFO] [stdout]                                at /rustc/0e09125c6c3c2fd70d7de961bcf0e51575235fad/library/std/src/panicking.rs:657:13
[INFO] [stdout]   16:     0x562a191e9976 - std::sys_common::backtrace::__rust_end_short_backtrace::hf3289479464f7dfe
[INFO] [stdout]                                at /rustc/0e09125c6c3c2fd70d7de961bcf0e51575235fad/library/std/src/sys_common/backtrace.rs:171:18
[INFO] [stdout]   17:     0x562a191eb090 - rust_begin_unwind
[INFO] [stdout]                                at /rustc/0e09125c6c3c2fd70d7de961bcf0e51575235fad/library/std/src/panicking.rs:645:5
[INFO] [stdout]   18:     0x562a18889ad5 - core::panicking::panic_fmt::hcc9f77c5c132af55
[INFO] [stdout]                                at /rustc/0e09125c6c3c2fd70d7de961bcf0e51575235fad/library/core/src/panicking.rs:72:14
[INFO] [stdout]   19:     0x562a1888a113 - core::result::unwrap_failed::hbe14f498be1452f9
[INFO] [stdout]                                at /rustc/0e09125c6c3c2fd70d7de961bcf0e51575235fad/library/core/src/result.rs:1649:5
[INFO] [stdout]   20:     0x562a188f2ac7 - core::result::Result<T,E>::unwrap::hcd59ecd958c874f9
[INFO] [stdout]                                at /rustc/0e09125c6c3c2fd70d7de961bcf0e51575235fad/library/core/src/result.rs:1073:23
[INFO] [stdout]   21:     0x562a188c8e45 - switchboard_solana::client::validator::tests::get_devnet_function_result_validator::{{closure}}::{{closure}}::{{closure}}::hd52c1486d6129105
[INFO] [stdout]                                at /opt/rustwide/workdir/src/client/validator.rs:1157:25
[INFO] [stdout]   22:     0x562a188dfe85 - tokio::sync::once_cell::OnceCell<T>::get_or_init::{{closure}}::h210faab3c0732adb
[INFO] [stdout]                                at /opt/rustwide/cargo-home/registry/src/index.crates.io-6f17d22bba15001f/tokio-1.35.1/src/sync/once_cell.rs:368:37
[INFO] [stdout]   23:     0x562a188c8a7c - switchboard_solana::client::validator::tests::get_devnet_function_result_validator::{{closure}}::h83b17f508de9c4e8
[INFO] [stdout]                                at /opt/rustwide/workdir/src/client/validator.rs:1244:12
[INFO] [stdout]   24:     0x562a188ca7fd - switchboard_solana::client::validator::tests::setup_test_validator::{{closure}}::hd7322afb30d504a1
[INFO] [stdout]                                at /opt/rustwide/workdir/src/client/validator.rs:1271:64
[INFO] [stdout]   25:     0x562a188cd0a7 - switchboard_solana::client::validator::tests::test_request_validation::{{closure}}::h8a8df13aeb0e277b
[INFO] [stdout]                                at /opt/rustwide/workdir/src/client/validator.rs:1387:48
[INFO] [stdout]   26:     0x562a188c64f8 - <core::pin::Pin<P> as core::future::future::Future>::poll::h28f159b01e40f625
[INFO] [stdout]                                at /rustc/0e09125c6c3c2fd70d7de961bcf0e51575235fad/library/core/src/future/future.rs:124:9
[INFO] [stdout]   27:     0x562a188c654b - <core::pin::Pin<P> as core::future::future::Future>::poll::hdde245a7fd76dd66
[INFO] [stdout]                                at /rustc/0e09125c6c3c2fd70d7de961bcf0e51575235fad/library/core/src/future/future.rs:124:9
[INFO] [stdout]   28:     0x562a188ac664 - tokio::runtime::scheduler::current_thread::CoreGuard::block_on::{{closure}}::{{closure}}::{{closure}}::h153f0a8406d2a9f5
[INFO] [stdout]                                at /opt/rustwide/cargo-home/registry/src/index.crates.io-6f17d22bba15001f/tokio-1.35.1/src/runtime/scheduler/current_thread/mod.rs:665:57
[INFO] [stdout]   29:     0x562a188ac59a - tokio::runtime::coop::with_budget::hae2add7431c08be5
[INFO] [stdout]                                at /opt/rustwide/cargo-home/registry/src/index.crates.io-6f17d22bba15001f/tokio-1.35.1/src/runtime/coop.rs:107:5
[INFO] [stdout]   30:     0x562a188ac59a - tokio::runtime::coop::budget::h0b9466759eb654de
[INFO] [stdout]                                at /opt/rustwide/cargo-home/registry/src/index.crates.io-6f17d22bba15001f/tokio-1.35.1/src/runtime/coop.rs:73:5
[INFO] [stdout]   31:     0x562a188ac59a - tokio::runtime::scheduler::current_thread::CoreGuard::block_on::{{closure}}::{{closure}}::he844e6e6301e31f5
[INFO] [stdout]                                at /opt/rustwide/cargo-home/registry/src/index.crates.io-6f17d22bba15001f/tokio-1.35.1/src/runtime/scheduler/current_thread/mod.rs:665:25
[INFO] [stdout]   32:     0x562a188ab21c - tokio::runtime::scheduler::current_thread::Context::enter::hb0d98f52914be434
[INFO] [stdout]                                at /opt/rustwide/cargo-home/registry/src/index.crates.io-6f17d22bba15001f/tokio-1.35.1/src/runtime/scheduler/current_thread/mod.rs:410:19
[INFO] [stdout]   33:     0x562a188abd8e - tokio::runtime::scheduler::current_thread::CoreGuard::block_on::{{closure}}::h2e2e11fcc1b298a7
[INFO] [stdout]                                at /opt/rustwide/cargo-home/registry/src/index.crates.io-6f17d22bba15001f/tokio-1.35.1/src/runtime/scheduler/current_thread/mod.rs:664:36
[INFO] [stdout]   34:     0x562a188aba9b - tokio::runtime::scheduler::current_thread::CoreGuard::enter::{{closure}}::h88b4cb0526310f57
[INFO] [stdout]                                at /opt/rustwide/cargo-home/registry/src/index.crates.io-6f17d22bba15001f/tokio-1.35.1/src/runtime/scheduler/current_thread/mod.rs:743:68
[INFO] [stdout]   35:     0x562a188b0e7b - tokio::runtime::context::scoped::Scoped<T>::set::h57d5fef196955ee0
[INFO] [stdout]                                at /opt/rustwide/cargo-home/registry/src/index.crates.io-6f17d22bba15001f/tokio-1.35.1/src/runtime/context/scoped.rs:40:9
[INFO] [stdout]   36:     0x562a188eb449 - tokio::runtime::context::set_scheduler::{{closure}}::h378028b0f21cb85a
[INFO] [stdout]                                at /opt/rustwide/cargo-home/registry/src/index.crates.io-6f17d22bba15001f/tokio-1.35.1/src/runtime/context.rs:176:26
[INFO] [stdout]   37:     0x562a188bc326 - std::thread::local::LocalKey<T>::try_with::h32691be829162ae7
[INFO] [stdout]                                at /rustc/0e09125c6c3c2fd70d7de961bcf0e51575235fad/library/std/src/thread/local.rs:270:16
[INFO] [stdout]   38:     0x562a188bbf1a - std::thread::local::LocalKey<T>::with::hd0d07c29b6eb248b
[INFO] [stdout]                                at /rustc/0e09125c6c3c2fd70d7de961bcf0e51575235fad/library/std/src/thread/local.rs:246:9
[INFO] [stdout]   39:     0x562a188eb3fd - tokio::runtime::context::set_scheduler::h15a76a0b54f9ad1f
[INFO] [stdout]                                at /opt/rustwide/cargo-home/registry/src/index.crates.io-6f17d22bba15001f/tokio-1.35.1/src/runtime/context.rs:176:9
[INFO] [stdout]   40:     0x562a188ab830 - tokio::runtime::scheduler::current_thread::CoreGuard::enter::he4f531c9211825d3
[INFO] [stdout]                                at /opt/rustwide/cargo-home/registry/src/index.crates.io-6f17d22bba15001f/tokio-1.35.1/src/runtime/scheduler/current_thread/mod.rs:743:27
[INFO] [stdout]   41:     0x562a188abacd - tokio::runtime::scheduler::current_thread::CoreGuard::block_on::hfb97053308103452
[INFO] [stdout]                                at /opt/rustwide/cargo-home/registry/src/index.crates.io-6f17d22bba15001f/tokio-1.35.1/src/runtime/scheduler/current_thread/mod.rs:652:19
[INFO] [stdout]   42:     0x562a188aa9fd - tokio::runtime::scheduler::current_thread::CurrentThread::block_on::{{closure}}::ha70153d797d300e4
[INFO] [stdout]                                at /opt/rustwide/cargo-home/registry/src/index.crates.io-6f17d22bba15001f/tokio-1.35.1/src/runtime/scheduler/current_thread/mod.rs:175:28
[INFO] [stdout]   43:     0x562a188d4c1a - tokio::runtime::context::runtime::enter_runtime::h67764351fec43f14
[INFO] [stdout]                                at /opt/rustwide/cargo-home/registry/src/index.crates.io-6f17d22bba15001f/tokio-1.35.1/src/runtime/context/runtime.rs:65:16
[INFO] [stdout]   44:     0x562a188aa90e - tokio::runtime::scheduler::current_thread::CurrentThread::block_on::h2d819ea5a6cef1f3
[INFO] [stdout]                                at /opt/rustwide/cargo-home/registry/src/index.crates.io-6f17d22bba15001f/tokio-1.35.1/src/runtime/scheduler/current_thread/mod.rs:167:9
[INFO] [stdout]   45:     0x562a188aa7dd - tokio::runtime::runtime::Runtime::block_on::hcfc5347c4f775b5a
[INFO] [stdout]                                at /opt/rustwide/cargo-home/registry/src/index.crates.io-6f17d22bba15001f/tokio-1.35.1/src/runtime/runtime.rs:348:47
[INFO] [stdout]   46:     0x562a188ccb1a - switchboard_solana::client::validator::tests::test_request_validation::hd8ec4dd51dd77f36
[INFO] [stdout]                                at /opt/rustwide/workdir/src/client/validator.rs:1463:9
[INFO] [stdout]   47:     0x562a188cc987 - switchboard_solana::client::validator::tests::test_request_validation::{{closure}}::h9636c54689f087f1
[INFO] [stdout]                                at /opt/rustwide/workdir/src/client/validator.rs:1372:39
[INFO] [stdout]   48:     0x562a1888a886 - core::ops::function::FnOnce::call_once::h90988b462d30e31b
[INFO] [stdout]                                at /rustc/0e09125c6c3c2fd70d7de961bcf0e51575235fad/library/core/src/ops/function.rs:250:5
[INFO] [stdout]   49:     0x562a190a9ecf - core::ops::function::FnOnce::call_once::hd64d26f405258157
[INFO] [stdout]                                at /rustc/0e09125c6c3c2fd70d7de961bcf0e51575235fad/library/core/src/ops/function.rs:250:5
[INFO] [stdout]   50:     0x562a190a9ecf - test::__rust_begin_short_backtrace::he21b0b7a6d731bf9
[INFO] [stdout]                                at /rustc/0e09125c6c3c2fd70d7de961bcf0e51575235fad/library/test/src/lib.rs:627:18
[INFO] [stdout]   51:     0x562a190a8c51 - test::run_test_in_process::{{closure}}::hf5c73986d7bdfde2
[INFO] [stdout]                                at /rustc/0e09125c6c3c2fd70d7de961bcf0e51575235fad/library/test/src/lib.rs:650:60
[INFO] [stdout]   52:     0x562a190a8c51 - <core::panic::unwind_safe::AssertUnwindSafe<F> as core::ops::function::FnOnce<()>>::call_once::h330011ad032aadc0
[INFO] [stdout]                                at /rustc/0e09125c6c3c2fd70d7de961bcf0e51575235fad/library/core/src/panic/unwind_safe.rs:272:9
[INFO] [stdout]   53:     0x562a190a8c51 - std::panicking::try::do_call::he61b0a958b795a41
[INFO] [stdout]                                at /rustc/0e09125c6c3c2fd70d7de961bcf0e51575235fad/library/std/src/panicking.rs:552:40
[INFO] [stdout]   54:     0x562a190a8c51 - std::panicking::try::h7309da130f906eb7
[INFO] [stdout]                                at /rustc/0e09125c6c3c2fd70d7de961bcf0e51575235fad/library/std/src/panicking.rs:516:19
[INFO] [stdout]   55:     0x562a190a8c51 - std::panic::catch_unwind::hc5c3a06fdaf0a92a
[INFO] [stdout]                                at /rustc/0e09125c6c3c2fd70d7de961bcf0e51575235fad/library/std/src/panic.rs:142:14
[INFO] [stdout]   56:     0x562a190a8c51 - test::run_test_in_process::h7e7b7c71c3324e0f
[INFO] [stdout]                                at /rustc/0e09125c6c3c2fd70d7de961bcf0e51575235fad/library/test/src/lib.rs:650:27
[INFO] [stdout]   57:     0x562a190a8c51 - test::run_test::{{closure}}::h1f509f28f5cf20b1
[INFO] [stdout]                                at /rustc/0e09125c6c3c2fd70d7de961bcf0e51575235fad/library/test/src/lib.rs:573:43
[INFO] [stdout]   58:     0x562a1906ff86 - test::run_test::{{closure}}::h1754218abf443f6d
[INFO] [stdout]                                at /rustc/0e09125c6c3c2fd70d7de961bcf0e51575235fad/library/test/src/lib.rs:601:41
[INFO] [stdout]   59:     0x562a1906ff86 - std::sys_common::backtrace::__rust_begin_short_backtrace::h2ee174b9d5954948
[INFO] [stdout]                                at /rustc/0e09125c6c3c2fd70d7de961bcf0e51575235fad/library/std/src/sys_common/backtrace.rs:155:18
[INFO] [stdout]   60:     0x562a19074fe7 - std::thread::Builder::spawn_unchecked_::{{closure}}::{{closure}}::hf60bee9c1a17ef09
[INFO] [stdout]                                at /rustc/0e09125c6c3c2fd70d7de961bcf0e51575235fad/library/std/src/thread/mod.rs:529:17
[INFO] [stdout]   61:     0x562a19074fe7 - <core::panic::unwind_safe::AssertUnwindSafe<F> as core::ops::function::FnOnce<()>>::call_once::h33d0dddec5216160
[INFO] [stdout]                                at /rustc/0e09125c6c3c2fd70d7de961bcf0e51575235fad/library/core/src/panic/unwind_safe.rs:272:9
[INFO] [stdout]   62:     0x562a19074fe7 - std::panicking::try::do_call::h144b3048b546f835
[INFO] [stdout]                                at /rustc/0e09125c6c3c2fd70d7de961bcf0e51575235fad/library/std/src/panicking.rs:552:40
[INFO] [stdout]   63:     0x562a19074fe7 - std::panicking::try::h978244d04646189f
[INFO] [stdout]                                at /rustc/0e09125c6c3c2fd70d7de961bcf0e51575235fad/library/std/src/panicking.rs:516:19
[INFO] [stdout]   64:     0x562a19074fe7 - std::panic::catch_unwind::hdf436369d188fe86
[INFO] [stdout]                                at /rustc/0e09125c6c3c2fd70d7de961bcf0e51575235fad/library/std/src/panic.rs:142:14
[INFO] [stdout]   65:     0x562a19074fe7 - std::thread::Builder::spawn_unchecked_::{{closure}}::h87329cbdd33c79ec
[INFO] [stdout]                                at /rustc/0e09125c6c3c2fd70d7de961bcf0e51575235fad/library/std/src/thread/mod.rs:528:30
[INFO] [stdout]   66:     0x562a19074fe7 - core::ops::function::FnOnce::call_once{{vtable.shim}}::h401abbe67897d450
[INFO] [stdout]                                at /rustc/0e09125c6c3c2fd70d7de961bcf0e51575235fad/library/core/src/ops/function.rs:250:5
[INFO] [stdout]   67:     0x562a191f0325 - <alloc::boxed::Box<F,A> as core::ops::function::FnOnce<Args>>::call_once::h5d7c8f150ab9c84c
[INFO] [stdout]                                at /rustc/0e09125c6c3c2fd70d7de961bcf0e51575235fad/library/alloc/src/boxed.rs:2015:9
[INFO] [stdout]   68:     0x562a191f0325 - <alloc::boxed::Box<F,A> as core::ops::function::FnOnce<Args>>::call_once::h570d5b005c242c15
[INFO] [stdout]                                at /rustc/0e09125c6c3c2fd70d7de961bcf0e51575235fad/library/alloc/src/boxed.rs:2015:9
[INFO] [stdout]   69:     0x562a191f0325 - std::sys::unix::thread::Thread::new::thread_start::h36b0a20c0b2361ad
[INFO] [stdout]                                at /rustc/0e09125c6c3c2fd70d7de961bcf0e51575235fad/library/std/src/sys/unix/thread.rs:108:17
[INFO] [stdout]   70:     0x7f57237ecac3 - <unknown>
[INFO] [stdout]   71:     0x7f572387dbf4 - __clone
[INFO] [stdout]   72:                0x0 - <unknown>
[INFO] [stdout] 
[INFO] [stdout] 
[INFO] [stdout] failures:
[INFO] [stdout]     client::validator::tests::test_function_validation
[INFO] [stdout]     client::validator::tests::test_request_validation
[INFO] [stdout] 
[INFO] [stdout] test result: FAILED. 14 passed; 2 failed; 0 ignored; 0 measured; 0 filtered out; finished in 0.72s
[INFO] [stdout] 
[INFO] [stderr] error: test failed, to rerun pass `--lib`
[INFO] running `Command { std: "docker" "inspect" "a82206ccec2256a6142506331c66fa4898f0a1ed69e16755dd373d75cebd005c", kill_on_drop: false }`
[INFO] running `Command { std: "docker" "rm" "-f" "a82206ccec2256a6142506331c66fa4898f0a1ed69e16755dd373d75cebd005c", kill_on_drop: false }`
[INFO] [stdout] a82206ccec2256a6142506331c66fa4898f0a1ed69e16755dd373d75cebd005c
